The Swift Package Index logo.Swift Package Index

Build Information

Failed to build Odeum, reference 1.2.8 (3d561a), with Swift 6.4 for visionOS using Xcode 27.0 on 18 Sep 2026 14:51:37 UTC.

Build Command

env DEVELOPER_DIR=/Applications/Xcode-27.0.0-Release.Candidate.app xcrun xcodebuild -IDEClonedSourcePackagesDirPathOverride=$PWD/.dependencies -skipMacroValidation -skipPackagePluginValidation -derivedDataPath $PWD/.derivedData build -scheme Odeum -destination generic/platform=xrOS

Build Log

========================================
RunAll
========================================
Builder version: 5.1.0
Interrupt handler set up.
========================================
Checkout
========================================
Clone URL: https://github.com/hainayanda/Odeum.git
Reference: 1.2.8
Initialized empty Git repository in /Users/admin/builder/spi-builder-workspace/.git/
From https://github.com/hainayanda/Odeum
 * tag               1.2.8      -> FETCH_HEAD
HEAD is now at 3d561a2 Update Odeum.podspec
Cloned https://github.com/hainayanda/Odeum.git
Revision (git rev-parse @):
3d561a25fdf52998a8d35d33919b0f623d22bf56
SUCCESS checkout https://github.com/hainayanda/Odeum.git at 1.2.8
========================================
Build
========================================
Selected platform:         visionOS
Swift version:             6.4
Building package at path:  $PWD
https://github.com/hainayanda/Odeum.git
Command line invocation:
    /Applications/Xcode-27.0.0-Release.Candidate.app/Contents/Developer/usr/bin/xcodebuild -IDEClonedSourcePackagesDirPathOverride=/Users/admin/builder/spi-builder-workspace/.dependencies -resolvePackageDependencies
resolved source packages:
{
  "dependencies" : [
  ],
  "manifest_display_name" : "Odeum",
  "name" : "Odeum",
  "path" : "/Users/admin/builder/spi-builder-workspace",
  "platforms" : [
    {
      "name" : "ios",
      "version" : "10.0"
    }
  ],
  "products" : [
    {
      "name" : "Odeum",
      "targets" : [
        "Odeum"
      ],
      "type" : {
        "library" : [
          "automatic"
        ]
      }
    }
  ],
  "targets" : [
    {
      "c99name" : "Odeum",
      "module_type" : "SwiftTarget",
      "name" : "Odeum",
      "path" : "Sources/Odeum",
      "product_memberships" : [
        "Odeum"
      ],
      "resources" : [
        {
          "path" : "/Users/admin/builder/spi-builder-workspace/Sources/Odeum/Assets/Media.xcassets",
          "rule" : {
            "process" : {
            }
          }
        }
      ],
      "sources" : [
        "Classes/OdeumPlayerView+Actions.swift",
        "Classes/OdeumPlayerView+PlayControlViewDelegate.swift",
        "Classes/OdeumPlayerView+Player.swift",
        "Classes/OdeumPlayerView.swift",
        "Classes/OdeumPlayerViewDelegate.swift",
        "Classes/PlayControlState.swift",
        "Classes/PlayControlView.swift",
        "Classes/Utilities.swift"
      ],
      "type" : "library"
    }
  ],
  "tools_version" : "5.3"
}
{
  "project" : {
    "configurations" : [
      "Debug",
      "Release"
    ],
    "name" : "Pods",
    "schemes" : [
      "Nimble",
      "Odeum",
      "Pods-Odeum_Example",
      "Pods-Odeum_Tests",
      "Quick"
    ],
    "targets" : [
      "Nimble",
      "Odeum",
      "Pods-Odeum_Example",
      "Pods-Odeum_Tests",
      "Quick"
    ]
  }
}
{
  "workspace" : {
    "name" : "Odeum",
    "schemes" : [
      "Odeum"
    ]
  }
}
2026-09-18 10:51:23.500 xcodebuild[655:3959] [MT] IDERunDestination: Supported platforms for the buildables in the current scheme is empty.
Running build ...
env DEVELOPER_DIR=/Applications/Xcode-27.0.0-Release.Candidate.app xcrun xcodebuild -IDEClonedSourcePackagesDirPathOverride=$PWD/.dependencies -skipMacroValidation -skipPackagePluginValidation -derivedDataPath $PWD/.derivedData build -scheme Odeum -destination generic/platform=xrOS
Command line invocation:
    /Applications/Xcode-27.0.0-Release.Candidate.app/Contents/Developer/usr/bin/xcodebuild -IDEClonedSourcePackagesDirPathOverride=/Users/admin/builder/spi-builder-workspace/.dependencies -skipMacroValidation -skipPackagePluginValidation -derivedDataPath /Users/admin/builder/spi-builder-workspace/.derivedData build -scheme Odeum -destination generic/platform=xrOS
Resolve Package Graph
Resolved source packages:
  Odeum: /Users/admin/builder/spi-builder-workspace
ComputePackagePrebuildTargetDependencyGraph
Prepare packages
CreateBuildRequest
SendProjectDescription
CreateBuildOperation
ComputeTargetDependencyGraph
note: Building targets in dependency order
note: Target dependency graph (3 targets)
    Target 'Odeum-product' in project 'Odeum'
        ➜ Explicit dependency on target 'Odeum' in project 'Odeum'
        ➜ Explicit dependency on target 'Odeum_Odeum' in project 'Odeum'
    Target 'Odeum' in project 'Odeum'
        ➜ Explicit dependency on target 'Odeum_Odeum' in project 'Odeum'
    Target 'Odeum_Odeum' in project 'Odeum' (no dependencies)
GatherProvisioningInputs
CreateBuildDescription
ExecuteExternalTool /Applications/Xcode-27.0.0-Release.Candidate.app/Contents/Developer/Toolchains/XcodeDefault.xctoolchain/usr/bin/clang -v -E -dM -isysroot /Applications/Xcode-27.0.0-Release.Candidate.app/Contents/Developer/Platforms/XROS.platform/Developer/SDKs/XROS27.0.sdk -x c -c /dev/null
ExecuteExternalTool /Applications/Xcode-27.0.0-Release.Candidate.app/Contents/Developer/usr/bin/actool --version --output-format xml1
ExecuteExternalTool /Applications/Xcode-27.0.0-Release.Candidate.app/Contents/Developer/Toolchains/XcodeDefault.xctoolchain/usr/bin/swiftc --version
ExecuteExternalTool /Applications/Xcode-27.0.0-Release.Candidate.app/Contents/Developer/Toolchains/XcodeDefault.xctoolchain/usr/bin/ld -version_details
Build description signature: 8df13b9fc2beb9fcbdc60c3b03421073
Build description path: /Users/admin/builder/spi-builder-workspace/.derivedData/Build/Intermediates.noindex/XCBuildData/8df13b9fc2beb9fcbdc60c3b03421073.xcbuilddata
CreateBuildDirectory /Users/admin/builder/spi-builder-workspace/.derivedData/SDKExplicitPrecompiledModules
    cd /Users/admin/builder/spi-builder-workspace/.swiftpm/xcode
    builtin-create-build-directory /Users/admin/builder/spi-builder-workspace/.derivedData/SDKExplicitPrecompiledModules
CreateBuildDirectory /Users/admin/builder/spi-builder-workspace/.derivedData/ModuleCache.noindex
    cd /Users/admin/builder/spi-builder-workspace/.swiftpm/xcode
    builtin-create-build-directory /Users/admin/builder/spi-builder-workspace/.derivedData/ModuleCache.noindex
CreateBuildDirectory /Users/admin/builder/spi-builder-workspace/.derivedData/CompilationCache.noindex
    cd /Users/admin/builder/spi-builder-workspace/.swiftpm/xcode
    builtin-create-build-directory /Users/admin/builder/spi-builder-workspace/.derivedData/CompilationCache.noindex
CreateBuildDirectory /Users/admin/builder/spi-builder-workspace/.derivedData/Build/Intermediates.noindex
    cd /Users/admin/builder/spi-builder-workspace/.swiftpm/xcode
    builtin-create-build-directory /Users/admin/builder/spi-builder-workspace/.derivedData/Build/Intermediates.noindex
CreateBuildDirectory /Users/admin/builder/spi-builder-workspace/.derivedData/Build/Products
    cd /Users/admin/builder/spi-builder-workspace/.swiftpm/xcode
    builtin-create-build-directory /Users/admin/builder/spi-builder-workspace/.derivedData/Build/Products
ClangStatCache /Applications/Xcode-27.0.0-Release.Candidate.app/Contents/Developer/Toolchains/XcodeDefault.xctoolchain/usr/bin/clang-stat-cache /Applications/Xcode-27.0.0-Release.Candidate.app/Contents/Developer/Platforms/XROS.platform/Developer/SDKs/XROS27.0.sdk /Users/admin/builder/spi-builder-workspace/.derivedData/SDKStatCaches.noindex/xros27.0-24M361-e829b21a6f8c9b70876ba0858053c044735bd543db762f57723cac368afd1ce4.sdkstatcache
    cd /Users/admin/builder/spi-builder-workspace/.swiftpm/xcode
    /Applications/Xcode-27.0.0-Release.Candidate.app/Contents/Developer/Toolchains/XcodeDefault.xctoolchain/usr/bin/clang-stat-cache /Applications/Xcode-27.0.0-Release.Candidate.app/Contents/Developer/Platforms/XROS.platform/Developer/SDKs/XROS27.0.sdk -o /Users/admin/builder/spi-builder-workspace/.derivedData/SDKStatCaches.noindex/xros27.0-24M361-e829b21a6f8c9b70876ba0858053c044735bd543db762f57723cac368afd1ce4.sdkstatcache
CreateBuildDirectory /Users/admin/builder/spi-builder-workspace/.derivedData/Build/Intermediates.noindex/PrecompiledHeaders
    cd /Users/admin/builder/spi-builder-workspace/.swiftpm/xcode
    builtin-create-build-directory /Users/admin/builder/spi-builder-workspace/.derivedData/Build/Intermediates.noindex/PrecompiledHeaders
CreateBuildDirectory /Users/admin/builder/spi-builder-workspace/.derivedData/Build/Intermediates.noindex/SwiftExplicitPrecompiledModules
    cd /Users/admin/builder/spi-builder-workspace/.swiftpm/xcode
    builtin-create-build-directory /Users/admin/builder/spi-builder-workspace/.derivedData/Build/Intermediates.noindex/SwiftExplicitPrecompiledModules
CreateBuildDirectory /Users/admin/builder/spi-builder-workspace/.derivedData/Build/Products/Debug-xros
    cd /Users/admin/builder/spi-builder-workspace/.swiftpm/xcode
    builtin-create-build-directory /Users/admin/builder/spi-builder-workspace/.derivedData/Build/Products/Debug-xros
CreateBuildDirectory /Users/admin/builder/spi-builder-workspace/.derivedData/Build/Intermediates.noindex/ExplicitPrecompiledModules
    cd /Users/admin/builder/spi-builder-workspace/.swiftpm/xcode
    builtin-create-build-directory /Users/admin/builder/spi-builder-workspace/.derivedData/Build/Intermediates.noindex/ExplicitPrecompiledModules
CreateBuildDirectory /Users/admin/builder/spi-builder-workspace/.derivedData/Build/Intermediates.noindex/EagerLinkingTBDs/Debug-xros
    cd /Users/admin/builder/spi-builder-workspace/.swiftpm/xcode
    builtin-create-build-directory /Users/admin/builder/spi-builder-workspace/.derivedData/Build/Intermediates.noindex/EagerLinkingTBDs/Debug-xros
CreateBuildDirectory /Users/admin/builder/spi-builder-workspace/.derivedData/Build/Products/Debug-xros/PackageFrameworks
    cd /Users/admin/builder/spi-builder-workspace/.swiftpm/xcode
    builtin-create-build-directory /Users/admin/builder/spi-builder-workspace/.derivedData/Build/Products/Debug-xros/PackageFrameworks
MkDir /Users/admin/builder/spi-builder-workspace/.derivedData/Build/Products/Debug-xros/Odeum_Odeum.bundle (in target 'Odeum_Odeum' from project 'Odeum')
    cd /Users/admin/builder/spi-builder-workspace
    /bin/mkdir -p /Users/admin/builder/spi-builder-workspace/.derivedData/Build/Products/Debug-xros/Odeum_Odeum.bundle
WriteAuxiliaryFile /Users/admin/builder/spi-builder-workspace/.derivedData/Build/Intermediates.noindex/Odeum.build/Debug-xros/Odeum_Odeum-b.build/Odeum_Odeum.DependencyMetadataFileList (in target 'Odeum_Odeum' from project 'Odeum')
    cd /Users/admin/builder/spi-builder-workspace
    write-file /Users/admin/builder/spi-builder-workspace/.derivedData/Build/Intermediates.noindex/Odeum.build/Debug-xros/Odeum_Odeum-b.build/Odeum_Odeum.DependencyMetadataFileList
WriteAuxiliaryFile /Users/admin/builder/spi-builder-workspace/.derivedData/Build/Intermediates.noindex/Odeum.build/Debug-xros/Odeum_Odeum-b.build/Odeum_Odeum.DependencyStaticMetadataFileList (in target 'Odeum_Odeum' from project 'Odeum')
    cd /Users/admin/builder/spi-builder-workspace
    write-file /Users/admin/builder/spi-builder-workspace/.derivedData/Build/Intermediates.noindex/Odeum.build/Debug-xros/Odeum_Odeum-b.build/Odeum_Odeum.DependencyStaticMetadataFileList
WriteAuxiliaryFile /Users/admin/builder/spi-builder-workspace/.derivedData/Build/Intermediates.noindex/Odeum.build/Debug-xros/Odeum-t.build/Odeum.modulemap (in target 'Odeum' from project 'Odeum')
    cd /Users/admin/builder/spi-builder-workspace
    write-file /Users/admin/builder/spi-builder-workspace/.derivedData/Build/Intermediates.noindex/Odeum.build/Debug-xros/Odeum-t.build/Odeum.modulemap
WriteAuxiliaryFile /Users/admin/builder/spi-builder-workspace/.derivedData/Build/Intermediates.noindex/Odeum.build/Debug-xros/Odeum-t.build/Odeum.DependencyStaticMetadataFileList (in target 'Odeum' from project 'Odeum')
    cd /Users/admin/builder/spi-builder-workspace
    write-file /Users/admin/builder/spi-builder-workspace/.derivedData/Build/Intermediates.noindex/Odeum.build/Debug-xros/Odeum-t.build/Odeum.DependencyStaticMetadataFileList
WriteAuxiliaryFile /Users/admin/builder/spi-builder-workspace/.derivedData/Build/Intermediates.noindex/Odeum.build/Debug-xros/Odeum_Odeum-b.build/empty-Odeum_Odeum.plist (in target 'Odeum_Odeum' from project 'Odeum')
    cd /Users/admin/builder/spi-builder-workspace
    write-file /Users/admin/builder/spi-builder-workspace/.derivedData/Build/Intermediates.noindex/Odeum.build/Debug-xros/Odeum_Odeum-b.build/empty-Odeum_Odeum.plist
WriteAuxiliaryFile /Users/admin/builder/spi-builder-workspace/.derivedData/Build/Intermediates.noindex/Odeum.build/Debug-xros/Odeum-t.build/Odeum.DependencyMetadataFileList (in target 'Odeum' from project 'Odeum')
    cd /Users/admin/builder/spi-builder-workspace
    write-file /Users/admin/builder/spi-builder-workspace/.derivedData/Build/Intermediates.noindex/Odeum.build/Debug-xros/Odeum-t.build/Odeum.DependencyMetadataFileList
WriteAuxiliaryFile /Users/admin/builder/spi-builder-workspace/.derivedData/Build/Intermediates.noindex/Odeum.build/Debug-xros/Odeum-t.build/Objects-normal/arm64/Odeum_const_extract_protocols.json (in target 'Odeum' from project 'Odeum')
    cd /Users/admin/builder/spi-builder-workspace
    write-file /Users/admin/builder/spi-builder-workspace/.derivedData/Build/Intermediates.noindex/Odeum.build/Debug-xros/Odeum-t.build/Objects-normal/arm64/Odeum_const_extract_protocols.json
WriteAuxiliaryFile /Users/admin/builder/spi-builder-workspace/.derivedData/Build/Intermediates.noindex/Odeum.build/Debug-xros/Odeum-t.build/Objects-normal/arm64/Odeum.SwiftFileList (in target 'Odeum' from project 'Odeum')
    cd /Users/admin/builder/spi-builder-workspace
    write-file /Users/admin/builder/spi-builder-workspace/.derivedData/Build/Intermediates.noindex/Odeum.build/Debug-xros/Odeum-t.build/Objects-normal/arm64/Odeum.SwiftFileList
WriteAuxiliaryFile /Users/admin/builder/spi-builder-workspace/.derivedData/Build/Intermediates.noindex/Odeum.build/Debug-xros/Odeum-t.build/Objects-normal/arm64/Odeum.SwiftConstValuesFileList (in target 'Odeum' from project 'Odeum')
    cd /Users/admin/builder/spi-builder-workspace
    write-file /Users/admin/builder/spi-builder-workspace/.derivedData/Build/Intermediates.noindex/Odeum.build/Debug-xros/Odeum-t.build/Objects-normal/arm64/Odeum.SwiftConstValuesFileList
WriteAuxiliaryFile /Users/admin/builder/spi-builder-workspace/.derivedData/Build/Intermediates.noindex/Odeum.build/Debug-xros/Odeum-t.build/Objects-normal/arm64/Odeum.LinkFileList (in target 'Odeum' from project 'Odeum')
    cd /Users/admin/builder/spi-builder-workspace
    write-file /Users/admin/builder/spi-builder-workspace/.derivedData/Build/Intermediates.noindex/Odeum.build/Debug-xros/Odeum-t.build/Objects-normal/arm64/Odeum.LinkFileList
WriteAuxiliaryFile /Users/admin/builder/spi-builder-workspace/.derivedData/Build/Intermediates.noindex/Odeum.build/Debug-xros/Odeum-t.build/Objects-normal/arm64/Odeum-OutputFileMap.json (in target 'Odeum' from project 'Odeum')
    cd /Users/admin/builder/spi-builder-workspace
    write-file /Users/admin/builder/spi-builder-workspace/.derivedData/Build/Intermediates.noindex/Odeum.build/Debug-xros/Odeum-t.build/Objects-normal/arm64/Odeum-OutputFileMap.json
WriteAuxiliaryFile /Users/admin/builder/spi-builder-workspace/.derivedData/Build/Intermediates.noindex/Odeum.build/Debug-xros/Odeum-t.build/DerivedSources/resource_bundle_accessor.swift (in target 'Odeum' from project 'Odeum')
    cd /Users/admin/builder/spi-builder-workspace
    write-file /Users/admin/builder/spi-builder-workspace/.derivedData/Build/Intermediates.noindex/Odeum.build/Debug-xros/Odeum-t.build/DerivedSources/resource_bundle_accessor.swift
Copy /Users/admin/builder/spi-builder-workspace/.derivedData/Build/Intermediates.noindex/GeneratedModuleMaps-xros/Odeum.modulemap /Users/admin/builder/spi-builder-workspace/.derivedData/Build/Intermediates.noindex/Odeum.build/Debug-xros/Odeum-t.build/Odeum.modulemap (in target 'Odeum' from project 'Odeum')
    cd /Users/admin/builder/spi-builder-workspace
    builtin-copy -exclude .DS_Store -exclude CVS -exclude .svn -exclude .git -exclude .hg -resolve-src-symlinks /Users/admin/builder/spi-builder-workspace/.derivedData/Build/Intermediates.noindex/Odeum.build/Debug-xros/Odeum-t.build/Odeum.modulemap /Users/admin/builder/spi-builder-workspace/.derivedData/Build/Intermediates.noindex/GeneratedModuleMaps-xros
GenerateAssetSymbols /Users/admin/builder/spi-builder-workspace/Sources/Odeum/Assets/Media.xcassets (in target 'Odeum' from project 'Odeum')
    cd /Users/admin/builder/spi-builder-workspace
    /Applications/Xcode-27.0.0-Release.Candidate.app/Contents/Developer/usr/bin/actool /Users/admin/builder/spi-builder-workspace/Sources/Odeum/Assets/Media.xcassets --compile /Users/admin/builder/spi-builder-workspace/.derivedData/Build/Products/Debug-xros --output-format human-readable-text --notices --warnings --export-dependency-info /Users/admin/builder/spi-builder-workspace/.derivedData/Build/Intermediates.noindex/Odeum.build/Debug-xros/Odeum-t.build/assetcatalog_dependencies --output-partial-info-plist /Users/admin/builder/spi-builder-workspace/.derivedData/Build/Intermediates.noindex/Odeum.build/Debug-xros/Odeum-t.build/assetcatalog_generated_info.plist --compress-pngs --enable-on-demand-resources NO --development-region en --target-device vision --minimum-deployment-target 1.0 --platform xros --bundle-identifier spi-builder-workspace.Odeum --generate-swift-asset-symbol-extensions NO --generate-swift-asset-symbols /Users/admin/builder/spi-builder-workspace/.derivedData/Build/Intermediates.noindex/Odeum.build/Debug-xros/Odeum-t.build/DerivedSources/GeneratedAssetSymbols.swift --generate-objc-asset-symbols /Users/admin/builder/spi-builder-workspace/.derivedData/Build/Intermediates.noindex/Odeum.build/Debug-xros/Odeum-t.build/DerivedSources/GeneratedAssetSymbols.h --generate-asset-symbol-index /Users/admin/builder/spi-builder-workspace/.derivedData/Build/Intermediates.noindex/Odeum.build/Debug-xros/Odeum-t.build/DerivedSources/GeneratedAssetSymbols-Index.plist
/* com.apple.actool.compilation-results */
/Users/admin/builder/spi-builder-workspace/.derivedData/Build/Intermediates.noindex/Odeum.build/Debug-xros/Odeum-t.build/DerivedSources/GeneratedAssetSymbols-Index.plist
/Users/admin/builder/spi-builder-workspace/.derivedData/Build/Intermediates.noindex/Odeum.build/Debug-xros/Odeum-t.build/DerivedSources/GeneratedAssetSymbols.h
/Users/admin/builder/spi-builder-workspace/.derivedData/Build/Intermediates.noindex/Odeum.build/Debug-xros/Odeum-t.build/DerivedSources/GeneratedAssetSymbols.swift
MkDir /Users/admin/builder/spi-builder-workspace/.derivedData/Build/Intermediates.noindex/Odeum.build/Debug-xros/Odeum_Odeum-b.build/assetcatalog_output/unthinned (in target 'Odeum_Odeum' from project 'Odeum')
    cd /Users/admin/builder/spi-builder-workspace
    /bin/mkdir -p /Users/admin/builder/spi-builder-workspace/.derivedData/Build/Intermediates.noindex/Odeum.build/Debug-xros/Odeum_Odeum-b.build/assetcatalog_output/unthinned
MkDir /Users/admin/builder/spi-builder-workspace/.derivedData/Build/Intermediates.noindex/Odeum.build/Debug-xros/Odeum_Odeum-b.build/assetcatalog_output/thinned (in target 'Odeum_Odeum' from project 'Odeum')
    cd /Users/admin/builder/spi-builder-workspace
    /bin/mkdir -p /Users/admin/builder/spi-builder-workspace/.derivedData/Build/Intermediates.noindex/Odeum.build/Debug-xros/Odeum_Odeum-b.build/assetcatalog_output/thinned
CompileAssetCatalogVariant thinned /Users/admin/builder/spi-builder-workspace/.derivedData/Build/Products/Debug-xros/Odeum_Odeum.bundle /Users/admin/builder/spi-builder-workspace/Sources/Odeum/Assets/Media.xcassets (in target 'Odeum_Odeum' from project 'Odeum')
    cd /Users/admin/builder/spi-builder-workspace
    /Applications/Xcode-27.0.0-Release.Candidate.app/Contents/Developer/usr/bin/actool /Users/admin/builder/spi-builder-workspace/Sources/Odeum/Assets/Media.xcassets --compile /Users/admin/builder/spi-builder-workspace/.derivedData/Build/Intermediates.noindex/Odeum.build/Debug-xros/Odeum_Odeum-b.build/assetcatalog_output/thinned --output-format human-readable-text --notices --warnings --export-dependency-info /Users/admin/builder/spi-builder-workspace/.derivedData/Build/Intermediates.noindex/Odeum.build/Debug-xros/Odeum_Odeum-b.build/assetcatalog_dependencies_thinned --output-partial-info-plist /Users/admin/builder/spi-builder-workspace/.derivedData/Build/Intermediates.noindex/Odeum.build/Debug-xros/Odeum_Odeum-b.build/assetcatalog_generated_info.plist_thinned --compress-pngs --enable-on-demand-resources NO --development-region en --target-device vision --minimum-deployment-target 1.0 --platform xros
/* com.apple.actool.compilation-results */
/Users/admin/builder/spi-builder-workspace/.derivedData/Build/Intermediates.noindex/Odeum.build/Debug-xros/Odeum_Odeum-b.build/assetcatalog_generated_info.plist_thinned
/Users/admin/builder/spi-builder-workspace/.derivedData/Build/Intermediates.noindex/Odeum.build/Debug-xros/Odeum_Odeum-b.build/assetcatalog_output/thinned/Assets.car
SwiftDriver Odeum normal arm64 com.apple.xcode.tools.swift.compiler (in target 'Odeum' from project 'Odeum')
    cd /Users/admin/builder/spi-builder-workspace/.swiftpm/xcode
    builtin-SwiftDriver -- /Applications/Xcode-27.0.0-Release.Candidate.app/Contents/Developer/Toolchains/XcodeDefault.xctoolchain/usr/bin/swiftc -parse-as-library -module-name Odeum -Onone @/Users/admin/builder/spi-builder-workspace/.derivedData/Build/Intermediates.noindex/Odeum.build/Debug-xros/Odeum-t.build/Objects-normal/arm64/Odeum.SwiftFileList -DSWIFT_PACKAGE -DDEBUG -DSWIFT_MODULE_RESOURCE_BUNDLE_AVAILABLE -DXcode -plugin-path /Applications/Xcode-27.0.0-Release.Candidate.app/Contents/Developer/Toolchains/XcodeDefault.xctoolchain/usr/lib/swift/host/plugins/testing -enable-experimental-feature DebugDescriptionMacro -sdk /Applications/Xcode-27.0.0-Release.Candidate.app/Contents/Developer/Platforms/XROS.platform/Developer/SDKs/XROS27.0.sdk -target arm64-apple-xros1.0 -g -module-cache-path /Users/admin/builder/spi-builder-workspace/.derivedData/ModuleCache.noindex -Xfrontend -serialize-debugging-options -enable-testing -index-store-path /Users/admin/builder/spi-builder-workspace/.derivedData/Index.noindex/DataStore -Xcc -D_LIBCPP_HARDENING_MODE\=_LIBCPP_HARDENING_MODE_DEBUG -swift-version 5 -I /Users/admin/builder/spi-builder-workspace/.derivedData/Build/Products/Debug-xros -Isystem /Applications/Xcode-27.0.0-Release.Candidate.app/Contents/Developer/Platforms/XROS.platform/Developer/usr/lib -F /Users/admin/builder/spi-builder-workspace/.derivedData/Build/Products/Debug-xros -F /Applications/Xcode-27.0.0-Release.Candidate.app/Contents/Developer/Platforms/XROS.platform/Developer/Library/Frameworks -F /Applications/Xcode-27.0.0-Release.Candidate.app/Contents/Developer/Platforms/XROS.platform/Developer/SDKs/XROS27.0.sdk/Developer/Library/Frameworks -c -j10 -enable-batch-mode -incremental -Xcc -ivfsstatcache -Xcc /Users/admin/builder/spi-builder-workspace/.derivedData/SDKStatCaches.noindex/xros27.0-24M361-e829b21a6f8c9b70876ba0858053c044735bd543db762f57723cac368afd1ce4.sdkstatcache -output-file-map /Users/admin/builder/spi-builder-workspace/.derivedData/Build/Intermediates.noindex/Odeum.build/Debug-xros/Odeum-t.build/Objects-normal/arm64/Odeum-OutputFileMap.json -save-temps -no-color-diagnostics -explicit-module-build -module-cache-path /Users/admin/builder/spi-builder-workspace/.derivedData/Build/Intermediates.noindex/SwiftExplicitPrecompiledModules -clang-scanner-module-cache-path /Users/admin/builder/spi-builder-workspace/.derivedData/ModuleCache.noindex -sdk-module-cache-path /Users/admin/builder/spi-builder-workspace/.derivedData/SDKExplicitPrecompiledModules -emit-dependencies -emit-module -emit-module-path /Users/admin/builder/spi-builder-workspace/.derivedData/Build/Intermediates.noindex/Odeum.build/Debug-xros/Odeum-t.build/Objects-normal/arm64/Odeum.swiftmodule -serialize-diagnostics -dependency-scan-serialize-diagnostics-path /Users/admin/builder/spi-builder-workspace/.derivedData/Build/Intermediates.noindex/Odeum.build/Debug-xros/Odeum-t.build/Objects-normal/arm64/Odeum-dependency-scan.dia -validate-clang-modules-once -clang-build-session-file /Users/admin/builder/spi-builder-workspace/.derivedData/ModuleCache.noindex/Session.modulevalidation -Xcc -fmodules-prune-interval\=86400 -Xcc -fmodules-prune-after\=345600 -emit-const-values -const-gather-protocols-list /Users/admin/builder/spi-builder-workspace/.derivedData/Build/Intermediates.noindex/Odeum.build/Debug-xros/Odeum-t.build/Objects-normal/arm64/Odeum_const_extract_protocols.json -Xcc -I/Users/admin/builder/spi-builder-workspace/.derivedData/Build/Products/Debug-xros/include -Xcc -I/Users/admin/builder/spi-builder-workspace/.derivedData/Build/Intermediates.noindex/Odeum.build/Debug-xros/Odeum-t.build/DerivedSources-normal/arm64 -Xcc -I/Users/admin/builder/spi-builder-workspace/.derivedData/Build/Intermediates.noindex/Odeum.build/Debug-xros/Odeum-t.build/DerivedSources/arm64 -Xcc -I/Users/admin/builder/spi-builder-workspace/.derivedData/Build/Intermediates.noindex/Odeum.build/Debug-xros/Odeum-t.build/DerivedSources -Xcc -DSWIFT_PACKAGE -Xcc -DDEBUG\=1 -emit-objc-header -emit-objc-header-path /Users/admin/builder/spi-builder-workspace/.derivedData/Build/Intermediates.noindex/Odeum.build/Debug-xros/Odeum-t.build/Objects-normal/arm64/Odeum-Swift.h -working-directory /Users/admin/builder/spi-builder-workspace/.swiftpm/xcode -experimental-emit-module-separately -disable-cmo
LinkAssetCatalog /Users/admin/builder/spi-builder-workspace/Sources/Odeum/Assets/Media.xcassets (in target 'Odeum_Odeum' from project 'Odeum')
    cd /Users/admin/builder/spi-builder-workspace
    builtin-linkAssetCatalog --thinned /Users/admin/builder/spi-builder-workspace/.derivedData/Build/Intermediates.noindex/Odeum.build/Debug-xros/Odeum_Odeum-b.build/assetcatalog_output/thinned --thinned-dependencies /Users/admin/builder/spi-builder-workspace/.derivedData/Build/Intermediates.noindex/Odeum.build/Debug-xros/Odeum_Odeum-b.build/assetcatalog_dependencies_thinned --thinned-info-plist-content /Users/admin/builder/spi-builder-workspace/.derivedData/Build/Intermediates.noindex/Odeum.build/Debug-xros/Odeum_Odeum-b.build/assetcatalog_generated_info.plist_thinned --unthinned /Users/admin/builder/spi-builder-workspace/.derivedData/Build/Intermediates.noindex/Odeum.build/Debug-xros/Odeum_Odeum-b.build/assetcatalog_output/unthinned --unthinned-dependencies /Users/admin/builder/spi-builder-workspace/.derivedData/Build/Intermediates.noindex/Odeum.build/Debug-xros/Odeum_Odeum-b.build/assetcatalog_dependencies_unthinned --unthinned-info-plist-content /Users/admin/builder/spi-builder-workspace/.derivedData/Build/Intermediates.noindex/Odeum.build/Debug-xros/Odeum_Odeum-b.build/assetcatalog_generated_info.plist_unthinned --output /Users/admin/builder/spi-builder-workspace/.derivedData/Build/Products/Debug-xros/Odeum_Odeum.bundle --plist-output /Users/admin/builder/spi-builder-workspace/.derivedData/Build/Intermediates.noindex/Odeum.build/Debug-xros/Odeum_Odeum-b.build/assetcatalog_generated_info.plist
note: Emplaced /Users/admin/builder/spi-builder-workspace/.derivedData/Build/Products/Debug-xros/Odeum_Odeum.bundle/Assets.car (in target 'Odeum_Odeum' from project 'Odeum')
ProcessInfoPlistFile /Users/admin/builder/spi-builder-workspace/.derivedData/Build/Products/Debug-xros/Odeum_Odeum.bundle/Info.plist /Users/admin/builder/spi-builder-workspace/.derivedData/Build/Intermediates.noindex/Odeum.build/Debug-xros/Odeum_Odeum-b.build/empty-Odeum_Odeum.plist (in target 'Odeum_Odeum' from project 'Odeum')
    cd /Users/admin/builder/spi-builder-workspace
    builtin-infoPlistUtility /Users/admin/builder/spi-builder-workspace/.derivedData/Build/Intermediates.noindex/Odeum.build/Debug-xros/Odeum_Odeum-b.build/empty-Odeum_Odeum.plist -producttype com.apple.product-type.bundle -expandbuildsettings -format binary -platform xros -additionalcontentfile /Users/admin/builder/spi-builder-workspace/.derivedData/Build/Intermediates.noindex/Odeum.build/Debug-xros/Odeum_Odeum-b.build/assetcatalog_generated_info.plist -o /Users/admin/builder/spi-builder-workspace/.derivedData/Build/Products/Debug-xros/Odeum_Odeum.bundle/Info.plist
RegisterExecutionPolicyException /Users/admin/builder/spi-builder-workspace/.derivedData/Build/Products/Debug-xros/Odeum_Odeum.bundle (in target 'Odeum_Odeum' from project 'Odeum')
    cd /Users/admin/builder/spi-builder-workspace
    builtin-RegisterExecutionPolicyException /Users/admin/builder/spi-builder-workspace/.derivedData/Build/Products/Debug-xros/Odeum_Odeum.bundle
Touch /Users/admin/builder/spi-builder-workspace/.derivedData/Build/Products/Debug-xros/Odeum_Odeum.bundle (in target 'Odeum_Odeum' from project 'Odeum')
    cd /Users/admin/builder/spi-builder-workspace
    /usr/bin/touch -c /Users/admin/builder/spi-builder-workspace/.derivedData/Build/Products/Debug-xros/Odeum_Odeum.bundle
SwiftExplicitDependencyGeneratePcm arm64 /Users/admin/builder/spi-builder-workspace/.derivedData/SDKExplicitPrecompiledModules/_Builtin_stdbool-5BU2ADS7JXQMYENKQHW9X8XOU.pcm
SwiftExplicitDependencyGeneratePcm arm64 /Users/admin/builder/spi-builder-workspace/.derivedData/SDKExplicitPrecompiledModules/_Builtin_stdarg-CDA349K2K4US766844K8E0PVA.pcm
SwiftExplicitDependencyGeneratePcm arm64 /Users/admin/builder/spi-builder-workspace/.derivedData/SDKExplicitPrecompiledModules/ptrauth-1WBA714DZSVUL5JQDJ08CLKZ.pcm
SwiftExplicitDependencyGeneratePcm arm64 /Users/admin/builder/spi-builder-workspace/.derivedData/SDKExplicitPrecompiledModules/RealityCoreTextureProcessing-8QLQPA19YF2PPHFODB8BAJCS2.pcm
SwiftExplicitDependencyGeneratePcm arm64 /Users/admin/builder/spi-builder-workspace/.derivedData/SDKExplicitPrecompiledModules/SwiftShims-CI4H5RO9IYFFWQ2COB512Q2S9.pcm
SwiftExplicitDependencyGeneratePcm arm64 /Users/admin/builder/spi-builder-workspace/.derivedData/SDKExplicitPrecompiledModules/_AvailabilityInternal-1Q8IQP6M38UWSGZ95UCEY2M44.pcm
SwiftExplicitDependencyGeneratePcm arm64 /Users/admin/builder/spi-builder-workspace/.derivedData/SDKExplicitPrecompiledModules/_Builtin_float-6WKHNW5S40U2QGHXXGETUDIRA.pcm
SwiftExplicitDependencyGeneratePcm arm64 /Users/admin/builder/spi-builder-workspace/.derivedData/SDKExplicitPrecompiledModules/ShaderGraph-AW1O397P711WTY8KSK8LZX9YA.pcm
SwiftExplicitDependencyGeneratePcm arm64 /Users/admin/builder/spi-builder-workspace/.derivedData/SDKExplicitPrecompiledModules/GroupActivities-9DH6EA1Q2QXCQYXVI12G7WMUR.pcm
SwiftExplicitDependencyGeneratePcm arm64 /Users/admin/builder/spi-builder-workspace/.derivedData/SDKExplicitPrecompiledModules/ptrcheck-BXA97MNLI4BB0HF5I8MJE403D.pcm
SwiftExplicitDependencyGeneratePcm arm64 /Users/admin/builder/spi-builder-workspace/.derivedData/SDKExplicitPrecompiledModules/DeveloperToolsSupport-46GOQP8J1QTHLYQSJW81T8UZ3.pcm
SwiftExplicitDependencyGeneratePcm arm64 /Users/admin/builder/spi-builder-workspace/.derivedData/SDKExplicitPrecompiledModules/_Builtin_stddef-5NQ9Z1GV07GBSRQGAQCGXGVRI.pcm
SwiftExplicitDependencyGeneratePcm arm64 /Users/admin/builder/spi-builder-workspace/.derivedData/SDKExplicitPrecompiledModules/_SwiftConcurrencyShims-C8XHKSHX96D5YYALNM4W70Z0O.pcm
SwiftExplicitDependencyGeneratePcm arm64 /Users/admin/builder/spi-builder-workspace/.derivedData/SDKExplicitPrecompiledModules/_DarwinFoundation1-5RGRVV2TZ6WC4WZW5IXF8NQ04.pcm
SwiftExplicitDependencyGeneratePcm arm64 /Users/admin/builder/spi-builder-workspace/.derivedData/SDKExplicitPrecompiledModules/_Builtin_limits-425JDMN5HPM3D0UEI8LEHP6NM.pcm
SwiftExplicitDependencyGeneratePcm arm64 /Users/admin/builder/spi-builder-workspace/.derivedData/SDKExplicitPrecompiledModules/_DarwinFoundation2-ENTECK156YEWITZRRBTOCE4KR.pcm
SwiftExplicitDependencyGeneratePcm arm64 /Users/admin/builder/spi-builder-workspace/.derivedData/SDKExplicitPrecompiledModules/string_h-2GT67HHHHK5CF1V1S31LH0PU2.pcm
SwiftExplicitDependencyGeneratePcm arm64 /Users/admin/builder/spi-builder-workspace/.derivedData/SDKExplicitPrecompiledModules/_Builtin_tgmath-BPYSMHWI520EQRL2HW519ZY7Z.pcm
SwiftExplicitDependencyGeneratePcm arm64 /Users/admin/builder/spi-builder-workspace/.derivedData/SDKExplicitPrecompiledModules/_Builtin_stdint-8OR6T47OOYJA90ZBO3N1USDE.pcm
SwiftExplicitDependencyGeneratePcm arm64 /Users/admin/builder/spi-builder-workspace/.derivedData/SDKExplicitPrecompiledModules/sys_types-AYM0BHR77VKMWZCO2T0XGV2HF.pcm
SwiftExplicitDependencyGeneratePcm arm64 /Users/admin/builder/spi-builder-workspace/.derivedData/SDKExplicitPrecompiledModules/_DarwinFoundation3-9ZHN6JKBS40BBA81RQMV8H0IC.pcm
SwiftExplicitDependencyGeneratePcm arm64 /Users/admin/builder/spi-builder-workspace/.derivedData/SDKExplicitPrecompiledModules/_Builtin_intrinsics-BC5IJI3YI34RQ61ZNVDRDZ6RN.pcm
SwiftExplicitDependencyGeneratePcm arm64 /Users/admin/builder/spi-builder-workspace/.derivedData/SDKExplicitPrecompiledModules/_Builtin_stdatomic-1VUZPM79PNCAHXVBERD53WRSF.pcm
SwiftExplicitDependencyGeneratePcm arm64 /Users/admin/builder/spi-builder-workspace/.derivedData/SDKExplicitPrecompiledModules/_Builtin_inttypes-11B64KJD36B3YOHBR1BBXBJY8.pcm
SwiftExplicitDependencyGeneratePcm arm64 /Users/admin/builder/spi-builder-workspace/.derivedData/SDKExplicitPrecompiledModules/Darwin-60P5LVNQO3ESRRM5DCJ05PFNK.pcm
SwiftExplicitDependencyGeneratePcm arm64 /Users/admin/builder/spi-builder-workspace/.derivedData/SDKExplicitPrecompiledModules/simd-9XXAB17Y6E4BBPQADD61NZ23.pcm
SwiftExplicitDependencyGeneratePcm arm64 /Users/admin/builder/spi-builder-workspace/.derivedData/SDKExplicitPrecompiledModules/ObjectiveC-26TIBFYCEJZVP216ZZAU1X8KN.pcm
SwiftExplicitDependencyGeneratePcm arm64 /Users/admin/builder/spi-builder-workspace/.derivedData/SDKExplicitPrecompiledModules/MachO-3XTHY7HWV6RF3KXKYQVHUBUXK.pcm
SwiftExplicitDependencyGeneratePcm arm64 /Users/admin/builder/spi-builder-workspace/.derivedData/SDKExplicitPrecompiledModules/os_object-692CJ8BG6RE5H04487EJJOVXW.pcm
SwiftExplicitDependencyGeneratePcm arm64 /Users/admin/builder/spi-builder-workspace/.derivedData/SDKExplicitPrecompiledModules/os_workgroup-4U1VXMWIZD80E7PRUQF2G7P9X.pcm
SwiftExplicitDependencyGeneratePcm arm64 /Users/admin/builder/spi-builder-workspace/.derivedData/SDKExplicitPrecompiledModules/Dispatch-CLT3466HKC22GCKAWSCNG0H7T.pcm
SwiftExplicitDependencyGeneratePcm arm64 /Users/admin/builder/spi-builder-workspace/.derivedData/SDKExplicitPrecompiledModules/Spatial-5E0I2846LO3ZE24CSVR2O57TI.pcm
SwiftExplicitDependencyGeneratePcm arm64 /Users/admin/builder/spi-builder-workspace/.derivedData/SDKExplicitPrecompiledModules/XPC-EP5EU7FNGP4VOA3EDM18P1KHO.pcm
SwiftExplicitDependencyGeneratePcm arm64 /Users/admin/builder/spi-builder-workspace/.derivedData/SDKExplicitPrecompiledModules/CoreFoundation-AVLTZVCXBU2TO75JCN4AGU8XJ.pcm
SwiftExplicitDependencyGeneratePcm arm64 /Users/admin/builder/spi-builder-workspace/.derivedData/SDKExplicitPrecompiledModules/dnssd-CCUV1M8EULNEQJUXO7L0PJAL4.pcm
SwiftExplicitDependencyGeneratePcm arm64 /Users/admin/builder/spi-builder-workspace/.derivedData/SDKExplicitPrecompiledModules/os-1004XEJ3IXOOAU0KL58SM3D0K.pcm
SwiftExplicitDependencyGeneratePcm arm64 /Users/admin/builder/spi-builder-workspace/.derivedData/SDKExplicitPrecompiledModules/CFNetwork-5MI70N1VLDQSWTX4COWLMSIRO.pcm
SwiftExplicitDependencyGeneratePcm arm64 /Users/admin/builder/spi-builder-workspace/.derivedData/SDKExplicitPrecompiledModules/Security-8TH2M8WJIQMET4SADWX0N8372.pcm
SwiftExplicitDependencyGeneratePcm arm64 /Users/admin/builder/spi-builder-workspace/.derivedData/SDKExplicitPrecompiledModules/CoreGraphics-BFUJ177R223UT2ZI327ZTZY91.pcm
SwiftExplicitDependencyGeneratePcm arm64 /Users/admin/builder/spi-builder-workspace/.derivedData/SDKExplicitPrecompiledModules/CoreAudioTypes-45UXYEQRN95KG6BF2CW0QIYK9.pcm
SwiftExplicitDependencyGeneratePcm arm64 /Users/admin/builder/spi-builder-workspace/.derivedData/SDKExplicitPrecompiledModules/CoreAudio-CXS3C78T5TQDGLEGXIBJ04WJ4.pcm
SwiftExplicitDependencyGeneratePcm arm64 /Users/admin/builder/spi-builder-workspace/.derivedData/SDKExplicitPrecompiledModules/Foundation-8GON1KVEKRN3NOQI8RETBRWJP.pcm
SwiftExplicitDependencyGeneratePcm arm64 /Users/admin/builder/spi-builder-workspace/.derivedData/SDKExplicitPrecompiledModules/CoreText-6F9TY5TEPCCZ1K2KYM4GMEGHD.pcm
SwiftExplicitDependencyGeneratePcm arm64 /Users/admin/builder/spi-builder-workspace/.derivedData/SDKExplicitPrecompiledModules/ImageIO-5CC6COR9KJYI1UBL7CSHLU2OG.pcm
SwiftExplicitDependencyGeneratePcm arm64 /Users/admin/builder/spi-builder-workspace/.derivedData/SDKExplicitPrecompiledModules/Accessibility-1DR4J4YDVDGAYQTZ0FKZ1PU09.pcm
SwiftExplicitDependencyGeneratePcm arm64 /Users/admin/builder/spi-builder-workspace/.derivedData/SDKExplicitPrecompiledModules/DataDetection-BANTQ3WXXGKZJYC0LLB3MD9K0.pcm
SwiftExplicitDependencyGeneratePcm arm64 /Users/admin/builder/spi-builder-workspace/.derivedData/SDKExplicitPrecompiledModules/LocalAuthentication-9MSPUJ85OBXBTOD7NJCT1GZ0O.pcm
SwiftExplicitDependencyGeneratePcm arm64 /Users/admin/builder/spi-builder-workspace/.derivedData/SDKExplicitPrecompiledModules/CoreMIDI-7L19IC4ZH9BPYLVTD8IIFWN9R.pcm
SwiftExplicitDependencyGeneratePcm arm64 /Users/admin/builder/spi-builder-workspace/.derivedData/SDKExplicitPrecompiledModules/IOSurface-5FE9U89GVFF9A7X7AGO2R8ENI.pcm
SwiftExplicitDependencyGeneratePcm arm64 /Users/admin/builder/spi-builder-workspace/.derivedData/SDKExplicitPrecompiledModules/Symbols-8G2XC01RPQ5HYIZE6JNUT864I.pcm
SwiftExplicitDependencyGeneratePcm arm64 /Users/admin/builder/spi-builder-workspace/.derivedData/SDKExplicitPrecompiledModules/CoreData-73N6Z547OZUEZ8ADGEC6XRHWN.pcm
SwiftExplicitDependencyGeneratePcm arm64 /Users/admin/builder/spi-builder-workspace/.derivedData/SDKExplicitPrecompiledModules/FileProvider-C9I28SI56F2SEVH1BCWTKGODO.pcm
SwiftExplicitDependencyGeneratePcm arm64 /Users/admin/builder/spi-builder-workspace/.derivedData/SDKExplicitPrecompiledModules/CoreTransferable-8TBYAKHCX6UC8QQSS7BD8GQK5.pcm
SwiftExplicitDependencyGeneratePcm arm64 /Users/admin/builder/spi-builder-workspace/.derivedData/SDKExplicitPrecompiledModules/_LocationEssentials-8GQGFVARUE99D8VJX3TINY0VP.pcm
SwiftExplicitDependencyGeneratePcm arm64 /Users/admin/builder/spi-builder-workspace/.derivedData/SDKExplicitPrecompiledModules/UserNotifications-8IIV1V1FPNAPA4LY1Y23LOM2N.pcm
SwiftExplicitDependencyGeneratePcm arm64 /Users/admin/builder/spi-builder-workspace/.derivedData/SDKExplicitPrecompiledModules/OSLog-BNGT87TS0GMBFF7TY70HHB69.pcm
SwiftExplicitDependencyGeneratePcm arm64 /Users/admin/builder/spi-builder-workspace/.derivedData/SDKExplicitPrecompiledModules/CoreLocation-1SN37095DAPVJ068LLP9TBDQX.pcm
SwiftExplicitDependencyGeneratePcm arm64 /Users/admin/builder/spi-builder-workspace/.derivedData/SDKExplicitPrecompiledModules/UIUtilities-AOVGLUWEAN6CG2UZFNESGSP6C.pcm
SwiftExplicitDependencyGeneratePcm arm64 /Users/admin/builder/spi-builder-workspace/.derivedData/SDKExplicitPrecompiledModules/Network-EQPZZF3W6BWG89K0PY9NZO3T0.pcm
SwiftExplicitDependencyGeneratePcm arm64 /Users/admin/builder/spi-builder-workspace/.derivedData/SDKExplicitPrecompiledModules/Metal-EKNUM9P3PRIBHZK1ZBD6BA2T7.pcm
SwiftExplicitDependencyGeneratePcm arm64 /Users/admin/builder/spi-builder-workspace/.derivedData/SDKExplicitPrecompiledModules/OpenGLES-56BKSYXNVAP91BYZRWAKQZKGI.pcm
SwiftExplicitDependencyGeneratePcm arm64 /Users/admin/builder/spi-builder-workspace/.derivedData/SDKExplicitPrecompiledModules/UniformTypeIdentifiers-E5KMWDZEKS4QW9RO1KBRDEXV6.pcm
SwiftExplicitDependencyGeneratePcm arm64 /Users/admin/builder/spi-builder-workspace/.derivedData/SDKExplicitPrecompiledModules/AudioToolbox-2K3S8EA590EB3GMH6D6784BWZ.pcm
SwiftExplicitDependencyGeneratePcm arm64 /Users/admin/builder/spi-builder-workspace/.derivedData/SDKExplicitPrecompiledModules/CoreMotion-10LV922UPGE28QX2SOIO7ALIZ.pcm
SwiftExplicitDependencyGeneratePcm arm64 /Users/admin/builder/spi-builder-workspace/.derivedData/SDKExplicitPrecompiledModules/CloudKit-8H34CCWTKF0HWDZN9I1SWPFRC.pcm
SwiftExplicitDependencyGeneratePcm arm64 /Users/admin/builder/spi-builder-workspace/.derivedData/SDKExplicitPrecompiledModules/AVRouting-55P8FRNK50AFZOMMB2LBBOX33.pcm
SwiftExplicitDependencyGeneratePcm arm64 /Users/admin/builder/spi-builder-workspace/.derivedData/SDKExplicitPrecompiledModules/CoreVideo-E12HJSJSLO0YKWYBES11UKJ02.pcm
SwiftExplicitDependencyCompileModuleFromInterface arm64 /Users/admin/builder/spi-builder-workspace/.derivedData/SDKExplicitPrecompiledModules/ShaderGraph-URHKVVOFZL5Z.swiftmodule
SwiftExplicitDependencyCompileModuleFromInterface arm64 /Users/admin/builder/spi-builder-workspace/.derivedData/SDKExplicitPrecompiledModules/RealityCoreDeformation-3V2TNFJF8KODL.swiftmodule
SwiftExplicitDependencyCompileModuleFromInterface arm64 /Users/admin/builder/spi-builder-workspace/.derivedData/SDKExplicitPrecompiledModules/RealityCoreTextureProcessing-1N2A3U6JL8K1P.swiftmodule
SwiftExplicitDependencyGeneratePcm arm64 /Users/admin/builder/spi-builder-workspace/.derivedData/SDKExplicitPrecompiledModules/CoreML-37QYERWC0RQN4IY4377UD0TY1.pcm
SwiftExplicitDependencyGeneratePcm arm64 /Users/admin/builder/spi-builder-workspace/.derivedData/SDKExplicitPrecompiledModules/CoreMedia-D1IBHC28BRHWLNUG1Q75G5YN0.pcm
SwiftExplicitDependencyGeneratePcm arm64 /Users/admin/builder/spi-builder-workspace/.derivedData/SDKExplicitPrecompiledModules/ARKitFoundation-3N77COW7DLP77CM0PWZXSR9BD.pcm
SwiftExplicitDependencyGeneratePcm arm64 /Users/admin/builder/spi-builder-workspace/.derivedData/SDKExplicitPrecompiledModules/CoreImage-8WF1P230U10QM666EQMNV7OF1.pcm
SwiftExplicitDependencyGeneratePcm arm64 /Users/admin/builder/spi-builder-workspace/.derivedData/SDKExplicitPrecompiledModules/QuartzCore-12T8WVKUNCL1N7VXH87MM4YOB.pcm
SwiftExplicitDependencyGeneratePcm arm64 /Users/admin/builder/spi-builder-workspace/.derivedData/SDKExplicitPrecompiledModules/SwiftUICore-6OBBMA39VFD4CB6SG2PE41FAP.pcm
SwiftExplicitDependencyGeneratePcm arm64 /Users/admin/builder/spi-builder-workspace/.derivedData/SDKExplicitPrecompiledModules/UIKit-2D2PMAAE45TMO6S28UCGCO5BR.pcm
SwiftExplicitDependencyGeneratePcm arm64 /Users/admin/builder/spi-builder-workspace/.derivedData/SDKExplicitPrecompiledModules/MediaToolbox-1J5U29ERBPNPI1HKEJHXOP8EV.pcm
SwiftExplicitDependencyGeneratePcm arm64 /Users/admin/builder/spi-builder-workspace/.derivedData/SDKExplicitPrecompiledModules/AVFAudio-E8GATWFYYBEBB41O9N0LRRGYC.pcm
SwiftExplicitDependencyGeneratePcm arm64 /Users/admin/builder/spi-builder-workspace/.derivedData/SDKExplicitPrecompiledModules/VideoToolbox-7I4MDYIPJ4IWU1ZSL4JE3I7M6.pcm
SwiftExplicitDependencyGeneratePcm arm64 /Users/admin/builder/spi-builder-workspace/.derivedData/SDKExplicitPrecompiledModules/Vision-DVVG9MQGC3IMTVPTC1691MQ6Z.pcm
SwiftExplicitDependencyCompileModuleFromInterface arm64 /Users/admin/builder/spi-builder-workspace/.derivedData/SDKExplicitPrecompiledModules/RealityCoreRenderer-1BXNYUA9X4EGQ.swiftmodule
SwiftExplicitDependencyGeneratePcm arm64 /Users/admin/builder/spi-builder-workspace/.derivedData/SDKExplicitPrecompiledModules/AVFoundation-DFCX8GQJWVA3CZBITWEHAZEFX.pcm
SwiftExplicitDependencyGeneratePcm arm64 /Users/admin/builder/spi-builder-workspace/.derivedData/SDKExplicitPrecompiledModules/ARKitCore-307YVPJLQNB66BTBIONHZNP86.pcm
SwiftExplicitDependencyCompileModuleFromInterface arm64 /Users/admin/builder/spi-builder-workspace/.derivedData/SDKExplicitPrecompiledModules/RealityFoundationCloth-21YG2223CW7S9.swiftmodule
SwiftExplicitDependencyGeneratePcm arm64 /Users/admin/builder/spi-builder-workspace/.derivedData/SDKExplicitPrecompiledModules/GameController-7QL0VMQHE24OWQFUR0UFT89DW.pcm
SwiftExplicitDependencyGeneratePcm arm64 /Users/admin/builder/spi-builder-workspace/.derivedData/SDKExplicitPrecompiledModules/SwiftUI-77PUPXISY3V3TUF5FJEHUQC86.pcm
SwiftExplicitDependencyGeneratePcm arm64 /Users/admin/builder/spi-builder-workspace/.derivedData/SDKExplicitPrecompiledModules/AVKit-5DJIC25B8SVX6CWVP6PFC6V8E.pcm
SwiftExplicitDependencyGeneratePcm arm64 /Users/admin/builder/spi-builder-workspace/.derivedData/SDKExplicitPrecompiledModules/MultipeerConnectivity-36RZ59WKAK6KLYXH3MOCI7E94.pcm
SwiftExplicitDependencyGeneratePcm arm64 /Users/admin/builder/spi-builder-workspace/.derivedData/SDKExplicitPrecompiledModules/ARKit-27VDPOZ50FG2MJG7OFV6IFQYQ.pcm
SwiftEmitModule normal arm64 Emitting\ module\ for\ Odeum (in target 'Odeum' from project 'Odeum')
SwiftCompile normal arm64 (in target 'Odeum' from project 'Odeum')
    cd /Users/admin/builder/spi-builder-workspace/.swiftpm/xcode

/Users/admin/builder/spi-builder-workspace/Sources/Odeum/Classes/OdeumPlayerView.swift:52:84: error: 'white' is unavailable in visionOS
 50 |         return control
 51 |     }()
 52 |     public internal(set) lazy var spinner: UIActivityIndicatorView = .init(style: .white)
    |                                                                                    `- error: 'white' is unavailable in visionOS
 53 |     lazy var tapGestureRecognizer: UITapGestureRecognizer = {
 54 |         let gesture = UITapGestureRecognizer(target: self, action: #selector(didTap(_:)))
UIKit.UIActivityIndicatorView.Style.white:5:10: note: 'white' has been explicitly marked unavailable here
3 | @available(iOS, introduced: 2.0, deprecated: 13.0, renamed: "UIActivityIndicatorView.Style.medium")
4 |     @available(visionOS, unavailable)
5 |     case white  }
  |          `- note: 'white' has been explicitly marked unavailable here
6 | }
7 |
Failed frontend command:
/Applications/Xcode-27.0.0-Release.Candidate.app/Contents/Developer/Toolchains/XcodeDefault.xctoolchain/usr/bin/swift-frontend -frontend -emit-module -experimental-skip-non-inlinable-function-bodies-without-types /Users/admin/builder/spi-builder-workspace/.derivedData/Build/Intermediates.noindex/Odeum.build/Debug-xros/Odeum-t.build/DerivedSources/resource_bundle_accessor.swift /Users/admin/builder/spi-builder-workspace/Sources/Odeum/Classes/OdeumPlayerView+Actions.swift /Users/admin/builder/spi-builder-workspace/Sources/Odeum/Classes/OdeumPlayerView+PlayControlViewDelegate.swift /Users/admin/builder/spi-builder-workspace/Sources/Odeum/Classes/OdeumPlayerView+Player.swift /Users/admin/builder/spi-builder-workspace/Sources/Odeum/Classes/OdeumPlayerView.swift /Users/admin/builder/spi-builder-workspace/Sources/Odeum/Classes/OdeumPlayerViewDelegate.swift /Users/admin/builder/spi-builder-workspace/Sources/Odeum/Classes/PlayControlState.swift /Users/admin/builder/spi-builder-workspace/Sources/Odeum/Classes/PlayControlView.swift /Users/admin/builder/spi-builder-workspace/Sources/Odeum/Classes/Utilities.swift /Users/admin/builder/spi-builder-workspace/.derivedData/Build/Intermediates.noindex/Odeum.build/Debug-xros/Odeum-t.build/DerivedSources/GeneratedAssetSymbols.swift -target arm64-apple-xros1.0 -module-can-import-version DeveloperToolsSupport 24.0.24 24.0.24 -module-can-import-version UIKit 9127.0.84.1 9127.0.84 -disable-cross-import-overlay-search -swift-module-cross-import AVKit /Applications/Xcode-27.0.0-Release.Candidate.app/Contents/Developer/Platforms/XROS.platform/Developer/SDKs/XROS.sdk/System/Library/Frameworks/AVKit.framework/Modules/AVKit.swiftcrossimport/GroupActivities.swiftoverlay -swift-module-cross-import AVKit /Applications/Xcode-27.0.0-Release.Candidate.app/Contents/Developer/Platforms/XROS.platform/Developer/SDKs/XROS.sdk/System/Library/Frameworks/AVKit.framework/Modules/AVKit.swiftcrossimport/SwiftUI.swiftoverlay -swift-module-cross-import AVKit /Applications/Xcode-27.0.0-Release.Candidate.app/Contents/Developer/Platforms/XROS.platform/Developer/SDKs/XROS27.0.sdk/System/Library/Frameworks/AVKit.framework/Modules/AVKit.swiftcrossimport/GroupActivities.swiftoverlay -swift-module-cross-import AVKit /Applications/Xcode-27.0.0-Release.Candidate.app/Contents/Developer/Platforms/XROS.platform/Developer/SDKs/XROS27.0.sdk/System/Library/Frameworks/AVKit.framework/Modules/AVKit.swiftcrossimport/SwiftUI.swiftoverlay -load-resolved-plugin /Applications/Xcode-27.0.0-Release.Candidate.app/Contents/Developer/Platforms/XROS.platform/Developer/usr/lib/swift/host/plugins/libFoundationMacros.dylib\#/Applications/Xcode-27.0.0-Release.Candidate.app/Contents/Developer/Platforms/XROS.platform/Developer/usr/bin/swift-plugin-server\#FoundationMacros -load-resolved-plugin /Applications/Xcode-27.0.0-Release.Candidate.app/Contents/Developer/Platforms/XROS.platform/Developer/usr/lib/swift/host/plugins/libObservationMacros.dylib\#/Applications/Xcode-27.0.0-Release.Candidate.app/Contents/Developer/Platforms/XROS.platform/Developer/usr/bin/swift-plugin-server\#ObservationMacros -load-resolved-plugin /Applications/Xcode-27.0.0-Release.Candidate.app/Contents/Developer/Platforms/XROS.platform/Developer/usr/lib/swift/host/plugins/libPreviewsMacros.dylib\#/Applications/Xcode-27.0.0-Release.Candidate.app/Contents/Developer/Platforms/XROS.platform/Developer/usr/bin/swift-plugin-server\#PreviewsMacros -load-resolved-plugin /Applications/Xcode-27.0.0-Release.Candidate.app/Contents/Developer/Platforms/XROS.platform/Developer/usr/lib/swift/host/plugins/libSwiftMacros.dylib\#/Applications/Xcode-27.0.0-Release.Candidate.app/Contents/Developer/Platforms/XROS.platform/Developer/usr/bin/swift-plugin-server\#SwiftMacros -load-resolved-plugin /Applications/Xcode-27.0.0-Release.Candidate.app/Contents/Developer/Platforms/XROS.platform/Developer/usr/lib/swift/host/plugins/libSwiftUIMacros.dylib\#/Applications/Xcode-27.0.0-Release.Candidate.app/Contents/Developer/Platforms/XROS.platform/Developer/usr/bin/swift-plugin-server\#SwiftUIMacros -disable-implicit-swift-modules -Xcc -fno-implicit-modules -Xcc -fno-implicit-module-maps -explicit-swift-module-map-file /Users/admin/builder/spi-builder-workspace/.derivedData/Build/Intermediates.noindex/Odeum.build/Debug-xros/Odeum-t.build/Objects-normal/arm64/Odeum-dependencies-1.json -Xllvm -aarch64-use-tbi -enable-objc-interop -stack-check -sdk /Applications/Xcode-27.0.0-Release.Candidate.app/Contents/Developer/Platforms/XROS.platform/Developer/SDKs/XROS27.0.sdk -I /Users/admin/builder/spi-builder-workspace/.derivedData/Build/Products/Debug-xros -Isystem /Applications/Xcode-27.0.0-Release.Candidate.app/Contents/Developer/Platforms/XROS.platform/Developer/usr/lib -F /Users/admin/builder/spi-builder-workspace/.derivedData/Build/Products/Debug-xros -F /Applications/Xcode-27.0.0-Release.Candidate.app/Contents/Developer/Platforms/XROS.platform/Developer/Library/Frameworks -F /Applications/Xcode-27.0.0-Release.Candidate.app/Contents/Developer/Platforms/XROS.platform/Developer/SDKs/XROS27.0.sdk/Developer/Library/Frameworks -module-cache-path /Users/admin/builder/spi-builder-workspace/.derivedData/Build/Intermediates.noindex/SwiftExplicitPrecompiledModules -no-color-diagnostics -Xcc -fno-color-diagnostics -enable-testing -g -debug-info-format\=dwarf -dwarf-version\=4 -swift-version 5 -Onone -D SWIFT_PACKAGE -D DEBUG -D SWIFT_MODULE_RESOURCE_BUNDLE_AVAILABLE -D Xcode -serialize-debugging-options -enable-experimental-feature DebugDescriptionMacro -empty-abi-descriptor -validate-clang-modules-once -clang-build-session-file /Users/admin/builder/spi-builder-workspace/.derivedData/ModuleCache.noindex/Session.modulevalidation -Xcc -working-directory -Xcc /Users/admin/builder/spi-builder-workspace/.swiftpm/xcode -enable-anonymous-context-mangled-names -file-compilation-dir /Users/admin/builder/spi-builder-workspace/.swiftpm/xcode -Xcc -D_LIBCPP_HARDENING_MODE\=_LIBCPP_HARDENING_MODE_DEBUG -Xcc -ivfsstatcache -Xcc /Users/admin/builder/spi-builder-workspace/.derivedData/SDKStatCaches.noindex/xros27.0-24M361-e829b21a6f8c9b70876ba0858053c044735bd543db762f57723cac368afd1ce4.sdkstatcache -Xcc -fmodules-prune-interval\=86400 -Xcc -fmodules-prune-after\=345600 -Xcc -I/Users/admin/builder/spi-builder-workspace/.derivedData/Build/Products/Debug-xros/include -Xcc -I/Users/admin/builder/spi-builder-workspace/.derivedData/Build/Intermediates.noindex/Odeum.build/Debug-xros/Odeum-t.build/DerivedSources-normal/arm64 -Xcc -I/Users/admin/builder/spi-builder-workspace/.derivedData/Build/Intermediates.noindex/Odeum.build/Debug-xros/Odeum-t.build/DerivedSources/arm64 -Xcc -I/Users/admin/builder/spi-builder-workspace/.derivedData/Build/Intermediates.noindex/Odeum.build/Debug-xros/Odeum-t.build/DerivedSources -Xcc -DSWIFT_PACKAGE -Xcc -DDEBUG\=1 -no-auto-bridging-header-chaining -module-name Odeum -const-gather-protocols-file /Users/admin/builder/spi-builder-workspace/.derivedData/Build/Intermediates.noindex/Odeum.build/Debug-xros/Odeum-t.build/Objects-normal/arm64/Odeum_const_extract_protocols.json -disable-clang-spi -clang-target arm64-apple-xros27.0 -target-sdk-version 27.0 -target-sdk-name xros27.0 -in-process-plugin-server-path /Applications/Xcode-27.0.0-Release.Candidate.app/Contents/Developer/Toolchains/XcodeDefault.xctoolchain/usr/lib/swift/host/libSwiftInProcPluginServer.dylib -emit-module-doc-path /Users/admin/builder/spi-builder-workspace/.derivedData/Build/Intermediates.noindex/Odeum.build/Debug-xros/Odeum-t.build/Objects-normal/arm64/Odeum.swiftdoc -emit-module-source-info-path /Users/admin/builder/spi-builder-workspace/.derivedData/Build/Intermediates.noindex/Odeum.build/Debug-xros/Odeum-t.build/Objects-normal/arm64/Odeum.swiftsourceinfo -emit-objc-header-path /Users/admin/builder/spi-builder-workspace/.derivedData/Build/Intermediates.noindex/Odeum.build/Debug-xros/Odeum-t.build/Objects-normal/arm64/Odeum-Swift.h -serialize-diagnostics-path /Users/admin/builder/spi-builder-workspace/.derivedData/Build/Intermediates.noindex/Odeum.build/Debug-xros/Odeum-t.build/Objects-normal/arm64/Odeum-primary-emit-module.dia -emit-dependencies-path /Users/admin/builder/spi-builder-workspace/.derivedData/Build/Intermediates.noindex/Odeum.build/Debug-xros/Odeum-t.build/Objects-normal/arm64/Odeum-primary-emit-module.d -parse-as-library -o /Users/admin/builder/spi-builder-workspace/.derivedData/Build/Intermediates.noindex/Odeum.build/Debug-xros/Odeum-t.build/Objects-normal/arm64/Odeum.swiftmodule -emit-abi-descriptor-path /Users/admin/builder/spi-builder-workspace/.derivedData/Build/Intermediates.noindex/Odeum.build/Debug-xros/Odeum-t.build/Objects-normal/arm64/Odeum.abi.json
SwiftCompile normal arm64 Compiling\ GeneratedAssetSymbols.swift /Users/admin/builder/spi-builder-workspace/.derivedData/Build/Intermediates.noindex/Odeum.build/Debug-xros/Odeum-t.build/DerivedSources/GeneratedAssetSymbols.swift (in target 'Odeum' from project 'Odeum')
SwiftCompile normal arm64 /Users/admin/builder/spi-builder-workspace/.derivedData/Build/Intermediates.noindex/Odeum.build/Debug-xros/Odeum-t.build/DerivedSources/GeneratedAssetSymbols.swift (in target 'Odeum' from project 'Odeum')
    cd /Users/admin/builder/spi-builder-workspace/.swiftpm/xcode
    builtin-SwiftPerFileCompile GeneratedAssetSymbols.swift
SwiftCompile normal arm64 Compiling\ Utilities.swift /Users/admin/builder/spi-builder-workspace/Sources/Odeum/Classes/Utilities.swift (in target 'Odeum' from project 'Odeum')
SwiftCompile normal arm64 /Users/admin/builder/spi-builder-workspace/Sources/Odeum/Classes/Utilities.swift (in target 'Odeum' from project 'Odeum')
    cd /Users/admin/builder/spi-builder-workspace/.swiftpm/xcode
    builtin-SwiftPerFileCompile Utilities.swift
SwiftCompile normal arm64 Compiling\ PlayControlState.swift /Users/admin/builder/spi-builder-workspace/Sources/Odeum/Classes/PlayControlState.swift (in target 'Odeum' from project 'Odeum')
SwiftCompile normal arm64 /Users/admin/builder/spi-builder-workspace/Sources/Odeum/Classes/PlayControlState.swift (in target 'Odeum' from project 'Odeum')
    cd /Users/admin/builder/spi-builder-workspace/.swiftpm/xcode
    builtin-SwiftPerFileCompile PlayControlState.swift
SwiftCompile normal arm64 Compiling\ OdeumPlayerView.swift /Users/admin/builder/spi-builder-workspace/Sources/Odeum/Classes/OdeumPlayerView.swift (in target 'Odeum' from project 'Odeum')
SwiftCompile normal arm64 /Users/admin/builder/spi-builder-workspace/Sources/Odeum/Classes/OdeumPlayerView.swift (in target 'Odeum' from project 'Odeum')
    cd /Users/admin/builder/spi-builder-workspace/.swiftpm/xcode
    builtin-SwiftPerFileCompile OdeumPlayerView.swift
SwiftCompile normal arm64 Compiling\ OdeumPlayerViewDelegate.swift /Users/admin/builder/spi-builder-workspace/Sources/Odeum/Classes/OdeumPlayerViewDelegate.swift (in target 'Odeum' from project 'Odeum')
SwiftCompile normal arm64 /Users/admin/builder/spi-builder-workspace/Sources/Odeum/Classes/OdeumPlayerViewDelegate.swift (in target 'Odeum' from project 'Odeum')
    cd /Users/admin/builder/spi-builder-workspace/.swiftpm/xcode
    builtin-SwiftPerFileCompile OdeumPlayerViewDelegate.swift
SwiftCompile normal arm64 Compiling\ OdeumPlayerView+Player.swift /Users/admin/builder/spi-builder-workspace/Sources/Odeum/Classes/OdeumPlayerView+Player.swift (in target 'Odeum' from project 'Odeum')
SwiftCompile normal arm64 /Users/admin/builder/spi-builder-workspace/Sources/Odeum/Classes/OdeumPlayerView+Player.swift (in target 'Odeum' from project 'Odeum')
    cd /Users/admin/builder/spi-builder-workspace/.swiftpm/xcode
    builtin-SwiftPerFileCompile OdeumPlayerView+Player.swift
SwiftCompile normal arm64 Compiling\ PlayControlView.swift /Users/admin/builder/spi-builder-workspace/Sources/Odeum/Classes/PlayControlView.swift (in target 'Odeum' from project 'Odeum')
/Users/admin/builder/spi-builder-workspace/Sources/Odeum/Classes/PlayControlView.swift:165:21: warning: 'imageEdgeInsets' was deprecated in visionOS 1.0: This property is ignored when using UIButtonConfiguration [#DeprecatedDeclaration]
163 |         let buttonInsets: UIEdgeInsets = .init(top: insets, left: insets, bottom: insets, right: insets)
164 |         let playButtonInsets: UIEdgeInsets = .init(top: playInsets, left: playInsets, bottom: playInsets, right: playInsets)
165 |         audioButton.imageEdgeInsets = buttonInsets
    |                     `- warning: 'imageEdgeInsets' was deprecated in visionOS 1.0: This property is ignored when using UIButtonConfiguration [#DeprecatedDeclaration]
166 |         replayButton.imageEdgeInsets = buttonInsets
167 |         playButton.imageEdgeInsets = playButtonInsets
/Users/admin/builder/spi-builder-workspace/Sources/Odeum/Classes/PlayControlView.swift:166:22: warning: 'imageEdgeInsets' was deprecated in visionOS 1.0: This property is ignored when using UIButtonConfiguration [#DeprecatedDeclaration]
164 |         let playButtonInsets: UIEdgeInsets = .init(top: playInsets, left: playInsets, bottom: playInsets, right: playInsets)
165 |         audioButton.imageEdgeInsets = buttonInsets
166 |         replayButton.imageEdgeInsets = buttonInsets
    |                      `- warning: 'imageEdgeInsets' was deprecated in visionOS 1.0: This property is ignored when using UIButtonConfiguration [#DeprecatedDeclaration]
167 |         playButton.imageEdgeInsets = playButtonInsets
168 |         forwardButton.imageEdgeInsets = buttonInsets
/Users/admin/builder/spi-builder-workspace/Sources/Odeum/Classes/PlayControlView.swift:167:20: warning: 'imageEdgeInsets' was deprecated in visionOS 1.0: This property is ignored when using UIButtonConfiguration [#DeprecatedDeclaration]
165 |         audioButton.imageEdgeInsets = buttonInsets
166 |         replayButton.imageEdgeInsets = buttonInsets
167 |         playButton.imageEdgeInsets = playButtonInsets
    |                    `- warning: 'imageEdgeInsets' was deprecated in visionOS 1.0: This property is ignored when using UIButtonConfiguration [#DeprecatedDeclaration]
168 |         forwardButton.imageEdgeInsets = buttonInsets
169 |         fullScreenButton.imageEdgeInsets = buttonInsets
/Users/admin/builder/spi-builder-workspace/Sources/Odeum/Classes/PlayControlView.swift:168:23: warning: 'imageEdgeInsets' was deprecated in visionOS 1.0: This property is ignored when using UIButtonConfiguration [#DeprecatedDeclaration]
166 |         replayButton.imageEdgeInsets = buttonInsets
167 |         playButton.imageEdgeInsets = playButtonInsets
168 |         forwardButton.imageEdgeInsets = buttonInsets
    |                       `- warning: 'imageEdgeInsets' was deprecated in visionOS 1.0: This property is ignored when using UIButtonConfiguration [#DeprecatedDeclaration]
169 |         fullScreenButton.imageEdgeInsets = buttonInsets
170 |     }
SwiftCompile normal arm64 /Users/admin/builder/spi-builder-workspace/Sources/Odeum/Classes/PlayControlView.swift (in target 'Odeum' from project 'Odeum')
    cd /Users/admin/builder/spi-builder-workspace/.swiftpm/xcode
    builtin-SwiftPerFileCompile PlayControlView.swift
SwiftCompile normal arm64 Compiling\ resource_bundle_accessor.swift /Users/admin/builder/spi-builder-workspace/.derivedData/Build/Intermediates.noindex/Odeum.build/Debug-xros/Odeum-t.build/DerivedSources/resource_bundle_accessor.swift (in target 'Odeum' from project 'Odeum')
SwiftCompile normal arm64 /Users/admin/builder/spi-builder-workspace/.derivedData/Build/Intermediates.noindex/Odeum.build/Debug-xros/Odeum-t.build/DerivedSources/resource_bundle_accessor.swift (in target 'Odeum' from project 'Odeum')
    cd /Users/admin/builder/spi-builder-workspace/.swiftpm/xcode
    builtin-SwiftPerFileCompile resource_bundle_accessor.swift
SwiftCompile normal arm64 Compiling\ OdeumPlayerView+Actions.swift /Users/admin/builder/spi-builder-workspace/Sources/Odeum/Classes/OdeumPlayerView+Actions.swift (in target 'Odeum' from project 'Odeum')
SwiftCompile normal arm64 /Users/admin/builder/spi-builder-workspace/Sources/Odeum/Classes/OdeumPlayerView+Actions.swift (in target 'Odeum' from project 'Odeum')
    cd /Users/admin/builder/spi-builder-workspace/.swiftpm/xcode
    builtin-SwiftPerFileCompile OdeumPlayerView+Actions.swift
SwiftCompile normal arm64 Compiling\ OdeumPlayerView+PlayControlViewDelegate.swift /Users/admin/builder/spi-builder-workspace/Sources/Odeum/Classes/OdeumPlayerView+PlayControlViewDelegate.swift (in target 'Odeum' from project 'Odeum')
SwiftCompile normal arm64 /Users/admin/builder/spi-builder-workspace/Sources/Odeum/Classes/OdeumPlayerView+PlayControlViewDelegate.swift (in target 'Odeum' from project 'Odeum')
    cd /Users/admin/builder/spi-builder-workspace/.swiftpm/xcode
    builtin-SwiftPerFileCompile OdeumPlayerView+PlayControlViewDelegate.swift
PruneExplicitPrecompiledModules /Users/admin/builder/spi-builder-workspace/.derivedData/SDKExplicitPrecompiledModules
PruneExplicitPrecompiledModules /Users/admin/builder/spi-builder-workspace/.derivedData/Build/Intermediates.noindex/SwiftExplicitPrecompiledModules
PruneExplicitPrecompiledModules /Users/admin/builder/spi-builder-workspace/.derivedData/Build/Intermediates.noindex/ExplicitPrecompiledModules
2026-09-18 10:51:25.076 xcodebuild[709:4421] [MT] IDERunDestination: Supported platforms for the buildables in the current scheme is empty.
** BUILD FAILED **
The following build commands failed:
	SwiftCompile normal arm64 (in target 'Odeum' from project 'Odeum')
	SwiftEmitModule normal arm64 Emitting\ module\ for\ Odeum (in target 'Odeum' from project 'Odeum')
	Building workspace Odeum with scheme Odeum
(3 failures)
Command line invocation:
    /Applications/Xcode-27.0.0-Release.Candidate.app/Contents/Developer/usr/bin/xcodebuild -IDEClonedSourcePackagesDirPathOverride=/Users/admin/builder/spi-builder-workspace/.dependencies -resolvePackageDependencies
Resolve Package Graph
Resolved source packages:
  Odeum: /Users/admin/builder/spi-builder-workspace
resolved source packages: Odeum
2026-09-18 10:51:34.488 xcodebuild[841:4963] [MT] IDERunDestination: Supported platforms for the buildables in the current scheme is empty.
{
  "dependencies" : [
  ],
  "manifest_display_name" : "Odeum",
  "name" : "Odeum",
  "path" : "/Users/admin/builder/spi-builder-workspace",
  "platforms" : [
    {
      "name" : "ios",
      "version" : "10.0"
    }
  ],
  "products" : [
    {
      "name" : "Odeum",
      "targets" : [
        "Odeum"
      ],
      "type" : {
        "library" : [
          "automatic"
        ]
      }
    }
  ],
  "targets" : [
    {
      "c99name" : "Odeum",
      "module_type" : "SwiftTarget",
      "name" : "Odeum",
      "path" : "Sources/Odeum",
      "product_memberships" : [
        "Odeum"
      ],
      "resources" : [
        {
          "path" : "/Users/admin/builder/spi-builder-workspace/Sources/Odeum/Assets/Media.xcassets",
          "rule" : {
            "process" : {
            }
          }
        }
      ],
      "sources" : [
        "Classes/OdeumPlayerView+Actions.swift",
        "Classes/OdeumPlayerView+PlayControlViewDelegate.swift",
        "Classes/OdeumPlayerView+Player.swift",
        "Classes/OdeumPlayerView.swift",
        "Classes/OdeumPlayerViewDelegate.swift",
        "Classes/PlayControlState.swift",
        "Classes/PlayControlView.swift",
        "Classes/Utilities.swift"
      ],
      "type" : "library"
    }
  ],
  "tools_version" : "5.3"
}
{
  "workspace" : {
    "name" : "Odeum",
    "schemes" : [
      "Odeum"
    ]
  }
}
2026-09-18 10:51:35.688 xcodebuild[849:5028] [MT] IDERunDestination: Supported platforms for the buildables in the current scheme is empty.
Running build ...
env DEVELOPER_DIR=/Applications/Xcode-27.0.0-Release.Candidate.app xcrun xcodebuild -IDEClonedSourcePackagesDirPathOverride=$PWD/.dependencies -skipMacroValidation -skipPackagePluginValidation -derivedDataPath $PWD/.derivedData build -scheme Odeum -destination generic/platform=xrOS
Command line invocation:
    /Applications/Xcode-27.0.0-Release.Candidate.app/Contents/Developer/usr/bin/xcodebuild -IDEClonedSourcePackagesDirPathOverride=/Users/admin/builder/spi-builder-workspace/.dependencies -skipMacroValidation -skipPackagePluginValidation -derivedDataPath /Users/admin/builder/spi-builder-workspace/.derivedData build -scheme Odeum -destination generic/platform=xrOS
Resolve Package Graph
Resolved source packages:
  Odeum: /Users/admin/builder/spi-builder-workspace
ComputePackagePrebuildTargetDependencyGraph
Prepare packages
CreateBuildRequest
SendProjectDescription
CreateBuildOperation
ComputeTargetDependencyGraph
note: Building targets in dependency order
note: Target dependency graph (3 targets)
    Target 'Odeum-product' in project 'Odeum'
        ➜ Explicit dependency on target 'Odeum' in project 'Odeum'
        ➜ Explicit dependency on target 'Odeum_Odeum' in project 'Odeum'
    Target 'Odeum' in project 'Odeum'
        ➜ Explicit dependency on target 'Odeum_Odeum' in project 'Odeum'
    Target 'Odeum_Odeum' in project 'Odeum' (no dependencies)
GatherProvisioningInputs
CreateBuildDescription
ClangStatCache /Applications/Xcode-27.0.0-Release.Candidate.app/Contents/Developer/Toolchains/XcodeDefault.xctoolchain/usr/bin/clang-stat-cache /Applications/Xcode-27.0.0-Release.Candidate.app/Contents/Developer/Platforms/XROS.platform/Developer/SDKs/XROS27.0.sdk /Users/admin/builder/spi-builder-workspace/.derivedData/SDKStatCaches.noindex/xros27.0-24M361-e829b21a6f8c9b70876ba0858053c044735bd543db762f57723cac368afd1ce4.sdkstatcache
    cd /Users/admin/builder/spi-builder-workspace/.swiftpm/xcode
    /Applications/Xcode-27.0.0-Release.Candidate.app/Contents/Developer/Toolchains/XcodeDefault.xctoolchain/usr/bin/clang-stat-cache /Applications/Xcode-27.0.0-Release.Candidate.app/Contents/Developer/Platforms/XROS.platform/Developer/SDKs/XROS27.0.sdk -o /Users/admin/builder/spi-builder-workspace/.derivedData/SDKStatCaches.noindex/xros27.0-24M361-e829b21a6f8c9b70876ba0858053c044735bd543db762f57723cac368afd1ce4.sdkstatcache
SwiftDriver Odeum normal arm64 com.apple.xcode.tools.swift.compiler (in target 'Odeum' from project 'Odeum')
    cd /Users/admin/builder/spi-builder-workspace/.swiftpm/xcode
    builtin-SwiftDriver -- /Applications/Xcode-27.0.0-Release.Candidate.app/Contents/Developer/Toolchains/XcodeDefault.xctoolchain/usr/bin/swiftc -parse-as-library -module-name Odeum -Onone @/Users/admin/builder/spi-builder-workspace/.derivedData/Build/Intermediates.noindex/Odeum.build/Debug-xros/Odeum-t.build/Objects-normal/arm64/Odeum.SwiftFileList -DSWIFT_PACKAGE -DDEBUG -DSWIFT_MODULE_RESOURCE_BUNDLE_AVAILABLE -DXcode -plugin-path /Applications/Xcode-27.0.0-Release.Candidate.app/Contents/Developer/Toolchains/XcodeDefault.xctoolchain/usr/lib/swift/host/plugins/testing -enable-experimental-feature DebugDescriptionMacro -sdk /Applications/Xcode-27.0.0-Release.Candidate.app/Contents/Developer/Platforms/XROS.platform/Developer/SDKs/XROS27.0.sdk -target arm64-apple-xros1.0 -g -module-cache-path /Users/admin/builder/spi-builder-workspace/.derivedData/ModuleCache.noindex -Xfrontend -serialize-debugging-options -enable-testing -index-store-path /Users/admin/builder/spi-builder-workspace/.derivedData/Index.noindex/DataStore -Xcc -D_LIBCPP_HARDENING_MODE\=_LIBCPP_HARDENING_MODE_DEBUG -swift-version 5 -I /Users/admin/builder/spi-builder-workspace/.derivedData/Build/Products/Debug-xros -Isystem /Applications/Xcode-27.0.0-Release.Candidate.app/Contents/Developer/Platforms/XROS.platform/Developer/usr/lib -F /Users/admin/builder/spi-builder-workspace/.derivedData/Build/Products/Debug-xros -F /Applications/Xcode-27.0.0-Release.Candidate.app/Contents/Developer/Platforms/XROS.platform/Developer/Library/Frameworks -F /Applications/Xcode-27.0.0-Release.Candidate.app/Contents/Developer/Platforms/XROS.platform/Developer/SDKs/XROS27.0.sdk/Developer/Library/Frameworks -c -j10 -enable-batch-mode -incremental -Xcc -ivfsstatcache -Xcc /Users/admin/builder/spi-builder-workspace/.derivedData/SDKStatCaches.noindex/xros27.0-24M361-e829b21a6f8c9b70876ba0858053c044735bd543db762f57723cac368afd1ce4.sdkstatcache -output-file-map /Users/admin/builder/spi-builder-workspace/.derivedData/Build/Intermediates.noindex/Odeum.build/Debug-xros/Odeum-t.build/Objects-normal/arm64/Odeum-OutputFileMap.json -save-temps -no-color-diagnostics -explicit-module-build -module-cache-path /Users/admin/builder/spi-builder-workspace/.derivedData/Build/Intermediates.noindex/SwiftExplicitPrecompiledModules -clang-scanner-module-cache-path /Users/admin/builder/spi-builder-workspace/.derivedData/ModuleCache.noindex -sdk-module-cache-path /Users/admin/builder/spi-builder-workspace/.derivedData/SDKExplicitPrecompiledModules -emit-dependencies -emit-module -emit-module-path /Users/admin/builder/spi-builder-workspace/.derivedData/Build/Intermediates.noindex/Odeum.build/Debug-xros/Odeum-t.build/Objects-normal/arm64/Odeum.swiftmodule -serialize-diagnostics -dependency-scan-serialize-diagnostics-path /Users/admin/builder/spi-builder-workspace/.derivedData/Build/Intermediates.noindex/Odeum.build/Debug-xros/Odeum-t.build/Objects-normal/arm64/Odeum-dependency-scan.dia -validate-clang-modules-once -clang-build-session-file /Users/admin/builder/spi-builder-workspace/.derivedData/ModuleCache.noindex/Session.modulevalidation -Xcc -fmodules-prune-interval\=86400 -Xcc -fmodules-prune-after\=345600 -emit-const-values -const-gather-protocols-list /Users/admin/builder/spi-builder-workspace/.derivedData/Build/Intermediates.noindex/Odeum.build/Debug-xros/Odeum-t.build/Objects-normal/arm64/Odeum_const_extract_protocols.json -Xcc -I/Users/admin/builder/spi-builder-workspace/.derivedData/Build/Products/Debug-xros/include -Xcc -I/Users/admin/builder/spi-builder-workspace/.derivedData/Build/Intermediates.noindex/Odeum.build/Debug-xros/Odeum-t.build/DerivedSources-normal/arm64 -Xcc -I/Users/admin/builder/spi-builder-workspace/.derivedData/Build/Intermediates.noindex/Odeum.build/Debug-xros/Odeum-t.build/DerivedSources/arm64 -Xcc -I/Users/admin/builder/spi-builder-workspace/.derivedData/Build/Intermediates.noindex/Odeum.build/Debug-xros/Odeum-t.build/DerivedSources -Xcc -DSWIFT_PACKAGE -Xcc -DDEBUG\=1 -emit-objc-header -emit-objc-header-path /Users/admin/builder/spi-builder-workspace/.derivedData/Build/Intermediates.noindex/Odeum.build/Debug-xros/Odeum-t.build/Objects-normal/arm64/Odeum-Swift.h -working-directory /Users/admin/builder/spi-builder-workspace/.swiftpm/xcode -experimental-emit-module-separately -disable-cmo
SwiftCompile normal arm64 Compiling\ OdeumPlayerView+PlayControlViewDelegate.swift /Users/admin/builder/spi-builder-workspace/Sources/Odeum/Classes/OdeumPlayerView+PlayControlViewDelegate.swift (in target 'Odeum' from project 'Odeum')
SwiftCompile normal arm64 /Users/admin/builder/spi-builder-workspace/Sources/Odeum/Classes/OdeumPlayerView+PlayControlViewDelegate.swift (in target 'Odeum' from project 'Odeum')
    cd /Users/admin/builder/spi-builder-workspace/.swiftpm/xcode
    builtin-SwiftPerFileCompile OdeumPlayerView+PlayControlViewDelegate.swift
SwiftCompile normal arm64 Compiling\ Utilities.swift /Users/admin/builder/spi-builder-workspace/Sources/Odeum/Classes/Utilities.swift (in target 'Odeum' from project 'Odeum')
SwiftCompile normal arm64 /Users/admin/builder/spi-builder-workspace/Sources/Odeum/Classes/Utilities.swift (in target 'Odeum' from project 'Odeum')
    cd /Users/admin/builder/spi-builder-workspace/.swiftpm/xcode
    builtin-SwiftPerFileCompile Utilities.swift
SwiftCompile normal arm64 Compiling\ OdeumPlayerViewDelegate.swift /Users/admin/builder/spi-builder-workspace/Sources/Odeum/Classes/OdeumPlayerViewDelegate.swift (in target 'Odeum' from project 'Odeum')
SwiftCompile normal arm64 /Users/admin/builder/spi-builder-workspace/Sources/Odeum/Classes/OdeumPlayerViewDelegate.swift (in target 'Odeum' from project 'Odeum')
    cd /Users/admin/builder/spi-builder-workspace/.swiftpm/xcode
    builtin-SwiftPerFileCompile OdeumPlayerViewDelegate.swift
SwiftEmitModule normal arm64 Emitting\ module\ for\ Odeum (in target 'Odeum' from project 'Odeum')
/Users/admin/builder/spi-builder-workspace/Sources/Odeum/Classes/OdeumPlayerView.swift:52:84: error: 'white' is unavailable in visionOS
 50 |         return control
 51 |     }()
 52 |     public internal(set) lazy var spinner: UIActivityIndicatorView = .init(style: .white)
    |                                                                                    `- error: 'white' is unavailable in visionOS
 53 |     lazy var tapGestureRecognizer: UITapGestureRecognizer = {
 54 |         let gesture = UITapGestureRecognizer(target: self, action: #selector(didTap(_:)))
UIKit.UIActivityIndicatorView.Style.white:5:10: note: 'white' has been explicitly marked unavailable here
3 | @available(iOS, introduced: 2.0, deprecated: 13.0, renamed: "UIActivityIndicatorView.Style.medium")
4 |     @available(visionOS, unavailable)
5 |     case white  }
  |          `- note: 'white' has been explicitly marked unavailable here
6 | }
7 |
Failed frontend command:
/Applications/Xcode-27.0.0-Release.Candidate.app/Contents/Developer/Toolchains/XcodeDefault.xctoolchain/usr/bin/swift-frontend -frontend -emit-module -experimental-skip-non-inlinable-function-bodies-without-types /Users/admin/builder/spi-builder-workspace/.derivedData/Build/Intermediates.noindex/Odeum.build/Debug-xros/Odeum-t.build/DerivedSources/resource_bundle_accessor.swift /Users/admin/builder/spi-builder-workspace/Sources/Odeum/Classes/OdeumPlayerView+Actions.swift /Users/admin/builder/spi-builder-workspace/Sources/Odeum/Classes/OdeumPlayerView+PlayControlViewDelegate.swift /Users/admin/builder/spi-builder-workspace/Sources/Odeum/Classes/OdeumPlayerView+Player.swift /Users/admin/builder/spi-builder-workspace/Sources/Odeum/Classes/OdeumPlayerView.swift /Users/admin/builder/spi-builder-workspace/Sources/Odeum/Classes/OdeumPlayerViewDelegate.swift /Users/admin/builder/spi-builder-workspace/Sources/Odeum/Classes/PlayControlState.swift /Users/admin/builder/spi-builder-workspace/Sources/Odeum/Classes/PlayControlView.swift /Users/admin/builder/spi-builder-workspace/Sources/Odeum/Classes/Utilities.swift /Users/admin/builder/spi-builder-workspace/.derivedData/Build/Intermediates.noindex/Odeum.build/Debug-xros/Odeum-t.build/DerivedSources/GeneratedAssetSymbols.swift -target arm64-apple-xros1.0 -module-can-import-version DeveloperToolsSupport 24.0.24 24.0.24 -module-can-import-version UIKit 9127.0.84.1 9127.0.84 -disable-cross-import-overlay-search -swift-module-cross-import AVKit /Applications/Xcode-27.0.0-Release.Candidate.app/Contents/Developer/Platforms/XROS.platform/Developer/SDKs/XROS.sdk/System/Library/Frameworks/AVKit.framework/Modules/AVKit.swiftcrossimport/GroupActivities.swiftoverlay -swift-module-cross-import AVKit /Applications/Xcode-27.0.0-Release.Candidate.app/Contents/Developer/Platforms/XROS.platform/Developer/SDKs/XROS.sdk/System/Library/Frameworks/AVKit.framework/Modules/AVKit.swiftcrossimport/SwiftUI.swiftoverlay -swift-module-cross-import AVKit /Applications/Xcode-27.0.0-Release.Candidate.app/Contents/Developer/Platforms/XROS.platform/Developer/SDKs/XROS27.0.sdk/System/Library/Frameworks/AVKit.framework/Modules/AVKit.swiftcrossimport/GroupActivities.swiftoverlay -swift-module-cross-import AVKit /Applications/Xcode-27.0.0-Release.Candidate.app/Contents/Developer/Platforms/XROS.platform/Developer/SDKs/XROS27.0.sdk/System/Library/Frameworks/AVKit.framework/Modules/AVKit.swiftcrossimport/SwiftUI.swiftoverlay -load-resolved-plugin /Applications/Xcode-27.0.0-Release.Candidate.app/Contents/Developer/Platforms/XROS.platform/Developer/usr/lib/swift/host/plugins/libFoundationMacros.dylib\#/Applications/Xcode-27.0.0-Release.Candidate.app/Contents/Developer/Platforms/XROS.platform/Developer/usr/bin/swift-plugin-server\#FoundationMacros -load-resolved-plugin /Applications/Xcode-27.0.0-Release.Candidate.app/Contents/Developer/Platforms/XROS.platform/Developer/usr/lib/swift/host/plugins/libObservationMacros.dylib\#/Applications/Xcode-27.0.0-Release.Candidate.app/Contents/Developer/Platforms/XROS.platform/Developer/usr/bin/swift-plugin-server\#ObservationMacros -load-resolved-plugin /Applications/Xcode-27.0.0-Release.Candidate.app/Contents/Developer/Platforms/XROS.platform/Developer/usr/lib/swift/host/plugins/libPreviewsMacros.dylib\#/Applications/Xcode-27.0.0-Release.Candidate.app/Contents/Developer/Platforms/XROS.platform/Developer/usr/bin/swift-plugin-server\#PreviewsMacros -load-resolved-plugin /Applications/Xcode-27.0.0-Release.Candidate.app/Contents/Developer/Platforms/XROS.platform/Developer/usr/lib/swift/host/plugins/libSwiftMacros.dylib\#/Applications/Xcode-27.0.0-Release.Candidate.app/Contents/Developer/Platforms/XROS.platform/Developer/usr/bin/swift-plugin-server\#SwiftMacros -load-resolved-plugin /Applications/Xcode-27.0.0-Release.Candidate.app/Contents/Developer/Platforms/XROS.platform/Developer/usr/lib/swift/host/plugins/libSwiftUIMacros.dylib\#/Applications/Xcode-27.0.0-Release.Candidate.app/Contents/Developer/Platforms/XROS.platform/Developer/usr/bin/swift-plugin-server\#SwiftUIMacros -disable-implicit-swift-modules -Xcc -fno-implicit-modules -Xcc -fno-implicit-module-maps -explicit-swift-module-map-file /Users/admin/builder/spi-builder-workspace/.derivedData/Build/Intermediates.noindex/Odeum.build/Debug-xros/Odeum-t.build/Objects-normal/arm64/Odeum-dependencies-1.json -Xllvm -aarch64-use-tbi -enable-objc-interop -stack-check -sdk /Applications/Xcode-27.0.0-Release.Candidate.app/Contents/Developer/Platforms/XROS.platform/Developer/SDKs/XROS27.0.sdk -I /Users/admin/builder/spi-builder-workspace/.derivedData/Build/Products/Debug-xros -Isystem /Applications/Xcode-27.0.0-Release.Candidate.app/Contents/Developer/Platforms/XROS.platform/Developer/usr/lib -F /Users/admin/builder/spi-builder-workspace/.derivedData/Build/Products/Debug-xros -F /Applications/Xcode-27.0.0-Release.Candidate.app/Contents/Developer/Platforms/XROS.platform/Developer/Library/Frameworks -F /Applications/Xcode-27.0.0-Release.Candidate.app/Contents/Developer/Platforms/XROS.platform/Developer/SDKs/XROS27.0.sdk/Developer/Library/Frameworks -module-cache-path /Users/admin/builder/spi-builder-workspace/.derivedData/Build/Intermediates.noindex/SwiftExplicitPrecompiledModules -no-color-diagnostics -Xcc -fno-color-diagnostics -enable-testing -g -debug-info-format\=dwarf -dwarf-version\=4 -swift-version 5 -Onone -D SWIFT_PACKAGE -D DEBUG -D SWIFT_MODULE_RESOURCE_BUNDLE_AVAILABLE -D Xcode -serialize-debugging-options -enable-experimental-feature DebugDescriptionMacro -empty-abi-descriptor -validate-clang-modules-once -clang-build-session-file /Users/admin/builder/spi-builder-workspace/.derivedData/ModuleCache.noindex/Session.modulevalidation -Xcc -working-directory -Xcc /Users/admin/builder/spi-builder-workspace/.swiftpm/xcode -enable-anonymous-context-mangled-names -file-compilation-dir /Users/admin/builder/spi-builder-workspace/.swiftpm/xcode -Xcc -D_LIBCPP_HARDENING_MODE\=_LIBCPP_HARDENING_MODE_DEBUG -Xcc -ivfsstatcache -Xcc /Users/admin/builder/spi-builder-workspace/.derivedData/SDKStatCaches.noindex/xros27.0-24M361-e829b21a6f8c9b70876ba0858053c044735bd543db762f57723cac368afd1ce4.sdkstatcache -Xcc -fmodules-prune-interval\=86400 -Xcc -fmodules-prune-after\=345600 -Xcc -I/Users/admin/builder/spi-builder-workspace/.derivedData/Build/Products/Debug-xros/include -Xcc -I/Users/admin/builder/spi-builder-workspace/.derivedData/Build/Intermediates.noindex/Odeum.build/Debug-xros/Odeum-t.build/DerivedSources-normal/arm64 -Xcc -I/Users/admin/builder/spi-builder-workspace/.derivedData/Build/Intermediates.noindex/Odeum.build/Debug-xros/Odeum-t.build/DerivedSources/arm64 -Xcc -I/Users/admin/builder/spi-builder-workspace/.derivedData/Build/Intermediates.noindex/Odeum.build/Debug-xros/Odeum-t.build/DerivedSources -Xcc -DSWIFT_PACKAGE -Xcc -DDEBUG\=1 -no-auto-bridging-header-chaining -module-name Odeum -const-gather-protocols-file /Users/admin/builder/spi-builder-workspace/.derivedData/Build/Intermediates.noindex/Odeum.build/Debug-xros/Odeum-t.build/Objects-normal/arm64/Odeum_const_extract_protocols.json -disable-clang-spi -clang-target arm64-apple-xros27.0 -target-sdk-version 27.0 -target-sdk-name xros27.0 -in-process-plugin-server-path /Applications/Xcode-27.0.0-Release.Candidate.app/Contents/Developer/Toolchains/XcodeDefault.xctoolchain/usr/lib/swift/host/libSwiftInProcPluginServer.dylib -emit-module-doc-path /Users/admin/builder/spi-builder-workspace/.derivedData/Build/Intermediates.noindex/Odeum.build/Debug-xros/Odeum-t.build/Objects-normal/arm64/Odeum.swiftdoc -emit-module-source-info-path /Users/admin/builder/spi-builder-workspace/.derivedData/Build/Intermediates.noindex/Odeum.build/Debug-xros/Odeum-t.build/Objects-normal/arm64/Odeum.swiftsourceinfo -emit-objc-header-path /Users/admin/builder/spi-builder-workspace/.derivedData/Build/Intermediates.noindex/Odeum.build/Debug-xros/Odeum-t.build/Objects-normal/arm64/Odeum-Swift.h -serialize-diagnostics-path /Users/admin/builder/spi-builder-workspace/.derivedData/Build/Intermediates.noindex/Odeum.build/Debug-xros/Odeum-t.build/Objects-normal/arm64/Odeum-primary-emit-module.dia -emit-dependencies-path /Users/admin/builder/spi-builder-workspace/.derivedData/Build/Intermediates.noindex/Odeum.build/Debug-xros/Odeum-t.build/Objects-normal/arm64/Odeum-primary-emit-module.d -parse-as-library -o /Users/admin/builder/spi-builder-workspace/.derivedData/Build/Intermediates.noindex/Odeum.build/Debug-xros/Odeum-t.build/Objects-normal/arm64/Odeum.swiftmodule -emit-abi-descriptor-path /Users/admin/builder/spi-builder-workspace/.derivedData/Build/Intermediates.noindex/Odeum.build/Debug-xros/Odeum-t.build/Objects-normal/arm64/Odeum.abi.json
SwiftCompile normal arm64 (in target 'Odeum' from project 'Odeum')
    cd /Users/admin/builder/spi-builder-workspace/.swiftpm/xcode

SwiftCompile normal arm64 Compiling\ PlayControlView.swift /Users/admin/builder/spi-builder-workspace/Sources/Odeum/Classes/PlayControlView.swift (in target 'Odeum' from project 'Odeum')
SwiftCompile normal arm64 /Users/admin/builder/spi-builder-workspace/Sources/Odeum/Classes/PlayControlView.swift (in target 'Odeum' from project 'Odeum')
    cd /Users/admin/builder/spi-builder-workspace/.swiftpm/xcode
    builtin-SwiftPerFileCompile PlayControlView.swift
/Users/admin/builder/spi-builder-workspace/Sources/Odeum/Classes/PlayControlView.swift:165:21: warning: 'imageEdgeInsets' was deprecated in visionOS 1.0: This property is ignored when using UIButtonConfiguration [#DeprecatedDeclaration]
163 |         let buttonInsets: UIEdgeInsets = .init(top: insets, left: insets, bottom: insets, right: insets)
164 |         let playButtonInsets: UIEdgeInsets = .init(top: playInsets, left: playInsets, bottom: playInsets, right: playInsets)
165 |         audioButton.imageEdgeInsets = buttonInsets
    |                     `- warning: 'imageEdgeInsets' was deprecated in visionOS 1.0: This property is ignored when using UIButtonConfiguration [#DeprecatedDeclaration]
166 |         replayButton.imageEdgeInsets = buttonInsets
167 |         playButton.imageEdgeInsets = playButtonInsets
/Users/admin/builder/spi-builder-workspace/Sources/Odeum/Classes/PlayControlView.swift:166:22: warning: 'imageEdgeInsets' was deprecated in visionOS 1.0: This property is ignored when using UIButtonConfiguration [#DeprecatedDeclaration]
164 |         let playButtonInsets: UIEdgeInsets = .init(top: playInsets, left: playInsets, bottom: playInsets, right: playInsets)
165 |         audioButton.imageEdgeInsets = buttonInsets
166 |         replayButton.imageEdgeInsets = buttonInsets
    |                      `- warning: 'imageEdgeInsets' was deprecated in visionOS 1.0: This property is ignored when using UIButtonConfiguration [#DeprecatedDeclaration]
167 |         playButton.imageEdgeInsets = playButtonInsets
168 |         forwardButton.imageEdgeInsets = buttonInsets
/Users/admin/builder/spi-builder-workspace/Sources/Odeum/Classes/PlayControlView.swift:167:20: warning: 'imageEdgeInsets' was deprecated in visionOS 1.0: This property is ignored when using UIButtonConfiguration [#DeprecatedDeclaration]
165 |         audioButton.imageEdgeInsets = buttonInsets
166 |         replayButton.imageEdgeInsets = buttonInsets
167 |         playButton.imageEdgeInsets = playButtonInsets
    |                    `- warning: 'imageEdgeInsets' was deprecated in visionOS 1.0: This property is ignored when using UIButtonConfiguration [#DeprecatedDeclaration]
168 |         forwardButton.imageEdgeInsets = buttonInsets
169 |         fullScreenButton.imageEdgeInsets = buttonInsets
/Users/admin/builder/spi-builder-workspace/Sources/Odeum/Classes/PlayControlView.swift:168:23: warning: 'imageEdgeInsets' was deprecated in visionOS 1.0: This property is ignored when using UIButtonConfiguration [#DeprecatedDeclaration]
166 |         replayButton.imageEdgeInsets = buttonInsets
167 |         playButton.imageEdgeInsets = playButtonInsets
168 |         forwardButton.imageEdgeInsets = buttonInsets
    |                       `- warning: 'imageEdgeInsets' was deprecated in visionOS 1.0: This property is ignored when using UIButtonConfiguration [#DeprecatedDeclaration]
169 |         fullScreenButton.imageEdgeInsets = buttonInsets
170 |     }
SwiftCompile normal arm64 Compiling\ GeneratedAssetSymbols.swift /Users/admin/builder/spi-builder-workspace/.derivedData/Build/Intermediates.noindex/Odeum.build/Debug-xros/Odeum-t.build/DerivedSources/GeneratedAssetSymbols.swift (in target 'Odeum' from project 'Odeum')
SwiftCompile normal arm64 /Users/admin/builder/spi-builder-workspace/.derivedData/Build/Intermediates.noindex/Odeum.build/Debug-xros/Odeum-t.build/DerivedSources/GeneratedAssetSymbols.swift (in target 'Odeum' from project 'Odeum')
    cd /Users/admin/builder/spi-builder-workspace/.swiftpm/xcode
    builtin-SwiftPerFileCompile GeneratedAssetSymbols.swift
SwiftCompile normal arm64 Compiling\ OdeumPlayerView+Player.swift /Users/admin/builder/spi-builder-workspace/Sources/Odeum/Classes/OdeumPlayerView+Player.swift (in target 'Odeum' from project 'Odeum')
SwiftCompile normal arm64 /Users/admin/builder/spi-builder-workspace/Sources/Odeum/Classes/OdeumPlayerView+Player.swift (in target 'Odeum' from project 'Odeum')
    cd /Users/admin/builder/spi-builder-workspace/.swiftpm/xcode
    builtin-SwiftPerFileCompile OdeumPlayerView+Player.swift
SwiftCompile normal arm64 Compiling\ OdeumPlayerView.swift /Users/admin/builder/spi-builder-workspace/Sources/Odeum/Classes/OdeumPlayerView.swift (in target 'Odeum' from project 'Odeum')
SwiftCompile normal arm64 /Users/admin/builder/spi-builder-workspace/Sources/Odeum/Classes/OdeumPlayerView.swift (in target 'Odeum' from project 'Odeum')
    cd /Users/admin/builder/spi-builder-workspace/.swiftpm/xcode
    builtin-SwiftPerFileCompile OdeumPlayerView.swift
SwiftCompile normal arm64 Compiling\ OdeumPlayerView+Actions.swift /Users/admin/builder/spi-builder-workspace/Sources/Odeum/Classes/OdeumPlayerView+Actions.swift (in target 'Odeum' from project 'Odeum')
SwiftCompile normal arm64 /Users/admin/builder/spi-builder-workspace/Sources/Odeum/Classes/OdeumPlayerView+Actions.swift (in target 'Odeum' from project 'Odeum')
    cd /Users/admin/builder/spi-builder-workspace/.swiftpm/xcode
    builtin-SwiftPerFileCompile OdeumPlayerView+Actions.swift
SwiftCompile normal arm64 Compiling\ PlayControlState.swift /Users/admin/builder/spi-builder-workspace/Sources/Odeum/Classes/PlayControlState.swift (in target 'Odeum' from project 'Odeum')
SwiftCompile normal arm64 /Users/admin/builder/spi-builder-workspace/Sources/Odeum/Classes/PlayControlState.swift (in target 'Odeum' from project 'Odeum')
    cd /Users/admin/builder/spi-builder-workspace/.swiftpm/xcode
    builtin-SwiftPerFileCompile PlayControlState.swift
SwiftCompile normal arm64 Compiling\ resource_bundle_accessor.swift /Users/admin/builder/spi-builder-workspace/.derivedData/Build/Intermediates.noindex/Odeum.build/Debug-xros/Odeum-t.build/DerivedSources/resource_bundle_accessor.swift (in target 'Odeum' from project 'Odeum')
SwiftCompile normal arm64 /Users/admin/builder/spi-builder-workspace/.derivedData/Build/Intermediates.noindex/Odeum.build/Debug-xros/Odeum-t.build/DerivedSources/resource_bundle_accessor.swift (in target 'Odeum' from project 'Odeum')
    cd /Users/admin/builder/spi-builder-workspace/.swiftpm/xcode
    builtin-SwiftPerFileCompile resource_bundle_accessor.swift
PruneExplicitPrecompiledModules /Users/admin/builder/spi-builder-workspace/.derivedData/Build/Intermediates.noindex/SwiftExplicitPrecompiledModules
PruneExplicitPrecompiledModules /Users/admin/builder/spi-builder-workspace/.derivedData/Build/Intermediates.noindex/ExplicitPrecompiledModules
PruneExplicitPrecompiledModules /Users/admin/builder/spi-builder-workspace/.derivedData/SDKExplicitPrecompiledModules
2026-09-18 10:51:36.612 xcodebuild[850:5053] [MT] IDERunDestination: Supported platforms for the buildables in the current scheme is empty.
** BUILD FAILED **
The following build commands failed:
	SwiftEmitModule normal arm64 Emitting\ module\ for\ Odeum (in target 'Odeum' from project 'Odeum')
	SwiftCompile normal arm64 (in target 'Odeum' from project 'Odeum')
	Building workspace Odeum with scheme Odeum
(3 failures)
BUILD FAILURE 6.4 visionOS