The Swift Package Index logo.Swift Package Index

Build Information

Failed to build LogMacro, reference 1.1.1 (593b21), with Swift 6.4 for Wasm on 23 Sep 2026 03:23:55 UTC.

Build Command

bash -c docker run --pull=always --rm -v "checkouts-54344844-0":/host -w "$PWD" -e JAVA_HOME="/root/.sdkman/candidates/java/current" -e SPI_BUILD="1" -e SPI_PROCESSING="1" registry.gitlab.com/saguaro1/spi-images:wasm-6.4-latest swift build --swift-sdk swift-6.4.x-DEVELOPMENT-SNAPSHOT-2026-09-04-a_wasm 2>&1

Build Log

========================================
RunAll
========================================
Builder version: 5.1.0
Interrupt handler set up.
========================================
Checkout
========================================
Clone URL: https://github.com/Roy-wonji/LogMacro.git
Reference: 1.1.1
Initialized empty Git repository in /host/spi-builder-workspace/.git/
hint: Using 'master' as the name for the initial branch. This default branch name
hint: is subject to change. To configure the initial branch name to use in all
hint: of your new repositories, which will suppress this warning, call:
hint:
hint: 	git config --global init.defaultBranch <name>
hint:
hint: Names commonly chosen instead of 'master' are 'main', 'trunk' and
hint: 'development'. The just-created branch can be renamed via this command:
hint:
hint: 	git branch -m <name>
From https://github.com/Roy-wonji/LogMacro
 * tag               1.1.1      -> FETCH_HEAD
HEAD is now at 593b210 ✨[feat]:  swift 6 대응 및  진행
Cloned https://github.com/Roy-wonji/LogMacro.git
Revision (git rev-parse @):
593b210346cf7145074c2d94fa4206bbc70198e0
SUCCESS checkout https://github.com/Roy-wonji/LogMacro.git at 1.1.1
========================================
Build
========================================
Selected platform:         wasm
Swift version:             6.4
Building package at path:  $PWD
https://github.com/Roy-wonji/LogMacro.git
Running build ...
bash -c docker run --pull=always --rm -v "checkouts-54344844-0":/host -w "$PWD" -e JAVA_HOME="/root/.sdkman/candidates/java/current" -e SPI_BUILD="1" -e SPI_PROCESSING="1" registry.gitlab.com/saguaro1/spi-images:wasm-6.4-latest swift build --swift-sdk swift-6.4.x-DEVELOPMENT-SNAPSHOT-2026-09-04-a_wasm 2>&1
wasm-6.4-latest: Pulling from saguaro1/spi-images
Digest: sha256:4328fdb43c680d205c1d6761b1e3267aa38277eefdda9ddfb17b6a0f1a77857a
Status: Image is up to date for registry.gitlab.com/saguaro1/spi-images:wasm-6.4-latest
Fetching https://github.com/apple/swift-docc-plugin.git
Fetching https://github.com/apple/swift-syntax.git
[1/2345] Fetching swift-docc-plugin
[2346/82352] Fetching swift-docc-plugin, swift-syntax
Fetched https://github.com/apple/swift-docc-plugin.git (2.93s)
Fetched https://github.com/apple/swift-syntax.git (2.95s)
Computing version for https://github.com/apple/swift-docc-plugin.git
Computed https://github.com/apple/swift-docc-plugin.git at 1.4.4 (4.04s)
Fetching https://github.com/swiftlang/swift-docc-symbolkit
[1/3829] Fetching swift-docc-symbolkit
Fetched https://github.com/swiftlang/swift-docc-symbolkit (0.51s)
Computing version for https://github.com/swiftlang/swift-docc-symbolkit
Computed https://github.com/swiftlang/swift-docc-symbolkit at 1.0.0 (0.75s)
Computing version for https://github.com/apple/swift-syntax.git
Computed https://github.com/apple/swift-syntax.git at 600.0.1 (0.31s)
Creating working copy for https://github.com/apple/swift-syntax.git
Working copy of https://github.com/apple/swift-syntax.git resolved at 600.0.1
Creating working copy for https://github.com/swiftlang/swift-docc-symbolkit
Working copy of https://github.com/swiftlang/swift-docc-symbolkit resolved at 1.0.0
Creating working copy for https://github.com/apple/swift-docc-plugin.git
Working copy of https://github.com/apple/swift-docc-plugin.git resolved at 1.4.4
Building for debugging...
[Computing dependencies]
[Constructing description]
[Pre-planning 1 / 562]
[Planning deferred tasks]
[44 / 229] SwiftSyntax600
[132 / 238] SwiftSyntax600
[143 / 248] SwiftSyntax
[146 / 250] SwiftSyntax600
[153 / 251] SwiftSyntax510
[155 / 251] SwiftSyntax
[168 / 278] SwiftParser
[171 / 278] SwiftParser
[176 / 278] SwiftBasicFormat
[182 / 278] SwiftParser
[183 / 278] SwiftParser
[188 / 278] SwiftParser
[190 / 278] SwiftParser
[191 / 278] SwiftDiagnostics
[193 / 278] SwiftOperators
[195 / 278] SwiftDiagnostics
[197 / 278] SwiftDiagnostics
[198 / 278] SwiftBasicFormat
[199 / 278] SwiftBasicFormat
[200 / 279] SwiftParserDiagnostics
[203 / 279] SwiftParserDiagnostics
[209 / 299] SwiftOperators
[210 / 300] SwiftParserDiagnostics
[211 / 300] SwiftParserDiagnostics
[213 / 300] SwiftParserDiagnostics
[219 / 300] SwiftOperators
[223 / 300] SwiftSyntaxBuilder
[224 / 301] SwiftSyntaxBuilder
[227 / 301] SwiftParser
[229 / 301] SwiftParser
[231 / 301] SwiftOperators
[233 / 301] SwiftOperators
[234 / 301] SwiftOperators
[236 / 301] SwiftOperators
[237 / 301] SwiftBasicFormat
[241 / 311] SwiftSyntaxBuilder
[242 / 312] SwiftSyntaxBuilder
[244 / 313] SwiftSyntaxBuilder
[247 / 313] SwiftSyntaxBuilder
[251 / 313] SwiftSyntaxBuilder
[255 / 313] SwiftParserDiagnostics
[261 / 323] SwiftSyntaxMacros
[262 / 323] SwiftSyntaxMacros
[270 / 323] SwiftSyntaxMacros-product
[276 / 333] SwiftSyntaxMacroExpansion
[277 / 334] SwiftSyntaxBuilder
[278 / 334] SwiftSyntaxMacroExpansion
[284 / 335] SwiftSyntaxMacroExpansion
[288 / 335] SwiftSyntaxMacros
[290 / 335] SwiftCompilerPluginMessageHandling
[294 / 345] SwiftSyntaxMacroExpansion
[297 / 345] SwiftCompilerPluginMessageHandling
[298 / 345] SwiftCompilerPluginMessageHandling
[299 / 345] SwiftCompilerPluginMessageHandling
[300 / 345] SwiftCompilerPluginMessageHandling
[305 / 345] SwiftCompilerPluginMessageHandling
[309 / 347]
[316 / 349] SwiftCompilerPlugin
[318 / 350] SwiftCompilerPluginMessageHandling
[320 / 351] SwiftSyntax
[323 / 352] SwiftSyntax
[330 / 352] SwiftSyntaxMacros
[338 / 353] LogMacroMacro
error: SwiftCompile normal x86_64 failed with a nonzero exit code. Command line:     cd /host

/host/spi-builder-workspace/Sources/LogMacroMacro/LogMacroMacro.swift:12:8: error: no such module 'OSLog'
 10 | import SwiftSyntaxBuilder
 11 | import SwiftSyntaxMacros
 12 | import OSLog
    |        `- error: no such module 'OSLog'
 13 |
 14 | // MARK: - LogDebugMacro
Failed frontend command:
/usr/bin/swift-frontend -frontend -emit-module -experimental-skip-non-inlinable-function-bodies-without-types /host/spi-builder-workspace/Sources/LogMacroMacro/LogMacroMacro.swift /host/spi-builder-workspace/Sources/LogMacroMacro/Plugins.swift -target x86_64-unknown-linux-gnu -disable-objc-interop -I /host/spi-builder-workspace/.build/out/Products/Debug-linux-x86_64 -module-cache-path /host/spi-builder-workspace/.build/out/ModuleCache.noindex -color-diagnostics -Xcc -fcolor-diagnostics -enable-testing -g -debug-info-format\=dwarf -dwarf-version\=4 -swift-version 6 -Onone -D SWIFT_PACKAGE -D DEBUG -D Xcode -serialize-debugging-options -enable-upcoming-feature StrictConcurrency -enable-experimental-feature DebugDescriptionMacro -empty-abi-descriptor -external-plugin-path /usr/lib/swift/host/plugins/testing\#/usr/bin/swift-plugin-server -validate-clang-modules-once -clang-build-session-file /host/spi-builder-workspace/.build/out/ModuleCache.noindex/Session.modulevalidation -Xcc -working-directory -Xcc /host -enable-anonymous-context-mangled-names -file-compilation-dir /host -Xcc -fmodule-map-file\=/host/spi-builder-workspace/.build/checkouts/swift-syntax/Sources/_SwiftSyntaxCShims/include/module.modulemap -Xcc -D_LIBCPP_HARDENING_MODE\=_LIBCPP_HARDENING_MODE_DEBUG -Xcc -fmodules-prune-interval\=86400 -Xcc -fmodules-prune-after\=345600 -Xcc -I/host/spi-builder-workspace/.build/checkouts/swift-syntax/Sources/_SwiftSyntaxCShims/include -Xcc -I/host/spi-builder-workspace/.build/out/Products/Debug-linux-x86_64/include -Xcc -I/host/spi-builder-workspace/.build/out/Intermediates.noindex/LogMacro.build/Debug-linux-x86_64/LogMacroMacro-t.build/DerivedSources-normal/x86_64 -Xcc -I/host/spi-builder-workspace/.build/out/Intermediates.noindex/LogMacro.build/Debug-linux-x86_64/LogMacroMacro-t.build/DerivedSources/x86_64 -Xcc -I/host/spi-builder-workspace/.build/out/Intermediates.noindex/LogMacro.build/Debug-linux-x86_64/LogMacroMacro-t.build/DerivedSources -Xcc -DSWIFT_PACKAGE -Xcc -DDEBUG\=1 -no-auto-bridging-header-chaining -module-name LogMacroMacro -package-name spi_builder_workspace -const-gather-protocols-file /host/spi-builder-workspace/.build/out/Intermediates.noindex/LogMacro.build/Debug-linux-x86_64/LogMacroMacro-t.build/Objects-normal/x86_64/LogMacroMacro_const_extract_protocols.json -in-process-plugin-server-path /usr/lib/swift/host/libSwiftInProcPluginServer.so -plugin-path /usr/lib/swift/host/plugins -plugin-path /usr/local/lib/swift/host/plugins -emit-module-doc-path /host/spi-builder-workspace/.build/out/Intermediates.noindex/LogMacro.build/Debug-linux-x86_64/LogMacroMacro-t.build/Objects-normal/x86_64/Modules/LogMacroMacro.swiftdoc -emit-module-source-info-path /host/spi-builder-workspace/.build/out/Intermediates.noindex/LogMacro.build/Debug-linux-x86_64/LogMacroMacro-t.build/Objects-normal/x86_64/Modules/LogMacroMacro.swiftsourceinfo -serialize-diagnostics-path /host/spi-builder-workspace/.build/out/Intermediates.noindex/LogMacro.build/Debug-linux-x86_64/LogMacroMacro-t.build/Objects-normal/x86_64/LogMacroMacro-primary-emit-module.dia -emit-dependencies-path /host/spi-builder-workspace/.build/out/Intermediates.noindex/LogMacro.build/Debug-linux-x86_64/LogMacroMacro-t.build/Objects-normal/x86_64/LogMacroMacro-primary-emit-module.d -parse-as-library -o /host/spi-builder-workspace/.build/out/Intermediates.noindex/LogMacro.build/Debug-linux-x86_64/LogMacroMacro-t.build/Objects-normal/x86_64/Modules/LogMacroMacro.swiftmodule
error: SwiftCompile normal x86_64 /host/spi-builder-workspace/Sources/LogMacroMacro/Plugins.swift failed with a nonzero exit code. Command line:     cd /host
    builtin-SwiftPerFileCompile Plugins.swift
/host/spi-builder-workspace/Sources/LogMacroMacro/LogMacroMacro.swift:12:8: error: no such module 'OSLog'
 10 | import SwiftSyntaxBuilder
 11 | import SwiftSyntaxMacros
 12 | import OSLog
    |        `- error: no such module 'OSLog'
 13 |
 14 | // MARK: - LogDebugMacro
Failed frontend command:
/usr/bin/swift-frontend -frontend -c /host/spi-builder-workspace/Sources/LogMacroMacro/LogMacroMacro.swift -primary-file /host/spi-builder-workspace/Sources/LogMacroMacro/Plugins.swift -emit-dependencies-path /host/spi-builder-workspace/.build/out/Intermediates.noindex/LogMacro.build/Debug-linux-x86_64/LogMacroMacro-t.build/Objects-normal/x86_64/Plugins.d -emit-const-values-path /host/spi-builder-workspace/.build/out/Intermediates.noindex/LogMacro.build/Debug-linux-x86_64/LogMacroMacro-t.build/Objects-normal/x86_64/Plugins.swiftconstvalues -emit-reference-dependencies-path /host/spi-builder-workspace/.build/out/Intermediates.noindex/LogMacro.build/Debug-linux-x86_64/LogMacroMacro-t.build/Objects-normal/x86_64/Plugins.swiftdeps -serialize-diagnostics-path /host/spi-builder-workspace/.build/out/Intermediates.noindex/LogMacro.build/Debug-linux-x86_64/LogMacroMacro-t.build/Objects-normal/x86_64/Plugins.dia -target x86_64-unknown-linux-gnu -disable-objc-interop -I /host/spi-builder-workspace/.build/out/Products/Debug-linux-x86_64 -module-cache-path /host/spi-builder-workspace/.build/out/ModuleCache.noindex -color-diagnostics -Xcc -fcolor-diagnostics -enable-testing -g -debug-info-format\=dwarf -dwarf-version\=4 -swift-version 6 -Onone -D SWIFT_PACKAGE -D DEBUG -D Xcode -serialize-debugging-options -enable-upcoming-feature StrictConcurrency -enable-experimental-feature DebugDescriptionMacro -empty-abi-descriptor -external-plugin-path /usr/lib/swift/host/plugins/testing\#/usr/bin/swift-plugin-server -validate-clang-modules-once -clang-build-session-file /host/spi-builder-workspace/.build/out/ModuleCache.noindex/Session.modulevalidation -Xcc -working-directory -Xcc /host -enable-anonymous-context-mangled-names -file-compilation-dir /host -Xcc -fmodule-map-file\=/host/spi-builder-workspace/.build/checkouts/swift-syntax/Sources/_SwiftSyntaxCShims/include/module.modulemap -Xcc -D_LIBCPP_HARDENING_MODE\=_LIBCPP_HARDENING_MODE_DEBUG -Xcc -fmodules-prune-interval\=86400 -Xcc -fmodules-prune-after\=345600 -Xcc -I/host/spi-builder-workspace/.build/checkouts/swift-syntax/Sources/_SwiftSyntaxCShims/include -Xcc -I/host/spi-builder-workspace/.build/out/Products/Debug-linux-x86_64/include -Xcc -I/host/spi-builder-workspace/.build/out/Intermediates.noindex/LogMacro.build/Debug-linux-x86_64/LogMacroMacro-t.build/DerivedSources-normal/x86_64 -Xcc -I/host/spi-builder-workspace/.build/out/Intermediates.noindex/LogMacro.build/Debug-linux-x86_64/LogMacroMacro-t.build/DerivedSources/x86_64 -Xcc -I/host/spi-builder-workspace/.build/out/Intermediates.noindex/LogMacro.build/Debug-linux-x86_64/LogMacroMacro-t.build/DerivedSources -Xcc -DSWIFT_PACKAGE -Xcc -DDEBUG\=1 -no-auto-bridging-header-chaining -module-name LogMacroMacro -package-name spi_builder_workspace -const-gather-protocols-file /host/spi-builder-workspace/.build/out/Intermediates.noindex/LogMacro.build/Debug-linux-x86_64/LogMacroMacro-t.build/Objects-normal/x86_64/LogMacroMacro_const_extract_protocols.json -in-process-plugin-server-path /usr/lib/swift/host/libSwiftInProcPluginServer.so -plugin-path /usr/lib/swift/host/plugins -plugin-path /usr/local/lib/swift/host/plugins -parse-as-library -o /host/spi-builder-workspace/.build/out/Intermediates.noindex/LogMacro.build/Debug-linux-x86_64/LogMacroMacro-t.build/Objects-normal/x86_64/Plugins.o -index-unit-output-path /LogMacro.build/Debug-linux-x86_64/LogMacroMacro-t.build/Objects-normal/x86_64/Plugins.o -index-store-path /host/spi-builder-workspace/.build/out -index-system-modules
error: Build failed
BUILD FAILURE 6.4 wasm