The Swift Package Index logo.Swift Package Index

Build Information

Failed to build SpeziContact, reference main (0cf12a), with Swift 6.1 for Wasm on 23 Sep 2026 00:37:46 UTC.

Build Command

bash -c docker run --pull=always --rm -v "checkouts-54344847-0":/host -w "$PWD" -e JAVA_HOME="/root/.sdkman/candidates/java/current" -e SPI_BUILD="1" -e SPI_PROCESSING="1" registry.gitlab.com/saguaro1/spi-images:wasm-6.1-latest swift build --swift-sdk wasm32-unknown-wasi 2>&1

Build Log

========================================
RunAll
========================================
Builder version: 5.1.0
Interrupt handler set up.
========================================
Checkout
========================================
Clone URL: https://github.com/StanfordSpezi/SpeziContact.git
Reference: main
Initialized empty Git repository in /host/spi-builder-workspace/.git/
hint: Using 'master' as the name for the initial branch. This default branch name
hint: is subject to change. To configure the initial branch name to use in all
hint: of your new repositories, which will suppress this warning, call:
hint:
hint: 	git config --global init.defaultBranch <name>
hint:
hint: Names commonly chosen instead of 'master' are 'main', 'trunk' and
hint: 'development'. The just-created branch can be renamed via this command:
hint:
hint: 	git branch -m <name>
From https://github.com/StanfordSpezi/SpeziContact
 * branch            main       -> FETCH_HEAD
 * [new branch]      main       -> origin/main
HEAD is now at 0cf12a0 Add support for visionOS (#35)
Cloned https://github.com/StanfordSpezi/SpeziContact.git
Revision (git rev-parse @):
0cf12a01fa34ec2666f56971931a2fe5fec55412
SPI manifest file found: $PWD/.spi.yml
SUCCESS checkout https://github.com/StanfordSpezi/SpeziContact.git at main
========================================
Build
========================================
Selected platform:         wasm
Swift version:             6.1
Building package at path:  $PWD
https://github.com/StanfordSpezi/SpeziContact.git
https://github.com/StanfordSpezi/SpeziContact.git
WARNING: environment variable SUPPRESS_SWIFT_6_FLAGS is not set
Running build ...
bash -c docker run --pull=always --rm -v "checkouts-54344847-0":/host -w "$PWD" -e JAVA_HOME="/root/.sdkman/candidates/java/current" -e SPI_BUILD="1" -e SPI_PROCESSING="1" registry.gitlab.com/saguaro1/spi-images:wasm-6.1-latest swift build --swift-sdk wasm32-unknown-wasi -Xswiftc -Xfrontend -Xswiftc -stats-output-dir -Xswiftc -Xfrontend -Xswiftc .stats -Xswiftc -strict-concurrency=complete -Xswiftc -enable-upcoming-feature -Xswiftc StrictConcurrency -Xswiftc -enable-upcoming-feature -Xswiftc DisableOutwardActorInference -Xswiftc -enable-upcoming-feature -Xswiftc GlobalActorIsolatedTypesUsability -Xswiftc -enable-upcoming-feature -Xswiftc InferSendableFromCaptures 2>&1
wasm-6.1-latest: Pulling from saguaro1/spi-images
Digest: sha256:beceeede496da67681f4fa220a6b97cc098a0178841a413735f598dc6bbaf4c8
Status: Image is up to date for registry.gitlab.com/saguaro1/spi-images:wasm-6.1-latest
Fetching https://github.com/StanfordSpezi/SpeziViews
[1/5132] Fetching speziviews
Fetched https://github.com/StanfordSpezi/SpeziViews from cache (0.81s)
Computing version for https://github.com/StanfordSpezi/SpeziViews
Computed https://github.com/StanfordSpezi/SpeziViews at 1.12.14 (1.81s)
Fetching https://github.com/gonzalezreal/swift-markdown-ui.git
Fetching https://github.com/StanfordSpezi/Spezi.git
Fetching https://github.com/apple/swift-collections.git
Fetching https://github.com/StanfordSpezi/SpeziFoundation.git
[1/10350] Fetching spezi
[4245/18872] Fetching spezi, swift-markdown-ui
[10352/22061] Fetching spezi, swift-markdown-ui, spezifoundation
[13711/49723] Fetching spezi, swift-markdown-ui, spezifoundation, swift-collections
Fetched https://github.com/StanfordSpezi/SpeziFoundation.git from cache (0.64s)
[11075/46534] Fetching spezi, swift-markdown-ui, swift-collections
Fetched https://github.com/StanfordSpezi/Spezi.git from cache (2.46s)
Fetched https://github.com/apple/swift-collections.git from cache (2.48s)
Fetched https://github.com/gonzalezreal/swift-markdown-ui.git from cache (2.49s)
Computing version for https://github.com/gonzalezreal/swift-markdown-ui.git
Computed https://github.com/gonzalezreal/swift-markdown-ui.git at 2.4.1 (2.74s)
Fetching https://github.com/swiftlang/swift-cmark
Fetching https://github.com/gonzalezreal/NetworkImage
[1/1072] Fetching networkimage
Fetched https://github.com/gonzalezreal/NetworkImage from cache (0.56s)
[1/18600] Fetching swift-cmark
Fetched https://github.com/swiftlang/swift-cmark from cache (0.96s)
Computing version for https://github.com/gonzalezreal/NetworkImage
Computed https://github.com/gonzalezreal/NetworkImage at 6.0.1 (1.18s)
Computing version for https://github.com/swiftlang/swift-cmark
Computed https://github.com/swiftlang/swift-cmark at 0.9.0 (0.23s)
Computing version for https://github.com/StanfordSpezi/Spezi.git
Computed https://github.com/StanfordSpezi/Spezi.git at 1.10.2 (0.31s)
Fetching https://github.com/StanfordBDHG/XCTRuntimeAssertions.git
[1/735] Fetching xctruntimeassertions
Fetched https://github.com/StanfordBDHG/XCTRuntimeAssertions.git from cache (0.51s)
Computing version for https://github.com/StanfordBDHG/XCTRuntimeAssertions.git
Computed https://github.com/StanfordBDHG/XCTRuntimeAssertions.git at 2.2.0 (0.78s)
Computing version for https://github.com/StanfordSpezi/SpeziFoundation.git
Computed https://github.com/StanfordSpezi/SpeziFoundation.git at 2.7.7 (0.33s)
Fetching https://github.com/StanfordBDHG/zstd.git
Fetching https://github.com/apple/swift-atomics.git
Fetching https://github.com/apple/swift-algorithms.git
Fetching https://github.com/apple/swift-log
Fetching https://github.com/StanfordBDHG/ThreadLocal.git
[1/1875] Fetching swift-atomics
[526/10023] Fetching swift-atomics, swift-log
[1634/16168] Fetching swift-atomics, swift-log, swift-algorithms
[2124/16351] Fetching swift-atomics, swift-log, swift-algorithms, threadlocal
[8367/79508] Fetching swift-atomics, swift-log, swift-algorithms, threadlocal, zstd
Fetched https://github.com/apple/swift-algorithms.git from cache (0.99s)
[11470/73363] Fetching swift-atomics, swift-log, threadlocal, zstd
Fetched https://github.com/StanfordBDHG/ThreadLocal.git from cache (2.90s)
Fetched https://github.com/apple/swift-atomics.git from cache (2.90s)
Fetched https://github.com/apple/swift-log from cache (2.91s)
Fetched https://github.com/StanfordBDHG/zstd.git from cache (2.92s)
Computing version for https://github.com/apple/swift-algorithms.git
Computed https://github.com/apple/swift-algorithms.git at 1.2.1 (3.16s)
Fetching https://github.com/apple/swift-numerics.git
[1/6640] Fetching swift-numerics
Fetched https://github.com/apple/swift-numerics.git from cache (0.63s)
Computing version for https://github.com/apple/swift-atomics.git
Computed https://github.com/apple/swift-atomics.git at 1.3.1 (0.85s)
Computing version for https://github.com/StanfordBDHG/ThreadLocal.git
Computed https://github.com/StanfordSpezi/SpeziViews at 1.12.14 (0.00s)
Computed https://github.com/gonzalezreal/swift-markdown-ui.git at 2.4.1 (0.00s)
Computed https://github.com/gonzalezreal/NetworkImage at 6.0.1 (0.00s)
Computed https://github.com/swiftlang/swift-cmark at 0.9.0 (0.00s)
Computed https://github.com/StanfordSpezi/Spezi.git at 1.10.2 (0.00s)
Computed https://github.com/StanfordBDHG/XCTRuntimeAssertions.git at 2.2.0 (0.00s)
Computed https://github.com/StanfordSpezi/SpeziFoundation.git at 2.6.0 (0.33s)
Computed https://github.com/apple/swift-algorithms.git at 1.2.1 (0.00s)
Computed https://github.com/apple/swift-atomics.git at 1.3.1 (0.00s)
Computing version for https://github.com/apple/swift-numerics.git
Computed https://github.com/apple/swift-numerics.git at 1.1.1 (0.22s)
Computing version for https://github.com/apple/swift-collections.git
Computed https://github.com/apple/swift-collections.git at 1.6.0 (0.33s)
Computing version for https://github.com/apple/swift-log
Computed https://github.com/apple/swift-log at 1.15.1 (0.23s)
Creating working copy for https://github.com/gonzalezreal/NetworkImage
Working copy of https://github.com/gonzalezreal/NetworkImage resolved at 6.0.1
Creating working copy for https://github.com/apple/swift-collections.git
Working copy of https://github.com/apple/swift-collections.git resolved at 1.6.0
Creating working copy for https://github.com/gonzalezreal/swift-markdown-ui.git
Working copy of https://github.com/gonzalezreal/swift-markdown-ui.git resolved at 2.4.1
Creating working copy for https://github.com/StanfordBDHG/XCTRuntimeAssertions.git
Working copy of https://github.com/StanfordBDHG/XCTRuntimeAssertions.git resolved at 2.2.0
Creating working copy for https://github.com/StanfordSpezi/SpeziViews
Working copy of https://github.com/StanfordSpezi/SpeziViews resolved at 1.12.14
Creating working copy for https://github.com/StanfordSpezi/Spezi.git
Working copy of https://github.com/StanfordSpezi/Spezi.git resolved at 1.10.2
Creating working copy for https://github.com/swiftlang/swift-cmark
Working copy of https://github.com/swiftlang/swift-cmark resolved at 0.9.0
Creating working copy for https://github.com/apple/swift-algorithms.git
Working copy of https://github.com/apple/swift-algorithms.git resolved at 1.2.1
Creating working copy for https://github.com/StanfordSpezi/SpeziFoundation.git
Working copy of https://github.com/StanfordSpezi/SpeziFoundation.git resolved at 2.6.0
Creating working copy for https://github.com/apple/swift-log
Working copy of https://github.com/apple/swift-log resolved at 1.15.1
Creating working copy for https://github.com/apple/swift-numerics.git
Working copy of https://github.com/apple/swift-numerics.git resolved at 1.1.1
Creating working copy for https://github.com/apple/swift-atomics.git
Working copy of https://github.com/apple/swift-atomics.git resolved at 1.3.1
warning: 'spi-builder-workspace': found 2 file(s) which are unhandled; explicitly declare them as resources or exclude from the target
    /host/spi-builder-workspace/Sources/SpeziContact/Resources/Localizable.xcstrings.license
    /host/spi-builder-workspace/Sources/SpeziContact/Resources/Localizable.xcstrings
Building for debugging...
[0/62] Write sources
[7/62] Copying Localizable.xcstrings
[7/62] Copying Localizable.xcstrings.license
[9/62] Compiling cmark-gfm-extensions tagfilter.c
[10/62] Compiling cmark-gfm-extensions core-extensions.c
[11/62] Compiling cmark-gfm-extensions strikethrough.c
[12/62] Compiling cmark-gfm-extensions ext_scanners.c
[13/62] Compiling cmark-gfm-extensions tasklist.c
[14/62] Compiling cmark-gfm syntax_extension.c
[15/62] Compiling cmark-gfm-extensions autolink.c
[16/62] Compiling cmark-gfm xml.c
[17/62] Compiling cmark-gfm render.c
[18/62] Compiling cmark-gfm-extensions table.c
[19/62] Compiling cmark-gfm references.c
[20/62] Compiling cmark-gfm plugin.c
[21/62] Compiling cmark-gfm registry.c
[22/62] Compiling cmark-gfm plaintext.c
[23/62] Compiling cmark-gfm linked_list.c
[24/62] Compiling cmark-gfm map.c
[25/62] Compiling cmark-gfm man.c
[26/62] Compiling cmark-gfm node.c
[27/62] Compiling cmark-gfm latex.c
[28/62] Compiling cmark-gfm iterator.c
[29/62] Compiling cmark-gfm html.c
[30/62] Write swift-version-24593BA9C3E375BF.txt
[31/62] Compiling cmark-gfm houdini_href_e.c
[32/62] Compiling cmark-gfm houdini_html_e.c
[33/62] Compiling cmark-gfm footnotes.c
[34/62] Compiling cmark-gfm cmark_ctype.c
[35/62] Compiling cmark-gfm houdini_html_u.c
[36/62] Compiling cmark-gfm commonmark.c
[37/62] Compiling cmark-gfm cmark.c
[38/62] Compiling cmark-gfm inlines.c
[39/62] Copying Info.plist
[40/62] Copying Localizable.xcstrings.license
[41/62] Copying Localizable.xcstrings
[42/62] Copying Info.plist
[43/62] Copying Localizable.xcstrings.license
[44/62] Copying Localizable.xcstrings
[45/62] Copying Info.plist
[46/62] Compiling _NumericsShims _NumericsShims.c
[46/62] Write sources
[50/62] Compiling _AtomicsShims.c
[51/62] Compiling cmark-gfm arena.c
[52/62] Write sources
[53/62] Compiling SpeziFoundationObjC ObjCExceptionHandling.m
[53/62] Write sources
[58/62] Compiling cmark-gfm buffer.c
[59/62] Compiling cmark-gfm blocks.c
[61/138] Emitting module Logging
unable to find node: pound
unable to find node: pound
<unknown>:0: warning: upcoming feature 'InferSendableFromCaptures' is already enabled as of Swift version 6
<unknown>:0: warning: upcoming feature 'GlobalActorIsolatedTypesUsability' is already enabled as of Swift version 6
<unknown>:0: warning: upcoming feature 'DisableOutwardActorInference' is already enabled as of Swift version 6
[61/139] Compiling cmark-gfm scanners.c
[62/139] Compiling cmark-gfm utf8.c
error: emit-module command failed with exit code 1 (use -v to see invocation)
[64/139] Emitting module NetworkImage
<unknown>:0: warning: upcoming feature 'InferSendableFromCaptures' is already enabled as of Swift version 6
<unknown>:0: warning: upcoming feature 'GlobalActorIsolatedTypesUsability' is already enabled as of Swift version 6
<unknown>:0: warning: upcoming feature 'DisableOutwardActorInference' is already enabled as of Swift version 6
/host/spi-builder-workspace/.build/checkouts/NetworkImage/Sources/NetworkImage/Deprecations.swift:1:8: error: no such module 'SwiftUI'
 1 | import SwiftUI
   |        `- error: no such module 'SwiftUI'
 2 |
 3 | // MARK: - Deprecated after 5.0.0:
error: emit-module command failed with exit code 1 (use -v to see invocation)
[65/140] Emitting module RuntimeAssertions
/host/spi-builder-workspace/.build/checkouts/XCTRuntimeAssertions/Sources/RuntimeAssertions/NeverReturn.swift:16:25: error: value of type 'RunLoop' has no member 'run'
14 |     // This is unfortunate but as far as I can see the only feasible way to return Never without calling a runtime crashing function, e.g. `fatalError()`.
15 |     repeat {
16 |         RunLoop.current.run()
   |                         `- error: value of type 'RunLoop' has no member 'run'
17 |     } while (true)
18 | }
[66/141] Emitting module Atomics
[67/143] Compiling Atomics IntegerOperations.swift
[68/143] Compiling Atomics Unmanaged extensions.swift
[69/143] Compiling InternalCollectionsUtilities UnsafeMutableRawBufferPointer+Extras.swift
<unknown>:0: warning: upcoming feature 'InferSendableFromCaptures' is already enabled as of Swift version 6
<unknown>:0: warning: upcoming feature 'GlobalActorIsolatedTypesUsability' is already enabled as of Swift version 6
<unknown>:0: warning: upcoming feature 'DisableOutwardActorInference' is already enabled as of Swift version 6
[70/143] Compiling InternalCollectionsUtilities UnsafeRawBufferPointer+Extras.swift
<unknown>:0: warning: upcoming feature 'InferSendableFromCaptures' is already enabled as of Swift version 6
<unknown>:0: warning: upcoming feature 'GlobalActorIsolatedTypesUsability' is already enabled as of Swift version 6
<unknown>:0: warning: upcoming feature 'DisableOutwardActorInference' is already enabled as of Swift version 6
[71/145] Compiling RuntimeAssertions Assert.swift
[72/145] Compiling NetworkImage View+NetworkImageLoader.swift
<unknown>:0: warning: upcoming feature 'InferSendableFromCaptures' is already enabled as of Swift version 6
<unknown>:0: warning: upcoming feature 'GlobalActorIsolatedTypesUsability' is already enabled as of Swift version 6
<unknown>:0: warning: upcoming feature 'DisableOutwardActorInference' is already enabled as of Swift version 6
/host/spi-builder-workspace/.build/checkouts/NetworkImage/Sources/NetworkImage/Deprecations.swift:1:8: error: no such module 'SwiftUI'
 1 | import SwiftUI
   |        `- error: no such module 'SwiftUI'
 2 |
 3 | // MARK: - Deprecated after 5.0.0:
[73/145] Compiling NetworkImage NetworkImageState.swift
<unknown>:0: warning: upcoming feature 'InferSendableFromCaptures' is already enabled as of Swift version 6
<unknown>:0: warning: upcoming feature 'GlobalActorIsolatedTypesUsability' is already enabled as of Swift version 6
<unknown>:0: warning: upcoming feature 'DisableOutwardActorInference' is already enabled as of Swift version 6
/host/spi-builder-workspace/.build/checkouts/NetworkImage/Sources/NetworkImage/Deprecations.swift:1:8: error: no such module 'SwiftUI'
 1 | import SwiftUI
   |        `- error: no such module 'SwiftUI'
 2 |
 3 | // MARK: - Deprecated after 5.0.0:
[74/145] Compiling RealModule Real.swift
[75/145] Compiling RealModule RealFunctions.swift
[76/145] Compiling RealModule Float80+Real.swift
[77/145] Compiling InternalCollectionsUtilities FixedWidthInteger+roundUpToPowerOfTwo.swift
[78/145] Compiling InternalCollectionsUtilities Integer rank.swift
[79/145] Compiling Logging Logger+Attributes.swift
<unknown>:0: warning: upcoming feature 'InferSendableFromCaptures' is already enabled as of Swift version 6
<unknown>:0: warning: upcoming feature 'GlobalActorIsolatedTypesUsability' is already enabled as of Swift version 6
<unknown>:0: warning: upcoming feature 'DisableOutwardActorInference' is already enabled as of Swift version 6
[80/146] Compiling Logging LoggingSystem.swift
<unknown>:0: warning: upcoming feature 'InferSendableFromCaptures' is already enabled as of Swift version 6
<unknown>:0: warning: upcoming feature 'GlobalActorIsolatedTypesUsability' is already enabled as of Swift version 6
<unknown>:0: warning: upcoming feature 'DisableOutwardActorInference' is already enabled as of Swift version 6
[81/146] Compiling InternalCollectionsUtilities UnsafeBufferPointer+Extras.swift
<unknown>:0: warning: upcoming feature 'InferSendableFromCaptures' is already enabled as of Swift version 6
<unknown>:0: warning: upcoming feature 'GlobalActorIsolatedTypesUsability' is already enabled as of Swift version 6
<unknown>:0: warning: upcoming feature 'DisableOutwardActorInference' is already enabled as of Swift version 6
[82/146] Compiling InternalCollectionsUtilities UnsafeMutableBufferPointer+Extras.swift
<unknown>:0: warning: upcoming feature 'InferSendableFromCaptures' is already enabled as of Swift version 6
<unknown>:0: warning: upcoming feature 'GlobalActorIsolatedTypesUsability' is already enabled as of Swift version 6
<unknown>:0: warning: upcoming feature 'DisableOutwardActorInference' is already enabled as of Swift version 6
[83/146] Compiling InternalCollectionsUtilities Debugging.swift
[84/146] Compiling InternalCollectionsUtilities Descriptions.swift
[86/146] Compiling InternalCollectionsUtilities _UnsafeBitSet+_Word.swift
<unknown>:0: warning: upcoming feature 'InferSendableFromCaptures' is already enabled as of Swift version 6
<unknown>:0: warning: upcoming feature 'GlobalActorIsolatedTypesUsability' is already enabled as of Swift version 6
<unknown>:0: warning: upcoming feature 'DisableOutwardActorInference' is already enabled as of Swift version 6
[87/146] Compiling InternalCollectionsUtilities _UnsafeBitSet.swift
<unknown>:0: warning: upcoming feature 'InferSendableFromCaptures' is already enabled as of Swift version 6
<unknown>:0: warning: upcoming feature 'GlobalActorIsolatedTypesUsability' is already enabled as of Swift version 6
<unknown>:0: warning: upcoming feature 'DisableOutwardActorInference' is already enabled as of Swift version 6
[89/146] Compiling InternalCollectionsUtilities UInt+first and last set bit.swift
[90/146] Compiling Logging Logger.swift
<unknown>:0: warning: upcoming feature 'InferSendableFromCaptures' is already enabled as of Swift version 6
<unknown>:0: warning: upcoming feature 'GlobalActorIsolatedTypesUsability' is already enabled as of Swift version 6
<unknown>:0: warning: upcoming feature 'DisableOutwardActorInference' is already enabled as of Swift version 6
[91/146] Compiling InternalCollectionsUtilities String+Padding.swift
<unknown>:0: warning: upcoming feature 'InferSendableFromCaptures' is already enabled as of Swift version 6
<unknown>:0: warning: upcoming feature 'GlobalActorIsolatedTypesUsability' is already enabled as of Swift version 6
<unknown>:0: warning: upcoming feature 'DisableOutwardActorInference' is already enabled as of Swift version 6
[92/146] Compiling InternalCollectionsUtilities _UnsafeBitSet+Index.swift
<unknown>:0: warning: upcoming feature 'InferSendableFromCaptures' is already enabled as of Swift version 6
<unknown>:0: warning: upcoming feature 'GlobalActorIsolatedTypesUsability' is already enabled as of Swift version 6
<unknown>:0: warning: upcoming feature 'DisableOutwardActorInference' is already enabled as of Swift version 6
[93/146] Compiling Logging Logger+With.swift
unable to find node: pound
unable to find node: pound
<unknown>:0: warning: upcoming feature 'InferSendableFromCaptures' is already enabled as of Swift version 6
<unknown>:0: warning: upcoming feature 'GlobalActorIsolatedTypesUsability' is already enabled as of Swift version 6
<unknown>:0: warning: upcoming feature 'DisableOutwardActorInference' is already enabled as of Swift version 6
[94/146] Compiling InternalCollectionsUtilities Span+Extras.swift
[101/146] Compiling InternalCollectionsUtilities UInt+reversed.swift
[102/146] Compiling InternalCollectionsUtilities LifetimeOverride.swift
[103/146] Compiling InternalCollectionsUtilities RandomAccessCollection+Offsets.swift
[106/146] Emitting module RealModule
[107/146] Emitting module InternalCollectionsUtilities
<unknown>:0: warning: upcoming feature 'InferSendableFromCaptures' is already enabled as of Swift version 6
<unknown>:0: warning: upcoming feature 'GlobalActorIsolatedTypesUsability' is already enabled as of Swift version 6
<unknown>:0: warning: upcoming feature 'DisableOutwardActorInference' is already enabled as of Swift version 6
<unknown>:0: warning: upcoming feature 'InferSendableFromCaptures' is already enabled as of Swift version 6
<unknown>:0: warning: upcoming feature 'GlobalActorIsolatedTypesUsability' is already enabled as of Swift version 6
<unknown>:0: warning: upcoming feature 'DisableOutwardActorInference' is already enabled as of Swift version 6
<unknown>:0: warning: upcoming feature 'InferSendableFromCaptures' is already enabled as of Swift version 6
<unknown>:0: warning: upcoming feature 'GlobalActorIsolatedTypesUsability' is already enabled as of Swift version 6
<unknown>:0: warning: upcoming feature 'DisableOutwardActorInference' is already enabled as of Swift version 6
<unknown>:0: warning: upcoming feature 'InferSendableFromCaptures' is already enabled as of Swift version 6
<unknown>:0: warning: upcoming feature 'GlobalActorIsolatedTypesUsability' is already enabled as of Swift version 6
<unknown>:0: warning: upcoming feature 'DisableOutwardActorInference' is already enabled as of Swift version 6
[115/146] Compiling RealModule Float16+Real.swift
<unknown>:0: warning: upcoming feature 'InferSendableFromCaptures' is already enabled as of Swift version 6
<unknown>:0: warning: upcoming feature 'GlobalActorIsolatedTypesUsability' is already enabled as of Swift version 6
<unknown>:0: warning: upcoming feature 'DisableOutwardActorInference' is already enabled as of Swift version 6
<unknown>:0: warning: upcoming feature 'InferSendableFromCaptures' is already enabled as of Swift version 6
<unknown>:0: warning: upcoming feature 'GlobalActorIsolatedTypesUsability' is already enabled as of Swift version 6
<unknown>:0: warning: upcoming feature 'DisableOutwardActorInference' is already enabled as of Swift version 6
<unknown>:0: warning: upcoming feature 'InferSendableFromCaptures' is already enabled as of Swift version 6
<unknown>:0: warning: upcoming feature 'GlobalActorIsolatedTypesUsability' is already enabled as of Swift version 6
<unknown>:0: warning: upcoming feature 'DisableOutwardActorInference' is already enabled as of Swift version 6
<unknown>:0: warning: upcoming feature 'InferSendableFromCaptures' is already enabled as of Swift version 6
<unknown>:0: warning: upcoming feature 'GlobalActorIsolatedTypesUsability' is already enabled as of Swift version 6
<unknown>:0: warning: upcoming feature 'DisableOutwardActorInference' is already enabled as of Swift version 6
<unknown>:0: warning: upcoming feature 'InferSendableFromCaptures' is already enabled as of Swift version 6
<unknown>:0: warning: upcoming feature 'GlobalActorIsolatedTypesUsability' is already enabled as of Swift version 6
<unknown>:0: warning: upcoming feature 'DisableOutwardActorInference' is already enabled as of Swift version 6
<unknown>:0: warning: upcoming feature 'InferSendableFromCaptures' is already enabled as of Swift version 6
<unknown>:0: warning: upcoming feature 'GlobalActorIsolatedTypesUsability' is already enabled as of Swift version 6
<unknown>:0: warning: upcoming feature 'DisableOutwardActorInference' is already enabled as of Swift version 6
<unknown>:0: warning: upcoming feature 'InferSendableFromCaptures' is already enabled as of Swift version 6
<unknown>:0: warning: upcoming feature 'GlobalActorIsolatedTypesUsability' is already enabled as of Swift version 6
<unknown>:0: warning: upcoming feature 'DisableOutwardActorInference' is already enabled as of Swift version 6
<unknown>:0: warning: upcoming feature 'InferSendableFromCaptures' is already enabled as of Swift version 6
<unknown>:0: warning: upcoming feature 'GlobalActorIsolatedTypesUsability' is already enabled as of Swift version 6
<unknown>:0: warning: upcoming feature 'DisableOutwardActorInference' is already enabled as of Swift version 6
[124/147] Compiling InternalCollectionsUtilities _SortedCollection.swift
<unknown>:0: warning: upcoming feature 'InferSendableFromCaptures' is already enabled as of Swift version 6
<unknown>:0: warning: upcoming feature 'GlobalActorIsolatedTypesUsability' is already enabled as of Swift version 6
<unknown>:0: warning: upcoming feature 'DisableOutwardActorInference' is already enabled as of Swift version 6
[125/147] Compiling InternalCollectionsUtilities _UniqueCollection.swift
<unknown>:0: warning: upcoming feature 'InferSendableFromCaptures' is already enabled as of Swift version 6
<unknown>:0: warning: upcoming feature 'GlobalActorIsolatedTypesUsability' is already enabled as of Swift version 6
<unknown>:0: warning: upcoming feature 'DisableOutwardActorInference' is already enabled as of Swift version 6
[127/148] Compiling RealModule RelaxedArithmetic.swift
[130/149] Compiling Logging MetadataProvider.swift
<unknown>:0: warning: upcoming feature 'InferSendableFromCaptures' is already enabled as of Swift version 6
<unknown>:0: warning: upcoming feature 'GlobalActorIsolatedTypesUsability' is already enabled as of Swift version 6
<unknown>:0: warning: upcoming feature 'DisableOutwardActorInference' is already enabled as of Swift version 6
[131/158] Compiling OrderedCollections OrderedDictionary+Deprecations.swift
<unknown>:0: warning: upcoming feature 'InferSendableFromCaptures' is already enabled as of Swift version 6
<unknown>:0: warning: upcoming feature 'GlobalActorIsolatedTypesUsability' is already enabled as of Swift version 6
<unknown>:0: warning: upcoming feature 'DisableOutwardActorInference' is already enabled as of Swift version 6
[132/158] Compiling OrderedCollections OrderedDictionary+Descriptions.swift
<unknown>:0: warning: upcoming feature 'InferSendableFromCaptures' is already enabled as of Swift version 6
<unknown>:0: warning: upcoming feature 'GlobalActorIsolatedTypesUsability' is already enabled as of Swift version 6
<unknown>:0: warning: upcoming feature 'DisableOutwardActorInference' is already enabled as of Swift version 6
[133/231] Compiling Algorithms Joined.swift
<unknown>:0: warning: upcoming feature 'InferSendableFromCaptures' is already enabled as of Swift version 6
<unknown>:0: warning: upcoming feature 'GlobalActorIsolatedTypesUsability' is already enabled as of Swift version 6
<unknown>:0: warning: upcoming feature 'DisableOutwardActorInference' is already enabled as of Swift version 6
[134/231] Compiling Algorithms Keyed.swift
<unknown>:0: warning: upcoming feature 'InferSendableFromCaptures' is already enabled as of Swift version 6
<unknown>:0: warning: upcoming feature 'GlobalActorIsolatedTypesUsability' is already enabled as of Swift version 6
<unknown>:0: warning: upcoming feature 'DisableOutwardActorInference' is already enabled as of Swift version 6
[136/232] Compiling RuntimeAssertions RuntimePrecondition.swift
/host/spi-builder-workspace/.build/checkouts/XCTRuntimeAssertions/Sources/RuntimeAssertions/RuntimePrecondition.swift:31:25: error: cannot find 'DispatchQueue' in scope
29 |
30 |     // We have to run the operation on a `DispatchQueue` as we have to call `RunLoop.current.run()` in the `preconditionFailure` call.
31 |     let dispatchQueue = DispatchQueue(label: "RuntimePrecondition-\(injection.id)")
   |                         `- error: cannot find 'DispatchQueue' in scope
32 |
33 |     let expressionWorkItem = DispatchWorkItem {
/host/spi-builder-workspace/.build/checkouts/XCTRuntimeAssertions/Sources/RuntimeAssertions/RuntimePrecondition.swift:33:30: error: cannot find 'DispatchWorkItem' in scope
31 |     let dispatchQueue = DispatchQueue(label: "RuntimePrecondition-\(injection.id)")
32 |
33 |     let expressionWorkItem = DispatchWorkItem {
   |                              `- error: cannot find 'DispatchWorkItem' in scope
34 |         injection.withInjection(expression)
35 |     }
[137/232] Compiling NetworkImage NetworkImageLoader.swift
<unknown>:0: warning: upcoming feature 'InferSendableFromCaptures' is already enabled as of Swift version 6
<unknown>:0: warning: upcoming feature 'GlobalActorIsolatedTypesUsability' is already enabled as of Swift version 6
<unknown>:0: warning: upcoming feature 'DisableOutwardActorInference' is already enabled as of Swift version 6
/host/spi-builder-workspace/.build/checkouts/NetworkImage/Sources/NetworkImage/Deprecations.swift:1:8: error: no such module 'SwiftUI'
 1 | import SwiftUI
   |        `- error: no such module 'SwiftUI'
 2 |
 3 | // MARK: - Deprecated after 5.0.0:
<unknown>:0: warning: upcoming feature 'InferSendableFromCaptures' is already enabled as of Swift version 6
<unknown>:0: warning: upcoming feature 'GlobalActorIsolatedTypesUsability' is already enabled as of Swift version 6
<unknown>:0: warning: upcoming feature 'DisableOutwardActorInference' is already enabled as of Swift version 6
/host/spi-builder-workspace/.build/checkouts/NetworkImage/Sources/NetworkImage/Deprecations.swift:1:8: error: no such module 'SwiftUI'
 1 | import SwiftUI
   |        `- error: no such module 'SwiftUI'
 2 |
 3 | // MARK: - Deprecated after 5.0.0:
<unknown>:0: warning: upcoming feature 'InferSendableFromCaptures' is already enabled as of Swift version 6
<unknown>:0: warning: upcoming feature 'GlobalActorIsolatedTypesUsability' is already enabled as of Swift version 6
<unknown>:0: warning: upcoming feature 'DisableOutwardActorInference' is already enabled as of Swift version 6
/host/spi-builder-workspace/.build/checkouts/NetworkImage/Sources/NetworkImage/Deprecations.swift:1:8: error: no such module 'SwiftUI'
 1 | import SwiftUI
   |        `- error: no such module 'SwiftUI'
 2 |
 3 | // MARK: - Deprecated after 5.0.0:
[140/232] Compiling NetworkImage TaskModifier.swift
<unknown>:0: warning: upcoming feature 'InferSendableFromCaptures' is already enabled as of Swift version 6
<unknown>:0: warning: upcoming feature 'GlobalActorIsolatedTypesUsability' is already enabled as of Swift version 6
<unknown>:0: warning: upcoming feature 'DisableOutwardActorInference' is already enabled as of Swift version 6
/host/spi-builder-workspace/.build/checkouts/NetworkImage/Sources/NetworkImage/Deprecations.swift:1:8: error: no such module 'SwiftUI'
 1 | import SwiftUI
   |        `- error: no such module 'SwiftUI'
 2 |
 3 | // MARK: - Deprecated after 5.0.0:
[141/232] Compiling Algorithms MinMax.swift
<unknown>:0: warning: upcoming feature 'InferSendableFromCaptures' is already enabled as of Swift version 6
<unknown>:0: warning: upcoming feature 'GlobalActorIsolatedTypesUsability' is already enabled as of Swift version 6
<unknown>:0: warning: upcoming feature 'DisableOutwardActorInference' is already enabled as of Swift version 6
/host/spi-builder-workspace/.build/checkouts/NetworkImage/Sources/NetworkImage/Deprecations.swift:1:8: error: no such module 'SwiftUI'
 1 | import SwiftUI
   |        `- error: no such module 'SwiftUI'
 2 |
 3 | // MARK: - Deprecated after 5.0.0:
[142/232] Compiling Algorithms AdjacentPairs.swift
<unknown>:0: warning: upcoming feature 'InferSendableFromCaptures' is already enabled as of Swift version 6
<unknown>:0: warning: upcoming feature 'GlobalActorIsolatedTypesUsability' is already enabled as of Swift version 6
<unknown>:0: warning: upcoming feature 'DisableOutwardActorInference' is already enabled as of Swift version 6
/host/spi-builder-workspace/.build/checkouts/NetworkImage/Sources/NetworkImage/Deprecations.swift:1:8: error: no such module 'SwiftUI'
 1 | import SwiftUI
   |        `- error: no such module 'SwiftUI'
 2 |
 3 | // MARK: - Deprecated after 5.0.0:
[143/232] Compiling NetworkImage URLSession+NetworkImage.swift
<unknown>:0: warning: upcoming feature 'InferSendableFromCaptures' is already enabled as of Swift version 6
<unknown>:0: warning: upcoming feature 'GlobalActorIsolatedTypesUsability' is already enabled as of Swift version 6
<unknown>:0: warning: upcoming feature 'DisableOutwardActorInference' is already enabled as of Swift version 6
/host/spi-builder-workspace/.build/checkouts/NetworkImage/Sources/NetworkImage/Deprecations.swift:1:8: error: no such module 'SwiftUI'
 1 | import SwiftUI
   |        `- error: no such module 'SwiftUI'
 2 |
 3 | // MARK: - Deprecated after 5.0.0:
[144/232] Compiling NetworkImage NetworkImageModel.swift
<unknown>:0: warning: upcoming feature 'InferSendableFromCaptures' is already enabled as of Swift version 6
<unknown>:0: warning: upcoming feature 'GlobalActorIsolatedTypesUsability' is already enabled as of Swift version 6
<unknown>:0: warning: upcoming feature 'DisableOutwardActorInference' is already enabled as of Swift version 6
/host/spi-builder-workspace/.build/checkouts/NetworkImage/Sources/NetworkImage/Deprecations.swift:1:8: error: no such module 'SwiftUI'
 1 | import SwiftUI
   |        `- error: no such module 'SwiftUI'
 2 |
 3 | // MARK: - Deprecated after 5.0.0:
<unknown>:0: warning: upcoming feature 'InferSendableFromCaptures' is already enabled as of Swift version 6
<unknown>:0: warning: upcoming feature 'GlobalActorIsolatedTypesUsability' is already enabled as of Swift version 6
<unknown>:0: warning: upcoming feature 'DisableOutwardActorInference' is already enabled as of Swift version 6
[145/232] Compiling RuntimeAssertions Counter.swift
Running build ...
bash -c docker run --pull=always --rm -v "checkouts-54344847-0":/host -w "$PWD" -e JAVA_HOME="/root/.sdkman/candidates/java/current" -e SPI_BUILD="1" -e SPI_PROCESSING="1" registry.gitlab.com/saguaro1/spi-images:wasm-6.1-latest swift build --swift-sdk wasm32-unknown-wasi 2>&1
wasm-6.1-latest: Pulling from saguaro1/spi-images
Digest: sha256:beceeede496da67681f4fa220a6b97cc098a0178841a413735f598dc6bbaf4c8
Status: Image is up to date for registry.gitlab.com/saguaro1/spi-images:wasm-6.1-latest
warning: 'spi-builder-workspace': found 2 file(s) which are unhandled; explicitly declare them as resources or exclude from the target
    /host/spi-builder-workspace/Sources/SpeziContact/Resources/Localizable.xcstrings
    /host/spi-builder-workspace/Sources/SpeziContact/Resources/Localizable.xcstrings.license
[0/1] Planning build
Building for debugging...
[0/1] Write swift-version-24593BA9C3E375BF.txt
error: emit-module command failed with exit code 1 (use -v to see invocation)
[2/77] Emitting module RuntimeAssertions
/host/spi-builder-workspace/.build/checkouts/XCTRuntimeAssertions/Sources/RuntimeAssertions/NeverReturn.swift:16:25: error: value of type 'RunLoop' has no member 'run'
14 |     // This is unfortunate but as far as I can see the only feasible way to return Never without calling a runtime crashing function, e.g. `fatalError()`.
15 |     repeat {
16 |         RunLoop.current.run()
   |                         `- error: value of type 'RunLoop' has no member 'run'
17 |     } while (true)
18 | }
[3/78] Compiling RealModule RealFunctions.swift
[4/78] Compiling NetworkImage TaskModifier.swift
/host/spi-builder-workspace/.build/checkouts/NetworkImage/Sources/NetworkImage/Deprecations.swift:1:8: error: no such module 'SwiftUI'
 1 | import SwiftUI
   |        `- error: no such module 'SwiftUI'
 2 |
 3 | // MARK: - Deprecated after 5.0.0:
[5/78] Compiling NetworkImage URLSession+NetworkImage.swift
/host/spi-builder-workspace/.build/checkouts/NetworkImage/Sources/NetworkImage/Deprecations.swift:1:8: error: no such module 'SwiftUI'
 1 | import SwiftUI
   |        `- error: no such module 'SwiftUI'
 2 |
 3 | // MARK: - Deprecated after 5.0.0:
[6/79] Compiling RuntimeAssertions Precondition.swift
[7/79] Compiling RuntimeAssertions Counter.swift
[8/79] Compiling RuntimeAssertions NeverReturn.swift
/host/spi-builder-workspace/.build/checkouts/XCTRuntimeAssertions/Sources/RuntimeAssertions/NeverReturn.swift:16:25: error: value of type 'RunLoop' has no member 'run'
14 |     // This is unfortunate but as far as I can see the only feasible way to return Never without calling a runtime crashing function, e.g. `fatalError()`.
15 |     repeat {
16 |         RunLoop.current.run()
   |                         `- error: value of type 'RunLoop' has no member 'run'
17 |     } while (true)
18 | }
[9/80] Compiling RuntimeAssertions DebugOnly.swift
[10/80] Compiling Atomics AtomicStorage.swift
[11/80] Compiling Atomics AtomicValue.swift
[12/82] Compiling RealModule Float80+Real.swift
[13/82] Compiling RealModule Real.swift
[14/82] Compiling NetworkImage NetworkImageState.swift
/host/spi-builder-workspace/.build/checkouts/NetworkImage/Sources/NetworkImage/Deprecations.swift:1:8: error: no such module 'SwiftUI'
 1 | import SwiftUI
   |        `- error: no such module 'SwiftUI'
 2 |
 3 | // MARK: - Deprecated after 5.0.0:
[15/82] Compiling RuntimeAssertions Assert.swift
error: emit-module command failed with exit code 1 (use -v to see invocation)
[16/82] Emitting module NetworkImage
/host/spi-builder-workspace/.build/checkouts/NetworkImage/Sources/NetworkImage/Deprecations.swift:1:8: error: no such module 'SwiftUI'
 1 | import SwiftUI
   |        `- error: no such module 'SwiftUI'
 2 |
 3 | // MARK: - Deprecated after 5.0.0:
[17/82] Compiling Atomics IntegerConformances.swift
/host/spi-builder-workspace/.build/checkouts/NetworkImage/Sources/NetworkImage/Deprecations.swift:1:8: error: no such module 'SwiftUI'
 1 | import SwiftUI
   |        `- error: no such module 'SwiftUI'
 2 |
 3 | // MARK: - Deprecated after 5.0.0:
[18/82] Compiling Atomics PointerConformances.swift
/host/spi-builder-workspace/.build/checkouts/NetworkImage/Sources/NetworkImage/Deprecations.swift:1:8: error: no such module 'SwiftUI'
 1 | import SwiftUI
   |        `- error: no such module 'SwiftUI'
 2 |
 3 | // MARK: - Deprecated after 5.0.0:
[19/82] Compiling Logging Logger+With.swift
unable to find node: pound
unable to find node: pound
[20/82] Compiling Atomics UnsafeAtomic.swift
[21/82] Compiling Atomics UnsafeAtomicLazyReference.swift
[22/85] Compiling NetworkImage View+NetworkImageLoader.swift
/host/spi-builder-workspace/.build/checkouts/NetworkImage/Sources/NetworkImage/Deprecations.swift:1:8: error: no such module 'SwiftUI'
 1 | import SwiftUI
   |        `- error: no such module 'SwiftUI'
 2 |
 3 | // MARK: - Deprecated after 5.0.0:
[23/85] Compiling Logging LoggingSystem.swift
[24/85] Compiling RealModule RelaxedArithmetic.swift
[25/85] Compiling RuntimeAssertions RuntimePrecondition.swift
/host/spi-builder-workspace/.build/checkouts/XCTRuntimeAssertions/Sources/RuntimeAssertions/RuntimePrecondition.swift:31:25: error: cannot find 'DispatchQueue' in scope
29 |
30 |     // We have to run the operation on a `DispatchQueue` as we have to call `RunLoop.current.run()` in the `preconditionFailure` call.
31 |     let dispatchQueue = DispatchQueue(label: "RuntimePrecondition-\(injection.id)")
   |                         `- error: cannot find 'DispatchQueue' in scope
32 |
33 |     let expressionWorkItem = DispatchWorkItem {
/host/spi-builder-workspace/.build/checkouts/XCTRuntimeAssertions/Sources/RuntimeAssertions/RuntimePrecondition.swift:33:30: error: cannot find 'DispatchWorkItem' in scope
31 |     let dispatchQueue = DispatchQueue(label: "RuntimePrecondition-\(injection.id)")
32 |
33 |     let expressionWorkItem = DispatchWorkItem {
   |                              `- error: cannot find 'DispatchWorkItem' in scope
34 |         injection.withInjection(expression)
35 |     }
[26/85] Compiling RuntimeAssertions RuntimeAssertion.swift
[27/85] Compiling RuntimeAssertions RuntimeAssertionInjection.swift
[28/85] Compiling Atomics AtomicMemoryOrderings.swift
[29/85] Compiling Atomics DoubleWord.swift
[30/85] Compiling NetworkImage NetworkImageLoader.swift
/host/spi-builder-workspace/.build/checkouts/NetworkImage/Sources/NetworkImage/Deprecations.swift:1:8: error: no such module 'SwiftUI'
 1 | import SwiftUI
   |        `- error: no such module 'SwiftUI'
 2 |
 3 | // MARK: - Deprecated after 5.0.0:
[31/85] Compiling Atomics Primitives.native.swift
/host/spi-builder-workspace/.build/checkouts/NetworkImage/Sources/NetworkImage/Deprecations.swift:1:8: error: no such module 'SwiftUI'
 1 | import SwiftUI
   |        `- error: no such module 'SwiftUI'
 2 |
 3 | // MARK: - Deprecated after 5.0.0:
/host/spi-builder-workspace/.build/checkouts/NetworkImage/Sources/NetworkImage/Deprecations.swift:1:8: error: no such module 'SwiftUI'
 1 | import SwiftUI
   |        `- error: no such module 'SwiftUI'
 2 |
 3 | // MARK: - Deprecated after 5.0.0:
BUILD FAILURE 6.1 wasm