The Swift Package Index logo.Swift Package Index

Build Information

Failed to build MacroExpress, reference 1.0.66 (9c4e62), with Swift 6.2 for Wasm on 27 Sep 2026 14:30:58 UTC.

Build Command

bash -c docker run --pull=always --rm -v "checkouts-53886770-0":/host -w "$PWD" -e JAVA_HOME="/root/.sdkman/candidates/java/current" -e SPI_BUILD="1" -e SPI_PROCESSING="1" registry.gitlab.com/saguaro1/spi-images:wasm-6.2-latest swift build --swift-sdk swift-6.2-RELEASE_wasm 2>&1

Build Log

========================================
RunAll
========================================
Builder version: 5.1.0
Interrupt handler set up.
========================================
Checkout
========================================
Clone URL: https://github.com/Macro-swift/MacroExpress.git
Reference: 1.0.66
Initialized empty Git repository in /host/spi-builder-workspace/.git/
hint: Using 'master' as the name for the initial branch. This default branch name
hint: is subject to change. To configure the initial branch name to use in all
hint: of your new repositories, which will suppress this warning, call:
hint:
hint: 	git config --global init.defaultBranch <name>
hint:
hint: Names commonly chosen instead of 'master' are 'main', 'trunk' and
hint: 'development'. The just-created branch can be renamed via this command:
hint:
hint: 	git branch -m <name>
From https://github.com/Macro-swift/MacroExpress
 * tag               1.0.66     -> FETCH_HEAD
HEAD is now at 9c4e623 Merge branch 'develop'
Cloned https://github.com/Macro-swift/MacroExpress.git
Revision (git rev-parse @):
9c4e623e9e16a49394cd45c8dbfbb02683bbc075
SUCCESS checkout https://github.com/Macro-swift/MacroExpress.git at 1.0.66
========================================
Build
========================================
Selected platform:         wasm
Swift version:             6.2
Building package at path:  $PWD
https://github.com/Macro-swift/MacroExpress.git
Running build ...
bash -c docker run --pull=always --rm -v "checkouts-53886770-0":/host -w "$PWD" -e JAVA_HOME="/root/.sdkman/candidates/java/current" -e SPI_BUILD="1" -e SPI_PROCESSING="1" registry.gitlab.com/saguaro1/spi-images:wasm-6.2-latest swift build --swift-sdk swift-6.2-RELEASE_wasm 2>&1
wasm-6.2-latest: Pulling from saguaro1/spi-images
Digest: sha256:ff44196b45f83e5a0a99a627b185f548850d9bc1242e3dee2178fb1570812fe8
Status: Image is up to date for registry.gitlab.com/saguaro1/spi-images:wasm-6.2-latest
Fetching https://github.com/apple/swift-log.git
Fetching https://github.com/Macro-swift/Macro.git
Fetching https://github.com/AlwaysRightInstitute/mustache.git
[1/8165] Fetching swift-log
[8166/8750] Fetching swift-log, mustache
[8243/11356] Fetching swift-log, mustache, macro
Fetched https://github.com/AlwaysRightInstitute/mustache.git from cache (0.53s)
Fetched https://github.com/Macro-swift/Macro.git from cache (0.55s)
Fetched https://github.com/apple/swift-log.git from cache (0.56s)
Computing version for https://github.com/AlwaysRightInstitute/mustache.git
Computed https://github.com/AlwaysRightInstitute/mustache.git at 1.0.4 (1.44s)
Computing version for https://github.com/Macro-swift/Macro.git
Computed https://github.com/Macro-swift/Macro.git at 1.0.66 (0.15s)
Fetching https://github.com/apple/swift-atomics.git
Fetching https://github.com/apple/swift-nio.git
[1/1885] Fetching swift-atomics
Fetched https://github.com/apple/swift-atomics.git from cache (0.62s)
[1/86185] Fetching swift-nio
Fetched https://github.com/apple/swift-nio.git from cache (2.99s)
Computing version for https://github.com/apple/swift-atomics.git
Computed https://github.com/apple/swift-atomics.git at 1.3.1 (3.16s)
Computing version for https://github.com/apple/swift-log.git
Computed https://github.com/apple/swift-log.git at 1.15.1 (0.15s)
Computing version for https://github.com/apple/swift-nio.git
Computed https://github.com/apple/swift-nio.git at 2.103.0 (0.35s)
Fetching https://github.com/apple/swift-system.git
Fetching https://github.com/apple/swift-collections.git
[1/6983] Fetching swift-system
[6984/34762] Fetching swift-system, swift-collections
Fetched https://github.com/apple/swift-system.git from cache (1.23s)
Fetched https://github.com/apple/swift-collections.git from cache (1.23s)
Computing version for https://github.com/apple/swift-collections.git
Computed https://github.com/apple/swift-collections.git at 1.7.1 (1.48s)
Computing version for https://github.com/apple/swift-system.git
Computed https://github.com/apple/swift-system.git at 1.8.1 (0.18s)
Creating working copy for https://github.com/apple/swift-atomics.git
Working copy of https://github.com/apple/swift-atomics.git resolved at 1.3.1
Creating working copy for https://github.com/AlwaysRightInstitute/mustache.git
Working copy of https://github.com/AlwaysRightInstitute/mustache.git resolved at 1.0.4
Creating working copy for https://github.com/Macro-swift/Macro.git
Working copy of https://github.com/Macro-swift/Macro.git resolved at 1.0.66
Creating working copy for https://github.com/apple/swift-nio.git
Working copy of https://github.com/apple/swift-nio.git resolved at 2.103.0
Creating working copy for https://github.com/apple/swift-collections.git
Working copy of https://github.com/apple/swift-collections.git resolved at 1.7.1
Creating working copy for https://github.com/apple/swift-system.git
Working copy of https://github.com/apple/swift-system.git resolved at 1.8.1
Creating working copy for https://github.com/apple/swift-log.git
Working copy of https://github.com/apple/swift-log.git resolved at 1.15.1
Building for debugging...
[0/42] Write sources
[26/42] Compiling CNIOWASI CNIOWASI.c
[27/42] Compiling CNIOWindows shim.c
[28/42] Compiling _AtomicsShims.c
[29/42] Compiling CNIOLinux liburing_shims.c
[30/42] Compiling CNIOOpenBSD shim.c
[31/42] Compiling CNIOWindows WSAStartup.c
[32/42] Compiling CNIOPosix event_loop_id.c
[33/42] Compiling CNIOLinux shim.c
[34/42] Compiling CNIOFreeBSD shim.c
[35/42] Compiling CNIOLLHTTP c_nio_http.c
[36/42] Compiling CNIODarwin shim.c
[37/42] Write swift-version-24593BA9C3E375BF.txt
[38/46] Compiling CNIOLLHTTP c_nio_api.c
[40/75] Emitting module _NIOBase64
[41/75] Emitting module _NIODataStructures
[42/75] Emitting module Logging
[42/76] Compiling CNIOLLHTTP c_nio_llhttp.c
[43/84] Compiling c-nioatomics.c
[44/112] Compiling c-atomics.c
[46/116] Emitting module InternalCollectionsUtilities
[47/122] Compiling InternalCollectionsUtilities UnsafeMutablePointer+Extras.swift
[48/122] Compiling InternalCollectionsUtilities UnsafeMutableRawBufferPointer+Extras.swift
[49/122] Compiling InternalCollectionsUtilities UnsafePointer+Extras.swift
[50/122] Compiling InternalCollectionsUtilities UnsafeRawBufferPointer+Extras.swift
[51/122] Compiling InternalCollectionsUtilities _SortedCollection.swift
[52/122] Compiling InternalCollectionsUtilities _UniqueCollection.swift
[53/122] Compiling Mustache MustacheRendering.swift
/host/spi-builder-workspace/.build/checkouts/mustache/Sources/Mustache/MustacheParser.swift:218:15: error: no such module 'Darwin'
216 |   import func ucrt.memcpy
217 | #else
218 |   import func Darwin.memcpy
    |               `- error: no such module 'Darwin'
219 | #endif
220 |
[54/123] Compiling InternalCollectionsUtilities _UnsafeBitSet+_Word.swift
[55/123] Compiling InternalCollectionsUtilities _UnsafeBitSet.swift
[56/123] Compiling InternalCollectionsUtilities UnsafeBufferPointer+Extras.swift
[57/123] Compiling InternalCollectionsUtilities UnsafeMutableBufferPointer+Extras.swift
[58/123] Compiling Mustache MustacheParser.swift
/host/spi-builder-workspace/.build/checkouts/mustache/Sources/Mustache/MustacheParser.swift:218:15: error: no such module 'Darwin'
216 |   import func ucrt.memcpy
217 | #else
218 |   import func Darwin.memcpy
    |               `- error: no such module 'Darwin'
219 | #endif
220 |
[59/123] Compiling NIOConcurrencyHelpers NIOLockedValueBox.swift
[60/123] Compiling Mustache HTMLEscape.swift
/host/spi-builder-workspace/.build/checkouts/mustache/Sources/Mustache/MustacheParser.swift:218:15: error: no such module 'Darwin'
216 |   import func ucrt.memcpy
217 | #else
218 |   import func Darwin.memcpy
    |               `- error: no such module 'Darwin'
219 | #endif
220 |
[61/123] Compiling InternalCollectionsUtilities MutableSpan+Extras.swift
[62/123] Compiling InternalCollectionsUtilities OutputSpan+Extras.swift
[63/123] Compiling InternalCollectionsUtilities RandomAccessCollection+Offsets.swift
[64/123] Compiling InternalCollectionsUtilities Span+Extras.swift
[65/123] Compiling InternalCollectionsUtilities Strideable+LimitHelpers.swift
[66/123] Compiling InternalCollectionsUtilities String+Padding.swift
[67/123] Compiling InternalCollectionsUtilities TemporaryAllocation.swift
[68/123] Compiling InternalCollectionsUtilities _UnsafeBitSet+Index.swift
[69/123] Compiling InternalCollectionsUtilities Iterable+CopyContents.swift
[70/123] Compiling InternalCollectionsUtilities Iterable+Equality.swift
[71/123] Compiling InternalCollectionsUtilities LifetimeOverride.swift
[72/123] Compiling InternalCollectionsUtilities MutableRef.swift
[73/123] Compiling Mustache MustacheNode.swift
/host/spi-builder-workspace/.build/checkouts/mustache/Sources/Mustache/MustacheParser.swift:218:15: error: no such module 'Darwin'
216 |   import func ucrt.memcpy
217 | #else
218 |   import func Darwin.memcpy
    |               `- error: no such module 'Darwin'
219 | #endif
220 |
[74/123] Compiling Mustache MustacheRenderingContext.swift
/host/spi-builder-workspace/.build/checkouts/mustache/Sources/Mustache/MustacheParser.swift:218:15: error: no such module 'Darwin'
216 |   import func ucrt.memcpy
217 | #else
218 |   import func Darwin.memcpy
    |               `- error: no such module 'Darwin'
219 | #endif
220 |
[75/123] Compiling InternalCollectionsUtilities BorrowingIteratorProtocol+Equality.swift
[76/123] Compiling InternalCollectionsUtilities BorrowingIteratorProtocol+Extras.swift
[77/123] Compiling InternalCollectionsUtilities Debugging.swift
[78/123] Compiling InternalCollectionsUtilities Descriptions.swift
[79/123] Compiling InternalCollectionsUtilities FixedWidthInteger+roundUpToPowerOfTwo.swift
[80/123] Compiling _NIOBase64 Base64.swift
[81/123] Compiling InternalCollectionsUtilities Integer rank.swift
[82/123] Compiling InternalCollectionsUtilities UInt+first and last set bit.swift
[83/123] Compiling InternalCollectionsUtilities UInt+reversed.swift
[86/125] Compiling Logging Logger+Attributes.swift
[89/125] Compiling Logging LoggingSystem.swift
[90/129] Compiling _NIODataStructures PriorityQueue.swift
[91/129] Compiling _NIODataStructures _TinyArray.swift
[92/139] Compiling SpanPreview OutputSpan+InputSpanHelpers.swift
[93/145] Compiling SpanPreview InputSpan.swift
[94/147] Compiling SpanPreview MutableSpan+InputSpanHelpers.swift
[95/147] Emitting module SpanPreview
[97/148] Compiling NIOConcurrencyHelpers NIOAtomic.swift
[98/148] Emitting module NIOConcurrencyHelpers
[99/148] Compiling Logging Logger.swift
[100/148] Compiling Logging Logger+With.swift
[101/148] Compiling Atomics ManagedAtomic.swift
[102/148] Compiling Atomics ManagedAtomicLazyReference.swift
[103/192] Compiling DequeModule UniqueDeque+Descriptions.swift
[104/192] Compiling DequeModule UniqueDeque+Equatable.swift
[105/192] Compiling DequeModule Deque._Storage.swift
[106/192] Compiling DequeModule Deque._UnsafeHandle.swift
[107/192] Compiling DequeModule UniqueDeque+ContainerOperations.swift
[108/192] Compiling DequeModule UniqueDeque+Deprecations.swift
[109/192] Compiling Logging MetadataProvider.swift
[111/192] Compiling DequeModule Deque.swift
[112/192] Compiling xsys timespec.swift
/host/spi-builder-workspace/.build/checkouts/Macro/Sources/xsys/timespec.swift:23:21: error: cannot find 'CLOCK_MONOTONIC' in scope
 21 |     static func monotonic() -> timespec {
 22 |       var ts = timespec()
 23 |       clock_gettime(CLOCK_MONOTONIC, &ts)
    |                     `- error: cannot find 'CLOCK_MONOTONIC' in scope
 24 |       return ts
 25 |     }
/root/.swiftpm/swift-sdks/swift-6.2-RELEASE_wasm.artifactbundle/swift-6.2-RELEASE_wasm/wasm32-unknown-wasip1/WASI.sdk/include/wasm32-wasip1/__header_time.h:18:9: note: macro 'CLOCK_MONOTONIC' unavailable: structure not supported
16 |
17 | extern const struct __clockid _CLOCK_MONOTONIC;
18 | #define CLOCK_MONOTONIC (&_CLOCK_MONOTONIC)
   |         `- note: macro 'CLOCK_MONOTONIC' unavailable: structure not supported
19 | extern const struct __clockid _CLOCK_REALTIME;
20 | #define CLOCK_REALTIME (&_CLOCK_REALTIME)
[113/193] Compiling NIOConcurrencyHelpers lock.swift
[114/193] Compiling DequeModule Deque+CustomReflectable.swift
[115/193] Compiling DequeModule Deque+Descriptions.swift
[116/193] Compiling DequeModule Deque+Codable.swift
[117/193] Compiling DequeModule Deque+Collection.swift
[118/193] Compiling DequeModule Deque+Extras.swift
/host/spi-builder-workspace/.build/checkouts/Macro/Sources/xsys/misc.swift:65:30: error: module 'WASILibc' has no member named 'SIGTERM'
 63 |
 64 |   // signals (limited on WASI)
 65 |   public let SIGTERM       = WASILibc.SIGTERM
    |                              `- error: module 'WASILibc' has no member named 'SIGTERM'
 66 |   public let SIGINT        = WASILibc.SIGINT
 67 |
/host/spi-builder-workspace/.build/checkouts/Macro/Sources/xsys/misc.swift:66:30: error: module 'WASILibc' has no member named 'SIGINT'
 64 |   // signals (limited on WASI)
 65 |   public let SIGTERM       = WASILibc.SIGTERM
 66 |   public let SIGINT        = WASILibc.SIGINT
    |                              `- error: module 'WASILibc' has no member named 'SIGINT'
 67 |
 68 |   // stdio
[119/193] Compiling DequeModule Deque+Hashable.swift
/host/spi-builder-workspace/.build/checkouts/Macro/Sources/xsys/misc.swift:65:30: error: module 'WASILibc' has no member named 'SIGTERM'
 63 |
 64 |   // signals (limited on WASI)
 65 |   public let SIGTERM       = WASILibc.SIGTERM
    |                              `- error: module 'WASILibc' has no member named 'SIGTERM'
 66 |   public let SIGINT        = WASILibc.SIGINT
 67 |
/host/spi-builder-workspace/.build/checkouts/Macro/Sources/xsys/misc.swift:66:30: error: module 'WASILibc' has no member named 'SIGINT'
 64 |   // signals (limited on WASI)
 65 |   public let SIGTERM       = WASILibc.SIGTERM
 66 |   public let SIGINT        = WASILibc.SIGINT
    |                              `- error: module 'WASILibc' has no member named 'SIGINT'
 67 |
 68 |   // stdio
[120/193] Compiling DequeModule Deque+Testing.swift
[122/193] Compiling DequeModule Deque+Equatable.swift
[123/193] Compiling DequeModule Deque+ExpressibleByArrayLiteral.swift
error: emit-module command failed with exit code 1 (use -v to see invocation)
[124/193] Emitting module xsys
/host/spi-builder-workspace/.build/checkouts/Macro/Sources/xsys/misc.swift:65:30: error: module 'WASILibc' has no member named 'SIGTERM'
 63 |
 64 |   // signals (limited on WASI)
 65 |   public let SIGTERM       = WASILibc.SIGTERM
    |                              `- error: module 'WASILibc' has no member named 'SIGTERM'
 66 |   public let SIGINT        = WASILibc.SIGINT
 67 |
/host/spi-builder-workspace/.build/checkouts/Macro/Sources/xsys/misc.swift:66:30: error: module 'WASILibc' has no member named 'SIGINT'
 64 |   // signals (limited on WASI)
 65 |   public let SIGTERM       = WASILibc.SIGTERM
 66 |   public let SIGINT        = WASILibc.SIGINT
    |                              `- error: module 'WASILibc' has no member named 'SIGINT'
 67 |
 68 |   // stdio
/host/spi-builder-workspace/.build/checkouts/Macro/Sources/xsys/timespec.swift:23:21: error: cannot find 'CLOCK_MONOTONIC' in scope
 21 |     static func monotonic() -> timespec {
 22 |       var ts = timespec()
 23 |       clock_gettime(CLOCK_MONOTONIC, &ts)
    |                     `- error: cannot find 'CLOCK_MONOTONIC' in scope
 24 |       return ts
 25 |     }
/root/.swiftpm/swift-sdks/swift-6.2-RELEASE_wasm.artifactbundle/swift-6.2-RELEASE_wasm/wasm32-unknown-wasip1/WASI.sdk/include/wasm32-wasip1/__header_time.h:18:9: note: macro 'CLOCK_MONOTONIC' unavailable: structure not supported
16 |
17 | extern const struct __clockid _CLOCK_MONOTONIC;
18 | #define CLOCK_MONOTONIC (&_CLOCK_MONOTONIC)
   |         `- note: macro 'CLOCK_MONOTONIC' unavailable: structure not supported
19 | extern const struct __clockid _CLOCK_REALTIME;
20 | #define CLOCK_REALTIME (&_CLOCK_REALTIME)
/host/spi-builder-workspace/.build/checkouts/Macro/Sources/xsys/timeval_any.swift:70:12: error: cannot assign value of type 'Int' to type 'Int64'
 68 |   public init(seconds: Int, milliseconds: Int = 0) {
 69 |     assert(milliseconds == 0) // just print a warning, the user should know
 70 |     self = seconds
    |            `- error: cannot assign value of type 'Int' to type 'Int64'
 71 |   }
 72 |
/host/spi-builder-workspace/.build/checkouts/Macro/Sources/xsys/timeval_any.swift:73:53: error: cannot convert return expression of type 'Int64' to return type 'Int'
 71 |   }
 72 |
 73 |   @inlinable public var seconds      : Int { return self }
    |                                                     `- error: cannot convert return expression of type 'Int64' to return type 'Int'
 74 |   @inlinable public var milliseconds : Int { return self * 1000 }
 75 | }
/host/spi-builder-workspace/.build/checkouts/Macro/Sources/xsys/timeval_any.swift:74:58: error: cannot convert return expression of type 'Int64' to return type 'Int'
 72 |
 73 |   @inlinable public var seconds      : Int { return self }
 74 |   @inlinable public var milliseconds : Int { return self * 1000 }
    |                                                          `- error: cannot convert return expression of type 'Int64' to return type 'Int'
 75 | }
 76 |
/host/spi-builder-workspace/.build/checkouts/Macro/Sources/xsys/timeval_any.swift:89:18: error: cannot assign value of type 'Int' to type 'time_t' (aka 'Int64')
 87 |   public init(_ ts: timespec) {
 88 |     self.init()
 89 |     tv_sec  = ts.seconds
    |                  `- error: cannot assign value of type 'Int' to type 'time_t' (aka 'Int64')
 90 | #if os(Linux) || os(Android) || os(WASI)
 91 |     tv_usec = ts.tv_nsec / 1000
/host/spi-builder-workspace/.build/checkouts/Macro/Sources/xsys/timeval_any.swift:91:26: error: cannot assign value of type 'Int' to type 'suseconds_t' (aka 'Int64')
 89 |     tv_sec  = ts.seconds
 90 | #if os(Linux) || os(Android) || os(WASI)
 91 |     tv_usec = ts.tv_nsec / 1000
    |                          `- error: cannot assign value of type 'Int' to type 'suseconds_t' (aka 'Int64')
 92 | #else
 93 |     tv_usec = Int32(ts.tv_nsec / 1000)
/host/spi-builder-workspace/.build/checkouts/Macro/Sources/xsys/timeval_any.swift:100:23: error: cannot assign value of type 'Int' to type 'time_t' (aka 'Int64')
 98 |   public init(seconds: Int, milliseconds: Int = 0) {
 99 |     self.init()
100 |     tv_sec  = seconds + (milliseconds / 1000)
    |                       `- error: cannot assign value of type 'Int' to type 'time_t' (aka 'Int64')
101 | #if os(Linux) || os(Android) || os(WASI)
102 |     tv_usec = (milliseconds % 1000) * 1000
/host/spi-builder-workspace/.build/checkouts/Macro/Sources/xsys/timeval_any.swift:102:37: error: cannot assign value of type 'Int' to type 'suseconds_t' (aka 'Int64')
100 |     tv_sec  = seconds + (milliseconds / 1000)
101 | #if os(Linux) || os(Android) || os(WASI)
102 |     tv_usec = (milliseconds % 1000) * 1000
    |                                     `- error: cannot assign value of type 'Int' to type 'suseconds_t' (aka 'Int64')
103 | #else
104 |     tv_usec = Int32(milliseconds % 1000) * 1000
/host/spi-builder-workspace/.build/checkouts/Macro/Sources/xsys/timeval_any.swift:116:13: error: cannot convert value of type 'time_t' (aka 'Int64') to expected argument type 'Int'
114 |   @inlinable
115 |   public var milliseconds : Int {
116 |     return (tv_sec * 1000) + (Int(tv_usec) / 1000)
    |             `- error: cannot convert value of type 'time_t' (aka 'Int64') to expected argument type 'Int'
117 |   }
118 |
/host/spi-builder-workspace/.build/checkouts/Macro/Sources/xsys/timeval_any.swift:129:18: error: cannot assign value of type 'Int' to type 'time_t' (aka 'Int64')
127 |   public init(_ tv: timeval) {
128 |     self.init()
129 |     tv_sec  = tv.seconds
    |                  `- error: cannot assign value of type 'Int' to type 'time_t' (aka 'Int64')
130 |     tv_nsec = Int(tv.tv_usec) * 1000
131 |   }
/host/spi-builder-workspace/.build/checkouts/Macro/Sources/xsys/timeval_any.swift:136:23: error: cannot assign value of type 'Int' to type 'time_t' (aka 'Int64')
134 |   public init(seconds: Int, milliseconds: Int = 0) {
135 |     self.init()
136 |     tv_sec  = seconds + (milliseconds / 1000)
    |                       `- error: cannot assign value of type 'Int' to type 'time_t' (aka 'Int64')
137 |     tv_nsec = (milliseconds % 1000) * 1000000
138 |   }
/host/spi-builder-workspace/.build/checkouts/Macro/Sources/xsys/timeval_any.swift:143:12: error: cannot convert return expression of type 'time_t' (aka 'Int64') to return type 'Int'
141 |   public var seconds : Int {
142 |     // TBD: rounding on tv_nsec?
143 |     return tv_sec
    |            `- error: cannot convert return expression of type 'time_t' (aka 'Int64') to return type 'Int'
144 |   }
145 |
/host/spi-builder-workspace/.build/checkouts/Macro/Sources/xsys/timeval_any.swift:148:13: error: cannot convert value of type 'time_t' (aka 'Int64') to expected argument type 'Int'
146 |   @inlinable
147 |   public var milliseconds : Int {
148 |     return (tv_sec * 1000) + (tv_nsec / 1000000)
    |             `- error: cannot convert value of type 'time_t' (aka 'Int64') to expected argument type 'Int'
149 |   }
150 |
[130/194] Compiling _NIODataStructures Heap.swift
[131/194] Compiling DequeModule UniqueDeque+Consumption.swift
[136/194] Compiling DequeModule UniqueDeque+Hashable.swift
[139/200] Compiling DequeModule _DequeBuffer.swift
[143/200] Compiling NIOConcurrencyHelpers NIOLock.swift
[144/200] Compiling NIOConcurrencyHelpers atomics.swift
[145/200] Compiling DequeModule RigidDeque+Descriptions.swift
[146/200] Compiling DequeModule RigidDeque+Equatable.swift
[147/200] Compiling DequeModule RigidDeque+Hashable.swift
[148/200] Compiling DequeModule RigidDeque+Initializers.swift
[149/200] Compiling DequeModule RigidDeque+Insertions.swift
[150/200] Compiling NIOConcurrencyHelpers NIOThreadPoolWorkAvailable.swift
[151/200] Compiling DequeModule RigidDeque+Iterable.swift
[152/200] Compiling Mustache SimpleKVC.swift
/host/spi-builder-workspace/.build/checkouts/mustache/Sources/Mustache/MustacheParser.swift:218:15: error: no such module 'Darwin'
216 |   import func ucrt.memcpy
217 | #else
218 |   import func Darwin.memcpy
    |               `- error: no such module 'Darwin'
219 | #endif
220 |
[153/201] Compiling Mustache Mustachable.swift
/host/spi-builder-workspace/.build/checkouts/mustache/Sources/Mustache/MustacheParser.swift:218:15: error: no such module 'Darwin'
216 |   import func ucrt.memcpy
217 | #else
218 |   import func Darwin.memcpy
    |               `- error: no such module 'Darwin'
219 | #endif
220 |
error: emit-module command failed with exit code 1 (use -v to see invocation)
[154/201] Emitting module Mustache
/host/spi-builder-workspace/.build/checkouts/mustache/Sources/Mustache/MustacheParser.swift:218:15: error: no such module 'Darwin'
216 |   import func ucrt.memcpy
217 | #else
218 |   import func Darwin.memcpy
    |               `- error: no such module 'Darwin'
219 | #endif
220 |
[155/201] Compiling Mustache Helpers.swift
/host/spi-builder-workspace/.build/checkouts/mustache/Sources/Mustache/MustacheParser.swift:218:15: error: no such module 'Darwin'
216 |   import func ucrt.memcpy
217 | #else
218 |   import func Darwin.memcpy
    |               `- error: no such module 'Darwin'
219 | #endif
220 |
[157/201] Emitting module mime
/host/spi-builder-workspace/.build/checkouts/Macro/Sources/xsys/timeval_any.swift:70:12: error: cannot assign value of type 'Int' to type 'Int64'
 68 |   public init(seconds: Int, milliseconds: Int = 0) {
 69 |     assert(milliseconds == 0) // just print a warning, the user should know
 70 |     self = seconds
    |            `- error: cannot assign value of type 'Int' to type 'Int64'
 71 |   }
 72 |
/host/spi-builder-workspace/.build/checkouts/Macro/Sources/xsys/timeval_any.swift:73:53: error: cannot convert return expression of type 'Int64' to return type 'Int'
 71 |   }
 72 |
 73 |   @inlinable public var seconds      : Int { return self }
    |                                                     `- error: cannot convert return expression of type 'Int64' to return type 'Int'
 74 |   @inlinable public var milliseconds : Int { return self * 1000 }
 75 | }
/host/spi-builder-workspace/.build/checkouts/Macro/Sources/xsys/timeval_any.swift:74:58: error: cannot convert return expression of type 'Int64' to return type 'Int'
 72 |
 73 |   @inlinable public var seconds      : Int { return self }
 74 |   @inlinable public var milliseconds : Int { return self * 1000 }
    |                                                          `- error: cannot convert return expression of type 'Int64' to return type 'Int'
 75 | }
 76 |
/host/spi-builder-workspace/.build/checkouts/Macro/Sources/xsys/timeval_any.swift:89:18: error: cannot assign value of type 'Int' to type 'time_t' (aka 'Int64')
 87 |   public init(_ ts: timespec) {
 88 |     self.init()
 89 |     tv_sec  = ts.seconds
    |                  `- error: cannot assign value of type 'Int' to type 'time_t' (aka 'Int64')
 90 | #if os(Linux) || os(Android) || os(WASI)
 91 |     tv_usec = ts.tv_nsec / 1000
/host/spi-builder-workspace/.build/checkouts/Macro/Sources/xsys/timeval_any.swift:91:26: error: cannot assign value of type 'Int' to type 'suseconds_t' (aka 'Int64')
 89 |     tv_sec  = ts.seconds
 90 | #if os(Linux) || os(Android) || os(WASI)
 91 |     tv_usec = ts.tv_nsec / 1000
    |                          `- error: cannot assign value of type 'Int' to type 'suseconds_t' (aka 'Int64')
 92 | #else
 93 |     tv_usec = Int32(ts.tv_nsec / 1000)
/host/spi-builder-workspace/.build/checkouts/Macro/Sources/xsys/timeval_any.swift:100:23: error: cannot assign value of type 'Int' to type 'time_t' (aka 'Int64')
 98 |   public init(seconds: Int, milliseconds: Int = 0) {
 99 |     self.init()
100 |     tv_sec  = seconds + (milliseconds / 1000)
    |                       `- error: cannot assign value of type 'Int' to type 'time_t' (aka 'Int64')
101 | #if os(Linux) || os(Android) || os(WASI)
102 |     tv_usec = (milliseconds % 1000) * 1000
[158/201] Compiling mime MIME.swift
BUILD FAILURE 6.2 wasm