The Swift Package Index logo.Swift Package Index

Build Information

Failed to build Snapbug, reference 0.1.1 (4dbea3), with Swift 6.1 for iOS using Xcode 16.3 on 26 Jul 2026 07:27:08 UTC.

Build Command

env DEVELOPER_DIR=/Applications/Xcode-16.3.0.app xcrun xcodebuild -IDEClonedSourcePackagesDirPathOverride=$PWD/.dependencies -skipMacroValidation -skipPackagePluginValidation -derivedDataPath $PWD/.derivedData build -scheme SampleApp -destination generic/platform=iOS

Build Log

========================================
RunAll
========================================
Builder version: undefined version: run 'make version' to update
Interrupt handler set up.
========================================
Checkout
========================================
Clone URL: https://github.com/snapbug-ai/snapbug-ios.git
Reference: 0.1.1
Initialized empty Git repository in /Users/admin/builder/spi-builder-workspace/.git/
From https://github.com/snapbug-ai/snapbug-ios
 * tag               0.1.1      -> FETCH_HEAD
HEAD is now at 4dbea34 Make this repo the Snapbug Swift package
Cloned https://github.com/snapbug-ai/snapbug-ios.git
Revision (git rev-parse @):
4dbea343bd898d5f86be2ab277d568efafb902e7
SUCCESS checkout https://github.com/snapbug-ai/snapbug-ios.git at 0.1.1
========================================
Build
========================================
Selected platform:         iOS
Swift version:             6.1
Building package at path:  $PWD
https://github.com/snapbug-ai/snapbug-ios.git
https://github.com/snapbug-ai/snapbug-ios.git
{
  "dependencies" : [
  ],
  "manifest_display_name" : "Snapbug",
  "name" : "Snapbug",
  "path" : "/Users/admin/builder/spi-builder-workspace",
  "platforms" : [
    {
      "name" : "ios",
      "version" : "15.0"
    }
  ],
  "products" : [
    {
      "name" : "Snapbug",
      "targets" : [
        "Snapbug"
      ],
      "type" : {
        "library" : [
          "automatic"
        ]
      }
    }
  ],
  "targets" : [
    {
      "c99name" : "SnapbugSDK",
      "module_type" : "BinaryTarget",
      "name" : "SnapbugSDK",
      "path" : "remote/archive/SnapbugSDK.xcframework.zip",
      "product_memberships" : [
        "Snapbug"
      ],
      "sources" : [
      ],
      "type" : "binary"
    },
    {
      "c99name" : "Snapbug",
      "module_type" : "SwiftTarget",
      "name" : "Snapbug",
      "path" : "Sources/Snapbug",
      "product_memberships" : [
        "Snapbug"
      ],
      "sources" : [
        "SnapbugAppDelegate.swift",
        "SnapbugDebugFeedback.swift",
        "SnapbugURLSessionLogger.swift"
      ],
      "target_dependencies" : [
        "SnapbugSDK"
      ],
      "type" : "library"
    }
  ],
  "tools_version" : "5.9"
}
Command line invocation:
    /Applications/Xcode-16.3.0.app/Contents/Developer/usr/bin/xcodebuild -IDEClonedSourcePackagesDirPathOverride=/Users/admin/builder/spi-builder-workspace/.dependencies -resolvePackageDependencies
resolved source packages:
{
  "dependencies" : [
  ],
  "manifest_display_name" : "Snapbug",
  "name" : "Snapbug",
  "path" : "/Users/admin/builder/spi-builder-workspace",
  "platforms" : [
    {
      "name" : "ios",
      "version" : "15.0"
    }
  ],
  "products" : [
    {
      "name" : "Snapbug",
      "targets" : [
        "Snapbug"
      ],
      "type" : {
        "library" : [
          "automatic"
        ]
      }
    }
  ],
  "targets" : [
    {
      "c99name" : "SnapbugSDK",
      "module_type" : "BinaryTarget",
      "name" : "SnapbugSDK",
      "path" : "remote/archive/SnapbugSDK.xcframework.zip",
      "product_memberships" : [
        "Snapbug"
      ],
      "sources" : [
      ],
      "type" : "binary"
    },
    {
      "c99name" : "Snapbug",
      "module_type" : "SwiftTarget",
      "name" : "Snapbug",
      "path" : "Sources/Snapbug",
      "product_memberships" : [
        "Snapbug"
      ],
      "sources" : [
        "SnapbugAppDelegate.swift",
        "SnapbugDebugFeedback.swift",
        "SnapbugURLSessionLogger.swift"
      ],
      "target_dependencies" : [
        "SnapbugSDK"
      ],
      "type" : "library"
    }
  ],
  "tools_version" : "5.9"
}
{
  "project" : {
    "configurations" : [
      "Debug",
      "Release"
    ],
    "name" : "SampleApp",
    "schemes" : [
      "SampleApp"
    ],
    "targets" : [
      "SampleApp"
    ]
  }
}
Running build ...
env DEVELOPER_DIR=/Applications/Xcode-16.3.0.app xcrun xcodebuild -IDEClonedSourcePackagesDirPathOverride=$PWD/.dependencies -skipMacroValidation -skipPackagePluginValidation -derivedDataPath $PWD/.derivedData build -scheme SampleApp -destination generic/platform=iOS OTHER_SWIFT_FLAGS=-stats-output-dir .stats -strict-concurrency=complete -enable-upcoming-feature StrictConcurrency -enable-upcoming-feature DisableOutwardActorInference -enable-upcoming-feature GlobalActorIsolatedTypesUsability -enable-upcoming-feature InferSendableFromCaptures
Command line invocation:
    /Applications/Xcode-16.3.0.app/Contents/Developer/usr/bin/xcodebuild -IDEClonedSourcePackagesDirPathOverride=/Users/admin/builder/spi-builder-workspace/.dependencies -skipMacroValidation -skipPackagePluginValidation -derivedDataPath /Users/admin/builder/spi-builder-workspace/.derivedData build -scheme SampleApp -destination generic/platform=iOS "OTHER_SWIFT_FLAGS=-stats-output-dir .stats -strict-concurrency=complete -enable-upcoming-feature StrictConcurrency -enable-upcoming-feature DisableOutwardActorInference -enable-upcoming-feature GlobalActorIsolatedTypesUsability -enable-upcoming-feature InferSendableFromCaptures"
Build settings from command line:
    OTHER_SWIFT_FLAGS = -stats-output-dir .stats -strict-concurrency=complete -enable-upcoming-feature StrictConcurrency -enable-upcoming-feature DisableOutwardActorInference -enable-upcoming-feature GlobalActorIsolatedTypesUsability -enable-upcoming-feature InferSendableFromCaptures
ComputePackagePrebuildTargetDependencyGraph
Prepare packages
CreateBuildRequest
SendProjectDescription
CreateBuildOperation
ComputeTargetDependencyGraph
note: Building targets in dependency order
note: Target dependency graph (1 target)
    Target 'SampleApp' in project 'SampleApp' (no dependencies)
GatherProvisioningInputs
CreateBuildDescription
ExecuteExternalTool /Applications/Xcode-16.3.0.app/Contents/Developer/Toolchains/XcodeDefault.xctoolchain/usr/bin/clang -v -E -dM -isysroot /Applications/Xcode-16.3.0.app/Contents/Developer/Platforms/iPhoneOS.platform/Developer/SDKs/iPhoneOS18.4.sdk -x c -c /dev/null
ExecuteExternalTool /Applications/Xcode-16.3.0.app/Contents/Developer/usr/bin/actool --print-asset-tag-combinations --output-format xml1 /Users/admin/builder/spi-builder-workspace/SampleApp/Assets.xcassets
ExecuteExternalTool /Applications/Xcode-16.3.0.app/Contents/Developer/usr/bin/actool --version --output-format xml1
ExecuteExternalTool /Applications/Xcode-16.3.0.app/Contents/Developer/Toolchains/XcodeDefault.xctoolchain/usr/bin/swiftc --version
ExecuteExternalTool /Applications/Xcode-16.3.0.app/Contents/Developer/Toolchains/XcodeDefault.xctoolchain/usr/bin/ld -version_details
Build description signature: fabdfd7e1a326724d0a13be8afb413a6
Build description path: /Users/admin/builder/spi-builder-workspace/.derivedData/Build/Intermediates.noindex/XCBuildData/fabdfd7e1a326724d0a13be8afb413a6.xcbuilddata
/Users/admin/builder/spi-builder-workspace/SampleApp.xcodeproj: error: No profiles for 'io.snapbug.sample' were found: Xcode couldn't find any iOS App Development provisioning profiles matching 'io.snapbug.sample'. Automatic signing is disabled and unable to generate a profile. To enable automatic signing, pass -allowProvisioningUpdates to xcodebuild. (in target 'SampleApp' from project 'SampleApp')
** BUILD FAILED **
The following build commands failed:
	Building project SampleApp with scheme SampleApp
(1 failure)
Command line invocation:
    /Applications/Xcode-16.3.0.app/Contents/Developer/usr/bin/xcodebuild -IDEClonedSourcePackagesDirPathOverride=/Users/admin/builder/spi-builder-workspace/.dependencies -resolvePackageDependencies
resolved source packages:
{
  "dependencies" : [
  ],
  "manifest_display_name" : "Snapbug",
  "name" : "Snapbug",
  "path" : "/Users/admin/builder/spi-builder-workspace",
  "platforms" : [
    {
      "name" : "ios",
      "version" : "15.0"
    }
  ],
  "products" : [
    {
      "name" : "Snapbug",
      "targets" : [
        "Snapbug"
      ],
      "type" : {
        "library" : [
          "automatic"
        ]
      }
    }
  ],
  "targets" : [
    {
      "c99name" : "SnapbugSDK",
      "module_type" : "BinaryTarget",
      "name" : "SnapbugSDK",
      "path" : "remote/archive/SnapbugSDK.xcframework.zip",
      "product_memberships" : [
        "Snapbug"
      ],
      "sources" : [
      ],
      "type" : "binary"
    },
    {
      "c99name" : "Snapbug",
      "module_type" : "SwiftTarget",
      "name" : "Snapbug",
      "path" : "Sources/Snapbug",
      "product_memberships" : [
        "Snapbug"
      ],
      "sources" : [
        "SnapbugAppDelegate.swift",
        "SnapbugDebugFeedback.swift",
        "SnapbugURLSessionLogger.swift"
      ],
      "target_dependencies" : [
        "SnapbugSDK"
      ],
      "type" : "library"
    }
  ],
  "tools_version" : "5.9"
}
{
  "project" : {
    "configurations" : [
      "Debug",
      "Release"
    ],
    "name" : "SampleApp",
    "schemes" : [
      "SampleApp"
    ],
    "targets" : [
      "SampleApp"
    ]
  }
}
Running build ...
env DEVELOPER_DIR=/Applications/Xcode-16.3.0.app xcrun xcodebuild -IDEClonedSourcePackagesDirPathOverride=$PWD/.dependencies -skipMacroValidation -skipPackagePluginValidation -derivedDataPath $PWD/.derivedData build -scheme SampleApp -destination generic/platform=iOS
Command line invocation:
    /Applications/Xcode-16.3.0.app/Contents/Developer/usr/bin/xcodebuild -IDEClonedSourcePackagesDirPathOverride=/Users/admin/builder/spi-builder-workspace/.dependencies -skipMacroValidation -skipPackagePluginValidation -derivedDataPath /Users/admin/builder/spi-builder-workspace/.derivedData build -scheme SampleApp -destination generic/platform=iOS
ComputePackagePrebuildTargetDependencyGraph
Prepare packages
CreateBuildRequest
SendProjectDescription
CreateBuildOperation
ComputeTargetDependencyGraph
note: Building targets in dependency order
note: Target dependency graph (1 target)
    Target 'SampleApp' in project 'SampleApp' (no dependencies)
GatherProvisioningInputs
CreateBuildDescription
ExecuteExternalTool /Applications/Xcode-16.3.0.app/Contents/Developer/Toolchains/XcodeDefault.xctoolchain/usr/bin/clang -v -E -dM -isysroot /Applications/Xcode-16.3.0.app/Contents/Developer/Platforms/iPhoneOS.platform/Developer/SDKs/iPhoneOS18.4.sdk -x c -c /dev/null
ExecuteExternalTool /Applications/Xcode-16.3.0.app/Contents/Developer/usr/bin/actool --print-asset-tag-combinations --output-format xml1 /Users/admin/builder/spi-builder-workspace/SampleApp/Assets.xcassets
ExecuteExternalTool /Applications/Xcode-16.3.0.app/Contents/Developer/usr/bin/actool --version --output-format xml1
ExecuteExternalTool /Applications/Xcode-16.3.0.app/Contents/Developer/Toolchains/XcodeDefault.xctoolchain/usr/bin/swiftc --version
ExecuteExternalTool /Applications/Xcode-16.3.0.app/Contents/Developer/Toolchains/XcodeDefault.xctoolchain/usr/bin/ld -version_details
Build description signature: 5084a39850985676604ce5e175492a54
Build description path: /Users/admin/builder/spi-builder-workspace/.derivedData/Build/Intermediates.noindex/XCBuildData/5084a39850985676604ce5e175492a54.xcbuilddata
/Users/admin/builder/spi-builder-workspace/SampleApp.xcodeproj: error: No profiles for 'io.snapbug.sample' were found: Xcode couldn't find any iOS App Development provisioning profiles matching 'io.snapbug.sample'. Automatic signing is disabled and unable to generate a profile. To enable automatic signing, pass -allowProvisioningUpdates to xcodebuild. (in target 'SampleApp' from project 'SampleApp')
** BUILD FAILED **
The following build commands failed:
	Building project SampleApp with scheme SampleApp
(1 failure)
BUILD FAILURE 6.1 iOS