Build Information
Failed to build CrystalViewUtilities, reference 0.12.1 (76fb61), with Swift 6.4 for visionOS using Xcode 27.0 on 19 Sep 2026 00:49:48 UTC.
Build Command
env DEVELOPER_DIR=/Applications/Xcode-27.0.0-Release.Candidate.app xcrun xcodebuild -IDEClonedSourcePackagesDirPathOverride=$PWD/.dependencies -skipMacroValidation -skipPackagePluginValidation -derivedDataPath $PWD/.derivedData build -scheme CrystalViewUtilities -destination generic/platform=xrOSBuild Log
========================================
RunAll
========================================
Builder version: 5.1.0
Interrupt handler set up.
========================================
Checkout
========================================
Clone URL: https://github.com/robhasacamera/CrystalViewUtilities.git
Reference: 0.12.1
Initialized empty Git repository in /Users/admin/builder/spi-builder-workspace/.git/
From https://github.com/robhasacamera/CrystalViewUtilities
* tag 0.12.1 -> FETCH_HEAD
HEAD is now at 76fb613 Merge pull request #20 from robhasacamera/0.12.1
Cloned https://github.com/robhasacamera/CrystalViewUtilities.git
Revision (git rev-parse @):
76fb6130c996bb6e5fbaba3579c48ef359691e52
SPI manifest file found: $PWD/.spi.yml
SUCCESS checkout https://github.com/robhasacamera/CrystalViewUtilities.git at 0.12.1
========================================
Build
========================================
Selected platform: visionOS
Swift version: 6.4
Building package at path: $PWD
https://github.com/robhasacamera/CrystalViewUtilities.git
Command line invocation:
/Applications/Xcode-27.0.0-Release.Candidate.app/Contents/Developer/usr/bin/xcodebuild -IDEClonedSourcePackagesDirPathOverride=/Users/admin/builder/spi-builder-workspace/.dependencies -resolvePackageDependencies
Resolve Package Graph
Resolve Package Graph
Resolved source packages:
CrystalViewUtilities: /Users/admin/builder/spi-builder-workspace
resolved source packages: CrystalViewUtilities
2026-09-18 20:48:54.598 xcodebuild[529:3018] [MT] IDERunDestination: Supported platforms for the buildables in the current scheme is empty.
{
"dependencies" : [
],
"manifest_display_name" : "CrystalViewUtilities",
"name" : "CrystalViewUtilities",
"path" : "/Users/admin/builder/spi-builder-workspace",
"platforms" : [
{
"name" : "ios",
"version" : "15.0"
},
{
"name" : "macos",
"version" : "12.0"
}
],
"products" : [
{
"name" : "CrystalViewUtilities",
"targets" : [
"CrystalViewUtilities"
],
"type" : {
"library" : [
"automatic"
]
}
}
],
"targets" : [
{
"c99name" : "CrystalViewUtilitiesTests",
"module_type" : "SwiftTarget",
"name" : "CrystalViewUtilitiesTests",
"path" : "Tests/CrystalViewUtilitiesTests",
"sources" : [
"View_ExtensionTests.swift"
],
"target_dependencies" : [
"CrystalViewUtilities"
],
"type" : "test"
},
{
"c99name" : "CrystalViewUtilities",
"module_type" : "SwiftTarget",
"name" : "CrystalViewUtilities",
"path" : "Sources/CrystalViewUtilities",
"product_memberships" : [
"CrystalViewUtilities"
],
"sources" : [
"Extensions/Alignment_Extension.swift",
"Extensions/CGFloat_Extension.swift",
"Extensions/CUIBezierPath_Extension.swift",
"Extensions/Color_Extension.swift",
"Extensions/GeometryProxy_extension.swift",
"Extensions/Image_Extension.swift",
"Extensions/UIScreen_Extension.swift",
"Extensions/View_Extension.swift",
"Layout/CUIFlowLayout.swift",
"OptionSets/CUICorner.swift",
"Shapes/CUIRoundedCornerShape.swift",
"Structs/CUIPositionSet.swift",
"TypeAliases.swift",
"Views/CUIAdaptiveStackView.swift",
"Views/CUIChildGeometryReader.swift",
"Views/CUIChildSizeReader.swift",
"Views/CUITitledGroup.swift",
"Views/CUITitledGroupTextLabel.swift"
],
"type" : "library"
}
],
"tools_version" : "5.5"
}
{
"workspace" : {
"name" : "CrystalViewUtilities",
"schemes" : [
"CrystalViewUtilities"
]
}
}
2026-09-18 20:49:35.635 xcodebuild[647:4117] [MT] IDERunDestination: Supported platforms for the buildables in the current scheme is empty.
Running build ...
env DEVELOPER_DIR=/Applications/Xcode-27.0.0-Release.Candidate.app xcrun xcodebuild -IDEClonedSourcePackagesDirPathOverride=$PWD/.dependencies -skipMacroValidation -skipPackagePluginValidation -derivedDataPath $PWD/.derivedData build -scheme CrystalViewUtilities -destination generic/platform=xrOS
Command line invocation:
/Applications/Xcode-27.0.0-Release.Candidate.app/Contents/Developer/usr/bin/xcodebuild -IDEClonedSourcePackagesDirPathOverride=/Users/admin/builder/spi-builder-workspace/.dependencies -skipMacroValidation -skipPackagePluginValidation -derivedDataPath /Users/admin/builder/spi-builder-workspace/.derivedData build -scheme CrystalViewUtilities -destination generic/platform=xrOS
Resolve Package Graph
Resolved source packages:
CrystalViewUtilities: /Users/admin/builder/spi-builder-workspace
ComputePackagePrebuildTargetDependencyGraph
Prepare packages
CreateBuildRequest
SendProjectDescription
CreateBuildOperation
ComputeTargetDependencyGraph
note: Building targets in dependency order
note: Target dependency graph (2 targets)
Target 'CrystalViewUtilities-product' in project 'CrystalViewUtilities'
➜ Explicit dependency on target 'CrystalViewUtilities' in project 'CrystalViewUtilities'
Target 'CrystalViewUtilities' in project 'CrystalViewUtilities' (no dependencies)
GatherProvisioningInputs
CreateBuildDescription
ExecuteExternalTool /Applications/Xcode-27.0.0-Release.Candidate.app/Contents/Developer/Toolchains/XcodeDefault.xctoolchain/usr/bin/clang -v -E -dM -isysroot /Applications/Xcode-27.0.0-Release.Candidate.app/Contents/Developer/Platforms/XROS.platform/Developer/SDKs/XROS27.0.sdk -x c -c /dev/null
ExecuteExternalTool /Applications/Xcode-27.0.0-Release.Candidate.app/Contents/Developer/Toolchains/XcodeDefault.xctoolchain/usr/bin/swiftc --version
ExecuteExternalTool /Applications/Xcode-27.0.0-Release.Candidate.app/Contents/Developer/Toolchains/XcodeDefault.xctoolchain/usr/bin/ld -version_details
ReadFileContents /Applications/Xcode-27.0.0-Release.Candidate.app/Contents/Developer/Toolchains/XcodeDefault.xctoolchain/usr/share/docc/features.json
Build description signature: a7526409dbf98108a15388d0d68f35d5
Build description path: /Users/admin/builder/spi-builder-workspace/.derivedData/Build/Intermediates.noindex/XCBuildData/a7526409dbf98108a15388d0d68f35d5.xcbuilddata
CreateBuildDirectory /Users/admin/builder/spi-builder-workspace/.derivedData/ModuleCache.noindex
cd /Users/admin/builder/spi-builder-workspace/.swiftpm/xcode
builtin-create-build-directory /Users/admin/builder/spi-builder-workspace/.derivedData/ModuleCache.noindex
CreateBuildDirectory /Users/admin/builder/spi-builder-workspace/.derivedData/CompilationCache.noindex
cd /Users/admin/builder/spi-builder-workspace/.swiftpm/xcode
builtin-create-build-directory /Users/admin/builder/spi-builder-workspace/.derivedData/CompilationCache.noindex
CreateBuildDirectory /Users/admin/builder/spi-builder-workspace/.derivedData/SDKExplicitPrecompiledModules
cd /Users/admin/builder/spi-builder-workspace/.swiftpm/xcode
builtin-create-build-directory /Users/admin/builder/spi-builder-workspace/.derivedData/SDKExplicitPrecompiledModules
CreateBuildDirectory /Users/admin/builder/spi-builder-workspace/.derivedData/Build/Products
cd /Users/admin/builder/spi-builder-workspace/.swiftpm/xcode
builtin-create-build-directory /Users/admin/builder/spi-builder-workspace/.derivedData/Build/Products
CreateBuildDirectory /Users/admin/builder/spi-builder-workspace/.derivedData/Build/Intermediates.noindex
cd /Users/admin/builder/spi-builder-workspace/.swiftpm/xcode
builtin-create-build-directory /Users/admin/builder/spi-builder-workspace/.derivedData/Build/Intermediates.noindex
ClangStatCache /Applications/Xcode-27.0.0-Release.Candidate.app/Contents/Developer/Toolchains/XcodeDefault.xctoolchain/usr/bin/clang-stat-cache /Applications/Xcode-27.0.0-Release.Candidate.app/Contents/Developer/Platforms/XROS.platform/Developer/SDKs/XROS27.0.sdk /Users/admin/builder/spi-builder-workspace/.derivedData/SDKStatCaches.noindex/xros27.0-24M361-e829b21a6f8c9b70876ba0858053c044735bd543db762f57723cac368afd1ce4.sdkstatcache
cd /Users/admin/builder/spi-builder-workspace/.swiftpm/xcode
/Applications/Xcode-27.0.0-Release.Candidate.app/Contents/Developer/Toolchains/XcodeDefault.xctoolchain/usr/bin/clang-stat-cache /Applications/Xcode-27.0.0-Release.Candidate.app/Contents/Developer/Platforms/XROS.platform/Developer/SDKs/XROS27.0.sdk -o /Users/admin/builder/spi-builder-workspace/.derivedData/SDKStatCaches.noindex/xros27.0-24M361-e829b21a6f8c9b70876ba0858053c044735bd543db762f57723cac368afd1ce4.sdkstatcache
CreateBuildDirectory /Users/admin/builder/spi-builder-workspace/.derivedData/Build/Intermediates.noindex/SwiftExplicitPrecompiledModules
cd /Users/admin/builder/spi-builder-workspace/.swiftpm/xcode
builtin-create-build-directory /Users/admin/builder/spi-builder-workspace/.derivedData/Build/Intermediates.noindex/SwiftExplicitPrecompiledModules
CreateBuildDirectory /Users/admin/builder/spi-builder-workspace/.derivedData/Build/Intermediates.noindex/PrecompiledHeaders
cd /Users/admin/builder/spi-builder-workspace/.swiftpm/xcode
builtin-create-build-directory /Users/admin/builder/spi-builder-workspace/.derivedData/Build/Intermediates.noindex/PrecompiledHeaders
CreateBuildDirectory /Users/admin/builder/spi-builder-workspace/.derivedData/Build/Products/Debug-xros
cd /Users/admin/builder/spi-builder-workspace/.swiftpm/xcode
builtin-create-build-directory /Users/admin/builder/spi-builder-workspace/.derivedData/Build/Products/Debug-xros
CreateBuildDirectory /Users/admin/builder/spi-builder-workspace/.derivedData/Build/Intermediates.noindex/ExplicitPrecompiledModules
cd /Users/admin/builder/spi-builder-workspace/.swiftpm/xcode
builtin-create-build-directory /Users/admin/builder/spi-builder-workspace/.derivedData/Build/Intermediates.noindex/ExplicitPrecompiledModules
CreateBuildDirectory /Users/admin/builder/spi-builder-workspace/.derivedData/Build/Intermediates.noindex/EagerLinkingTBDs/Debug-xros
cd /Users/admin/builder/spi-builder-workspace/.swiftpm/xcode
builtin-create-build-directory /Users/admin/builder/spi-builder-workspace/.derivedData/Build/Intermediates.noindex/EagerLinkingTBDs/Debug-xros
CreateBuildDirectory /Users/admin/builder/spi-builder-workspace/.derivedData/Build/Products/Debug-xros/PackageFrameworks
cd /Users/admin/builder/spi-builder-workspace/.swiftpm/xcode
builtin-create-build-directory /Users/admin/builder/spi-builder-workspace/.derivedData/Build/Products/Debug-xros/PackageFrameworks
WriteAuxiliaryFile /Users/admin/builder/spi-builder-workspace/.derivedData/Build/Intermediates.noindex/CrystalViewUtilities.build/Debug-xros/CrystalViewUtilities-t.build/CrystalViewUtilities.modulemap (in target 'CrystalViewUtilities' from project 'CrystalViewUtilities')
cd /Users/admin/builder/spi-builder-workspace
write-file /Users/admin/builder/spi-builder-workspace/.derivedData/Build/Intermediates.noindex/CrystalViewUtilities.build/Debug-xros/CrystalViewUtilities-t.build/CrystalViewUtilities.modulemap
WriteAuxiliaryFile /Users/admin/builder/spi-builder-workspace/.derivedData/Build/Intermediates.noindex/CrystalViewUtilities.build/Debug-xros/CrystalViewUtilities-t.build/CrystalViewUtilities.DependencyMetadataFileList (in target 'CrystalViewUtilities' from project 'CrystalViewUtilities')
cd /Users/admin/builder/spi-builder-workspace
write-file /Users/admin/builder/spi-builder-workspace/.derivedData/Build/Intermediates.noindex/CrystalViewUtilities.build/Debug-xros/CrystalViewUtilities-t.build/CrystalViewUtilities.DependencyMetadataFileList
WriteAuxiliaryFile /Users/admin/builder/spi-builder-workspace/.derivedData/Build/Intermediates.noindex/CrystalViewUtilities.build/Debug-xros/CrystalViewUtilities-t.build/CrystalViewUtilities.DependencyStaticMetadataFileList (in target 'CrystalViewUtilities' from project 'CrystalViewUtilities')
cd /Users/admin/builder/spi-builder-workspace
write-file /Users/admin/builder/spi-builder-workspace/.derivedData/Build/Intermediates.noindex/CrystalViewUtilities.build/Debug-xros/CrystalViewUtilities-t.build/CrystalViewUtilities.DependencyStaticMetadataFileList
WriteAuxiliaryFile /Users/admin/builder/spi-builder-workspace/.derivedData/Build/Intermediates.noindex/CrystalViewUtilities.build/Debug-xros/CrystalViewUtilities-t.build/Objects-normal/arm64/CrystalViewUtilities.LinkFileList (in target 'CrystalViewUtilities' from project 'CrystalViewUtilities')
cd /Users/admin/builder/spi-builder-workspace
write-file /Users/admin/builder/spi-builder-workspace/.derivedData/Build/Intermediates.noindex/CrystalViewUtilities.build/Debug-xros/CrystalViewUtilities-t.build/Objects-normal/arm64/CrystalViewUtilities.LinkFileList
WriteAuxiliaryFile /Users/admin/builder/spi-builder-workspace/.derivedData/Build/Intermediates.noindex/CrystalViewUtilities.build/Debug-xros/CrystalViewUtilities-t.build/Objects-normal/arm64/CrystalViewUtilities_const_extract_protocols.json (in target 'CrystalViewUtilities' from project 'CrystalViewUtilities')
cd /Users/admin/builder/spi-builder-workspace
write-file /Users/admin/builder/spi-builder-workspace/.derivedData/Build/Intermediates.noindex/CrystalViewUtilities.build/Debug-xros/CrystalViewUtilities-t.build/Objects-normal/arm64/CrystalViewUtilities_const_extract_protocols.json
WriteAuxiliaryFile /Users/admin/builder/spi-builder-workspace/.derivedData/Build/Intermediates.noindex/CrystalViewUtilities.build/Debug-xros/CrystalViewUtilities-t.build/Objects-normal/arm64/CrystalViewUtilities.SwiftFileList (in target 'CrystalViewUtilities' from project 'CrystalViewUtilities')
cd /Users/admin/builder/spi-builder-workspace
write-file /Users/admin/builder/spi-builder-workspace/.derivedData/Build/Intermediates.noindex/CrystalViewUtilities.build/Debug-xros/CrystalViewUtilities-t.build/Objects-normal/arm64/CrystalViewUtilities.SwiftFileList
WriteAuxiliaryFile /Users/admin/builder/spi-builder-workspace/.derivedData/Build/Intermediates.noindex/CrystalViewUtilities.build/Debug-xros/CrystalViewUtilities-t.build/Objects-normal/arm64/CrystalViewUtilities-OutputFileMap.json (in target 'CrystalViewUtilities' from project 'CrystalViewUtilities')
cd /Users/admin/builder/spi-builder-workspace
write-file /Users/admin/builder/spi-builder-workspace/.derivedData/Build/Intermediates.noindex/CrystalViewUtilities.build/Debug-xros/CrystalViewUtilities-t.build/Objects-normal/arm64/CrystalViewUtilities-OutputFileMap.json
WriteAuxiliaryFile /Users/admin/builder/spi-builder-workspace/.derivedData/Build/Intermediates.noindex/CrystalViewUtilities.build/Debug-xros/CrystalViewUtilities-t.build/Objects-normal/arm64/CrystalViewUtilities.SwiftConstValuesFileList (in target 'CrystalViewUtilities' from project 'CrystalViewUtilities')
cd /Users/admin/builder/spi-builder-workspace
write-file /Users/admin/builder/spi-builder-workspace/.derivedData/Build/Intermediates.noindex/CrystalViewUtilities.build/Debug-xros/CrystalViewUtilities-t.build/Objects-normal/arm64/CrystalViewUtilities.SwiftConstValuesFileList
Copy /Users/admin/builder/spi-builder-workspace/.derivedData/Build/Intermediates.noindex/GeneratedModuleMaps-xros/CrystalViewUtilities.modulemap /Users/admin/builder/spi-builder-workspace/.derivedData/Build/Intermediates.noindex/CrystalViewUtilities.build/Debug-xros/CrystalViewUtilities-t.build/CrystalViewUtilities.modulemap (in target 'CrystalViewUtilities' from project 'CrystalViewUtilities')
cd /Users/admin/builder/spi-builder-workspace
builtin-copy -exclude .DS_Store -exclude CVS -exclude .svn -exclude .git -exclude .hg -resolve-src-symlinks /Users/admin/builder/spi-builder-workspace/.derivedData/Build/Intermediates.noindex/CrystalViewUtilities.build/Debug-xros/CrystalViewUtilities-t.build/CrystalViewUtilities.modulemap /Users/admin/builder/spi-builder-workspace/.derivedData/Build/Intermediates.noindex/GeneratedModuleMaps-xros
SwiftDriver CrystalViewUtilities normal arm64 com.apple.xcode.tools.swift.compiler (in target 'CrystalViewUtilities' from project 'CrystalViewUtilities')
cd /Users/admin/builder/spi-builder-workspace/.swiftpm/xcode
builtin-SwiftDriver -- /Applications/Xcode-27.0.0-Release.Candidate.app/Contents/Developer/Toolchains/XcodeDefault.xctoolchain/usr/bin/swiftc -parse-as-library -module-name CrystalViewUtilities -Onone @/Users/admin/builder/spi-builder-workspace/.derivedData/Build/Intermediates.noindex/CrystalViewUtilities.build/Debug-xros/CrystalViewUtilities-t.build/Objects-normal/arm64/CrystalViewUtilities.SwiftFileList -DSWIFT_PACKAGE -DDEBUG -DSWIFT_MODULE_RESOURCE_BUNDLE_UNAVAILABLE -DXcode -plugin-path /Applications/Xcode-27.0.0-Release.Candidate.app/Contents/Developer/Toolchains/XcodeDefault.xctoolchain/usr/lib/swift/host/plugins/testing -enable-experimental-feature DebugDescriptionMacro -sdk /Applications/Xcode-27.0.0-Release.Candidate.app/Contents/Developer/Platforms/XROS.platform/Developer/SDKs/XROS27.0.sdk -target arm64-apple-xros1.0 -g -module-cache-path /Users/admin/builder/spi-builder-workspace/.derivedData/ModuleCache.noindex -Xfrontend -serialize-debugging-options -profile-coverage-mapping -profile-generate -enable-testing -index-store-path /Users/admin/builder/spi-builder-workspace/.derivedData/Index.noindex/DataStore -Xcc -D_LIBCPP_HARDENING_MODE\=_LIBCPP_HARDENING_MODE_DEBUG -swift-version 5 -I /Users/admin/builder/spi-builder-workspace/.derivedData/Build/Products/Debug-xros -Isystem /Applications/Xcode-27.0.0-Release.Candidate.app/Contents/Developer/Platforms/XROS.platform/Developer/usr/lib -F /Users/admin/builder/spi-builder-workspace/.derivedData/Build/Products/Debug-xros -F /Applications/Xcode-27.0.0-Release.Candidate.app/Contents/Developer/Platforms/XROS.platform/Developer/Library/Frameworks -F /Applications/Xcode-27.0.0-Release.Candidate.app/Contents/Developer/Platforms/XROS.platform/Developer/SDKs/XROS27.0.sdk/Developer/Library/Frameworks -c -j10 -enable-batch-mode -incremental -Xcc -ivfsstatcache -Xcc /Users/admin/builder/spi-builder-workspace/.derivedData/SDKStatCaches.noindex/xros27.0-24M361-e829b21a6f8c9b70876ba0858053c044735bd543db762f57723cac368afd1ce4.sdkstatcache -output-file-map /Users/admin/builder/spi-builder-workspace/.derivedData/Build/Intermediates.noindex/CrystalViewUtilities.build/Debug-xros/CrystalViewUtilities-t.build/Objects-normal/arm64/CrystalViewUtilities-OutputFileMap.json -save-temps -no-color-diagnostics -explicit-module-build -module-cache-path /Users/admin/builder/spi-builder-workspace/.derivedData/Build/Intermediates.noindex/SwiftExplicitPrecompiledModules -clang-scanner-module-cache-path /Users/admin/builder/spi-builder-workspace/.derivedData/ModuleCache.noindex -sdk-module-cache-path /Users/admin/builder/spi-builder-workspace/.derivedData/SDKExplicitPrecompiledModules -emit-dependencies -emit-module -emit-module-path /Users/admin/builder/spi-builder-workspace/.derivedData/Build/Intermediates.noindex/CrystalViewUtilities.build/Debug-xros/CrystalViewUtilities-t.build/Objects-normal/arm64/CrystalViewUtilities.swiftmodule -serialize-diagnostics -dependency-scan-serialize-diagnostics-path /Users/admin/builder/spi-builder-workspace/.derivedData/Build/Intermediates.noindex/CrystalViewUtilities.build/Debug-xros/CrystalViewUtilities-t.build/Objects-normal/arm64/CrystalViewUtilities-dependency-scan.dia -validate-clang-modules-once -clang-build-session-file /Users/admin/builder/spi-builder-workspace/.derivedData/ModuleCache.noindex/Session.modulevalidation -Xcc -fmodules-prune-interval\=86400 -Xcc -fmodules-prune-after\=345600 -emit-const-values -const-gather-protocols-list /Users/admin/builder/spi-builder-workspace/.derivedData/Build/Intermediates.noindex/CrystalViewUtilities.build/Debug-xros/CrystalViewUtilities-t.build/Objects-normal/arm64/CrystalViewUtilities_const_extract_protocols.json -Xcc -I/Users/admin/builder/spi-builder-workspace/.derivedData/Build/Products/Debug-xros/include -Xcc -I/Users/admin/builder/spi-builder-workspace/.derivedData/Build/Intermediates.noindex/CrystalViewUtilities.build/Debug-xros/CrystalViewUtilities-t.build/DerivedSources-normal/arm64 -Xcc -I/Users/admin/builder/spi-builder-workspace/.derivedData/Build/Intermediates.noindex/CrystalViewUtilities.build/Debug-xros/CrystalViewUtilities-t.build/DerivedSources/arm64 -Xcc -I/Users/admin/builder/spi-builder-workspace/.derivedData/Build/Intermediates.noindex/CrystalViewUtilities.build/Debug-xros/CrystalViewUtilities-t.build/DerivedSources -Xcc -DSWIFT_PACKAGE -Xcc -DDEBUG\=1 -emit-objc-header -emit-objc-header-path /Users/admin/builder/spi-builder-workspace/.derivedData/Build/Intermediates.noindex/CrystalViewUtilities.build/Debug-xros/CrystalViewUtilities-t.build/Objects-normal/arm64/CrystalViewUtilities-Swift.h -working-directory /Users/admin/builder/spi-builder-workspace/.swiftpm/xcode -experimental-emit-module-separately -disable-cmo
SwiftExplicitDependencyGeneratePcm arm64 /Users/admin/builder/spi-builder-workspace/.derivedData/SDKExplicitPrecompiledModules/DeveloperToolsSupport-46GOQP8J1QTHLYQSJW81T8UZ3.pcm
SwiftExplicitDependencyGeneratePcm arm64 /Users/admin/builder/spi-builder-workspace/.derivedData/SDKExplicitPrecompiledModules/ShaderGraph-AW1O397P711WTY8KSK8LZX9YA.pcm
SwiftExplicitDependencyGeneratePcm arm64 /Users/admin/builder/spi-builder-workspace/.derivedData/SDKExplicitPrecompiledModules/_Builtin_stddef-5NQ9Z1GV07GBSRQGAQCGXGVRI.pcm
SwiftExplicitDependencyGeneratePcm arm64 /Users/admin/builder/spi-builder-workspace/.derivedData/SDKExplicitPrecompiledModules/_Builtin_stdarg-CDA349K2K4US766844K8E0PVA.pcm
SwiftExplicitDependencyGeneratePcm arm64 /Users/admin/builder/spi-builder-workspace/.derivedData/SDKExplicitPrecompiledModules/_SwiftConcurrencyShims-C8XHKSHX96D5YYALNM4W70Z0O.pcm
SwiftExplicitDependencyGeneratePcm arm64 /Users/admin/builder/spi-builder-workspace/.derivedData/SDKExplicitPrecompiledModules/ptrcheck-BXA97MNLI4BB0HF5I8MJE403D.pcm
SwiftExplicitDependencyGeneratePcm arm64 /Users/admin/builder/spi-builder-workspace/.derivedData/SDKExplicitPrecompiledModules/SwiftShims-CI4H5RO9IYFFWQ2COB512Q2S9.pcm
SwiftExplicitDependencyGeneratePcm arm64 /Users/admin/builder/spi-builder-workspace/.derivedData/SDKExplicitPrecompiledModules/_Builtin_float-6WKHNW5S40U2QGHXXGETUDIRA.pcm
SwiftExplicitDependencyGeneratePcm arm64 /Users/admin/builder/spi-builder-workspace/.derivedData/SDKExplicitPrecompiledModules/_Builtin_stdbool-5BU2ADS7JXQMYENKQHW9X8XOU.pcm
SwiftExplicitDependencyGeneratePcm arm64 /Users/admin/builder/spi-builder-workspace/.derivedData/SDKExplicitPrecompiledModules/_AvailabilityInternal-1Q8IQP6M38UWSGZ95UCEY2M44.pcm
SwiftExplicitDependencyGeneratePcm arm64 /Users/admin/builder/spi-builder-workspace/.derivedData/SDKExplicitPrecompiledModules/ptrauth-1WBA714DZSVUL5JQDJ08CLKZ.pcm
SwiftExplicitDependencyGeneratePcm arm64 /Users/admin/builder/spi-builder-workspace/.derivedData/SDKExplicitPrecompiledModules/_DarwinFoundation1-5RGRVV2TZ6WC4WZW5IXF8NQ04.pcm
SwiftExplicitDependencyGeneratePcm arm64 /Users/admin/builder/spi-builder-workspace/.derivedData/SDKExplicitPrecompiledModules/_DarwinFoundation2-ENTECK156YEWITZRRBTOCE4KR.pcm
SwiftExplicitDependencyGeneratePcm arm64 /Users/admin/builder/spi-builder-workspace/.derivedData/SDKExplicitPrecompiledModules/_Builtin_limits-425JDMN5HPM3D0UEI8LEHP6NM.pcm
SwiftExplicitDependencyGeneratePcm arm64 /Users/admin/builder/spi-builder-workspace/.derivedData/SDKExplicitPrecompiledModules/sys_types-AYM0BHR77VKMWZCO2T0XGV2HF.pcm
SwiftExplicitDependencyGeneratePcm arm64 /Users/admin/builder/spi-builder-workspace/.derivedData/SDKExplicitPrecompiledModules/string_h-2GT67HHHHK5CF1V1S31LH0PU2.pcm
SwiftExplicitDependencyGeneratePcm arm64 /Users/admin/builder/spi-builder-workspace/.derivedData/SDKExplicitPrecompiledModules/_Builtin_tgmath-BPYSMHWI520EQRL2HW519ZY7Z.pcm
SwiftExplicitDependencyGeneratePcm arm64 /Users/admin/builder/spi-builder-workspace/.derivedData/SDKExplicitPrecompiledModules/_Builtin_stdint-8OR6T47OOYJA90ZBO3N1USDE.pcm
SwiftExplicitDependencyGeneratePcm arm64 /Users/admin/builder/spi-builder-workspace/.derivedData/SDKExplicitPrecompiledModules/_DarwinFoundation3-9ZHN6JKBS40BBA81RQMV8H0IC.pcm
SwiftExplicitDependencyGeneratePcm arm64 /Users/admin/builder/spi-builder-workspace/.derivedData/SDKExplicitPrecompiledModules/_Builtin_intrinsics-BC5IJI3YI34RQ61ZNVDRDZ6RN.pcm
SwiftExplicitDependencyGeneratePcm arm64 /Users/admin/builder/spi-builder-workspace/.derivedData/SDKExplicitPrecompiledModules/_Builtin_stdatomic-1VUZPM79PNCAHXVBERD53WRSF.pcm
SwiftExplicitDependencyGeneratePcm arm64 /Users/admin/builder/spi-builder-workspace/.derivedData/SDKExplicitPrecompiledModules/_Builtin_inttypes-11B64KJD36B3YOHBR1BBXBJY8.pcm
SwiftExplicitDependencyGeneratePcm arm64 /Users/admin/builder/spi-builder-workspace/.derivedData/SDKExplicitPrecompiledModules/Darwin-60P5LVNQO3ESRRM5DCJ05PFNK.pcm
SwiftExplicitDependencyGeneratePcm arm64 /Users/admin/builder/spi-builder-workspace/.derivedData/SDKExplicitPrecompiledModules/simd-9XXAB17Y6E4BBPQADD61NZ23.pcm
SwiftExplicitDependencyGeneratePcm arm64 /Users/admin/builder/spi-builder-workspace/.derivedData/SDKExplicitPrecompiledModules/ObjectiveC-26TIBFYCEJZVP216ZZAU1X8KN.pcm
SwiftExplicitDependencyGeneratePcm arm64 /Users/admin/builder/spi-builder-workspace/.derivedData/SDKExplicitPrecompiledModules/MachO-3XTHY7HWV6RF3KXKYQVHUBUXK.pcm
SwiftExplicitDependencyGeneratePcm arm64 /Users/admin/builder/spi-builder-workspace/.derivedData/SDKExplicitPrecompiledModules/os_object-692CJ8BG6RE5H04487EJJOVXW.pcm
SwiftExplicitDependencyGeneratePcm arm64 /Users/admin/builder/spi-builder-workspace/.derivedData/SDKExplicitPrecompiledModules/os_workgroup-4U1VXMWIZD80E7PRUQF2G7P9X.pcm
SwiftExplicitDependencyGeneratePcm arm64 /Users/admin/builder/spi-builder-workspace/.derivedData/SDKExplicitPrecompiledModules/Dispatch-CLT3466HKC22GCKAWSCNG0H7T.pcm
SwiftExplicitDependencyGeneratePcm arm64 /Users/admin/builder/spi-builder-workspace/.derivedData/SDKExplicitPrecompiledModules/Spatial-5E0I2846LO3ZE24CSVR2O57TI.pcm
SwiftExplicitDependencyGeneratePcm arm64 /Users/admin/builder/spi-builder-workspace/.derivedData/SDKExplicitPrecompiledModules/XPC-EP5EU7FNGP4VOA3EDM18P1KHO.pcm
SwiftExplicitDependencyGeneratePcm arm64 /Users/admin/builder/spi-builder-workspace/.derivedData/SDKExplicitPrecompiledModules/dnssd-CCUV1M8EULNEQJUXO7L0PJAL4.pcm
SwiftExplicitDependencyGeneratePcm arm64 /Users/admin/builder/spi-builder-workspace/.derivedData/SDKExplicitPrecompiledModules/CoreFoundation-AVLTZVCXBU2TO75JCN4AGU8XJ.pcm
SwiftExplicitDependencyGeneratePcm arm64 /Users/admin/builder/spi-builder-workspace/.derivedData/SDKExplicitPrecompiledModules/os-1004XEJ3IXOOAU0KL58SM3D0K.pcm
SwiftExplicitDependencyGeneratePcm arm64 /Users/admin/builder/spi-builder-workspace/.derivedData/SDKExplicitPrecompiledModules/CFNetwork-5MI70N1VLDQSWTX4COWLMSIRO.pcm
SwiftExplicitDependencyGeneratePcm arm64 /Users/admin/builder/spi-builder-workspace/.derivedData/SDKExplicitPrecompiledModules/CoreAudioTypes-45UXYEQRN95KG6BF2CW0QIYK9.pcm
SwiftExplicitDependencyGeneratePcm arm64 /Users/admin/builder/spi-builder-workspace/.derivedData/SDKExplicitPrecompiledModules/Security-8TH2M8WJIQMET4SADWX0N8372.pcm
SwiftExplicitDependencyGeneratePcm arm64 /Users/admin/builder/spi-builder-workspace/.derivedData/SDKExplicitPrecompiledModules/CoreGraphics-BFUJ177R223UT2ZI327ZTZY91.pcm
SwiftExplicitDependencyGeneratePcm arm64 /Users/admin/builder/spi-builder-workspace/.derivedData/SDKExplicitPrecompiledModules/CoreAudio-CXS3C78T5TQDGLEGXIBJ04WJ4.pcm
SwiftExplicitDependencyGeneratePcm arm64 /Users/admin/builder/spi-builder-workspace/.derivedData/SDKExplicitPrecompiledModules/Foundation-8GON1KVEKRN3NOQI8RETBRWJP.pcm
SwiftExplicitDependencyGeneratePcm arm64 /Users/admin/builder/spi-builder-workspace/.derivedData/SDKExplicitPrecompiledModules/ImageIO-5CC6COR9KJYI1UBL7CSHLU2OG.pcm
SwiftExplicitDependencyGeneratePcm arm64 /Users/admin/builder/spi-builder-workspace/.derivedData/SDKExplicitPrecompiledModules/CoreText-6F9TY5TEPCCZ1K2KYM4GMEGHD.pcm
SwiftExplicitDependencyGeneratePcm arm64 /Users/admin/builder/spi-builder-workspace/.derivedData/SDKExplicitPrecompiledModules/CoreTransferable-8TBYAKHCX6UC8QQSS7BD8GQK5.pcm
SwiftExplicitDependencyGeneratePcm arm64 /Users/admin/builder/spi-builder-workspace/.derivedData/SDKExplicitPrecompiledModules/DataDetection-BANTQ3WXXGKZJYC0LLB3MD9K0.pcm
SwiftExplicitDependencyGeneratePcm arm64 /Users/admin/builder/spi-builder-workspace/.derivedData/SDKExplicitPrecompiledModules/UIUtilities-AOVGLUWEAN6CG2UZFNESGSP6C.pcm
SwiftExplicitDependencyGeneratePcm arm64 /Users/admin/builder/spi-builder-workspace/.derivedData/SDKExplicitPrecompiledModules/CoreMIDI-7L19IC4ZH9BPYLVTD8IIFWN9R.pcm
SwiftExplicitDependencyGeneratePcm arm64 /Users/admin/builder/spi-builder-workspace/.derivedData/SDKExplicitPrecompiledModules/OSLog-BNGT87TS0GMBFF7TY70HHB69.pcm
SwiftExplicitDependencyGeneratePcm arm64 /Users/admin/builder/spi-builder-workspace/.derivedData/SDKExplicitPrecompiledModules/UserNotifications-8IIV1V1FPNAPA4LY1Y23LOM2N.pcm
SwiftExplicitDependencyGeneratePcm arm64 /Users/admin/builder/spi-builder-workspace/.derivedData/SDKExplicitPrecompiledModules/LocalAuthentication-9MSPUJ85OBXBTOD7NJCT1GZ0O.pcm
SwiftExplicitDependencyGeneratePcm arm64 /Users/admin/builder/spi-builder-workspace/.derivedData/SDKExplicitPrecompiledModules/Network-EQPZZF3W6BWG89K0PY9NZO3T0.pcm
SwiftExplicitDependencyGeneratePcm arm64 /Users/admin/builder/spi-builder-workspace/.derivedData/SDKExplicitPrecompiledModules/CoreData-73N6Z547OZUEZ8ADGEC6XRHWN.pcm
SwiftExplicitDependencyGeneratePcm arm64 /Users/admin/builder/spi-builder-workspace/.derivedData/SDKExplicitPrecompiledModules/IOSurface-5FE9U89GVFF9A7X7AGO2R8ENI.pcm
SwiftExplicitDependencyGeneratePcm arm64 /Users/admin/builder/spi-builder-workspace/.derivedData/SDKExplicitPrecompiledModules/UniformTypeIdentifiers-E5KMWDZEKS4QW9RO1KBRDEXV6.pcm
SwiftExplicitDependencyGeneratePcm arm64 /Users/admin/builder/spi-builder-workspace/.derivedData/SDKExplicitPrecompiledModules/FileProvider-C9I28SI56F2SEVH1BCWTKGODO.pcm
SwiftExplicitDependencyGeneratePcm arm64 /Users/admin/builder/spi-builder-workspace/.derivedData/SDKExplicitPrecompiledModules/Accessibility-1DR4J4YDVDGAYQTZ0FKZ1PU09.pcm
SwiftExplicitDependencyGeneratePcm arm64 /Users/admin/builder/spi-builder-workspace/.derivedData/SDKExplicitPrecompiledModules/Symbols-8G2XC01RPQ5HYIZE6JNUT864I.pcm
SwiftExplicitDependencyGeneratePcm arm64 /Users/admin/builder/spi-builder-workspace/.derivedData/SDKExplicitPrecompiledModules/_LocationEssentials-8GQGFVARUE99D8VJX3TINY0VP.pcm
SwiftExplicitDependencyGeneratePcm arm64 /Users/admin/builder/spi-builder-workspace/.derivedData/SDKExplicitPrecompiledModules/OpenGLES-56BKSYXNVAP91BYZRWAKQZKGI.pcm
SwiftExplicitDependencyGeneratePcm arm64 /Users/admin/builder/spi-builder-workspace/.derivedData/SDKExplicitPrecompiledModules/Metal-EKNUM9P3PRIBHZK1ZBD6BA2T7.pcm
SwiftExplicitDependencyGeneratePcm arm64 /Users/admin/builder/spi-builder-workspace/.derivedData/SDKExplicitPrecompiledModules/AVRouting-55P8FRNK50AFZOMMB2LBBOX33.pcm
SwiftExplicitDependencyGeneratePcm arm64 /Users/admin/builder/spi-builder-workspace/.derivedData/SDKExplicitPrecompiledModules/AudioToolbox-2K3S8EA590EB3GMH6D6784BWZ.pcm
SwiftExplicitDependencyGeneratePcm arm64 /Users/admin/builder/spi-builder-workspace/.derivedData/SDKExplicitPrecompiledModules/CoreLocation-1SN37095DAPVJ068LLP9TBDQX.pcm
SwiftExplicitDependencyGeneratePcm arm64 /Users/admin/builder/spi-builder-workspace/.derivedData/SDKExplicitPrecompiledModules/CoreMotion-10LV922UPGE28QX2SOIO7ALIZ.pcm
SwiftExplicitDependencyCompileModuleFromInterface arm64 /Users/admin/builder/spi-builder-workspace/.derivedData/SDKExplicitPrecompiledModules/ShaderGraph-URHKVVOFZL5Z.swiftmodule
SwiftExplicitDependencyGeneratePcm arm64 /Users/admin/builder/spi-builder-workspace/.derivedData/SDKExplicitPrecompiledModules/CoreVideo-E12HJSJSLO0YKWYBES11UKJ02.pcm
SwiftExplicitDependencyGeneratePcm arm64 /Users/admin/builder/spi-builder-workspace/.derivedData/SDKExplicitPrecompiledModules/QuartzCore-12T8WVKUNCL1N7VXH87MM4YOB.pcm
SwiftExplicitDependencyGeneratePcm arm64 /Users/admin/builder/spi-builder-workspace/.derivedData/SDKExplicitPrecompiledModules/CoreMedia-D1IBHC28BRHWLNUG1Q75G5YN0.pcm
SwiftExplicitDependencyGeneratePcm arm64 /Users/admin/builder/spi-builder-workspace/.derivedData/SDKExplicitPrecompiledModules/ARKitFoundation-3N77COW7DLP77CM0PWZXSR9BD.pcm
SwiftExplicitDependencyGeneratePcm arm64 /Users/admin/builder/spi-builder-workspace/.derivedData/SDKExplicitPrecompiledModules/CoreML-37QYERWC0RQN4IY4377UD0TY1.pcm
SwiftExplicitDependencyGeneratePcm arm64 /Users/admin/builder/spi-builder-workspace/.derivedData/SDKExplicitPrecompiledModules/CoreImage-8WF1P230U10QM666EQMNV7OF1.pcm
SwiftExplicitDependencyGeneratePcm arm64 /Users/admin/builder/spi-builder-workspace/.derivedData/SDKExplicitPrecompiledModules/SwiftUICore-6OBBMA39VFD4CB6SG2PE41FAP.pcm
SwiftExplicitDependencyGeneratePcm arm64 /Users/admin/builder/spi-builder-workspace/.derivedData/SDKExplicitPrecompiledModules/MediaToolbox-1J5U29ERBPNPI1HKEJHXOP8EV.pcm
SwiftExplicitDependencyGeneratePcm arm64 /Users/admin/builder/spi-builder-workspace/.derivedData/SDKExplicitPrecompiledModules/Vision-DVVG9MQGC3IMTVPTC1691MQ6Z.pcm
SwiftExplicitDependencyGeneratePcm arm64 /Users/admin/builder/spi-builder-workspace/.derivedData/SDKExplicitPrecompiledModules/VideoToolbox-7I4MDYIPJ4IWU1ZSL4JE3I7M6.pcm
SwiftExplicitDependencyGeneratePcm arm64 /Users/admin/builder/spi-builder-workspace/.derivedData/SDKExplicitPrecompiledModules/AVFAudio-E8GATWFYYBEBB41O9N0LRRGYC.pcm
SwiftExplicitDependencyGeneratePcm arm64 /Users/admin/builder/spi-builder-workspace/.derivedData/SDKExplicitPrecompiledModules/UIKit-2D2PMAAE45TMO6S28UCGCO5BR.pcm
SwiftExplicitDependencyGeneratePcm arm64 /Users/admin/builder/spi-builder-workspace/.derivedData/SDKExplicitPrecompiledModules/AVFoundation-DFCX8GQJWVA3CZBITWEHAZEFX.pcm
SwiftExplicitDependencyGeneratePcm arm64 /Users/admin/builder/spi-builder-workspace/.derivedData/SDKExplicitPrecompiledModules/ARKitCore-307YVPJLQNB66BTBIONHZNP86.pcm
SwiftExplicitDependencyGeneratePcm arm64 /Users/admin/builder/spi-builder-workspace/.derivedData/SDKExplicitPrecompiledModules/SwiftUI-77PUPXISY3V3TUF5FJEHUQC86.pcm
SwiftExplicitDependencyGeneratePcm arm64 /Users/admin/builder/spi-builder-workspace/.derivedData/SDKExplicitPrecompiledModules/GameController-7QL0VMQHE24OWQFUR0UFT89DW.pcm
SwiftExplicitDependencyGeneratePcm arm64 /Users/admin/builder/spi-builder-workspace/.derivedData/SDKExplicitPrecompiledModules/ARKit-27VDPOZ50FG2MJG7OFV6IFQYQ.pcm
SwiftEmitModule normal arm64 Emitting\ module\ for\ CrystalViewUtilities (in target 'CrystalViewUtilities' from project 'CrystalViewUtilities')
/Users/admin/builder/spi-builder-workspace/Sources/CrystalViewUtilities/Extensions/CUIBezierPath_Extension.swift:82:11: error: cannot find type 'CUIBezierPath' in scope
80 | ///
81 | /// Adapted from https://github.com/janheiermann/BezierPath-Corners
82 | extension CUIBezierPath {
| `- error: cannot find type 'CUIBezierPath' in scope
83 | #if os(iOS) || os(tvOS)
84 | func curve(to point: CGPoint, controlPoint1: CGPoint, controlPoint2: CGPoint) {
/Users/admin/builder/spi-builder-workspace/Sources/CrystalViewUtilities/Extensions/GeometryProxy_extension.swift:29:1: warning: extension declares a conformance of imported type 'GeometryProxy' to imported protocol 'Equatable'; this will not behave correctly if the owners of 'SwiftUICore' introduce this conformance in the future
27 | import SwiftUI
28 |
29 | extension GeometryProxy: Equatable {
| |- warning: extension declares a conformance of imported type 'GeometryProxy' to imported protocol 'Equatable'; this will not behave correctly if the owners of 'SwiftUICore' introduce this conformance in the future
| `- note: add '@retroactive' to silence this warning
30 | // MARK: - Comparing `GeometryProxy`
31 |
/Users/admin/builder/spi-builder-workspace/Sources/CrystalViewUtilities/Shapes/CUIRoundedCornerShape.swift:34:9: warning: stored property 'corners' of 'Sendable'-conforming struct 'CUIRoundedCornerShape' has non-Sendable type 'CUICorner'; this is an error in the Swift 6 language mode
32 | public struct CUIRoundedCornerShape: Shape {
33 | var radius: CGFloat
34 | var corners: CUICorner
| `- warning: stored property 'corners' of 'Sendable'-conforming struct 'CUIRoundedCornerShape' has non-Sendable type 'CUICorner'; this is an error in the Swift 6 language mode
35 |
36 | private var cutPositionSet: CUIPositionSet? = nil
/Users/admin/builder/spi-builder-workspace/Sources/CrystalViewUtilities/OptionSets/CUICorner.swift:30:15: note: consider making struct 'CUICorner' conform to the 'Sendable' protocol
28 |
29 | /// A wrapper around `UIRectCorner` that adapts corners to leading and trailing terminology.
30 | public struct CUICorner: OptionSet {
| `- note: consider making struct 'CUICorner' conform to the 'Sendable' protocol
31 | @Environment(\.layoutDirection) var direction
32 |
/Users/admin/builder/spi-builder-workspace/Sources/CrystalViewUtilities/Shapes/CUIRoundedCornerShape.swift:36:17: warning: stored property 'cutPositionSet' of 'Sendable'-conforming struct 'CUIRoundedCornerShape' contains non-Sendable type 'CUIPositionSet'; this is an error in the Swift 6 language mode
34 | var corners: CUICorner
35 |
36 | private var cutPositionSet: CUIPositionSet? = nil
| `- warning: stored property 'cutPositionSet' of 'Sendable'-conforming struct 'CUIRoundedCornerShape' contains non-Sendable type 'CUIPositionSet'; this is an error in the Swift 6 language mode
37 | private var cutLength: CGFloat? = nil
38 |
/Users/admin/builder/spi-builder-workspace/Sources/CrystalViewUtilities/Structs/CUIPositionSet.swift:32:13: note: consider making enum 'CUIPositionSet' conform to the 'Sendable' protocol
30 | ///
31 | /// The position is described using a combination of an edge and the alignment along that edge.
32 | public enum CUIPositionSet {
| `- note: consider making enum 'CUIPositionSet' conform to the 'Sendable' protocol
33 | @Environment(\.layoutDirection)
34 | static var layoutDirection
Failed frontend command:
SwiftCompile normal arm64 (in target 'CrystalViewUtilities' from project 'CrystalViewUtilities')
cd /Users/admin/builder/spi-builder-workspace/.swiftpm/xcode
/Applications/Xcode-27.0.0-Release.Candidate.app/Contents/Developer/Toolchains/XcodeDefault.xctoolchain/usr/bin/swift-frontend -frontend -emit-module -experimental-skip-non-inlinable-function-bodies-without-types /Users/admin/builder/spi-builder-workspace/Sources/CrystalViewUtilities/Extensions/Alignment_Extension.swift /Users/admin/builder/spi-builder-workspace/Sources/CrystalViewUtilities/Extensions/CGFloat_Extension.swift /Users/admin/builder/spi-builder-workspace/Sources/CrystalViewUtilities/Extensions/CUIBezierPath_Extension.swift /Users/admin/builder/spi-builder-workspace/Sources/CrystalViewUtilities/Extensions/Color_Extension.swift /Users/admin/builder/spi-builder-workspace/Sources/CrystalViewUtilities/Extensions/GeometryProxy_extension.swift /Users/admin/builder/spi-builder-workspace/Sources/CrystalViewUtilities/Extensions/Image_Extension.swift /Users/admin/builder/spi-builder-workspace/Sources/CrystalViewUtilities/Extensions/UIScreen_Extension.swift /Users/admin/builder/spi-builder-workspace/Sources/CrystalViewUtilities/Extensions/View_Extension.swift /Users/admin/builder/spi-builder-workspace/Sources/CrystalViewUtilities/Layout/CUIFlowLayout.swift /Users/admin/builder/spi-builder-workspace/Sources/CrystalViewUtilities/OptionSets/CUICorner.swift /Users/admin/builder/spi-builder-workspace/Sources/CrystalViewUtilities/Shapes/CUIRoundedCornerShape.swift /Users/admin/builder/spi-builder-workspace/Sources/CrystalViewUtilities/Structs/CUIPositionSet.swift /Users/admin/builder/spi-builder-workspace/Sources/CrystalViewUtilities/TypeAliases.swift /Users/admin/builder/spi-builder-workspace/Sources/CrystalViewUtilities/Views/CUIAdaptiveStackView.swift /Users/admin/builder/spi-builder-workspace/Sources/CrystalViewUtilities/Views/CUIChildGeometryReader.swift /Users/admin/builder/spi-builder-workspace/Sources/CrystalViewUtilities/Views/CUIChildSizeReader.swift /Users/admin/builder/spi-builder-workspace/Sources/CrystalViewUtilities/Views/CUITitledGroup.swift /Users/admin/builder/spi-builder-workspace/Sources/CrystalViewUtilities/Views/CUITitledGroupTextLabel.swift -target arm64-apple-xros1.0 -disable-cross-import-overlay-search -load-resolved-plugin /Applications/Xcode-27.0.0-Release.Candidate.app/Contents/Developer/Platforms/XROS.platform/Developer/usr/lib/swift/host/plugins/libFoundationMacros.dylib\#/Applications/Xcode-27.0.0-Release.Candidate.app/Contents/Developer/Platforms/XROS.platform/Developer/usr/bin/swift-plugin-server\#FoundationMacros -load-resolved-plugin /Applications/Xcode-27.0.0-Release.Candidate.app/Contents/Developer/Platforms/XROS.platform/Developer/usr/lib/swift/host/plugins/libObservationMacros.dylib\#/Applications/Xcode-27.0.0-Release.Candidate.app/Contents/Developer/Platforms/XROS.platform/Developer/usr/bin/swift-plugin-server\#ObservationMacros -load-resolved-plugin /Applications/Xcode-27.0.0-Release.Candidate.app/Contents/Developer/Platforms/XROS.platform/Developer/usr/lib/swift/host/plugins/libPreviewsMacros.dylib\#/Applications/Xcode-27.0.0-Release.Candidate.app/Contents/Developer/Platforms/XROS.platform/Developer/usr/bin/swift-plugin-server\#PreviewsMacros -load-resolved-plugin /Applications/Xcode-27.0.0-Release.Candidate.app/Contents/Developer/Platforms/XROS.platform/Developer/usr/lib/swift/host/plugins/libSwiftMacros.dylib\#/Applications/Xcode-27.0.0-Release.Candidate.app/Contents/Developer/Platforms/XROS.platform/Developer/usr/bin/swift-plugin-server\#SwiftMacros -load-resolved-plugin /Applications/Xcode-27.0.0-Release.Candidate.app/Contents/Developer/Platforms/XROS.platform/Developer/usr/lib/swift/host/plugins/libSwiftUIMacros.dylib\#/Applications/Xcode-27.0.0-Release.Candidate.app/Contents/Developer/Platforms/XROS.platform/Developer/usr/bin/swift-plugin-server\#SwiftUIMacros -disable-implicit-swift-modules -Xcc -fno-implicit-modules -Xcc -fno-implicit-module-maps -explicit-swift-module-map-file /Users/admin/builder/spi-builder-workspace/.derivedData/Build/Intermediates.noindex/CrystalViewUtilities.build/Debug-xros/CrystalViewUtilities-t.build/Objects-normal/arm64/CrystalViewUtilities-dependencies-1.json -Xllvm -aarch64-use-tbi -enable-objc-interop -stack-check -sdk /Applications/Xcode-27.0.0-Release.Candidate.app/Contents/Developer/Platforms/XROS.platform/Developer/SDKs/XROS27.0.sdk -I /Users/admin/builder/spi-builder-workspace/.derivedData/Build/Products/Debug-xros -Isystem /Applications/Xcode-27.0.0-Release.Candidate.app/Contents/Developer/Platforms/XROS.platform/Developer/usr/lib -F /Users/admin/builder/spi-builder-workspace/.derivedData/Build/Products/Debug-xros -F /Applications/Xcode-27.0.0-Release.Candidate.app/Contents/Developer/Platforms/XROS.platform/Developer/Library/Frameworks -F /Applications/Xcode-27.0.0-Release.Candidate.app/Contents/Developer/Platforms/XROS.platform/Developer/SDKs/XROS27.0.sdk/Developer/Library/Frameworks -module-cache-path /Users/admin/builder/spi-builder-workspace/.derivedData/Build/Intermediates.noindex/SwiftExplicitPrecompiledModules -no-color-diagnostics -Xcc -fno-color-diagnostics -enable-testing -g -debug-info-format\=dwarf -dwarf-version\=4 -profile-generate -profile-coverage-mapping -swift-version 5 -Onone -D SWIFT_PACKAGE -D DEBUG -D SWIFT_MODULE_RESOURCE_BUNDLE_UNAVAILABLE -D Xcode -serialize-debugging-options -enable-experimental-feature DebugDescriptionMacro -empty-abi-descriptor -validate-clang-modules-once -clang-build-session-file /Users/admin/builder/spi-builder-workspace/.derivedData/ModuleCache.noindex/Session.modulevalidation -Xcc -working-directory -Xcc /Users/admin/builder/spi-builder-workspace/.swiftpm/xcode -enable-anonymous-context-mangled-names -file-compilation-dir /Users/admin/builder/spi-builder-workspace/.swiftpm/xcode -Xcc -D_LIBCPP_HARDENING_MODE\=_LIBCPP_HARDENING_MODE_DEBUG -Xcc -ivfsstatcache -Xcc /Users/admin/builder/spi-builder-workspace/.derivedData/SDKStatCaches.noindex/xros27.0-24M361-e829b21a6f8c9b70876ba0858053c044735bd543db762f57723cac368afd1ce4.sdkstatcache -Xcc -fmodules-prune-interval\=86400 -Xcc -fmodules-prune-after\=345600 -Xcc -I/Users/admin/builder/spi-builder-workspace/.derivedData/Build/Products/Debug-xros/include -Xcc -I/Users/admin/builder/spi-builder-workspace/.derivedData/Build/Intermediates.noindex/CrystalViewUtilities.build/Debug-xros/CrystalViewUtilities-t.build/DerivedSources-normal/arm64 -Xcc -I/Users/admin/builder/spi-builder-workspace/.derivedData/Build/Intermediates.noindex/CrystalViewUtilities.build/Debug-xros/CrystalViewUtilities-t.build/DerivedSources/arm64 -Xcc -I/Users/admin/builder/spi-builder-workspace/.derivedData/Build/Intermediates.noindex/CrystalViewUtilities.build/Debug-xros/CrystalViewUtilities-t.build/DerivedSources -Xcc -DSWIFT_PACKAGE -Xcc -DDEBUG\=1 -no-auto-bridging-header-chaining -module-name CrystalViewUtilities -const-gather-protocols-file /Users/admin/builder/spi-builder-workspace/.derivedData/Build/Intermediates.noindex/CrystalViewUtilities.build/Debug-xros/CrystalViewUtilities-t.build/Objects-normal/arm64/CrystalViewUtilities_const_extract_protocols.json -disable-clang-spi -clang-target arm64-apple-xros27.0 -target-sdk-version 27.0 -target-sdk-name xros27.0 -in-process-plugin-server-path /Applications/Xcode-27.0.0-Release.Candidate.app/Contents/Developer/Toolchains/XcodeDefault.xctoolchain/usr/lib/swift/host/libSwiftInProcPluginServer.dylib -emit-module-doc-path /Users/admin/builder/spi-builder-workspace/.derivedData/Build/Intermediates.noindex/CrystalViewUtilities.build/Debug-xros/CrystalViewUtilities-t.build/Objects-normal/arm64/CrystalViewUtilities.swiftdoc -emit-module-source-info-path /Users/admin/builder/spi-builder-workspace/.derivedData/Build/Intermediates.noindex/CrystalViewUtilities.build/Debug-xros/CrystalViewUtilities-t.build/Objects-normal/arm64/CrystalViewUtilities.swiftsourceinfo -emit-objc-header-path /Users/admin/builder/spi-builder-workspace/.derivedData/Build/Intermediates.noindex/CrystalViewUtilities.build/Debug-xros/CrystalViewUtilities-t.build/Objects-normal/arm64/CrystalViewUtilities-Swift.h -serialize-diagnostics-path /Users/admin/builder/spi-builder-workspace/.derivedData/Build/Intermediates.noindex/CrystalViewUtilities.build/Debug-xros/CrystalViewUtilities-t.build/Objects-normal/arm64/CrystalViewUtilities-primary-emit-module.dia -emit-dependencies-path /Users/admin/builder/spi-builder-workspace/.derivedData/Build/Intermediates.noindex/CrystalViewUtilities.build/Debug-xros/CrystalViewUtilities-t.build/Objects-normal/arm64/CrystalViewUtilities-primary-emit-module.d -parse-as-library -o /Users/admin/builder/spi-builder-workspace/.derivedData/Build/Intermediates.noindex/CrystalViewUtilities.build/Debug-xros/CrystalViewUtilities-t.build/Objects-normal/arm64/CrystalViewUtilities.swiftmodule -emit-abi-descriptor-path /Users/admin/builder/spi-builder-workspace/.derivedData/Build/Intermediates.noindex/CrystalViewUtilities.build/Debug-xros/CrystalViewUtilities-t.build/Objects-normal/arm64/CrystalViewUtilities.abi.json
SwiftCompile normal arm64 Compiling\ CUIChildGeometryReader.swift,\ CUIChildSizeReader.swift /Users/admin/builder/spi-builder-workspace/Sources/CrystalViewUtilities/Views/CUIChildGeometryReader.swift /Users/admin/builder/spi-builder-workspace/Sources/CrystalViewUtilities/Views/CUIChildSizeReader.swift (in target 'CrystalViewUtilities' from project 'CrystalViewUtilities')
SwiftCompile normal arm64 /Users/admin/builder/spi-builder-workspace/Sources/CrystalViewUtilities/Views/CUIChildGeometryReader.swift (in target 'CrystalViewUtilities' from project 'CrystalViewUtilities')
cd /Users/admin/builder/spi-builder-workspace/.swiftpm/xcode
builtin-SwiftPerFileCompile CUIChildGeometryReader.swift
SwiftCompile normal arm64 /Users/admin/builder/spi-builder-workspace/Sources/CrystalViewUtilities/Views/CUIChildSizeReader.swift (in target 'CrystalViewUtilities' from project 'CrystalViewUtilities')
cd /Users/admin/builder/spi-builder-workspace/.swiftpm/xcode
builtin-SwiftPerFileCompile CUIChildSizeReader.swift
SwiftCompile normal arm64 Compiling\ Alignment_Extension.swift,\ CGFloat_Extension.swift /Users/admin/builder/spi-builder-workspace/Sources/CrystalViewUtilities/Extensions/Alignment_Extension.swift /Users/admin/builder/spi-builder-workspace/Sources/CrystalViewUtilities/Extensions/CGFloat_Extension.swift (in target 'CrystalViewUtilities' from project 'CrystalViewUtilities')
SwiftCompile normal arm64 /Users/admin/builder/spi-builder-workspace/Sources/CrystalViewUtilities/Extensions/Alignment_Extension.swift (in target 'CrystalViewUtilities' from project 'CrystalViewUtilities')
cd /Users/admin/builder/spi-builder-workspace/.swiftpm/xcode
builtin-SwiftPerFileCompile Alignment_Extension.swift
SwiftCompile normal arm64 /Users/admin/builder/spi-builder-workspace/Sources/CrystalViewUtilities/Extensions/CGFloat_Extension.swift (in target 'CrystalViewUtilities' from project 'CrystalViewUtilities')
cd /Users/admin/builder/spi-builder-workspace/.swiftpm/xcode
builtin-SwiftPerFileCompile CGFloat_Extension.swift
SwiftCompile normal arm64 Compiling\ UIScreen_Extension.swift,\ View_Extension.swift /Users/admin/builder/spi-builder-workspace/Sources/CrystalViewUtilities/Extensions/UIScreen_Extension.swift /Users/admin/builder/spi-builder-workspace/Sources/CrystalViewUtilities/Extensions/View_Extension.swift (in target 'CrystalViewUtilities' from project 'CrystalViewUtilities')
SwiftCompile normal arm64 /Users/admin/builder/spi-builder-workspace/Sources/CrystalViewUtilities/Extensions/UIScreen_Extension.swift (in target 'CrystalViewUtilities' from project 'CrystalViewUtilities')
cd /Users/admin/builder/spi-builder-workspace/.swiftpm/xcode
builtin-SwiftPerFileCompile UIScreen_Extension.swift
SwiftCompile normal arm64 /Users/admin/builder/spi-builder-workspace/Sources/CrystalViewUtilities/Extensions/View_Extension.swift (in target 'CrystalViewUtilities' from project 'CrystalViewUtilities')
cd /Users/admin/builder/spi-builder-workspace/.swiftpm/xcode
builtin-SwiftPerFileCompile View_Extension.swift
SwiftCompile normal arm64 Compiling\ GeometryProxy_extension.swift,\ Image_Extension.swift /Users/admin/builder/spi-builder-workspace/Sources/CrystalViewUtilities/Extensions/GeometryProxy_extension.swift /Users/admin/builder/spi-builder-workspace/Sources/CrystalViewUtilities/Extensions/Image_Extension.swift (in target 'CrystalViewUtilities' from project 'CrystalViewUtilities')
SwiftCompile normal arm64 /Users/admin/builder/spi-builder-workspace/Sources/CrystalViewUtilities/Extensions/GeometryProxy_extension.swift (in target 'CrystalViewUtilities' from project 'CrystalViewUtilities')
cd /Users/admin/builder/spi-builder-workspace/.swiftpm/xcode
builtin-SwiftPerFileCompile GeometryProxy_extension.swift
SwiftCompile normal arm64 /Users/admin/builder/spi-builder-workspace/Sources/CrystalViewUtilities/Extensions/Image_Extension.swift (in target 'CrystalViewUtilities' from project 'CrystalViewUtilities')
cd /Users/admin/builder/spi-builder-workspace/.swiftpm/xcode
builtin-SwiftPerFileCompile Image_Extension.swift
SwiftCompile normal arm64 Compiling\ CUIFlowLayout.swift,\ CUICorner.swift /Users/admin/builder/spi-builder-workspace/Sources/CrystalViewUtilities/Layout/CUIFlowLayout.swift /Users/admin/builder/spi-builder-workspace/Sources/CrystalViewUtilities/OptionSets/CUICorner.swift (in target 'CrystalViewUtilities' from project 'CrystalViewUtilities')
SwiftCompile normal arm64 /Users/admin/builder/spi-builder-workspace/Sources/CrystalViewUtilities/Layout/CUIFlowLayout.swift (in target 'CrystalViewUtilities' from project 'CrystalViewUtilities')
cd /Users/admin/builder/spi-builder-workspace/.swiftpm/xcode
builtin-SwiftPerFileCompile CUIFlowLayout.swift
SwiftCompile normal arm64 /Users/admin/builder/spi-builder-workspace/Sources/CrystalViewUtilities/OptionSets/CUICorner.swift (in target 'CrystalViewUtilities' from project 'CrystalViewUtilities')
cd /Users/admin/builder/spi-builder-workspace/.swiftpm/xcode
builtin-SwiftPerFileCompile CUICorner.swift
SwiftCompile normal arm64 Compiling\ CUITitledGroup.swift /Users/admin/builder/spi-builder-workspace/Sources/CrystalViewUtilities/Views/CUITitledGroup.swift (in target 'CrystalViewUtilities' from project 'CrystalViewUtilities')
SwiftCompile normal arm64 /Users/admin/builder/spi-builder-workspace/Sources/CrystalViewUtilities/Views/CUITitledGroup.swift (in target 'CrystalViewUtilities' from project 'CrystalViewUtilities')
cd /Users/admin/builder/spi-builder-workspace/.swiftpm/xcode
builtin-SwiftPerFileCompile CUITitledGroup.swift
SwiftCompile normal arm64 Compiling\ TypeAliases.swift,\ CUIAdaptiveStackView.swift /Users/admin/builder/spi-builder-workspace/Sources/CrystalViewUtilities/TypeAliases.swift /Users/admin/builder/spi-builder-workspace/Sources/CrystalViewUtilities/Views/CUIAdaptiveStackView.swift (in target 'CrystalViewUtilities' from project 'CrystalViewUtilities')
SwiftCompile normal arm64 /Users/admin/builder/spi-builder-workspace/Sources/CrystalViewUtilities/TypeAliases.swift (in target 'CrystalViewUtilities' from project 'CrystalViewUtilities')
cd /Users/admin/builder/spi-builder-workspace/.swiftpm/xcode
builtin-SwiftPerFileCompile TypeAliases.swift
SwiftCompile normal arm64 /Users/admin/builder/spi-builder-workspace/Sources/CrystalViewUtilities/Views/CUIAdaptiveStackView.swift (in target 'CrystalViewUtilities' from project 'CrystalViewUtilities')
cd /Users/admin/builder/spi-builder-workspace/.swiftpm/xcode
builtin-SwiftPerFileCompile CUIAdaptiveStackView.swift
SwiftCompile normal arm64 Compiling\ CUIBezierPath_Extension.swift,\ Color_Extension.swift /Users/admin/builder/spi-builder-workspace/Sources/CrystalViewUtilities/Extensions/CUIBezierPath_Extension.swift /Users/admin/builder/spi-builder-workspace/Sources/CrystalViewUtilities/Extensions/Color_Extension.swift (in target 'CrystalViewUtilities' from project 'CrystalViewUtilities')
SwiftCompile normal arm64 /Users/admin/builder/spi-builder-workspace/Sources/CrystalViewUtilities/Extensions/CUIBezierPath_Extension.swift (in target 'CrystalViewUtilities' from project 'CrystalViewUtilities')
cd /Users/admin/builder/spi-builder-workspace/.swiftpm/xcode
builtin-SwiftPerFileCompile CUIBezierPath_Extension.swift
SwiftCompile normal arm64 /Users/admin/builder/spi-builder-workspace/Sources/CrystalViewUtilities/Extensions/Color_Extension.swift (in target 'CrystalViewUtilities' from project 'CrystalViewUtilities')
cd /Users/admin/builder/spi-builder-workspace/.swiftpm/xcode
builtin-SwiftPerFileCompile Color_Extension.swift
SwiftCompile normal arm64 Compiling\ CUITitledGroupTextLabel.swift /Users/admin/builder/spi-builder-workspace/Sources/CrystalViewUtilities/Views/CUITitledGroupTextLabel.swift (in target 'CrystalViewUtilities' from project 'CrystalViewUtilities')
SwiftCompile normal arm64 /Users/admin/builder/spi-builder-workspace/Sources/CrystalViewUtilities/Views/CUITitledGroupTextLabel.swift (in target 'CrystalViewUtilities' from project 'CrystalViewUtilities')
cd /Users/admin/builder/spi-builder-workspace/.swiftpm/xcode
builtin-SwiftPerFileCompile CUITitledGroupTextLabel.swift
SwiftCompile normal arm64 Compiling\ CUIRoundedCornerShape.swift,\ CUIPositionSet.swift /Users/admin/builder/spi-builder-workspace/Sources/CrystalViewUtilities/Shapes/CUIRoundedCornerShape.swift /Users/admin/builder/spi-builder-workspace/Sources/CrystalViewUtilities/Structs/CUIPositionSet.swift (in target 'CrystalViewUtilities' from project 'CrystalViewUtilities')
SwiftCompile normal arm64 /Users/admin/builder/spi-builder-workspace/Sources/CrystalViewUtilities/Shapes/CUIRoundedCornerShape.swift (in target 'CrystalViewUtilities' from project 'CrystalViewUtilities')
cd /Users/admin/builder/spi-builder-workspace/.swiftpm/xcode
builtin-SwiftPerFileCompile CUIRoundedCornerShape.swift
SwiftCompile normal arm64 /Users/admin/builder/spi-builder-workspace/Sources/CrystalViewUtilities/Structs/CUIPositionSet.swift (in target 'CrystalViewUtilities' from project 'CrystalViewUtilities')
cd /Users/admin/builder/spi-builder-workspace/.swiftpm/xcode
builtin-SwiftPerFileCompile CUIPositionSet.swift
PruneExplicitPrecompiledModules /Users/admin/builder/spi-builder-workspace/.derivedData/SDKExplicitPrecompiledModules
PruneExplicitPrecompiledModules /Users/admin/builder/spi-builder-workspace/.derivedData/Build/Intermediates.noindex/ExplicitPrecompiledModules
PruneExplicitPrecompiledModules /Users/admin/builder/spi-builder-workspace/.derivedData/Build/Intermediates.noindex/SwiftExplicitPrecompiledModules
2026-09-18 20:49:37.241 xcodebuild[648:4164] [MT] IDERunDestination: Supported platforms for the buildables in the current scheme is empty.
** BUILD FAILED **
The following build commands failed:
SwiftCompile normal arm64 (in target 'CrystalViewUtilities' from project 'CrystalViewUtilities')
SwiftEmitModule normal arm64 Emitting\ module\ for\ CrystalViewUtilities (in target 'CrystalViewUtilities' from project 'CrystalViewUtilities')
Building workspace CrystalViewUtilities with scheme CrystalViewUtilities
(3 failures)
Command line invocation:
/Applications/Xcode-27.0.0-Release.Candidate.app/Contents/Developer/usr/bin/xcodebuild -IDEClonedSourcePackagesDirPathOverride=/Users/admin/builder/spi-builder-workspace/.dependencies -resolvePackageDependencies
Resolve Package Graph
Resolved source packages:
CrystalViewUtilities: /Users/admin/builder/spi-builder-workspace
resolved source packages: CrystalViewUtilities
2026-09-18 20:49:45.049 xcodebuild[768:4628] [MT] IDERunDestination: Supported platforms for the buildables in the current scheme is empty.
{
"dependencies" : [
],
"manifest_display_name" : "CrystalViewUtilities",
"name" : "CrystalViewUtilities",
"path" : "/Users/admin/builder/spi-builder-workspace",
"platforms" : [
{
"name" : "ios",
"version" : "15.0"
},
{
"name" : "macos",
"version" : "12.0"
}
],
"products" : [
{
"name" : "CrystalViewUtilities",
"targets" : [
"CrystalViewUtilities"
],
"type" : {
"library" : [
"automatic"
]
}
}
],
"targets" : [
{
"c99name" : "CrystalViewUtilitiesTests",
"module_type" : "SwiftTarget",
"name" : "CrystalViewUtilitiesTests",
"path" : "Tests/CrystalViewUtilitiesTests",
"sources" : [
"View_ExtensionTests.swift"
],
"target_dependencies" : [
"CrystalViewUtilities"
],
"type" : "test"
},
{
"c99name" : "CrystalViewUtilities",
"module_type" : "SwiftTarget",
"name" : "CrystalViewUtilities",
"path" : "Sources/CrystalViewUtilities",
"product_memberships" : [
"CrystalViewUtilities"
],
"sources" : [
"Extensions/Alignment_Extension.swift",
"Extensions/CGFloat_Extension.swift",
"Extensions/CUIBezierPath_Extension.swift",
"Extensions/Color_Extension.swift",
"Extensions/GeometryProxy_extension.swift",
"Extensions/Image_Extension.swift",
"Extensions/UIScreen_Extension.swift",
"Extensions/View_Extension.swift",
"Layout/CUIFlowLayout.swift",
"OptionSets/CUICorner.swift",
"Shapes/CUIRoundedCornerShape.swift",
"Structs/CUIPositionSet.swift",
"TypeAliases.swift",
"Views/CUIAdaptiveStackView.swift",
"Views/CUIChildGeometryReader.swift",
"Views/CUIChildSizeReader.swift",
"Views/CUITitledGroup.swift",
"Views/CUITitledGroupTextLabel.swift"
],
"type" : "library"
}
],
"tools_version" : "5.5"
}
{
"workspace" : {
"name" : "CrystalViewUtilities",
"schemes" : [
"CrystalViewUtilities"
]
}
}
2026-09-18 20:49:46.217 xcodebuild[776:4699] [MT] IDERunDestination: Supported platforms for the buildables in the current scheme is empty.
Running build ...
env DEVELOPER_DIR=/Applications/Xcode-27.0.0-Release.Candidate.app xcrun xcodebuild -IDEClonedSourcePackagesDirPathOverride=$PWD/.dependencies -skipMacroValidation -skipPackagePluginValidation -derivedDataPath $PWD/.derivedData build -scheme CrystalViewUtilities -destination generic/platform=xrOS
Command line invocation:
/Applications/Xcode-27.0.0-Release.Candidate.app/Contents/Developer/usr/bin/xcodebuild -IDEClonedSourcePackagesDirPathOverride=/Users/admin/builder/spi-builder-workspace/.dependencies -skipMacroValidation -skipPackagePluginValidation -derivedDataPath /Users/admin/builder/spi-builder-workspace/.derivedData build -scheme CrystalViewUtilities -destination generic/platform=xrOS
Resolve Package Graph
Resolved source packages:
CrystalViewUtilities: /Users/admin/builder/spi-builder-workspace
ComputePackagePrebuildTargetDependencyGraph
Prepare packages
CreateBuildRequest
SendProjectDescription
CreateBuildOperation
ComputeTargetDependencyGraph
note: Building targets in dependency order
note: Target dependency graph (2 targets)
Target 'CrystalViewUtilities-product' in project 'CrystalViewUtilities'
➜ Explicit dependency on target 'CrystalViewUtilities' in project 'CrystalViewUtilities'
Target 'CrystalViewUtilities' in project 'CrystalViewUtilities' (no dependencies)
GatherProvisioningInputs
CreateBuildDescription
ClangStatCache /Applications/Xcode-27.0.0-Release.Candidate.app/Contents/Developer/Toolchains/XcodeDefault.xctoolchain/usr/bin/clang-stat-cache /Applications/Xcode-27.0.0-Release.Candidate.app/Contents/Developer/Platforms/XROS.platform/Developer/SDKs/XROS27.0.sdk /Users/admin/builder/spi-builder-workspace/.derivedData/SDKStatCaches.noindex/xros27.0-24M361-e829b21a6f8c9b70876ba0858053c044735bd543db762f57723cac368afd1ce4.sdkstatcache
cd /Users/admin/builder/spi-builder-workspace/.swiftpm/xcode
/Applications/Xcode-27.0.0-Release.Candidate.app/Contents/Developer/Toolchains/XcodeDefault.xctoolchain/usr/bin/clang-stat-cache /Applications/Xcode-27.0.0-Release.Candidate.app/Contents/Developer/Platforms/XROS.platform/Developer/SDKs/XROS27.0.sdk -o /Users/admin/builder/spi-builder-workspace/.derivedData/SDKStatCaches.noindex/xros27.0-24M361-e829b21a6f8c9b70876ba0858053c044735bd543db762f57723cac368afd1ce4.sdkstatcache
SwiftDriver CrystalViewUtilities normal arm64 com.apple.xcode.tools.swift.compiler (in target 'CrystalViewUtilities' from project 'CrystalViewUtilities')
cd /Users/admin/builder/spi-builder-workspace/.swiftpm/xcode
builtin-SwiftDriver -- /Applications/Xcode-27.0.0-Release.Candidate.app/Contents/Developer/Toolchains/XcodeDefault.xctoolchain/usr/bin/swiftc -parse-as-library -module-name CrystalViewUtilities -Onone @/Users/admin/builder/spi-builder-workspace/.derivedData/Build/Intermediates.noindex/CrystalViewUtilities.build/Debug-xros/CrystalViewUtilities-t.build/Objects-normal/arm64/CrystalViewUtilities.SwiftFileList -DSWIFT_PACKAGE -DDEBUG -DSWIFT_MODULE_RESOURCE_BUNDLE_UNAVAILABLE -DXcode -plugin-path /Applications/Xcode-27.0.0-Release.Candidate.app/Contents/Developer/Toolchains/XcodeDefault.xctoolchain/usr/lib/swift/host/plugins/testing -enable-experimental-feature DebugDescriptionMacro -sdk /Applications/Xcode-27.0.0-Release.Candidate.app/Contents/Developer/Platforms/XROS.platform/Developer/SDKs/XROS27.0.sdk -target arm64-apple-xros1.0 -g -module-cache-path /Users/admin/builder/spi-builder-workspace/.derivedData/ModuleCache.noindex -Xfrontend -serialize-debugging-options -profile-coverage-mapping -profile-generate -enable-testing -index-store-path /Users/admin/builder/spi-builder-workspace/.derivedData/Index.noindex/DataStore -Xcc -D_LIBCPP_HARDENING_MODE\=_LIBCPP_HARDENING_MODE_DEBUG -swift-version 5 -I /Users/admin/builder/spi-builder-workspace/.derivedData/Build/Products/Debug-xros -Isystem /Applications/Xcode-27.0.0-Release.Candidate.app/Contents/Developer/Platforms/XROS.platform/Developer/usr/lib -F /Users/admin/builder/spi-builder-workspace/.derivedData/Build/Products/Debug-xros -F /Applications/Xcode-27.0.0-Release.Candidate.app/Contents/Developer/Platforms/XROS.platform/Developer/Library/Frameworks -F /Applications/Xcode-27.0.0-Release.Candidate.app/Contents/Developer/Platforms/XROS.platform/Developer/SDKs/XROS27.0.sdk/Developer/Library/Frameworks -c -j10 -enable-batch-mode -incremental -Xcc -ivfsstatcache -Xcc /Users/admin/builder/spi-builder-workspace/.derivedData/SDKStatCaches.noindex/xros27.0-24M361-e829b21a6f8c9b70876ba0858053c044735bd543db762f57723cac368afd1ce4.sdkstatcache -output-file-map /Users/admin/builder/spi-builder-workspace/.derivedData/Build/Intermediates.noindex/CrystalViewUtilities.build/Debug-xros/CrystalViewUtilities-t.build/Objects-normal/arm64/CrystalViewUtilities-OutputFileMap.json -save-temps -no-color-diagnostics -explicit-module-build -module-cache-path /Users/admin/builder/spi-builder-workspace/.derivedData/Build/Intermediates.noindex/SwiftExplicitPrecompiledModules -clang-scanner-module-cache-path /Users/admin/builder/spi-builder-workspace/.derivedData/ModuleCache.noindex -sdk-module-cache-path /Users/admin/builder/spi-builder-workspace/.derivedData/SDKExplicitPrecompiledModules -emit-dependencies -emit-module -emit-module-path /Users/admin/builder/spi-builder-workspace/.derivedData/Build/Intermediates.noindex/CrystalViewUtilities.build/Debug-xros/CrystalViewUtilities-t.build/Objects-normal/arm64/CrystalViewUtilities.swiftmodule -serialize-diagnostics -dependency-scan-serialize-diagnostics-path /Users/admin/builder/spi-builder-workspace/.derivedData/Build/Intermediates.noindex/CrystalViewUtilities.build/Debug-xros/CrystalViewUtilities-t.build/Objects-normal/arm64/CrystalViewUtilities-dependency-scan.dia -validate-clang-modules-once -clang-build-session-file /Users/admin/builder/spi-builder-workspace/.derivedData/ModuleCache.noindex/Session.modulevalidation -Xcc -fmodules-prune-interval\=86400 -Xcc -fmodules-prune-after\=345600 -emit-const-values -const-gather-protocols-list /Users/admin/builder/spi-builder-workspace/.derivedData/Build/Intermediates.noindex/CrystalViewUtilities.build/Debug-xros/CrystalViewUtilities-t.build/Objects-normal/arm64/CrystalViewUtilities_const_extract_protocols.json -Xcc -I/Users/admin/builder/spi-builder-workspace/.derivedData/Build/Products/Debug-xros/include -Xcc -I/Users/admin/builder/spi-builder-workspace/.derivedData/Build/Intermediates.noindex/CrystalViewUtilities.build/Debug-xros/CrystalViewUtilities-t.build/DerivedSources-normal/arm64 -Xcc -I/Users/admin/builder/spi-builder-workspace/.derivedData/Build/Intermediates.noindex/CrystalViewUtilities.build/Debug-xros/CrystalViewUtilities-t.build/DerivedSources/arm64 -Xcc -I/Users/admin/builder/spi-builder-workspace/.derivedData/Build/Intermediates.noindex/CrystalViewUtilities.build/Debug-xros/CrystalViewUtilities-t.build/DerivedSources -Xcc -DSWIFT_PACKAGE -Xcc -DDEBUG\=1 -emit-objc-header -emit-objc-header-path /Users/admin/builder/spi-builder-workspace/.derivedData/Build/Intermediates.noindex/CrystalViewUtilities.build/Debug-xros/CrystalViewUtilities-t.build/Objects-normal/arm64/CrystalViewUtilities-Swift.h -working-directory /Users/admin/builder/spi-builder-workspace/.swiftpm/xcode -experimental-emit-module-separately -disable-cmo
SwiftCompile normal arm64 Compiling\ CUIBezierPath_Extension.swift,\ Color_Extension.swift /Users/admin/builder/spi-builder-workspace/Sources/CrystalViewUtilities/Extensions/CUIBezierPath_Extension.swift /Users/admin/builder/spi-builder-workspace/Sources/CrystalViewUtilities/Extensions/Color_Extension.swift (in target 'CrystalViewUtilities' from project 'CrystalViewUtilities')
SwiftCompile normal arm64 /Users/admin/builder/spi-builder-workspace/Sources/CrystalViewUtilities/Extensions/CUIBezierPath_Extension.swift (in target 'CrystalViewUtilities' from project 'CrystalViewUtilities')
cd /Users/admin/builder/spi-builder-workspace/.swiftpm/xcode
builtin-SwiftPerFileCompile CUIBezierPath_Extension.swift
SwiftCompile normal arm64 /Users/admin/builder/spi-builder-workspace/Sources/CrystalViewUtilities/Extensions/Color_Extension.swift (in target 'CrystalViewUtilities' from project 'CrystalViewUtilities')
cd /Users/admin/builder/spi-builder-workspace/.swiftpm/xcode
builtin-SwiftPerFileCompile Color_Extension.swift
SwiftCompile normal arm64 Compiling\ CUIChildGeometryReader.swift,\ CUIChildSizeReader.swift /Users/admin/builder/spi-builder-workspace/Sources/CrystalViewUtilities/Views/CUIChildGeometryReader.swift /Users/admin/builder/spi-builder-workspace/Sources/CrystalViewUtilities/Views/CUIChildSizeReader.swift (in target 'CrystalViewUtilities' from project 'CrystalViewUtilities')
SwiftCompile normal arm64 /Users/admin/builder/spi-builder-workspace/Sources/CrystalViewUtilities/Views/CUIChildGeometryReader.swift (in target 'CrystalViewUtilities' from project 'CrystalViewUtilities')
cd /Users/admin/builder/spi-builder-workspace/.swiftpm/xcode
builtin-SwiftPerFileCompile CUIChildGeometryReader.swift
SwiftCompile normal arm64 /Users/admin/builder/spi-builder-workspace/Sources/CrystalViewUtilities/Views/CUIChildSizeReader.swift (in target 'CrystalViewUtilities' from project 'CrystalViewUtilities')
cd /Users/admin/builder/spi-builder-workspace/.swiftpm/xcode
builtin-SwiftPerFileCompile CUIChildSizeReader.swift
SwiftCompile normal arm64 Compiling\ Alignment_Extension.swift,\ CGFloat_Extension.swift /Users/admin/builder/spi-builder-workspace/Sources/CrystalViewUtilities/Extensions/Alignment_Extension.swift /Users/admin/builder/spi-builder-workspace/Sources/CrystalViewUtilities/Extensions/CGFloat_Extension.swift (in target 'CrystalViewUtilities' from project 'CrystalViewUtilities')
SwiftCompile normal arm64 /Users/admin/builder/spi-builder-workspace/Sources/CrystalViewUtilities/Extensions/Alignment_Extension.swift (in target 'CrystalViewUtilities' from project 'CrystalViewUtilities')
cd /Users/admin/builder/spi-builder-workspace/.swiftpm/xcode
builtin-SwiftPerFileCompile Alignment_Extension.swift
SwiftCompile normal arm64 /Users/admin/builder/spi-builder-workspace/Sources/CrystalViewUtilities/Extensions/CGFloat_Extension.swift (in target 'CrystalViewUtilities' from project 'CrystalViewUtilities')
cd /Users/admin/builder/spi-builder-workspace/.swiftpm/xcode
builtin-SwiftPerFileCompile CGFloat_Extension.swift
SwiftCompile normal arm64 Compiling\ UIScreen_Extension.swift,\ View_Extension.swift /Users/admin/builder/spi-builder-workspace/Sources/CrystalViewUtilities/Extensions/UIScreen_Extension.swift /Users/admin/builder/spi-builder-workspace/Sources/CrystalViewUtilities/Extensions/View_Extension.swift (in target 'CrystalViewUtilities' from project 'CrystalViewUtilities')
SwiftCompile normal arm64 /Users/admin/builder/spi-builder-workspace/Sources/CrystalViewUtilities/Extensions/UIScreen_Extension.swift (in target 'CrystalViewUtilities' from project 'CrystalViewUtilities')
cd /Users/admin/builder/spi-builder-workspace/.swiftpm/xcode
builtin-SwiftPerFileCompile UIScreen_Extension.swift
SwiftCompile normal arm64 /Users/admin/builder/spi-builder-workspace/Sources/CrystalViewUtilities/Extensions/View_Extension.swift (in target 'CrystalViewUtilities' from project 'CrystalViewUtilities')
cd /Users/admin/builder/spi-builder-workspace/.swiftpm/xcode
builtin-SwiftPerFileCompile View_Extension.swift
SwiftCompile normal arm64 Compiling\ GeometryProxy_extension.swift,\ Image_Extension.swift /Users/admin/builder/spi-builder-workspace/Sources/CrystalViewUtilities/Extensions/GeometryProxy_extension.swift /Users/admin/builder/spi-builder-workspace/Sources/CrystalViewUtilities/Extensions/Image_Extension.swift (in target 'CrystalViewUtilities' from project 'CrystalViewUtilities')
SwiftCompile normal arm64 /Users/admin/builder/spi-builder-workspace/Sources/CrystalViewUtilities/Extensions/GeometryProxy_extension.swift (in target 'CrystalViewUtilities' from project 'CrystalViewUtilities')
cd /Users/admin/builder/spi-builder-workspace/.swiftpm/xcode
builtin-SwiftPerFileCompile GeometryProxy_extension.swift
SwiftCompile normal arm64 /Users/admin/builder/spi-builder-workspace/Sources/CrystalViewUtilities/Extensions/Image_Extension.swift (in target 'CrystalViewUtilities' from project 'CrystalViewUtilities')
cd /Users/admin/builder/spi-builder-workspace/.swiftpm/xcode
builtin-SwiftPerFileCompile Image_Extension.swift
SwiftCompile normal arm64 Compiling\ CUIFlowLayout.swift,\ CUICorner.swift /Users/admin/builder/spi-builder-workspace/Sources/CrystalViewUtilities/Layout/CUIFlowLayout.swift /Users/admin/builder/spi-builder-workspace/Sources/CrystalViewUtilities/OptionSets/CUICorner.swift (in target 'CrystalViewUtilities' from project 'CrystalViewUtilities')
SwiftCompile normal arm64 /Users/admin/builder/spi-builder-workspace/Sources/CrystalViewUtilities/Layout/CUIFlowLayout.swift (in target 'CrystalViewUtilities' from project 'CrystalViewUtilities')
cd /Users/admin/builder/spi-builder-workspace/.swiftpm/xcode
builtin-SwiftPerFileCompile CUIFlowLayout.swift
SwiftCompile normal arm64 /Users/admin/builder/spi-builder-workspace/Sources/CrystalViewUtilities/OptionSets/CUICorner.swift (in target 'CrystalViewUtilities' from project 'CrystalViewUtilities')
cd /Users/admin/builder/spi-builder-workspace/.swiftpm/xcode
builtin-SwiftPerFileCompile CUICorner.swift
SwiftCompile normal arm64 Compiling\ CUITitledGroup.swift /Users/admin/builder/spi-builder-workspace/Sources/CrystalViewUtilities/Views/CUITitledGroup.swift (in target 'CrystalViewUtilities' from project 'CrystalViewUtilities')
SwiftCompile normal arm64 /Users/admin/builder/spi-builder-workspace/Sources/CrystalViewUtilities/Views/CUITitledGroup.swift (in target 'CrystalViewUtilities' from project 'CrystalViewUtilities')
cd /Users/admin/builder/spi-builder-workspace/.swiftpm/xcode
builtin-SwiftPerFileCompile CUITitledGroup.swift
SwiftCompile normal arm64 Compiling\ TypeAliases.swift,\ CUIAdaptiveStackView.swift /Users/admin/builder/spi-builder-workspace/Sources/CrystalViewUtilities/TypeAliases.swift /Users/admin/builder/spi-builder-workspace/Sources/CrystalViewUtilities/Views/CUIAdaptiveStackView.swift (in target 'CrystalViewUtilities' from project 'CrystalViewUtilities')
SwiftCompile normal arm64 /Users/admin/builder/spi-builder-workspace/Sources/CrystalViewUtilities/TypeAliases.swift (in target 'CrystalViewUtilities' from project 'CrystalViewUtilities')
cd /Users/admin/builder/spi-builder-workspace/.swiftpm/xcode
builtin-SwiftPerFileCompile TypeAliases.swift
SwiftCompile normal arm64 /Users/admin/builder/spi-builder-workspace/Sources/CrystalViewUtilities/Views/CUIAdaptiveStackView.swift (in target 'CrystalViewUtilities' from project 'CrystalViewUtilities')
cd /Users/admin/builder/spi-builder-workspace/.swiftpm/xcode
builtin-SwiftPerFileCompile CUIAdaptiveStackView.swift
SwiftEmitModule normal arm64 Emitting\ module\ for\ CrystalViewUtilities (in target 'CrystalViewUtilities' from project 'CrystalViewUtilities')
/Users/admin/builder/spi-builder-workspace/Sources/CrystalViewUtilities/Extensions/CUIBezierPath_Extension.swift:82:11: error: cannot find type 'CUIBezierPath' in scope
80 | ///
81 | /// Adapted from https://github.com/janheiermann/BezierPath-Corners
82 | extension CUIBezierPath {
| `- error: cannot find type 'CUIBezierPath' in scope
83 | #if os(iOS) || os(tvOS)
84 | func curve(to point: CGPoint, controlPoint1: CGPoint, controlPoint2: CGPoint) {
/Users/admin/builder/spi-builder-workspace/Sources/CrystalViewUtilities/Extensions/GeometryProxy_extension.swift:29:1: warning: extension declares a conformance of imported type 'GeometryProxy' to imported protocol 'Equatable'; this will not behave correctly if the owners of 'SwiftUICore' introduce this conformance in the future
27 | import SwiftUI
28 |
29 | extension GeometryProxy: Equatable {
| |- warning: extension declares a conformance of imported type 'GeometryProxy' to imported protocol 'Equatable'; this will not behave correctly if the owners of 'SwiftUICore' introduce this conformance in the future
| `- note: add '@retroactive' to silence this warning
30 | // MARK: - Comparing `GeometryProxy`
31 |
/Users/admin/builder/spi-builder-workspace/Sources/CrystalViewUtilities/Shapes/CUIRoundedCornerShape.swift:34:9: warning: stored property 'corners' of 'Sendable'-conforming struct 'CUIRoundedCornerShape' has non-Sendable type 'CUICorner'; this is an error in the Swift 6 language mode
32 | public struct CUIRoundedCornerShape: Shape {
33 | var radius: CGFloat
34 | var corners: CUICorner
| `- warning: stored property 'corners' of 'Sendable'-conforming struct 'CUIRoundedCornerShape' has non-Sendable type 'CUICorner'; this is an error in the Swift 6 language mode
35 |
36 | private var cutPositionSet: CUIPositionSet? = nil
/Users/admin/builder/spi-builder-workspace/Sources/CrystalViewUtilities/OptionSets/CUICorner.swift:30:15: note: consider making struct 'CUICorner' conform to the 'Sendable' protocol
28 |
29 | /// A wrapper around `UIRectCorner` that adapts corners to leading and trailing terminology.
30 | public struct CUICorner: OptionSet {
| `- note: consider making struct 'CUICorner' conform to the 'Sendable' protocol
31 | @Environment(\.layoutDirection) var direction
32 |
/Users/admin/builder/spi-builder-workspace/Sources/CrystalViewUtilities/Shapes/CUIRoundedCornerShape.swift:36:17: warning: stored property 'cutPositionSet' of 'Sendable'-conforming struct 'CUIRoundedCornerShape' contains non-Sendable type 'CUIPositionSet'; this is an error in the Swift 6 language mode
34 | var corners: CUICorner
35 |
36 | private var cutPositionSet: CUIPositionSet? = nil
| `- warning: stored property 'cutPositionSet' of 'Sendable'-conforming struct 'CUIRoundedCornerShape' contains non-Sendable type 'CUIPositionSet'; this is an error in the Swift 6 language mode
37 | private var cutLength: CGFloat? = nil
38 |
/Users/admin/builder/spi-builder-workspace/Sources/CrystalViewUtilities/Structs/CUIPositionSet.swift:32:13: note: consider making enum 'CUIPositionSet' conform to the 'Sendable' protocol
30 | ///
31 | /// The position is described using a combination of an edge and the alignment along that edge.
32 | public enum CUIPositionSet {
| `- note: consider making enum 'CUIPositionSet' conform to the 'Sendable' protocol
33 | @Environment(\.layoutDirection)
34 | static var layoutDirection
Failed frontend command:
/Applications/Xcode-27.0.0-Release.Candidate.app/Contents/Developer/Toolchains/XcodeDefault.xctoolchain/usr/bin/swift-frontend -frontend -emit-module -experimental-skip-non-inlinable-function-bodies-without-types /Users/admin/builder/spi-builder-workspace/Sources/CrystalViewUtilities/Extensions/Alignment_Extension.swift /Users/admin/builder/spi-builder-workspace/Sources/CrystalViewUtilities/Extensions/CGFloat_Extension.swift /Users/admin/builder/spi-builder-workspace/Sources/CrystalViewUtilities/Extensions/CUIBezierPath_Extension.swift /Users/admin/builder/spi-builder-workspace/Sources/CrystalViewUtilities/Extensions/Color_Extension.swift /Users/admin/builder/spi-builder-workspace/Sources/CrystalViewUtilities/Extensions/GeometryProxy_extension.swift /Users/admin/builder/spi-builder-workspace/Sources/CrystalViewUtilities/Extensions/Image_Extension.swift /Users/admin/builder/spi-builder-workspace/Sources/CrystalViewUtilities/Extensions/UIScreen_Extension.swift /Users/admin/builder/spi-builder-workspace/Sources/CrystalViewUtilities/Extensions/View_Extension.swift /Users/admin/builder/spi-builder-workspace/Sources/CrystalViewUtilities/Layout/CUIFlowLayout.swift /Users/admin/builder/spi-builder-workspace/Sources/CrystalViewUtilities/OptionSets/CUICorner.swift /Users/admin/builder/spi-builder-workspace/Sources/CrystalViewUtilities/Shapes/CUIRoundedCornerShape.swift /Users/admin/builder/spi-builder-workspace/Sources/CrystalViewUtilities/Structs/CUIPositionSet.swift /Users/admin/builder/spi-builder-workspace/Sources/CrystalViewUtilities/TypeAliases.swift /Users/admin/builder/spi-builder-workspace/Sources/CrystalViewUtilities/Views/CUIAdaptiveStackView.swift /Users/admin/builder/spi-builder-workspace/Sources/CrystalViewUtilities/Views/CUIChildGeometryReader.swift /Users/admin/builder/spi-builder-workspace/Sources/CrystalViewUtilities/Views/CUIChildSizeReader.swift /Users/admin/builder/spi-builder-workspace/Sources/CrystalViewUtilities/Views/CUITitledGroup.swift /Users/admin/builder/spi-builder-workspace/Sources/CrystalViewUtilities/Views/CUITitledGroupTextLabel.swift -target arm64-apple-xros1.0 -disable-cross-import-overlay-search -load-resolved-plugin /Applications/Xcode-27.0.0-Release.Candidate.app/Contents/Developer/Platforms/XROS.platform/Developer/usr/lib/swift/host/plugins/libFoundationMacros.dylib\#/Applications/Xcode-27.0.0-Release.Candidate.app/Contents/Developer/Platforms/XROS.platform/Developer/usr/bin/swift-plugin-server\#FoundationMacros -load-resolved-plugin /Applications/Xcode-27.0.0-Release.Candidate.app/Contents/Developer/Platforms/XROS.platform/Developer/usr/lib/swift/host/plugins/libObservationMacros.dylib\#/Applications/Xcode-27.0.0-Release.Candidate.app/Contents/Developer/Platforms/XROS.platform/Developer/usr/bin/swift-plugin-server\#ObservationMacros -load-resolved-plugin /Applications/Xcode-27.0.0-Release.Candidate.app/Contents/Developer/Platforms/XROS.platform/Developer/usr/lib/swift/host/plugins/libPreviewsMacros.dylib\#/Applications/Xcode-27.0.0-Release.Candidate.app/Contents/Developer/Platforms/XROS.platform/Developer/usr/bin/swift-plugin-server\#PreviewsMacros -load-resolved-plugin /Applications/Xcode-27.0.0-Release.Candidate.app/Contents/Developer/Platforms/XROS.platform/Developer/usr/lib/swift/host/plugins/libSwiftMacros.dylib\#/Applications/Xcode-27.0.0-Release.Candidate.app/Contents/Developer/Platforms/XROS.platform/Developer/usr/bin/swift-plugin-server\#SwiftMacros -load-resolved-plugin /Applications/Xcode-27.0.0-Release.Candidate.app/Contents/Developer/Platforms/XROS.platform/Developer/usr/lib/swift/host/plugins/libSwiftUIMacros.dylib\#/Applications/Xcode-27.0.0-Release.Candidate.app/Contents/Developer/Platforms/XROS.platform/Developer/usr/bin/swift-plugin-server\#SwiftUIMacros -disable-implicit-swift-modules -Xcc -fno-implicit-modules -Xcc -fno-implicit-module-maps -explicit-swift-module-map-file /Users/admin/builder/spi-builder-workspace/.derivedData/Build/Intermediates.noindex/CrystalViewUtilities.build/Debug-xros/CrystalViewUtilities-t.build/Objects-normal/arm64/CrystalViewUtilities-dependencies-1.json -Xllvm -aarch64-use-tbi -enable-objc-interop -stack-check -sdk /Applications/Xcode-27.0.0-Release.Candidate.app/Contents/Developer/Platforms/XROS.platform/Developer/SDKs/XROS27.0.sdk -I /Users/admin/builder/spi-builder-workspace/.derivedData/Build/Products/Debug-xros -Isystem /Applications/Xcode-27.0.0-Release.Candidate.app/Contents/Developer/Platforms/XROS.platform/Developer/usr/lib -F /Users/admin/builder/spi-builder-workspace/.derivedData/Build/Products/Debug-xros -F /Applications/Xcode-27.0.0-Release.Candidate.app/Contents/Developer/Platforms/XROS.platform/Developer/Library/Frameworks -F /Applications/Xcode-27.0.0-Release.Candidate.app/Contents/Developer/Platforms/XROS.platform/Developer/SDKs/XROS27.0.sdk/Developer/Library/Frameworks -module-cache-path /Users/admin/builder/spi-builder-workspace/.derivedData/Build/Intermediates.noindex/SwiftExplicitPrecompiledModules -no-color-diagnostics -Xcc -fno-color-diagnostics -enable-testing -g -debug-info-format\=dwarf -dwarf-version\=4 -profile-generate -profile-coverage-mapping -swift-version 5 -Onone -D SWIFT_PACKAGE -D DEBUG -D SWIFT_MODULE_RESOURCE_BUNDLE_UNAVAILABLE -D Xcode -serialize-debugging-options -enable-experimental-feature DebugDescriptionMacro -empty-abi-descriptor -validate-clang-modules-once -clang-build-session-file /Users/admin/builder/spi-builder-workspace/.derivedData/ModuleCache.noindex/Session.modulevalidation -Xcc -working-directory -Xcc /Users/admin/builder/spi-builder-workspace/.swiftpm/xcode -enable-anonymous-context-mangled-names -file-compilation-dir /Users/admin/builder/spi-builder-workspace/.swiftpm/xcode -Xcc -D_LIBCPP_HARDENING_MODE\=_LIBCPP_HARDENING_MODE_DEBUG -Xcc -ivfsstatcache -Xcc /Users/admin/builder/spi-builder-workspace/.derivedData/SDKStatCaches.noindex/xros27.0-24M361-e829b21a6f8c9b70876ba0858053c044735bd543db762f57723cac368afd1ce4.sdkstatcache -Xcc -fmodules-prune-interval\=86400 -Xcc -fmodules-prune-after\=345600 -Xcc -I/Users/admin/builder/spi-builder-workspace/.derivedData/Build/Products/Debug-xros/include -Xcc -I/Users/admin/builder/spi-builder-workspace/.derivedData/Build/Intermediates.noindex/CrystalViewUtilities.build/Debug-xros/CrystalViewUtilities-t.build/DerivedSources-normal/arm64 -Xcc -I/Users/admin/builder/spi-builder-workspace/.derivedData/Build/Intermediates.noindex/CrystalViewUtilities.build/Debug-xros/CrystalViewUtilities-t.build/DerivedSources/arm64 -Xcc -I/Users/admin/builder/spi-builder-workspace/.derivedData/Build/Intermediates.noindex/CrystalViewUtilities.build/Debug-xros/CrystalViewUtilities-t.build/DerivedSources -Xcc -DSWIFT_PACKAGE -Xcc -DDEBUG\=1 -no-auto-bridging-header-chaining -module-name CrystalViewUtilities -const-gather-protocols-file /Users/admin/builder/spi-builder-workspace/.derivedData/Build/Intermediates.noindex/CrystalViewUtilities.build/Debug-xros/CrystalViewUtilities-t.build/Objects-normal/arm64/CrystalViewUtilities_const_extract_protocols.json -disable-clang-spi -clang-target arm64-apple-xros27.0 -target-sdk-version 27.0 -target-sdk-name xros27.0 -in-process-plugin-server-path /Applications/Xcode-27.0.0-Release.Candidate.app/Contents/Developer/Toolchains/XcodeDefault.xctoolchain/usr/lib/swift/host/libSwiftInProcPluginServer.dylib -emit-module-doc-path /Users/admin/builder/spi-builder-workspace/.derivedData/Build/Intermediates.noindex/CrystalViewUtilities.build/Debug-xros/CrystalViewUtilities-t.build/Objects-normal/arm64/CrystalViewUtilities.swiftdoc -emit-module-source-info-path /Users/admin/builder/spi-builder-workspace/.derivedData/Build/Intermediates.noindex/CrystalViewUtilities.build/Debug-xros/CrystalViewUtilities-t.build/Objects-normal/arm64/CrystalViewUtilities.swiftsourceinfo -emit-objc-header-path /Users/admin/builder/spi-builder-workspace/.derivedData/Build/Intermediates.noindex/CrystalViewUtilities.build/Debug-xros/CrystalViewUtilities-t.build/Objects-normal/arm64/CrystalViewUtilities-Swift.h -serialize-diagnostics-path /Users/admin/builder/spi-builder-workspace/.derivedData/Build/Intermediates.noindex/CrystalViewUtilities.build/Debug-xros/CrystalViewUtilities-t.build/Objects-normal/arm64/CrystalViewUtilities-primary-emit-module.dia -emit-dependencies-path /Users/admin/builder/spi-builder-workspace/.derivedData/Build/Intermediates.noindex/CrystalViewUtilities.build/Debug-xros/CrystalViewUtilities-t.build/Objects-normal/arm64/CrystalViewUtilities-primary-emit-module.d -parse-as-library -o /Users/admin/builder/spi-builder-workspace/.derivedData/Build/Intermediates.noindex/CrystalViewUtilities.build/Debug-xros/CrystalViewUtilities-t.build/Objects-normal/arm64/CrystalViewUtilities.swiftmodule -emit-abi-descriptor-path /Users/admin/builder/spi-builder-workspace/.derivedData/Build/Intermediates.noindex/CrystalViewUtilities.build/Debug-xros/CrystalViewUtilities-t.build/Objects-normal/arm64/CrystalViewUtilities.abi.json
SwiftCompile normal arm64 (in target 'CrystalViewUtilities' from project 'CrystalViewUtilities')
cd /Users/admin/builder/spi-builder-workspace/.swiftpm/xcode
SwiftCompile normal arm64 Compiling\ CUITitledGroupTextLabel.swift /Users/admin/builder/spi-builder-workspace/Sources/CrystalViewUtilities/Views/CUITitledGroupTextLabel.swift (in target 'CrystalViewUtilities' from project 'CrystalViewUtilities')
SwiftCompile normal arm64 /Users/admin/builder/spi-builder-workspace/Sources/CrystalViewUtilities/Views/CUITitledGroupTextLabel.swift (in target 'CrystalViewUtilities' from project 'CrystalViewUtilities')
cd /Users/admin/builder/spi-builder-workspace/.swiftpm/xcode
builtin-SwiftPerFileCompile CUITitledGroupTextLabel.swift
SwiftCompile normal arm64 Compiling\ CUIRoundedCornerShape.swift,\ CUIPositionSet.swift /Users/admin/builder/spi-builder-workspace/Sources/CrystalViewUtilities/Shapes/CUIRoundedCornerShape.swift /Users/admin/builder/spi-builder-workspace/Sources/CrystalViewUtilities/Structs/CUIPositionSet.swift (in target 'CrystalViewUtilities' from project 'CrystalViewUtilities')
SwiftCompile normal arm64 /Users/admin/builder/spi-builder-workspace/Sources/CrystalViewUtilities/Shapes/CUIRoundedCornerShape.swift (in target 'CrystalViewUtilities' from project 'CrystalViewUtilities')
cd /Users/admin/builder/spi-builder-workspace/.swiftpm/xcode
builtin-SwiftPerFileCompile CUIRoundedCornerShape.swift
SwiftCompile normal arm64 /Users/admin/builder/spi-builder-workspace/Sources/CrystalViewUtilities/Structs/CUIPositionSet.swift (in target 'CrystalViewUtilities' from project 'CrystalViewUtilities')
cd /Users/admin/builder/spi-builder-workspace/.swiftpm/xcode
builtin-SwiftPerFileCompile CUIPositionSet.swift
PruneExplicitPrecompiledModules /Users/admin/builder/spi-builder-workspace/.derivedData/SDKExplicitPrecompiledModules
PruneExplicitPrecompiledModules /Users/admin/builder/spi-builder-workspace/.derivedData/Build/Intermediates.noindex/ExplicitPrecompiledModules
PruneExplicitPrecompiledModules /Users/admin/builder/spi-builder-workspace/.derivedData/Build/Intermediates.noindex/SwiftExplicitPrecompiledModules
2026-09-18 20:49:47.107 xcodebuild[777:4723] [MT] IDERunDestination: Supported platforms for the buildables in the current scheme is empty.
** BUILD FAILED **
The following build commands failed:
SwiftEmitModule normal arm64 Emitting\ module\ for\ CrystalViewUtilities (in target 'CrystalViewUtilities' from project 'CrystalViewUtilities')
SwiftCompile normal arm64 (in target 'CrystalViewUtilities' from project 'CrystalViewUtilities')
Building workspace CrystalViewUtilities with scheme CrystalViewUtilities
(3 failures)
BUILD FAILURE 6.4 visionOS