Build Information
Failed to build WelcomeView, reference main (8871c5), with Swift 6.4 for visionOS using Xcode 27.0 on 25 Sep 2026 03:35:58 UTC.
Build Command
env DEVELOPER_DIR=/Applications/Xcode-27.0.0-Release.Candidate.app xcrun xcodebuild -IDEClonedSourcePackagesDirPathOverride=$PWD/.dependencies -skipMacroValidation -skipPackagePluginValidation -derivedDataPath $PWD/.derivedData build -scheme WelcomeView -destination generic/platform=xrOSBuild Log
========================================
RunAll
========================================
Builder version: 5.1.0
Interrupt handler set up.
========================================
Checkout
========================================
Clone URL: https://github.com/timi2506/WelcomeView.git
Reference: main
Initialized empty Git repository in /Users/admin/builder/spi-builder-workspace/.git/
From https://github.com/timi2506/WelcomeView
* branch main -> FETCH_HEAD
* [new branch] main -> origin/main
HEAD is now at 8871c5e allow for async file provider
Cloned https://github.com/timi2506/WelcomeView.git
Revision (git rev-parse @):
8871c5e83cb112c5b5ca2137d32ad81de08a611c
SUCCESS checkout https://github.com/timi2506/WelcomeView.git at main
========================================
Build
========================================
Selected platform: visionOS
Swift version: 6.4
Building package at path: $PWD
https://github.com/timi2506/WelcomeView.git
Command line invocation:
/Applications/Xcode-27.0.0-Release.Candidate.app/Contents/Developer/usr/bin/xcodebuild -IDEClonedSourcePackagesDirPathOverride=/Users/admin/builder/spi-builder-workspace/.dependencies -resolvePackageDependencies
Resolve Package Graph
Resolve Package Graph
Resolved source packages:
WelcomeView: /Users/admin/builder/spi-builder-workspace
resolved source packages: WelcomeView
2026-09-24 23:35:14.397 xcodebuild[524:3013] [MT] IDERunDestination: Supported platforms for the buildables in the current scheme is empty.
{
"dependencies" : [
],
"manifest_display_name" : "WelcomeView",
"name" : "WelcomeView",
"path" : "/Users/admin/builder/spi-builder-workspace",
"platforms" : [
{
"name" : "macos",
"version" : "13.0"
}
],
"products" : [
{
"name" : "WelcomeView",
"targets" : [
"WelcomeView"
],
"type" : {
"library" : [
"automatic"
]
}
}
],
"targets" : [
{
"c99name" : "WelcomeView",
"module_type" : "SwiftTarget",
"name" : "WelcomeView",
"path" : "Sources/WelcomeView",
"product_memberships" : [
"WelcomeView"
],
"sources" : [
"WelcomeView.swift"
],
"type" : "library"
}
],
"tools_version" : "6.0"
}
{
"workspace" : {
"name" : "WelcomeView",
"schemes" : [
"WelcomeView"
]
}
}
2026-09-24 23:35:46.439 xcodebuild[622:3840] [MT] IDERunDestination: Supported platforms for the buildables in the current scheme is empty.
Running build ...
env DEVELOPER_DIR=/Applications/Xcode-27.0.0-Release.Candidate.app xcrun xcodebuild -IDEClonedSourcePackagesDirPathOverride=$PWD/.dependencies -skipMacroValidation -skipPackagePluginValidation -derivedDataPath $PWD/.derivedData build -scheme WelcomeView -destination generic/platform=xrOS
Command line invocation:
/Applications/Xcode-27.0.0-Release.Candidate.app/Contents/Developer/usr/bin/xcodebuild -IDEClonedSourcePackagesDirPathOverride=/Users/admin/builder/spi-builder-workspace/.dependencies -skipMacroValidation -skipPackagePluginValidation -derivedDataPath /Users/admin/builder/spi-builder-workspace/.derivedData build -scheme WelcomeView -destination generic/platform=xrOS
Resolve Package Graph
Resolved source packages:
WelcomeView: /Users/admin/builder/spi-builder-workspace
ComputePackagePrebuildTargetDependencyGraph
Prepare packages
CreateBuildRequest
SendProjectDescription
CreateBuildOperation
ComputeTargetDependencyGraph
note: Building targets in dependency order
note: Target dependency graph (2 targets)
Target 'WelcomeView-product' in project 'WelcomeView'
➜ Explicit dependency on target 'WelcomeView' in project 'WelcomeView'
Target 'WelcomeView' in project 'WelcomeView' (no dependencies)
GatherProvisioningInputs
CreateBuildDescription
ExecuteExternalTool /Applications/Xcode-27.0.0-Release.Candidate.app/Contents/Developer/Toolchains/XcodeDefault.xctoolchain/usr/bin/clang -v -E -dM -isysroot /Applications/Xcode-27.0.0-Release.Candidate.app/Contents/Developer/Platforms/XROS.platform/Developer/SDKs/XROS27.0.sdk -x c -c /dev/null
ExecuteExternalTool /Applications/Xcode-27.0.0-Release.Candidate.app/Contents/Developer/Toolchains/XcodeDefault.xctoolchain/usr/bin/swiftc --version
ExecuteExternalTool /Applications/Xcode-27.0.0-Release.Candidate.app/Contents/Developer/Toolchains/XcodeDefault.xctoolchain/usr/bin/ld -version_details
Build description signature: d66262cdf5bb52702fb765cc8f150960
Build description path: /Users/admin/builder/spi-builder-workspace/.derivedData/Build/Intermediates.noindex/XCBuildData/d66262cdf5bb52702fb765cc8f150960.xcbuilddata
CreateBuildDirectory /Users/admin/builder/spi-builder-workspace/.derivedData/CompilationCache.noindex
cd /Users/admin/builder/spi-builder-workspace/.swiftpm/xcode
builtin-create-build-directory /Users/admin/builder/spi-builder-workspace/.derivedData/CompilationCache.noindex
CreateBuildDirectory /Users/admin/builder/spi-builder-workspace/.derivedData/ModuleCache.noindex
cd /Users/admin/builder/spi-builder-workspace/.swiftpm/xcode
builtin-create-build-directory /Users/admin/builder/spi-builder-workspace/.derivedData/ModuleCache.noindex
CreateBuildDirectory /Users/admin/builder/spi-builder-workspace/.derivedData/SDKExplicitPrecompiledModules
cd /Users/admin/builder/spi-builder-workspace/.swiftpm/xcode
builtin-create-build-directory /Users/admin/builder/spi-builder-workspace/.derivedData/SDKExplicitPrecompiledModules
CreateBuildDirectory /Users/admin/builder/spi-builder-workspace/.derivedData/Build/Intermediates.noindex
cd /Users/admin/builder/spi-builder-workspace/.swiftpm/xcode
builtin-create-build-directory /Users/admin/builder/spi-builder-workspace/.derivedData/Build/Intermediates.noindex
CreateBuildDirectory /Users/admin/builder/spi-builder-workspace/.derivedData/Build/Products
cd /Users/admin/builder/spi-builder-workspace/.swiftpm/xcode
builtin-create-build-directory /Users/admin/builder/spi-builder-workspace/.derivedData/Build/Products
ClangStatCache /Applications/Xcode-27.0.0-Release.Candidate.app/Contents/Developer/Toolchains/XcodeDefault.xctoolchain/usr/bin/clang-stat-cache /Applications/Xcode-27.0.0-Release.Candidate.app/Contents/Developer/Platforms/XROS.platform/Developer/SDKs/XROS27.0.sdk /Users/admin/builder/spi-builder-workspace/.derivedData/SDKStatCaches.noindex/xros27.0-24M361-e829b21a6f8c9b70876ba0858053c044735bd543db762f57723cac368afd1ce4.sdkstatcache
cd /Users/admin/builder/spi-builder-workspace/.swiftpm/xcode
/Applications/Xcode-27.0.0-Release.Candidate.app/Contents/Developer/Toolchains/XcodeDefault.xctoolchain/usr/bin/clang-stat-cache /Applications/Xcode-27.0.0-Release.Candidate.app/Contents/Developer/Platforms/XROS.platform/Developer/SDKs/XROS27.0.sdk -o /Users/admin/builder/spi-builder-workspace/.derivedData/SDKStatCaches.noindex/xros27.0-24M361-e829b21a6f8c9b70876ba0858053c044735bd543db762f57723cac368afd1ce4.sdkstatcache
CreateBuildDirectory /Users/admin/builder/spi-builder-workspace/.derivedData/Build/Intermediates.noindex/SwiftExplicitPrecompiledModules
cd /Users/admin/builder/spi-builder-workspace/.swiftpm/xcode
builtin-create-build-directory /Users/admin/builder/spi-builder-workspace/.derivedData/Build/Intermediates.noindex/SwiftExplicitPrecompiledModules
CreateBuildDirectory /Users/admin/builder/spi-builder-workspace/.derivedData/Build/Intermediates.noindex/PrecompiledHeaders
cd /Users/admin/builder/spi-builder-workspace/.swiftpm/xcode
builtin-create-build-directory /Users/admin/builder/spi-builder-workspace/.derivedData/Build/Intermediates.noindex/PrecompiledHeaders
CreateBuildDirectory /Users/admin/builder/spi-builder-workspace/.derivedData/Build/Intermediates.noindex/ExplicitPrecompiledModules
cd /Users/admin/builder/spi-builder-workspace/.swiftpm/xcode
builtin-create-build-directory /Users/admin/builder/spi-builder-workspace/.derivedData/Build/Intermediates.noindex/ExplicitPrecompiledModules
CreateBuildDirectory /Users/admin/builder/spi-builder-workspace/.derivedData/Build/Products/Debug-xros
cd /Users/admin/builder/spi-builder-workspace/.swiftpm/xcode
builtin-create-build-directory /Users/admin/builder/spi-builder-workspace/.derivedData/Build/Products/Debug-xros
CreateBuildDirectory /Users/admin/builder/spi-builder-workspace/.derivedData/Build/Intermediates.noindex/EagerLinkingTBDs/Debug-xros
cd /Users/admin/builder/spi-builder-workspace/.swiftpm/xcode
builtin-create-build-directory /Users/admin/builder/spi-builder-workspace/.derivedData/Build/Intermediates.noindex/EagerLinkingTBDs/Debug-xros
CreateBuildDirectory /Users/admin/builder/spi-builder-workspace/.derivedData/Build/Products/Debug-xros/PackageFrameworks
cd /Users/admin/builder/spi-builder-workspace/.swiftpm/xcode
builtin-create-build-directory /Users/admin/builder/spi-builder-workspace/.derivedData/Build/Products/Debug-xros/PackageFrameworks
WriteAuxiliaryFile /Users/admin/builder/spi-builder-workspace/.derivedData/Build/Intermediates.noindex/WelcomeView.build/Debug-xros/WelcomeView-t.build/WelcomeView.modulemap (in target 'WelcomeView' from project 'WelcomeView')
cd /Users/admin/builder/spi-builder-workspace
write-file /Users/admin/builder/spi-builder-workspace/.derivedData/Build/Intermediates.noindex/WelcomeView.build/Debug-xros/WelcomeView-t.build/WelcomeView.modulemap
WriteAuxiliaryFile /Users/admin/builder/spi-builder-workspace/.derivedData/Build/Intermediates.noindex/WelcomeView.build/Debug-xros/WelcomeView-t.build/WelcomeView.DependencyStaticMetadataFileList (in target 'WelcomeView' from project 'WelcomeView')
cd /Users/admin/builder/spi-builder-workspace
write-file /Users/admin/builder/spi-builder-workspace/.derivedData/Build/Intermediates.noindex/WelcomeView.build/Debug-xros/WelcomeView-t.build/WelcomeView.DependencyStaticMetadataFileList
WriteAuxiliaryFile /Users/admin/builder/spi-builder-workspace/.derivedData/Build/Intermediates.noindex/WelcomeView.build/Debug-xros/WelcomeView-t.build/WelcomeView.DependencyMetadataFileList (in target 'WelcomeView' from project 'WelcomeView')
cd /Users/admin/builder/spi-builder-workspace
write-file /Users/admin/builder/spi-builder-workspace/.derivedData/Build/Intermediates.noindex/WelcomeView.build/Debug-xros/WelcomeView-t.build/WelcomeView.DependencyMetadataFileList
WriteAuxiliaryFile /Users/admin/builder/spi-builder-workspace/.derivedData/Build/Intermediates.noindex/WelcomeView.build/Debug-xros/WelcomeView-t.build/Objects-normal/arm64/WelcomeView-OutputFileMap.json (in target 'WelcomeView' from project 'WelcomeView')
cd /Users/admin/builder/spi-builder-workspace
write-file /Users/admin/builder/spi-builder-workspace/.derivedData/Build/Intermediates.noindex/WelcomeView.build/Debug-xros/WelcomeView-t.build/Objects-normal/arm64/WelcomeView-OutputFileMap.json
WriteAuxiliaryFile /Users/admin/builder/spi-builder-workspace/.derivedData/Build/Intermediates.noindex/WelcomeView.build/Debug-xros/WelcomeView-t.build/Objects-normal/arm64/WelcomeView.SwiftFileList (in target 'WelcomeView' from project 'WelcomeView')
cd /Users/admin/builder/spi-builder-workspace
write-file /Users/admin/builder/spi-builder-workspace/.derivedData/Build/Intermediates.noindex/WelcomeView.build/Debug-xros/WelcomeView-t.build/Objects-normal/arm64/WelcomeView.SwiftFileList
WriteAuxiliaryFile /Users/admin/builder/spi-builder-workspace/.derivedData/Build/Intermediates.noindex/WelcomeView.build/Debug-xros/WelcomeView-t.build/Objects-normal/arm64/WelcomeView.LinkFileList (in target 'WelcomeView' from project 'WelcomeView')
cd /Users/admin/builder/spi-builder-workspace
write-file /Users/admin/builder/spi-builder-workspace/.derivedData/Build/Intermediates.noindex/WelcomeView.build/Debug-xros/WelcomeView-t.build/Objects-normal/arm64/WelcomeView.LinkFileList
WriteAuxiliaryFile /Users/admin/builder/spi-builder-workspace/.derivedData/Build/Intermediates.noindex/WelcomeView.build/Debug-xros/WelcomeView-t.build/Objects-normal/arm64/WelcomeView_const_extract_protocols.json (in target 'WelcomeView' from project 'WelcomeView')
cd /Users/admin/builder/spi-builder-workspace
write-file /Users/admin/builder/spi-builder-workspace/.derivedData/Build/Intermediates.noindex/WelcomeView.build/Debug-xros/WelcomeView-t.build/Objects-normal/arm64/WelcomeView_const_extract_protocols.json
WriteAuxiliaryFile /Users/admin/builder/spi-builder-workspace/.derivedData/Build/Intermediates.noindex/WelcomeView.build/Debug-xros/WelcomeView-t.build/Objects-normal/arm64/WelcomeView.SwiftConstValuesFileList (in target 'WelcomeView' from project 'WelcomeView')
cd /Users/admin/builder/spi-builder-workspace
write-file /Users/admin/builder/spi-builder-workspace/.derivedData/Build/Intermediates.noindex/WelcomeView.build/Debug-xros/WelcomeView-t.build/Objects-normal/arm64/WelcomeView.SwiftConstValuesFileList
Copy /Users/admin/builder/spi-builder-workspace/.derivedData/Build/Intermediates.noindex/GeneratedModuleMaps-xros/WelcomeView.modulemap /Users/admin/builder/spi-builder-workspace/.derivedData/Build/Intermediates.noindex/WelcomeView.build/Debug-xros/WelcomeView-t.build/WelcomeView.modulemap (in target 'WelcomeView' from project 'WelcomeView')
cd /Users/admin/builder/spi-builder-workspace
builtin-copy -exclude .DS_Store -exclude CVS -exclude .svn -exclude .git -exclude .hg -resolve-src-symlinks /Users/admin/builder/spi-builder-workspace/.derivedData/Build/Intermediates.noindex/WelcomeView.build/Debug-xros/WelcomeView-t.build/WelcomeView.modulemap /Users/admin/builder/spi-builder-workspace/.derivedData/Build/Intermediates.noindex/GeneratedModuleMaps-xros
SwiftDriver WelcomeView normal arm64 com.apple.xcode.tools.swift.compiler (in target 'WelcomeView' from project 'WelcomeView')
cd /Users/admin/builder/spi-builder-workspace/.swiftpm/xcode
builtin-SwiftDriver -- /Applications/Xcode-27.0.0-Release.Candidate.app/Contents/Developer/Toolchains/XcodeDefault.xctoolchain/usr/bin/swiftc -parse-as-library -module-name WelcomeView -Onone @/Users/admin/builder/spi-builder-workspace/.derivedData/Build/Intermediates.noindex/WelcomeView.build/Debug-xros/WelcomeView-t.build/Objects-normal/arm64/WelcomeView.SwiftFileList -DSWIFT_PACKAGE -DDEBUG -DSWIFT_MODULE_RESOURCE_BUNDLE_UNAVAILABLE -DXcode -plugin-path /Applications/Xcode-27.0.0-Release.Candidate.app/Contents/Developer/Toolchains/XcodeDefault.xctoolchain/usr/lib/swift/host/plugins/testing -enable-experimental-feature DebugDescriptionMacro -sdk /Applications/Xcode-27.0.0-Release.Candidate.app/Contents/Developer/Platforms/XROS.platform/Developer/SDKs/XROS27.0.sdk -target arm64-apple-xros1.0 -g -module-cache-path /Users/admin/builder/spi-builder-workspace/.derivedData/ModuleCache.noindex -Xfrontend -serialize-debugging-options -enable-testing -index-store-path /Users/admin/builder/spi-builder-workspace/.derivedData/Index.noindex/DataStore -Xcc -D_LIBCPP_HARDENING_MODE\=_LIBCPP_HARDENING_MODE_DEBUG -swift-version 6 -I /Users/admin/builder/spi-builder-workspace/.derivedData/Build/Products/Debug-xros -Isystem /Applications/Xcode-27.0.0-Release.Candidate.app/Contents/Developer/Platforms/XROS.platform/Developer/usr/lib -F /Users/admin/builder/spi-builder-workspace/.derivedData/Build/Products/Debug-xros -F /Applications/Xcode-27.0.0-Release.Candidate.app/Contents/Developer/Platforms/XROS.platform/Developer/Library/Frameworks -F /Applications/Xcode-27.0.0-Release.Candidate.app/Contents/Developer/Platforms/XROS.platform/Developer/SDKs/XROS27.0.sdk/Developer/Library/Frameworks -c -j10 -enable-batch-mode -incremental -Xcc -ivfsstatcache -Xcc /Users/admin/builder/spi-builder-workspace/.derivedData/SDKStatCaches.noindex/xros27.0-24M361-e829b21a6f8c9b70876ba0858053c044735bd543db762f57723cac368afd1ce4.sdkstatcache -output-file-map /Users/admin/builder/spi-builder-workspace/.derivedData/Build/Intermediates.noindex/WelcomeView.build/Debug-xros/WelcomeView-t.build/Objects-normal/arm64/WelcomeView-OutputFileMap.json -save-temps -no-color-diagnostics -explicit-module-build -module-cache-path /Users/admin/builder/spi-builder-workspace/.derivedData/Build/Intermediates.noindex/SwiftExplicitPrecompiledModules -clang-scanner-module-cache-path /Users/admin/builder/spi-builder-workspace/.derivedData/ModuleCache.noindex -sdk-module-cache-path /Users/admin/builder/spi-builder-workspace/.derivedData/SDKExplicitPrecompiledModules -emit-dependencies -emit-module -emit-module-path /Users/admin/builder/spi-builder-workspace/.derivedData/Build/Intermediates.noindex/WelcomeView.build/Debug-xros/WelcomeView-t.build/Objects-normal/arm64/WelcomeView.swiftmodule -serialize-diagnostics -dependency-scan-serialize-diagnostics-path /Users/admin/builder/spi-builder-workspace/.derivedData/Build/Intermediates.noindex/WelcomeView.build/Debug-xros/WelcomeView-t.build/Objects-normal/arm64/WelcomeView-dependency-scan.dia -validate-clang-modules-once -clang-build-session-file /Users/admin/builder/spi-builder-workspace/.derivedData/ModuleCache.noindex/Session.modulevalidation -Xcc -fmodules-prune-interval\=86400 -Xcc -fmodules-prune-after\=345600 -package-name spi_builder_workspace -emit-const-values -const-gather-protocols-list /Users/admin/builder/spi-builder-workspace/.derivedData/Build/Intermediates.noindex/WelcomeView.build/Debug-xros/WelcomeView-t.build/Objects-normal/arm64/WelcomeView_const_extract_protocols.json -Xcc -I/Users/admin/builder/spi-builder-workspace/.derivedData/Build/Products/Debug-xros/include -Xcc -I/Users/admin/builder/spi-builder-workspace/.derivedData/Build/Intermediates.noindex/WelcomeView.build/Debug-xros/WelcomeView-t.build/DerivedSources-normal/arm64 -Xcc -I/Users/admin/builder/spi-builder-workspace/.derivedData/Build/Intermediates.noindex/WelcomeView.build/Debug-xros/WelcomeView-t.build/DerivedSources/arm64 -Xcc -I/Users/admin/builder/spi-builder-workspace/.derivedData/Build/Intermediates.noindex/WelcomeView.build/Debug-xros/WelcomeView-t.build/DerivedSources -Xcc -DSWIFT_PACKAGE -Xcc -DDEBUG\=1 -emit-objc-header -emit-objc-header-path /Users/admin/builder/spi-builder-workspace/.derivedData/Build/Intermediates.noindex/WelcomeView.build/Debug-xros/WelcomeView-t.build/Objects-normal/arm64/WelcomeView-Swift.h -working-directory /Users/admin/builder/spi-builder-workspace/.swiftpm/xcode -experimental-emit-module-separately -disable-cmo
SwiftExplicitDependencyGeneratePcm arm64 /Users/admin/builder/spi-builder-workspace/.derivedData/SDKExplicitPrecompiledModules/_Builtin_stddef-2IE0R9M96I5XG0WY72N2UIQ8V.pcm
SwiftExplicitDependencyGeneratePcm arm64 /Users/admin/builder/spi-builder-workspace/.derivedData/SDKExplicitPrecompiledModules/ptrcheck-98Y8DWD0HPCMRMDFKAEZCA81O.pcm
SwiftExplicitDependencyGeneratePcm arm64 /Users/admin/builder/spi-builder-workspace/.derivedData/SDKExplicitPrecompiledModules/ShaderGraph-60HTPBNDVX0CX5JIAYFVTA9L4.pcm
SwiftExplicitDependencyGeneratePcm arm64 /Users/admin/builder/spi-builder-workspace/.derivedData/SDKExplicitPrecompiledModules/ptrauth-9Q1PN7OTQZN7B0Z9D7V7Q8UB1.pcm
SwiftExplicitDependencyGeneratePcm arm64 /Users/admin/builder/spi-builder-workspace/.derivedData/SDKExplicitPrecompiledModules/_SwiftConcurrencyShims-9H7TQT237JM0VTD7TXCR6CNM9.pcm
SwiftExplicitDependencyGeneratePcm arm64 /Users/admin/builder/spi-builder-workspace/.derivedData/SDKExplicitPrecompiledModules/DeveloperToolsSupport-194HZPFNNCEHRVXIO6O8L9S0O.pcm
SwiftExplicitDependencyGeneratePcm arm64 /Users/admin/builder/spi-builder-workspace/.derivedData/SDKExplicitPrecompiledModules/_Builtin_float-1J8SO31WACP82RKV0LOTRKG39.pcm
SwiftExplicitDependencyGeneratePcm arm64 /Users/admin/builder/spi-builder-workspace/.derivedData/SDKExplicitPrecompiledModules/_Builtin_stdbool-1Q6BTYNEVHC9M74WL5O5GJ1ZM.pcm
SwiftExplicitDependencyGeneratePcm arm64 /Users/admin/builder/spi-builder-workspace/.derivedData/SDKExplicitPrecompiledModules/_AvailabilityInternal-6BH9T8OE123ARKKFOJFR111NS.pcm
SwiftExplicitDependencyGeneratePcm arm64 /Users/admin/builder/spi-builder-workspace/.derivedData/SDKExplicitPrecompiledModules/SwiftShims-2HAZ94YF1BA79JLFTAIV7APMW.pcm
SwiftExplicitDependencyGeneratePcm arm64 /Users/admin/builder/spi-builder-workspace/.derivedData/SDKExplicitPrecompiledModules/_Builtin_stdarg-62NPPE4D8O3BNLU35D74TGLVQ.pcm
SwiftExplicitDependencyGeneratePcm arm64 /Users/admin/builder/spi-builder-workspace/.derivedData/SDKExplicitPrecompiledModules/_DarwinFoundation1-AVZIQZ8HOAUXTT5CXVE5TNG7E.pcm
SwiftExplicitDependencyGeneratePcm arm64 /Users/admin/builder/spi-builder-workspace/.derivedData/SDKExplicitPrecompiledModules/_Builtin_limits-599EXAY0E7DPK78D1JASUXYCQ.pcm
SwiftExplicitDependencyGeneratePcm arm64 /Users/admin/builder/spi-builder-workspace/.derivedData/SDKExplicitPrecompiledModules/_DarwinFoundation2-E0NXA4K8N3W3XTJG0EDH15WR2.pcm
SwiftExplicitDependencyGeneratePcm arm64 /Users/admin/builder/spi-builder-workspace/.derivedData/SDKExplicitPrecompiledModules/_Builtin_stdint-F1DLW8WMMSOC414RWOQWK8OS8.pcm
SwiftExplicitDependencyGeneratePcm arm64 /Users/admin/builder/spi-builder-workspace/.derivedData/SDKExplicitPrecompiledModules/string_h-BGPLTZ4H9HACR813QKF6VS72D.pcm
SwiftExplicitDependencyGeneratePcm arm64 /Users/admin/builder/spi-builder-workspace/.derivedData/SDKExplicitPrecompiledModules/_Builtin_tgmath-6A504NZTD9420A66PPDYUHISN.pcm
SwiftExplicitDependencyGeneratePcm arm64 /Users/admin/builder/spi-builder-workspace/.derivedData/SDKExplicitPrecompiledModules/sys_types-A3BBS6FJZK4C974FRQ5ZCTND7.pcm
SwiftExplicitDependencyGeneratePcm arm64 /Users/admin/builder/spi-builder-workspace/.derivedData/SDKExplicitPrecompiledModules/_Builtin_intrinsics-3111M8ALPD4YFW0NUUUBCM0JD.pcm
SwiftExplicitDependencyGeneratePcm arm64 /Users/admin/builder/spi-builder-workspace/.derivedData/SDKExplicitPrecompiledModules/_DarwinFoundation3-C1P0SZMW1CBYZ1956G2WPAGVQ.pcm
SwiftExplicitDependencyGeneratePcm arm64 /Users/admin/builder/spi-builder-workspace/.derivedData/SDKExplicitPrecompiledModules/_Builtin_stdatomic-158FFQF46AB7DZCSEC3RCRTFC.pcm
SwiftExplicitDependencyGeneratePcm arm64 /Users/admin/builder/spi-builder-workspace/.derivedData/SDKExplicitPrecompiledModules/_Builtin_inttypes-9DU9NJC5HKVLIXJ97CZROETBU.pcm
SwiftExplicitDependencyGeneratePcm arm64 /Users/admin/builder/spi-builder-workspace/.derivedData/SDKExplicitPrecompiledModules/Darwin-ET1KOXI5QIB2QZ81K0LJ5SCNP.pcm
SwiftExplicitDependencyGeneratePcm arm64 /Users/admin/builder/spi-builder-workspace/.derivedData/SDKExplicitPrecompiledModules/simd-7J2M7D2SOHYQ7IO8MYH2RXTKH.pcm
SwiftExplicitDependencyGeneratePcm arm64 /Users/admin/builder/spi-builder-workspace/.derivedData/SDKExplicitPrecompiledModules/MachO-6F2CAO15JWU9TP0S5ZC6PL9IB.pcm
SwiftExplicitDependencyGeneratePcm arm64 /Users/admin/builder/spi-builder-workspace/.derivedData/SDKExplicitPrecompiledModules/ObjectiveC-7UYOWV2RO2CMEGURP3Y7WLPAT.pcm
SwiftExplicitDependencyGeneratePcm arm64 /Users/admin/builder/spi-builder-workspace/.derivedData/SDKExplicitPrecompiledModules/os_object-A49MUZWNB60JKCX0NMFXESEZD.pcm
SwiftExplicitDependencyGeneratePcm arm64 /Users/admin/builder/spi-builder-workspace/.derivedData/SDKExplicitPrecompiledModules/os_workgroup-1J3Q9ELSMX5271913GPIT75QV.pcm
SwiftExplicitDependencyGeneratePcm arm64 /Users/admin/builder/spi-builder-workspace/.derivedData/SDKExplicitPrecompiledModules/Dispatch-7TDXDXPVVCZ0IQLPT2W4Z1AW3.pcm
SwiftExplicitDependencyGeneratePcm arm64 /Users/admin/builder/spi-builder-workspace/.derivedData/SDKExplicitPrecompiledModules/Spatial-92H2FIVGSGXGN6Z0PM4QAD9U8.pcm
SwiftExplicitDependencyGeneratePcm arm64 /Users/admin/builder/spi-builder-workspace/.derivedData/SDKExplicitPrecompiledModules/XPC-1U8J3QOEPI1JREQTBJYCK4Z2Z.pcm
SwiftExplicitDependencyGeneratePcm arm64 /Users/admin/builder/spi-builder-workspace/.derivedData/SDKExplicitPrecompiledModules/dnssd-3O0RNR51LL3EG0N1T07ZFMALS.pcm
SwiftExplicitDependencyGeneratePcm arm64 /Users/admin/builder/spi-builder-workspace/.derivedData/SDKExplicitPrecompiledModules/CoreFoundation-5D49BF05JAG3T79HLXZS0QOEB.pcm
SwiftExplicitDependencyGeneratePcm arm64 /Users/admin/builder/spi-builder-workspace/.derivedData/SDKExplicitPrecompiledModules/os-7D3ZMGEZW9BBPJG5AFYWTJQLV.pcm
SwiftExplicitDependencyGeneratePcm arm64 /Users/admin/builder/spi-builder-workspace/.derivedData/SDKExplicitPrecompiledModules/CoreGraphics-AY8OPKLJIGMHZ9MYROUT854WA.pcm
SwiftExplicitDependencyGeneratePcm arm64 /Users/admin/builder/spi-builder-workspace/.derivedData/SDKExplicitPrecompiledModules/CoreAudioTypes-312R5U71UD8UC735GBX55K3US.pcm
SwiftExplicitDependencyGeneratePcm arm64 /Users/admin/builder/spi-builder-workspace/.derivedData/SDKExplicitPrecompiledModules/Security-4BDO3J0PXFNR7ZRKSDSXCO6IM.pcm
SwiftExplicitDependencyGeneratePcm arm64 /Users/admin/builder/spi-builder-workspace/.derivedData/SDKExplicitPrecompiledModules/CFNetwork-8XNJAT23SK5D0OET9NV9X387I.pcm
SwiftExplicitDependencyGeneratePcm arm64 /Users/admin/builder/spi-builder-workspace/.derivedData/SDKExplicitPrecompiledModules/CoreAudio-BNVVZ0H6VD0B9Q2N4KZUSB6RB.pcm
SwiftExplicitDependencyGeneratePcm arm64 /Users/admin/builder/spi-builder-workspace/.derivedData/SDKExplicitPrecompiledModules/Foundation-48S9SVOOX01R4NP8KF0LJG57Z.pcm
SwiftExplicitDependencyGeneratePcm arm64 /Users/admin/builder/spi-builder-workspace/.derivedData/SDKExplicitPrecompiledModules/ImageIO-IAKQMD68GVR7DW77YOHGK8X7.pcm
SwiftExplicitDependencyGeneratePcm arm64 /Users/admin/builder/spi-builder-workspace/.derivedData/SDKExplicitPrecompiledModules/CoreText-3Q9AYRR8Y0RMYX4VGST56EDCZ.pcm
SwiftExplicitDependencyGeneratePcm arm64 /Users/admin/builder/spi-builder-workspace/.derivedData/SDKExplicitPrecompiledModules/IOSurface-2D5KLETWRIPRMLT8HCRTTINH3.pcm
SwiftExplicitDependencyGeneratePcm arm64 /Users/admin/builder/spi-builder-workspace/.derivedData/SDKExplicitPrecompiledModules/CoreMIDI-3PXS069A7G7J69W6C2O4U64TR.pcm
SwiftExplicitDependencyGeneratePcm arm64 /Users/admin/builder/spi-builder-workspace/.derivedData/SDKExplicitPrecompiledModules/UIUtilities-F3U0HSZMZSXCP772P753OT1G5.pcm
SwiftExplicitDependencyGeneratePcm arm64 /Users/admin/builder/spi-builder-workspace/.derivedData/SDKExplicitPrecompiledModules/Network-59OXS1WBU0E96MTVI1BQ4Y8O0.pcm
SwiftExplicitDependencyGeneratePcm arm64 /Users/admin/builder/spi-builder-workspace/.derivedData/SDKExplicitPrecompiledModules/LocalAuthentication-DY23D7R1X7DY7BV7FZ6NHSR9L.pcm
SwiftExplicitDependencyGeneratePcm arm64 /Users/admin/builder/spi-builder-workspace/.derivedData/SDKExplicitPrecompiledModules/FileProvider-C1CJK6EJC5IUBTWZU8FS47OM3.pcm
SwiftExplicitDependencyGeneratePcm arm64 /Users/admin/builder/spi-builder-workspace/.derivedData/SDKExplicitPrecompiledModules/Symbols-ECOU17NNJUYRSDVSZI1SX0DNL.pcm
SwiftExplicitDependencyGeneratePcm arm64 /Users/admin/builder/spi-builder-workspace/.derivedData/SDKExplicitPrecompiledModules/CoreTransferable-EFMTSDPFE8WPPM5HOZ47P0KQO.pcm
SwiftExplicitDependencyGeneratePcm arm64 /Users/admin/builder/spi-builder-workspace/.derivedData/SDKExplicitPrecompiledModules/DataDetection-7LQD8Z3LW2FUEO4CR6TGECXW0.pcm
SwiftExplicitDependencyGeneratePcm arm64 /Users/admin/builder/spi-builder-workspace/.derivedData/SDKExplicitPrecompiledModules/UserNotifications-6JIY9EEYAYYTJITYYQZF42LAH.pcm
SwiftExplicitDependencyGeneratePcm arm64 /Users/admin/builder/spi-builder-workspace/.derivedData/SDKExplicitPrecompiledModules/CoreData-5V8622D8G59RJKITQSAST89GC.pcm
SwiftExplicitDependencyGeneratePcm arm64 /Users/admin/builder/spi-builder-workspace/.derivedData/SDKExplicitPrecompiledModules/UniformTypeIdentifiers-9BPZRHV9PRGRSU35W243D89CW.pcm
SwiftExplicitDependencyGeneratePcm arm64 /Users/admin/builder/spi-builder-workspace/.derivedData/SDKExplicitPrecompiledModules/Accessibility-8QB8DU95K5GFNCPAUIMZLHBIU.pcm
SwiftExplicitDependencyGeneratePcm arm64 /Users/admin/builder/spi-builder-workspace/.derivedData/SDKExplicitPrecompiledModules/Metal-CAKGHYH5ACDACD017V00QOQC9.pcm
SwiftExplicitDependencyGeneratePcm arm64 /Users/admin/builder/spi-builder-workspace/.derivedData/SDKExplicitPrecompiledModules/OpenGLES-CKJ9EEPIRPNP44Q12R6YOKS1E.pcm
SwiftExplicitDependencyGeneratePcm arm64 /Users/admin/builder/spi-builder-workspace/.derivedData/SDKExplicitPrecompiledModules/_LocationEssentials-32JNDL0Y7WK6X17R1HPKJCQEE.pcm
SwiftExplicitDependencyGeneratePcm arm64 /Users/admin/builder/spi-builder-workspace/.derivedData/SDKExplicitPrecompiledModules/OSLog-3CTW8AFBZNTJNTYU2CNXR306R.pcm
SwiftExplicitDependencyGeneratePcm arm64 /Users/admin/builder/spi-builder-workspace/.derivedData/SDKExplicitPrecompiledModules/AudioToolbox-BIB990ZQT6Y2YX7R0HKENKU6T.pcm
SwiftExplicitDependencyGeneratePcm arm64 /Users/admin/builder/spi-builder-workspace/.derivedData/SDKExplicitPrecompiledModules/AVRouting-A58BUG9HB1NCTPD2PCCO84ARM.pcm
SwiftExplicitDependencyGeneratePcm arm64 /Users/admin/builder/spi-builder-workspace/.derivedData/SDKExplicitPrecompiledModules/CoreLocation-E62WUNIY48I4BO5WNB3SVVIP8.pcm
SwiftExplicitDependencyGeneratePcm arm64 /Users/admin/builder/spi-builder-workspace/.derivedData/SDKExplicitPrecompiledModules/CoreMotion-DCVNRIJ2COFK7QG37YNW48EGV.pcm
SwiftExplicitDependencyCompileModuleFromInterface arm64 /Users/admin/builder/spi-builder-workspace/.derivedData/SDKExplicitPrecompiledModules/ShaderGraph-URHKVVOFZL5Z.swiftmodule
SwiftExplicitDependencyGeneratePcm arm64 /Users/admin/builder/spi-builder-workspace/.derivedData/SDKExplicitPrecompiledModules/CoreVideo-4PK3Q849TG28PPFW9ON3UC1O9.pcm
SwiftExplicitDependencyGeneratePcm arm64 /Users/admin/builder/spi-builder-workspace/.derivedData/SDKExplicitPrecompiledModules/ARKitFoundation-BT979VLYXKXTC443T81YQQEY1.pcm
SwiftExplicitDependencyGeneratePcm arm64 /Users/admin/builder/spi-builder-workspace/.derivedData/SDKExplicitPrecompiledModules/QuartzCore-6ZHUATRF8P4D51R22KZF8F6EG.pcm
SwiftExplicitDependencyGeneratePcm arm64 /Users/admin/builder/spi-builder-workspace/.derivedData/SDKExplicitPrecompiledModules/CoreMedia-X23SRPCPJE6SQFHHHYCZ7WVC.pcm
SwiftExplicitDependencyGeneratePcm arm64 /Users/admin/builder/spi-builder-workspace/.derivedData/SDKExplicitPrecompiledModules/CoreImage-9GN6OPXIJ356C54K347I7T417.pcm
SwiftExplicitDependencyGeneratePcm arm64 /Users/admin/builder/spi-builder-workspace/.derivedData/SDKExplicitPrecompiledModules/CoreML-C2BW2527PDNODK16LJ9I668C8.pcm
SwiftExplicitDependencyGeneratePcm arm64 /Users/admin/builder/spi-builder-workspace/.derivedData/SDKExplicitPrecompiledModules/SwiftUICore-374BUSM2QWS9MQO694AHOADDT.pcm
SwiftExplicitDependencyGeneratePcm arm64 /Users/admin/builder/spi-builder-workspace/.derivedData/SDKExplicitPrecompiledModules/Vision-3I7AR38LZFB22SF4LQC7Q6KA.pcm
SwiftExplicitDependencyGeneratePcm arm64 /Users/admin/builder/spi-builder-workspace/.derivedData/SDKExplicitPrecompiledModules/VideoToolbox-3P3B69YG5JT8YUFOCSUNDM59.pcm
SwiftExplicitDependencyGeneratePcm arm64 /Users/admin/builder/spi-builder-workspace/.derivedData/SDKExplicitPrecompiledModules/MediaToolbox-ANHHEHPC85W3ECWTCJ308UFOE.pcm
SwiftExplicitDependencyGeneratePcm arm64 /Users/admin/builder/spi-builder-workspace/.derivedData/SDKExplicitPrecompiledModules/AVFAudio-7A6YZTGYW2RLZD9E99CP5838N.pcm
SwiftExplicitDependencyGeneratePcm arm64 /Users/admin/builder/spi-builder-workspace/.derivedData/SDKExplicitPrecompiledModules/UIKit-1PV3XTOUQPUVY5I4MLPUAXR9J.pcm
SwiftExplicitDependencyGeneratePcm arm64 /Users/admin/builder/spi-builder-workspace/.derivedData/SDKExplicitPrecompiledModules/AVFoundation-81FTBCX2AZLM90X977V6F8213.pcm
SwiftExplicitDependencyGeneratePcm arm64 /Users/admin/builder/spi-builder-workspace/.derivedData/SDKExplicitPrecompiledModules/ARKitCore-3XTE32VQMIOYU5QR9S293LZS1.pcm
SwiftExplicitDependencyGeneratePcm arm64 /Users/admin/builder/spi-builder-workspace/.derivedData/SDKExplicitPrecompiledModules/SwiftUI-C448PJ9D4ZYA5OED1YDWBD562.pcm
SwiftExplicitDependencyGeneratePcm arm64 /Users/admin/builder/spi-builder-workspace/.derivedData/SDKExplicitPrecompiledModules/GameController-X9URPRY7QBKI12E33T2Y28WV.pcm
SwiftExplicitDependencyGeneratePcm arm64 /Users/admin/builder/spi-builder-workspace/.derivedData/SDKExplicitPrecompiledModules/ARKit-DR3A0F7OE5VAP1U4QICI8GJ1B.pcm
SwiftEmitModule normal arm64 Emitting\ module\ for\ WelcomeView (in target 'WelcomeView' from project 'WelcomeView')
/Users/admin/builder/spi-builder-workspace/Sources/WelcomeView/WelcomeView.swift:262:44: error: cannot find type 'NSImage' in scope
260 | func makeTitle(for file: RecentFile) -> String
261 | func makeSubtitle(for file: RecentFile) -> String
262 | func makeIcon(for file: RecentFile) -> NSImage
| `- error: cannot find type 'NSImage' in scope
263 | }
264 |
/Users/admin/builder/spi-builder-workspace/Sources/WelcomeView/WelcomeView.swift:172:42: error: cannot find type 'NSView' in scope
170 |
171 | struct CloseWindowButton: NSViewRepresentable {
172 | func makeNSView(context: Context) -> NSView {
| `- error: cannot find type 'NSView' in scope
173 | let containerView = NSView()
174 |
/Users/admin/builder/spi-builder-workspace/Sources/WelcomeView/WelcomeView.swift:172:30: error: cannot find type 'Context' in scope
170 |
171 | struct CloseWindowButton: NSViewRepresentable {
172 | func makeNSView(context: Context) -> NSView {
| `- error: cannot find type 'Context' in scope
173 | let containerView = NSView()
174 |
/Users/admin/builder/spi-builder-workspace/Sources/WelcomeView/WelcomeView.swift:198:33: error: cannot find type 'NSView' in scope
196 | }
197 |
198 | func updateNSView(_ nsView: NSView, context: Context) { }
| `- error: cannot find type 'NSView' in scope
199 | }
200 |
/Users/admin/builder/spi-builder-workspace/Sources/WelcomeView/WelcomeView.swift:198:50: error: cannot find type 'Context' in scope
196 | }
197 |
198 | func updateNSView(_ nsView: NSView, context: Context) { }
| `- error: cannot find type 'Context' in scope
199 | }
200 |
/Users/admin/builder/spi-builder-workspace/Sources/WelcomeView/WelcomeView.swift:171:27: error: cannot find type 'NSViewRepresentable' in scope
169 | }
170 |
171 | struct CloseWindowButton: NSViewRepresentable {
| `- error: cannot find type 'NSViewRepresentable' in scope
172 | func makeNSView(context: Context) -> NSView {
173 | let containerView = NSView()
/Users/admin/builder/spi-builder-workspace/Sources/WelcomeView/WelcomeView.swift:279:44: error: cannot find type 'NSImage' in scope
277 | .replacingOccurrences(of: URL.userDirectory.path, with: "~")
278 | }
279 | func makeIcon(for file: RecentFile) -> NSImage {
| `- error: cannot find type 'NSImage' in scope
280 | file.customIcon ?? NSWorkspace.shared.icon(forFile: file.url.path)
281 | }
/Users/admin/builder/spi-builder-workspace/Sources/WelcomeView/WelcomeView.swift:285:29: error: cannot find type 'NSImage' in scope
283 |
284 | public struct RecentFile: Hashable, Identifiable {
285 | public init(customIcon: NSImage? = nil, customTitle: String? = nil, customSubtitle: String? = nil, url: URL) {
| `- error: cannot find type 'NSImage' in scope
286 | self.customIcon = customIcon
287 | self.customTitle = customTitle
/Users/admin/builder/spi-builder-workspace/Sources/WelcomeView/WelcomeView.swift:293:28: error: cannot find type 'NSImage' in scope
291 | public let id = UUID()
292 |
293 | public let customIcon: NSImage?
| `- error: cannot find type 'NSImage' in scope
294 | public let customTitle: String?
295 | public let customSubtitle: String?
/Users/admin/builder/spi-builder-workspace/Sources/WelcomeView/WelcomeView.swift:284:15: error: type 'RecentFile' does not conform to protocol 'Hashable'
282 | }
283 |
284 | public struct RecentFile: Hashable, Identifiable {
| `- error: type 'RecentFile' does not conform to protocol 'Hashable'
285 | public init(customIcon: NSImage? = nil, customTitle: String? = nil, customSubtitle: String? = nil, url: URL) {
286 | self.customIcon = customIcon
:
291 | public let id = UUID()
292 |
293 | public let customIcon: NSImage?
| `- note: stored property type '_' does not conform to protocol 'Hashable', preventing synthesized conformance of 'RecentFile' to 'Hashable'
294 | public let customTitle: String?
295 | public let customSubtitle: String?
/Users/admin/builder/spi-builder-workspace/Sources/WelcomeView/WelcomeView.swift:284:15: error: type 'RecentFile' does not conform to protocol 'Equatable'
282 | }
283 |
284 | public struct RecentFile: Hashable, Identifiable {
| |- error: type 'RecentFile' does not conform to protocol 'Equatable'
| `- note: add stubs for conformance
285 | public init(customIcon: NSImage? = nil, customTitle: String? = nil, customSubtitle: String? = nil, url: URL) {
286 | self.customIcon = customIcon
:
291 | public let id = UUID()
292 |
293 | public let customIcon: NSImage?
| `- note: stored property type '_' does not conform to protocol 'Equatable', preventing synthesized conformance of 'RecentFile' to 'Equatable'
294 | public let customTitle: String?
295 | public let customSubtitle: String?
Swift.==:1:24: note: candidate would match if 'RecentFile' conformed to 'RawRepresentable'
1 | @inlinable public func == <T>(lhs: T, rhs: T) -> Bool where T : RawRepresentable, T.RawValue : Equatable
| `- note: candidate would match if 'RecentFile' conformed to 'RawRepresentable'
Swift.FloatingPoint.==:2:20: note: candidate would match if 'RecentFile' conformed to 'FloatingPoint'
1 | protocol FloatingPoint {
2 | public static func == (lhs: Self, rhs: Self) -> Bool}
| `- note: candidate would match if 'RecentFile' conformed to 'FloatingPoint'
3 |
Swift.BinaryInteger.==:2:20: note: candidate would match if 'RecentFile' conformed to 'BinaryInteger'
1 | protocol BinaryInteger {
2 | public static func == <Other>(lhs: Self, rhs: Other) -> Bool where Other : BinaryInteger}
| `- note: candidate would match if 'RecentFile' conformed to 'BinaryInteger'
3 |
Swift._Pointer.==:2:20: note: candidate would match if 'RecentFile' conformed to '_Pointer'
1 | protocol _Pointer {
2 | public static func == (lhs: Self, rhs: Self) -> Bool}
| `- note: candidate would match if 'RecentFile' conformed to '_Pointer'
3 |
Swift._Pointer.==:2:31: note: candidate would match if 'RecentFile' conformed to '_Pointer'
1 | protocol _Pointer {
2 | @inlinable public static func == <Other>(lhs: Self, rhs: Other) -> Bool where Other : _Pointer}
| `- note: candidate would match if 'RecentFile' conformed to '_Pointer'
3 |
Swift.Strideable.==:2:31: note: candidate would match if 'RecentFile' conformed to 'Strideable'
1 | protocol Strideable {
2 | @inlinable public static func == (x: Self, y: Self) -> Bool}
| `- note: candidate would match if 'RecentFile' conformed to 'Strideable'
3 |
Swift.StringProtocol.==:2:31: note: candidate would match if 'RecentFile' conformed to 'StringProtocol'
1 | protocol StringProtocol {
2 | @inlinable public static func == <RHS>(lhs: Self, rhs: RHS) -> Bool where RHS : StringProtocol}
| `- note: candidate would match if 'RecentFile' conformed to 'StringProtocol'
3 |
Swift.SIMD.==:2:20: note: candidate would match if 'RecentFile' conformed to 'SIMD'
1 | protocol SIMD {
2 | public static func == (a: Self, b: Self) -> Bool}
| `- note: candidate would match if 'RecentFile' conformed to 'SIMD'
3 |
Foundation.AttributedStringProtocol.==:2:20: note: candidate would match if 'RecentFile' conformed to 'AttributedStringProtocol'
1 | protocol AttributedStringProtocol {
2 | public static func == <RHS>(lhs: Self, rhs: RHS) -> Bool where RHS : AttributedStringProtocol}
| `- note: candidate would match if 'RecentFile' conformed to 'AttributedStringProtocol'
3 |
Foundation._BridgedStoredNSError.==:2:20: note: candidate would match if 'RecentFile' conformed to '_BridgedStoredNSError'
1 | protocol _BridgedStoredNSError {
2 | public static func == (lhs: Self, rhs: Self) -> Bool}
| `- note: candidate would match if 'RecentFile' conformed to '_BridgedStoredNSError'
3 |
CoreFoundation._CFObject.==:2:20: note: candidate would match if 'RecentFile' conformed to '_CFObject'
1 | protocol _CFObject {
2 | public static func == (left: Self, right: Self) -> Bool}
| `- note: candidate would match if 'RecentFile' conformed to '_CFObject'
3 |
Swift.Equatable.==:2:13: note: protocol requires function '==' with type '(borrowing RecentFile, borrowing RecentFile) -> Bool'
1 | protocol Equatable {
2 | static func == (lhs: borrowing Self, rhs: borrowing Self) -> Bool}
| `- note: protocol requires function '==' with type '(borrowing RecentFile, borrowing RecentFile) -> Bool'
3 |
/Users/admin/builder/spi-builder-workspace/Sources/WelcomeView/WelcomeView.swift:316:48: error: cannot find type 'NSWindow' in scope
314 |
315 | fileprivate extension View {
316 | func onWindowAppear(_ callback: @escaping (NSWindow?) -> Void) -> some View {
| `- error: cannot find type 'NSWindow' in scope
317 | background(WindowAccessor(callback: callback))
318 | }
/Users/admin/builder/spi-builder-workspace/Sources/WelcomeView/WelcomeView.swift:322:20: error: cannot find type 'NSWindow' in scope
320 |
321 | fileprivate struct WindowAccessor: NSViewRepresentable {
322 | var callback: (NSWindow?) -> Void
| `- error: cannot find type 'NSWindow' in scope
323 |
324 | func makeNSView(context: Context) -> NSView {
SwiftCompile normal arm64 (in target 'WelcomeView' from project 'WelcomeView')
cd /Users/admin/builder/spi-builder-workspace/.swiftpm/xcode
/Users/admin/builder/spi-builder-workspace/Sources/WelcomeView/WelcomeView.swift:324:42: error: cannot find type 'NSView' in scope
322 | var callback: (NSWindow?) -> Void
323 |
324 | func makeNSView(context: Context) -> NSView {
| `- error: cannot find type 'NSView' in scope
325 | let v = NSView()
326 | DispatchQueue.main.async {
/Users/admin/builder/spi-builder-workspace/Sources/WelcomeView/WelcomeView.swift:324:30: error: cannot find type 'Context' in scope
322 | var callback: (NSWindow?) -> Void
323 |
324 | func makeNSView(context: Context) -> NSView {
| `- error: cannot find type 'Context' in scope
325 | let v = NSView()
326 | DispatchQueue.main.async {
/Users/admin/builder/spi-builder-workspace/Sources/WelcomeView/WelcomeView.swift:332:33: error: cannot find type 'NSView' in scope
330 | }
331 |
332 | func updateNSView(_ nsView: NSView, context: Context) { }
| `- error: cannot find type 'NSView' in scope
333 | }
334 |
/Users/admin/builder/spi-builder-workspace/Sources/WelcomeView/WelcomeView.swift:332:50: error: cannot find type 'Context' in scope
330 | }
331 |
332 | func updateNSView(_ nsView: NSView, context: Context) { }
| `- error: cannot find type 'Context' in scope
333 | }
334 |
/Users/admin/builder/spi-builder-workspace/Sources/WelcomeView/WelcomeView.swift:321:36: error: cannot find type 'NSViewRepresentable' in scope
319 | }
320 |
321 | fileprivate struct WindowAccessor: NSViewRepresentable {
| `- error: cannot find type 'NSViewRepresentable' in scope
322 | var callback: (NSWindow?) -> Void
323 |
Failed frontend command:
/Applications/Xcode-27.0.0-Release.Candidate.app/Contents/Developer/Toolchains/XcodeDefault.xctoolchain/usr/bin/swift-frontend -frontend -emit-module -experimental-skip-non-inlinable-function-bodies-without-types /Users/admin/builder/spi-builder-workspace/Sources/WelcomeView/WelcomeView.swift -target arm64-apple-xros1.0 -disable-cross-import-overlay-search -load-resolved-plugin /Applications/Xcode-27.0.0-Release.Candidate.app/Contents/Developer/Platforms/XROS.platform/Developer/usr/lib/swift/host/plugins/libFoundationMacros.dylib\#/Applications/Xcode-27.0.0-Release.Candidate.app/Contents/Developer/Platforms/XROS.platform/Developer/usr/bin/swift-plugin-server\#FoundationMacros -load-resolved-plugin /Applications/Xcode-27.0.0-Release.Candidate.app/Contents/Developer/Platforms/XROS.platform/Developer/usr/lib/swift/host/plugins/libObservationMacros.dylib\#/Applications/Xcode-27.0.0-Release.Candidate.app/Contents/Developer/Platforms/XROS.platform/Developer/usr/bin/swift-plugin-server\#ObservationMacros -load-resolved-plugin /Applications/Xcode-27.0.0-Release.Candidate.app/Contents/Developer/Platforms/XROS.platform/Developer/usr/lib/swift/host/plugins/libPreviewsMacros.dylib\#/Applications/Xcode-27.0.0-Release.Candidate.app/Contents/Developer/Platforms/XROS.platform/Developer/usr/bin/swift-plugin-server\#PreviewsMacros -load-resolved-plugin /Applications/Xcode-27.0.0-Release.Candidate.app/Contents/Developer/Platforms/XROS.platform/Developer/usr/lib/swift/host/plugins/libSwiftMacros.dylib\#/Applications/Xcode-27.0.0-Release.Candidate.app/Contents/Developer/Platforms/XROS.platform/Developer/usr/bin/swift-plugin-server\#SwiftMacros -load-resolved-plugin /Applications/Xcode-27.0.0-Release.Candidate.app/Contents/Developer/Platforms/XROS.platform/Developer/usr/lib/swift/host/plugins/libSwiftUIMacros.dylib\#/Applications/Xcode-27.0.0-Release.Candidate.app/Contents/Developer/Platforms/XROS.platform/Developer/usr/bin/swift-plugin-server\#SwiftUIMacros -disable-implicit-swift-modules -Xcc -fno-implicit-modules -Xcc -fno-implicit-module-maps -explicit-swift-module-map-file /Users/admin/builder/spi-builder-workspace/.derivedData/Build/Intermediates.noindex/WelcomeView.build/Debug-xros/WelcomeView-t.build/Objects-normal/arm64/WelcomeView-dependencies-1.json -Xllvm -aarch64-use-tbi -enable-objc-interop -stack-check -sdk /Applications/Xcode-27.0.0-Release.Candidate.app/Contents/Developer/Platforms/XROS.platform/Developer/SDKs/XROS27.0.sdk -I /Users/admin/builder/spi-builder-workspace/.derivedData/Build/Products/Debug-xros -Isystem /Applications/Xcode-27.0.0-Release.Candidate.app/Contents/Developer/Platforms/XROS.platform/Developer/usr/lib -F /Users/admin/builder/spi-builder-workspace/.derivedData/Build/Products/Debug-xros -F /Applications/Xcode-27.0.0-Release.Candidate.app/Contents/Developer/Platforms/XROS.platform/Developer/Library/Frameworks -F /Applications/Xcode-27.0.0-Release.Candidate.app/Contents/Developer/Platforms/XROS.platform/Developer/SDKs/XROS27.0.sdk/Developer/Library/Frameworks -module-cache-path /Users/admin/builder/spi-builder-workspace/.derivedData/Build/Intermediates.noindex/SwiftExplicitPrecompiledModules -no-color-diagnostics -Xcc -fno-color-diagnostics -enable-testing -g -debug-info-format\=dwarf -dwarf-version\=4 -swift-version 6 -Onone -D SWIFT_PACKAGE -D DEBUG -D SWIFT_MODULE_RESOURCE_BUNDLE_UNAVAILABLE -D Xcode -serialize-debugging-options -enable-experimental-feature DebugDescriptionMacro -empty-abi-descriptor -validate-clang-modules-once -clang-build-session-file /Users/admin/builder/spi-builder-workspace/.derivedData/ModuleCache.noindex/Session.modulevalidation -Xcc -working-directory -Xcc /Users/admin/builder/spi-builder-workspace/.swiftpm/xcode -enable-anonymous-context-mangled-names -file-compilation-dir /Users/admin/builder/spi-builder-workspace/.swiftpm/xcode -Xcc -D_LIBCPP_HARDENING_MODE\=_LIBCPP_HARDENING_MODE_DEBUG -Xcc -ivfsstatcache -Xcc /Users/admin/builder/spi-builder-workspace/.derivedData/SDKStatCaches.noindex/xros27.0-24M361-e829b21a6f8c9b70876ba0858053c044735bd543db762f57723cac368afd1ce4.sdkstatcache -Xcc -fmodules-prune-interval\=86400 -Xcc -fmodules-prune-after\=345600 -Xcc -I/Users/admin/builder/spi-builder-workspace/.derivedData/Build/Products/Debug-xros/include -Xcc -I/Users/admin/builder/spi-builder-workspace/.derivedData/Build/Intermediates.noindex/WelcomeView.build/Debug-xros/WelcomeView-t.build/DerivedSources-normal/arm64 -Xcc -I/Users/admin/builder/spi-builder-workspace/.derivedData/Build/Intermediates.noindex/WelcomeView.build/Debug-xros/WelcomeView-t.build/DerivedSources/arm64 -Xcc -I/Users/admin/builder/spi-builder-workspace/.derivedData/Build/Intermediates.noindex/WelcomeView.build/Debug-xros/WelcomeView-t.build/DerivedSources -Xcc -DSWIFT_PACKAGE -Xcc -DDEBUG\=1 -no-auto-bridging-header-chaining -module-name WelcomeView -package-name spi_builder_workspace -const-gather-protocols-file /Users/admin/builder/spi-builder-workspace/.derivedData/Build/Intermediates.noindex/WelcomeView.build/Debug-xros/WelcomeView-t.build/Objects-normal/arm64/WelcomeView_const_extract_protocols.json -disable-clang-spi -clang-target arm64-apple-xros27.0 -target-sdk-version 27.0 -target-sdk-name xros27.0 -in-process-plugin-server-path /Applications/Xcode-27.0.0-Release.Candidate.app/Contents/Developer/Toolchains/XcodeDefault.xctoolchain/usr/lib/swift/host/libSwiftInProcPluginServer.dylib -emit-module-doc-path /Users/admin/builder/spi-builder-workspace/.derivedData/Build/Intermediates.noindex/WelcomeView.build/Debug-xros/WelcomeView-t.build/Objects-normal/arm64/WelcomeView.swiftdoc -emit-module-source-info-path /Users/admin/builder/spi-builder-workspace/.derivedData/Build/Intermediates.noindex/WelcomeView.build/Debug-xros/WelcomeView-t.build/Objects-normal/arm64/WelcomeView.swiftsourceinfo -emit-objc-header-path /Users/admin/builder/spi-builder-workspace/.derivedData/Build/Intermediates.noindex/WelcomeView.build/Debug-xros/WelcomeView-t.build/Objects-normal/arm64/WelcomeView-Swift.h -serialize-diagnostics-path /Users/admin/builder/spi-builder-workspace/.derivedData/Build/Intermediates.noindex/WelcomeView.build/Debug-xros/WelcomeView-t.build/Objects-normal/arm64/WelcomeView-primary-emit-module.dia -emit-dependencies-path /Users/admin/builder/spi-builder-workspace/.derivedData/Build/Intermediates.noindex/WelcomeView.build/Debug-xros/WelcomeView-t.build/Objects-normal/arm64/WelcomeView-primary-emit-module.d -parse-as-library -o /Users/admin/builder/spi-builder-workspace/.derivedData/Build/Intermediates.noindex/WelcomeView.build/Debug-xros/WelcomeView-t.build/Objects-normal/arm64/WelcomeView.swiftmodule -emit-abi-descriptor-path /Users/admin/builder/spi-builder-workspace/.derivedData/Build/Intermediates.noindex/WelcomeView.build/Debug-xros/WelcomeView-t.build/Objects-normal/arm64/WelcomeView.abi.json
SwiftCompile normal arm64 Compiling\ WelcomeView.swift /Users/admin/builder/spi-builder-workspace/Sources/WelcomeView/WelcomeView.swift (in target 'WelcomeView' from project 'WelcomeView')
/Users/admin/builder/spi-builder-workspace/Sources/WelcomeView/WelcomeView.swift:262:44: error: cannot find type 'NSImage' in scope
260 | func makeTitle(for file: RecentFile) -> String
261 | func makeSubtitle(for file: RecentFile) -> String
262 | func makeIcon(for file: RecentFile) -> NSImage
| `- error: cannot find type 'NSImage' in scope
263 | }
264 |
/Users/admin/builder/spi-builder-workspace/Sources/WelcomeView/WelcomeView.swift:172:42: error: cannot find type 'NSView' in scope
170 |
171 | struct CloseWindowButton: NSViewRepresentable {
172 | func makeNSView(context: Context) -> NSView {
| `- error: cannot find type 'NSView' in scope
173 | let containerView = NSView()
174 |
/Users/admin/builder/spi-builder-workspace/Sources/WelcomeView/WelcomeView.swift:172:30: error: cannot find type 'Context' in scope
170 |
171 | struct CloseWindowButton: NSViewRepresentable {
172 | func makeNSView(context: Context) -> NSView {
| `- error: cannot find type 'Context' in scope
173 | let containerView = NSView()
174 |
/Users/admin/builder/spi-builder-workspace/Sources/WelcomeView/WelcomeView.swift:198:33: error: cannot find type 'NSView' in scope
196 | }
197 |
198 | func updateNSView(_ nsView: NSView, context: Context) { }
| `- error: cannot find type 'NSView' in scope
199 | }
200 |
/Users/admin/builder/spi-builder-workspace/Sources/WelcomeView/WelcomeView.swift:198:50: error: cannot find type 'Context' in scope
196 | }
197 |
198 | func updateNSView(_ nsView: NSView, context: Context) { }
| `- error: cannot find type 'Context' in scope
199 | }
200 |
/Users/admin/builder/spi-builder-workspace/Sources/WelcomeView/WelcomeView.swift:171:27: error: cannot find type 'NSViewRepresentable' in scope
169 | }
170 |
171 | struct CloseWindowButton: NSViewRepresentable {
| `- error: cannot find type 'NSViewRepresentable' in scope
172 | func makeNSView(context: Context) -> NSView {
173 | let containerView = NSView()
/Users/admin/builder/spi-builder-workspace/Sources/WelcomeView/WelcomeView.swift:279:44: error: cannot find type 'NSImage' in scope
277 | .replacingOccurrences(of: URL.userDirectory.path, with: "~")
278 | }
279 | func makeIcon(for file: RecentFile) -> NSImage {
| `- error: cannot find type 'NSImage' in scope
280 | file.customIcon ?? NSWorkspace.shared.icon(forFile: file.url.path)
281 | }
/Users/admin/builder/spi-builder-workspace/Sources/WelcomeView/WelcomeView.swift:285:29: error: cannot find type 'NSImage' in scope
283 |
284 | public struct RecentFile: Hashable, Identifiable {
285 | public init(customIcon: NSImage? = nil, customTitle: String? = nil, customSubtitle: String? = nil, url: URL) {
| `- error: cannot find type 'NSImage' in scope
286 | self.customIcon = customIcon
287 | self.customTitle = customTitle
/Users/admin/builder/spi-builder-workspace/Sources/WelcomeView/WelcomeView.swift:293:28: error: cannot find type 'NSImage' in scope
291 | public let id = UUID()
292 |
293 | public let customIcon: NSImage?
| `- error: cannot find type 'NSImage' in scope
294 | public let customTitle: String?
295 | public let customSubtitle: String?
/Users/admin/builder/spi-builder-workspace/Sources/WelcomeView/WelcomeView.swift:284:15: error: type 'RecentFile' does not conform to protocol 'Hashable'
282 | }
283 |
284 | public struct RecentFile: Hashable, Identifiable {
| `- error: type 'RecentFile' does not conform to protocol 'Hashable'
285 | public init(customIcon: NSImage? = nil, customTitle: String? = nil, customSubtitle: String? = nil, url: URL) {
286 | self.customIcon = customIcon
:
291 | public let id = UUID()
292 |
293 | public let customIcon: NSImage?
| `- note: stored property type '_' does not conform to protocol 'Hashable', preventing synthesized conformance of 'RecentFile' to 'Hashable'
294 | public let customTitle: String?
295 | public let customSubtitle: String?
/Users/admin/builder/spi-builder-workspace/Sources/WelcomeView/WelcomeView.swift:284:15: error: type 'RecentFile' does not conform to protocol 'Equatable'
282 | }
283 |
284 | public struct RecentFile: Hashable, Identifiable {
| |- error: type 'RecentFile' does not conform to protocol 'Equatable'
| `- note: add stubs for conformance
285 | public init(customIcon: NSImage? = nil, customTitle: String? = nil, customSubtitle: String? = nil, url: URL) {
286 | self.customIcon = customIcon
:
291 | public let id = UUID()
292 |
293 | public let customIcon: NSImage?
| `- note: stored property type '_' does not conform to protocol 'Equatable', preventing synthesized conformance of 'RecentFile' to 'Equatable'
294 | public let customTitle: String?
295 | public let customSubtitle: String?
Swift.==:1:24: note: candidate would match if 'RecentFile' conformed to 'RawRepresentable'
1 | @inlinable public func == <T>(lhs: T, rhs: T) -> Bool where T : RawRepresentable, T.RawValue : Equatable
| `- note: candidate would match if 'RecentFile' conformed to 'RawRepresentable'
Swift.FloatingPoint.==:2:20: note: candidate would match if 'RecentFile' conformed to 'FloatingPoint'
1 | protocol FloatingPoint {
2 | public static func == (lhs: Self, rhs: Self) -> Bool}
| `- note: candidate would match if 'RecentFile' conformed to 'FloatingPoint'
3 |
Swift.BinaryInteger.==:2:20: note: candidate would match if 'RecentFile' conformed to 'BinaryInteger'
1 | protocol BinaryInteger {
2 | public static func == <Other>(lhs: Self, rhs: Other) -> Bool where Other : BinaryInteger}
| `- note: candidate would match if 'RecentFile' conformed to 'BinaryInteger'
3 |
Swift._Pointer.==:2:20: note: candidate would match if 'RecentFile' conformed to '_Pointer'
1 | protocol _Pointer {
2 | public static func == (lhs: Self, rhs: Self) -> Bool}
| `- note: candidate would match if 'RecentFile' conformed to '_Pointer'
3 |
Swift._Pointer.==:2:31: note: candidate would match if 'RecentFile' conformed to '_Pointer'
1 | protocol _Pointer {
2 | @inlinable public static func == <Other>(lhs: Self, rhs: Other) -> Bool where Other : _Pointer}
| `- note: candidate would match if 'RecentFile' conformed to '_Pointer'
3 |
Swift.Strideable.==:2:31: note: candidate would match if 'RecentFile' conformed to 'Strideable'
1 | protocol Strideable {
2 | @inlinable public static func == (x: Self, y: Self) -> Bool}
| `- note: candidate would match if 'RecentFile' conformed to 'Strideable'
3 |
Swift.StringProtocol.==:2:31: note: candidate would match if 'RecentFile' conformed to 'StringProtocol'
1 | protocol StringProtocol {
2 | @inlinable public static func == <RHS>(lhs: Self, rhs: RHS) -> Bool where RHS : StringProtocol}
| `- note: candidate would match if 'RecentFile' conformed to 'StringProtocol'
3 |
Swift.SIMD.==:2:20: note: candidate would match if 'RecentFile' conformed to 'SIMD'
1 | protocol SIMD {
2 | public static func == (a: Self, b: Self) -> Bool}
| `- note: candidate would match if 'RecentFile' conformed to 'SIMD'
3 |
Foundation.AttributedStringProtocol.==:2:20: note: candidate would match if 'RecentFile' conformed to 'AttributedStringProtocol'
1 | protocol AttributedStringProtocol {
2 | public static func == <RHS>(lhs: Self, rhs: RHS) -> Bool where RHS : AttributedStringProtocol}
| `- note: candidate would match if 'RecentFile' conformed to 'AttributedStringProtocol'
3 |
Foundation._BridgedStoredNSError.==:2:20: note: candidate would match if 'RecentFile' conformed to '_BridgedStoredNSError'
1 | protocol _BridgedStoredNSError {
2 | public static func == (lhs: Self, rhs: Self) -> Bool}
| `- note: candidate would match if 'RecentFile' conformed to '_BridgedStoredNSError'
3 |
CoreFoundation._CFObject.==:2:20: note: candidate would match if 'RecentFile' conformed to '_CFObject'
1 | protocol _CFObject {
2 | public static func == (left: Self, right: Self) -> Bool}
| `- note: candidate would match if 'RecentFile' conformed to '_CFObject'
3 |
Swift.Equatable.==:2:13: note: protocol requires function '==' with type '(borrowing RecentFile, borrowing RecentFile) -> Bool'
1 | protocol Equatable {
2 | static func == (lhs: borrowing Self, rhs: borrowing Self) -> Bool}
| `- note: protocol requires function '==' with type '(borrowing RecentFile, borrowing RecentFile) -> Bool'
3 |
/Users/admin/builder/spi-builder-workspace/Sources/WelcomeView/WelcomeView.swift:316:48: error: cannot find type 'NSWindow' in scope
314 |
315 | fileprivate extension View {
316 | func onWindowAppear(_ callback: @escaping (NSWindow?) -> Void) -> some View {
| `- error: cannot find type 'NSWindow' in scope
317 | background(WindowAccessor(callback: callback))
318 | }
/Users/admin/builder/spi-builder-workspace/Sources/WelcomeView/WelcomeView.swift:322:20: error: cannot find type 'NSWindow' in scope
320 |
321 | fileprivate struct WindowAccessor: NSViewRepresentable {
322 | var callback: (NSWindow?) -> Void
| `- error: cannot find type 'NSWindow' in scope
323 |
324 | func makeNSView(context: Context) -> NSView {
SwiftCompile normal arm64 /Users/admin/builder/spi-builder-workspace/Sources/WelcomeView/WelcomeView.swift (in target 'WelcomeView' from project 'WelcomeView')
cd /Users/admin/builder/spi-builder-workspace/.swiftpm/xcode
builtin-SwiftPerFileCompile WelcomeView.swift
/Users/admin/builder/spi-builder-workspace/Sources/WelcomeView/WelcomeView.swift:324:42: error: cannot find type 'NSView' in scope
322 | var callback: (NSWindow?) -> Void
323 |
324 | func makeNSView(context: Context) -> NSView {
| `- error: cannot find type 'NSView' in scope
325 | let v = NSView()
326 | DispatchQueue.main.async {
/Users/admin/builder/spi-builder-workspace/Sources/WelcomeView/WelcomeView.swift:324:30: error: cannot find type 'Context' in scope
322 | var callback: (NSWindow?) -> Void
323 |
324 | func makeNSView(context: Context) -> NSView {
| `- error: cannot find type 'Context' in scope
325 | let v = NSView()
326 | DispatchQueue.main.async {
/Users/admin/builder/spi-builder-workspace/Sources/WelcomeView/WelcomeView.swift:332:33: error: cannot find type 'NSView' in scope
330 | }
331 |
332 | func updateNSView(_ nsView: NSView, context: Context) { }
| `- error: cannot find type 'NSView' in scope
333 | }
334 |
/Users/admin/builder/spi-builder-workspace/Sources/WelcomeView/WelcomeView.swift:332:50: error: cannot find type 'Context' in scope
330 | }
331 |
332 | func updateNSView(_ nsView: NSView, context: Context) { }
| `- error: cannot find type 'Context' in scope
333 | }
334 |
PruneExplicitPrecompiledModules /Users/admin/builder/spi-builder-workspace/.derivedData/Build/Intermediates.noindex/SwiftExplicitPrecompiledModules
PruneExplicitPrecompiledModules /Users/admin/builder/spi-builder-workspace/.derivedData/SDKExplicitPrecompiledModules
PruneExplicitPrecompiledModules /Users/admin/builder/spi-builder-workspace/.derivedData/Build/Intermediates.noindex/ExplicitPrecompiledModules
2026-09-24 23:35:47.933 xcodebuild[623:3888] [MT] IDERunDestination: Supported platforms for the buildables in the current scheme is empty.
** BUILD FAILED **
The following build commands failed:
SwiftCompile normal arm64 (in target 'WelcomeView' from project 'WelcomeView')
SwiftEmitModule normal arm64 Emitting\ module\ for\ WelcomeView (in target 'WelcomeView' from project 'WelcomeView')
Building workspace WelcomeView with scheme WelcomeView
(3 failures)
Command line invocation:
/Applications/Xcode-27.0.0-Release.Candidate.app/Contents/Developer/usr/bin/xcodebuild -IDEClonedSourcePackagesDirPathOverride=/Users/admin/builder/spi-builder-workspace/.dependencies -resolvePackageDependencies
Resolve Package Graph
Resolved source packages:
WelcomeView: /Users/admin/builder/spi-builder-workspace
resolved source packages: WelcomeView
2026-09-24 23:35:55.311 xcodebuild[733:4327] [MT] IDERunDestination: Supported platforms for the buildables in the current scheme is empty.
{
"dependencies" : [
],
"manifest_display_name" : "WelcomeView",
"name" : "WelcomeView",
"path" : "/Users/admin/builder/spi-builder-workspace",
"platforms" : [
{
"name" : "macos",
"version" : "13.0"
}
],
"products" : [
{
"name" : "WelcomeView",
"targets" : [
"WelcomeView"
],
"type" : {
"library" : [
"automatic"
]
}
}
],
"targets" : [
{
"c99name" : "WelcomeView",
"module_type" : "SwiftTarget",
"name" : "WelcomeView",
"path" : "Sources/WelcomeView",
"product_memberships" : [
"WelcomeView"
],
"sources" : [
"WelcomeView.swift"
],
"type" : "library"
}
],
"tools_version" : "6.0"
}
{
"workspace" : {
"name" : "WelcomeView",
"schemes" : [
"WelcomeView"
]
}
}
2026-09-24 23:35:56.461 xcodebuild[761:4566] [MT] IDERunDestination: Supported platforms for the buildables in the current scheme is empty.
Running build ...
env DEVELOPER_DIR=/Applications/Xcode-27.0.0-Release.Candidate.app xcrun xcodebuild -IDEClonedSourcePackagesDirPathOverride=$PWD/.dependencies -skipMacroValidation -skipPackagePluginValidation -derivedDataPath $PWD/.derivedData build -scheme WelcomeView -destination generic/platform=xrOS
Command line invocation:
/Applications/Xcode-27.0.0-Release.Candidate.app/Contents/Developer/usr/bin/xcodebuild -IDEClonedSourcePackagesDirPathOverride=/Users/admin/builder/spi-builder-workspace/.dependencies -skipMacroValidation -skipPackagePluginValidation -derivedDataPath /Users/admin/builder/spi-builder-workspace/.derivedData build -scheme WelcomeView -destination generic/platform=xrOS
Resolve Package Graph
Resolved source packages:
WelcomeView: /Users/admin/builder/spi-builder-workspace
ComputePackagePrebuildTargetDependencyGraph
Prepare packages
CreateBuildRequest
SendProjectDescription
CreateBuildOperation
ComputeTargetDependencyGraph
note: Building targets in dependency order
note: Target dependency graph (2 targets)
Target 'WelcomeView-product' in project 'WelcomeView'
➜ Explicit dependency on target 'WelcomeView' in project 'WelcomeView'
Target 'WelcomeView' in project 'WelcomeView' (no dependencies)
GatherProvisioningInputs
CreateBuildDescription
ClangStatCache /Applications/Xcode-27.0.0-Release.Candidate.app/Contents/Developer/Toolchains/XcodeDefault.xctoolchain/usr/bin/clang-stat-cache /Applications/Xcode-27.0.0-Release.Candidate.app/Contents/Developer/Platforms/XROS.platform/Developer/SDKs/XROS27.0.sdk /Users/admin/builder/spi-builder-workspace/.derivedData/SDKStatCaches.noindex/xros27.0-24M361-e829b21a6f8c9b70876ba0858053c044735bd543db762f57723cac368afd1ce4.sdkstatcache
cd /Users/admin/builder/spi-builder-workspace/.swiftpm/xcode
/Applications/Xcode-27.0.0-Release.Candidate.app/Contents/Developer/Toolchains/XcodeDefault.xctoolchain/usr/bin/clang-stat-cache /Applications/Xcode-27.0.0-Release.Candidate.app/Contents/Developer/Platforms/XROS.platform/Developer/SDKs/XROS27.0.sdk -o /Users/admin/builder/spi-builder-workspace/.derivedData/SDKStatCaches.noindex/xros27.0-24M361-e829b21a6f8c9b70876ba0858053c044735bd543db762f57723cac368afd1ce4.sdkstatcache
SwiftDriver WelcomeView normal arm64 com.apple.xcode.tools.swift.compiler (in target 'WelcomeView' from project 'WelcomeView')
cd /Users/admin/builder/spi-builder-workspace/.swiftpm/xcode
builtin-SwiftDriver -- /Applications/Xcode-27.0.0-Release.Candidate.app/Contents/Developer/Toolchains/XcodeDefault.xctoolchain/usr/bin/swiftc -parse-as-library -module-name WelcomeView -Onone @/Users/admin/builder/spi-builder-workspace/.derivedData/Build/Intermediates.noindex/WelcomeView.build/Debug-xros/WelcomeView-t.build/Objects-normal/arm64/WelcomeView.SwiftFileList -DSWIFT_PACKAGE -DDEBUG -DSWIFT_MODULE_RESOURCE_BUNDLE_UNAVAILABLE -DXcode -plugin-path /Applications/Xcode-27.0.0-Release.Candidate.app/Contents/Developer/Toolchains/XcodeDefault.xctoolchain/usr/lib/swift/host/plugins/testing -enable-experimental-feature DebugDescriptionMacro -sdk /Applications/Xcode-27.0.0-Release.Candidate.app/Contents/Developer/Platforms/XROS.platform/Developer/SDKs/XROS27.0.sdk -target arm64-apple-xros1.0 -g -module-cache-path /Users/admin/builder/spi-builder-workspace/.derivedData/ModuleCache.noindex -Xfrontend -serialize-debugging-options -enable-testing -index-store-path /Users/admin/builder/spi-builder-workspace/.derivedData/Index.noindex/DataStore -Xcc -D_LIBCPP_HARDENING_MODE\=_LIBCPP_HARDENING_MODE_DEBUG -swift-version 6 -I /Users/admin/builder/spi-builder-workspace/.derivedData/Build/Products/Debug-xros -Isystem /Applications/Xcode-27.0.0-Release.Candidate.app/Contents/Developer/Platforms/XROS.platform/Developer/usr/lib -F /Users/admin/builder/spi-builder-workspace/.derivedData/Build/Products/Debug-xros -F /Applications/Xcode-27.0.0-Release.Candidate.app/Contents/Developer/Platforms/XROS.platform/Developer/Library/Frameworks -F /Applications/Xcode-27.0.0-Release.Candidate.app/Contents/Developer/Platforms/XROS.platform/Developer/SDKs/XROS27.0.sdk/Developer/Library/Frameworks -c -j10 -enable-batch-mode -incremental -Xcc -ivfsstatcache -Xcc /Users/admin/builder/spi-builder-workspace/.derivedData/SDKStatCaches.noindex/xros27.0-24M361-e829b21a6f8c9b70876ba0858053c044735bd543db762f57723cac368afd1ce4.sdkstatcache -output-file-map /Users/admin/builder/spi-builder-workspace/.derivedData/Build/Intermediates.noindex/WelcomeView.build/Debug-xros/WelcomeView-t.build/Objects-normal/arm64/WelcomeView-OutputFileMap.json -save-temps -no-color-diagnostics -explicit-module-build -module-cache-path /Users/admin/builder/spi-builder-workspace/.derivedData/Build/Intermediates.noindex/SwiftExplicitPrecompiledModules -clang-scanner-module-cache-path /Users/admin/builder/spi-builder-workspace/.derivedData/ModuleCache.noindex -sdk-module-cache-path /Users/admin/builder/spi-builder-workspace/.derivedData/SDKExplicitPrecompiledModules -emit-dependencies -emit-module -emit-module-path /Users/admin/builder/spi-builder-workspace/.derivedData/Build/Intermediates.noindex/WelcomeView.build/Debug-xros/WelcomeView-t.build/Objects-normal/arm64/WelcomeView.swiftmodule -serialize-diagnostics -dependency-scan-serialize-diagnostics-path /Users/admin/builder/spi-builder-workspace/.derivedData/Build/Intermediates.noindex/WelcomeView.build/Debug-xros/WelcomeView-t.build/Objects-normal/arm64/WelcomeView-dependency-scan.dia -validate-clang-modules-once -clang-build-session-file /Users/admin/builder/spi-builder-workspace/.derivedData/ModuleCache.noindex/Session.modulevalidation -Xcc -fmodules-prune-interval\=86400 -Xcc -fmodules-prune-after\=345600 -package-name spi_builder_workspace -emit-const-values -const-gather-protocols-list /Users/admin/builder/spi-builder-workspace/.derivedData/Build/Intermediates.noindex/WelcomeView.build/Debug-xros/WelcomeView-t.build/Objects-normal/arm64/WelcomeView_const_extract_protocols.json -Xcc -I/Users/admin/builder/spi-builder-workspace/.derivedData/Build/Products/Debug-xros/include -Xcc -I/Users/admin/builder/spi-builder-workspace/.derivedData/Build/Intermediates.noindex/WelcomeView.build/Debug-xros/WelcomeView-t.build/DerivedSources-normal/arm64 -Xcc -I/Users/admin/builder/spi-builder-workspace/.derivedData/Build/Intermediates.noindex/WelcomeView.build/Debug-xros/WelcomeView-t.build/DerivedSources/arm64 -Xcc -I/Users/admin/builder/spi-builder-workspace/.derivedData/Build/Intermediates.noindex/WelcomeView.build/Debug-xros/WelcomeView-t.build/DerivedSources -Xcc -DSWIFT_PACKAGE -Xcc -DDEBUG\=1 -emit-objc-header -emit-objc-header-path /Users/admin/builder/spi-builder-workspace/.derivedData/Build/Intermediates.noindex/WelcomeView.build/Debug-xros/WelcomeView-t.build/Objects-normal/arm64/WelcomeView-Swift.h -working-directory /Users/admin/builder/spi-builder-workspace/.swiftpm/xcode -experimental-emit-module-separately -disable-cmo
SwiftCompile normal arm64 Compiling\ WelcomeView.swift /Users/admin/builder/spi-builder-workspace/Sources/WelcomeView/WelcomeView.swift (in target 'WelcomeView' from project 'WelcomeView')
/Users/admin/builder/spi-builder-workspace/Sources/WelcomeView/WelcomeView.swift:262:44: error: cannot find type 'NSImage' in scope
260 | func makeTitle(for file: RecentFile) -> String
261 | func makeSubtitle(for file: RecentFile) -> String
262 | func makeIcon(for file: RecentFile) -> NSImage
| `- error: cannot find type 'NSImage' in scope
263 | }
264 |
/Users/admin/builder/spi-builder-workspace/Sources/WelcomeView/WelcomeView.swift:172:42: error: cannot find type 'NSView' in scope
170 |
171 | struct CloseWindowButton: NSViewRepresentable {
172 | func makeNSView(context: Context) -> NSView {
| `- error: cannot find type 'NSView' in scope
173 | let containerView = NSView()
174 |
/Users/admin/builder/spi-builder-workspace/Sources/WelcomeView/WelcomeView.swift:172:30: error: cannot find type 'Context' in scope
170 |
171 | struct CloseWindowButton: NSViewRepresentable {
172 | func makeNSView(context: Context) -> NSView {
| `- error: cannot find type 'Context' in scope
173 | let containerView = NSView()
174 |
/Users/admin/builder/spi-builder-workspace/Sources/WelcomeView/WelcomeView.swift:198:33: error: cannot find type 'NSView' in scope
196 | }
197 |
198 | func updateNSView(_ nsView: NSView, context: Context) { }
| `- error: cannot find type 'NSView' in scope
199 | }
200 |
/Users/admin/builder/spi-builder-workspace/Sources/WelcomeView/WelcomeView.swift:198:50: error: cannot find type 'Context' in scope
196 | }
197 |
198 | func updateNSView(_ nsView: NSView, context: Context) { }
| `- error: cannot find type 'Context' in scope
199 | }
200 |
/Users/admin/builder/spi-builder-workspace/Sources/WelcomeView/WelcomeView.swift:171:27: error: cannot find type 'NSViewRepresentable' in scope
169 | }
170 |
171 | struct CloseWindowButton: NSViewRepresentable {
| `- error: cannot find type 'NSViewRepresentable' in scope
172 | func makeNSView(context: Context) -> NSView {
173 | let containerView = NSView()
/Users/admin/builder/spi-builder-workspace/Sources/WelcomeView/WelcomeView.swift:279:44: error: cannot find type 'NSImage' in scope
277 | .replacingOccurrences(of: URL.userDirectory.path, with: "~")
278 | }
279 | func makeIcon(for file: RecentFile) -> NSImage {
| `- error: cannot find type 'NSImage' in scope
280 | file.customIcon ?? NSWorkspace.shared.icon(forFile: file.url.path)
281 | }
/Users/admin/builder/spi-builder-workspace/Sources/WelcomeView/WelcomeView.swift:285:29: error: cannot find type 'NSImage' in scope
283 |
284 | public struct RecentFile: Hashable, Identifiable {
285 | public init(customIcon: NSImage? = nil, customTitle: String? = nil, customSubtitle: String? = nil, url: URL) {
| `- error: cannot find type 'NSImage' in scope
286 | self.customIcon = customIcon
287 | self.customTitle = customTitle
/Users/admin/builder/spi-builder-workspace/Sources/WelcomeView/WelcomeView.swift:293:28: error: cannot find type 'NSImage' in scope
291 | public let id = UUID()
292 |
293 | public let customIcon: NSImage?
| `- error: cannot find type 'NSImage' in scope
294 | public let customTitle: String?
295 | public let customSubtitle: String?
/Users/admin/builder/spi-builder-workspace/Sources/WelcomeView/WelcomeView.swift:284:15: error: type 'RecentFile' does not conform to protocol 'Hashable'
282 | }
283 |
284 | public struct RecentFile: Hashable, Identifiable {
| `- error: type 'RecentFile' does not conform to protocol 'Hashable'
285 | public init(customIcon: NSImage? = nil, customTitle: String? = nil, customSubtitle: String? = nil, url: URL) {
286 | self.customIcon = customIcon
:
291 | public let id = UUID()
292 |
293 | public let customIcon: NSImage?
| `- note: stored property type '_' does not conform to protocol 'Hashable', preventing synthesized conformance of 'RecentFile' to 'Hashable'
294 | public let customTitle: String?
295 | public let customSubtitle: String?
/Users/admin/builder/spi-builder-workspace/Sources/WelcomeView/WelcomeView.swift:284:15: error: type 'RecentFile' does not conform to protocol 'Equatable'
282 | }
283 |
284 | public struct RecentFile: Hashable, Identifiable {
| |- error: type 'RecentFile' does not conform to protocol 'Equatable'
| `- note: add stubs for conformance
285 | public init(customIcon: NSImage? = nil, customTitle: String? = nil, customSubtitle: String? = nil, url: URL) {
286 | self.customIcon = customIcon
:
291 | public let id = UUID()
292 |
293 | public let customIcon: NSImage?
| `- note: stored property type '_' does not conform to protocol 'Equatable', preventing synthesized conformance of 'RecentFile' to 'Equatable'
294 | public let customTitle: String?
295 | public let customSubtitle: String?
Swift.==:1:24: note: candidate would match if 'RecentFile' conformed to 'RawRepresentable'
1 | @inlinable public func == <T>(lhs: T, rhs: T) -> Bool where T : RawRepresentable, T.RawValue : Equatable
| `- note: candidate would match if 'RecentFile' conformed to 'RawRepresentable'
Swift.FloatingPoint.==:2:20: note: candidate would match if 'RecentFile' conformed to 'FloatingPoint'
1 | protocol FloatingPoint {
2 | public static func == (lhs: Self, rhs: Self) -> Bool}
| `- note: candidate would match if 'RecentFile' conformed to 'FloatingPoint'
3 |
Swift.BinaryInteger.==:2:20: note: candidate would match if 'RecentFile' conformed to 'BinaryInteger'
1 | protocol BinaryInteger {
2 | public static func == <Other>(lhs: Self, rhs: Other) -> Bool where Other : BinaryInteger}
| `- note: candidate would match if 'RecentFile' conformed to 'BinaryInteger'
3 |
Swift._Pointer.==:2:20: note: candidate would match if 'RecentFile' conformed to '_Pointer'
1 | protocol _Pointer {
2 | public static func == (lhs: Self, rhs: Self) -> Bool}
| `- note: candidate would match if 'RecentFile' conformed to '_Pointer'
3 |
Swift._Pointer.==:2:31: note: candidate would match if 'RecentFile' conformed to '_Pointer'
1 | protocol _Pointer {
2 | @inlinable public static func == <Other>(lhs: Self, rhs: Other) -> Bool where Other : _Pointer}
| `- note: candidate would match if 'RecentFile' conformed to '_Pointer'
3 |
Swift.Strideable.==:2:31: note: candidate would match if 'RecentFile' conformed to 'Strideable'
1 | protocol Strideable {
2 | @inlinable public static func == (x: Self, y: Self) -> Bool}
| `- note: candidate would match if 'RecentFile' conformed to 'Strideable'
3 |
Swift.StringProtocol.==:2:31: note: candidate would match if 'RecentFile' conformed to 'StringProtocol'
1 | protocol StringProtocol {
2 | @inlinable public static func == <RHS>(lhs: Self, rhs: RHS) -> Bool where RHS : StringProtocol}
| `- note: candidate would match if 'RecentFile' conformed to 'StringProtocol'
3 |
Swift.SIMD.==:2:20: note: candidate would match if 'RecentFile' conformed to 'SIMD'
1 | protocol SIMD {
2 | public static func == (a: Self, b: Self) -> Bool}
| `- note: candidate would match if 'RecentFile' conformed to 'SIMD'
3 |
Foundation.AttributedStringProtocol.==:2:20: note: candidate would match if 'RecentFile' conformed to 'AttributedStringProtocol'
1 | protocol AttributedStringProtocol {
2 | public static func == <RHS>(lhs: Self, rhs: RHS) -> Bool where RHS : AttributedStringProtocol}
| `- note: candidate would match if 'RecentFile' conformed to 'AttributedStringProtocol'
3 |
Foundation._BridgedStoredNSError.==:2:20: note: candidate would match if 'RecentFile' conformed to '_BridgedStoredNSError'
1 | protocol _BridgedStoredNSError {
2 | public static func == (lhs: Self, rhs: Self) -> Bool}
| `- note: candidate would match if 'RecentFile' conformed to '_BridgedStoredNSError'
3 |
CoreFoundation._CFObject.==:2:20: note: candidate would match if 'RecentFile' conformed to '_CFObject'
1 | protocol _CFObject {
2 | public static func == (left: Self, right: Self) -> Bool}
| `- note: candidate would match if 'RecentFile' conformed to '_CFObject'
3 |
Swift.Equatable.==:2:13: note: protocol requires function '==' with type '(borrowing RecentFile, borrowing RecentFile) -> Bool'
1 | protocol Equatable {
2 | static func == (lhs: borrowing Self, rhs: borrowing Self) -> Bool}
| `- note: protocol requires function '==' with type '(borrowing RecentFile, borrowing RecentFile) -> Bool'
3 |
/Users/admin/builder/spi-builder-workspace/Sources/WelcomeView/WelcomeView.swift:316:48: error: cannot find type 'NSWindow' in scope
314 |
315 | fileprivate extension View {
316 | func onWindowAppear(_ callback: @escaping (NSWindow?) -> Void) -> some View {
| `- error: cannot find type 'NSWindow' in scope
317 | background(WindowAccessor(callback: callback))
318 | }
/Users/admin/builder/spi-builder-workspace/Sources/WelcomeView/WelcomeView.swift:322:20: error: cannot find type 'NSWindow' in scope
320 |
321 | fileprivate struct WindowAccessor: NSViewRepresentable {
322 | var callback: (NSWindow?) -> Void
| `- error: cannot find type 'NSWindow' in scope
323 |
324 | func makeNSView(context: Context) -> NSView {
SwiftCompile normal arm64 /Users/admin/builder/spi-builder-workspace/Sources/WelcomeView/WelcomeView.swift (in target 'WelcomeView' from project 'WelcomeView')
cd /Users/admin/builder/spi-builder-workspace/.swiftpm/xcode
builtin-SwiftPerFileCompile WelcomeView.swift
/Users/admin/builder/spi-builder-workspace/Sources/WelcomeView/WelcomeView.swift:324:42: error: cannot find type 'NSView' in scope
322 | var callback: (NSWindow?) -> Void
323 |
324 | func makeNSView(context: Context) -> NSView {
| `- error: cannot find type 'NSView' in scope
325 | let v = NSView()
326 | DispatchQueue.main.async {
/Users/admin/builder/spi-builder-workspace/Sources/WelcomeView/WelcomeView.swift:324:30: error: cannot find type 'Context' in scope
322 | var callback: (NSWindow?) -> Void
323 |
324 | func makeNSView(context: Context) -> NSView {
| `- error: cannot find type 'Context' in scope
325 | let v = NSView()
326 | DispatchQueue.main.async {
/Users/admin/builder/spi-builder-workspace/Sources/WelcomeView/WelcomeView.swift:332:33: error: cannot find type 'NSView' in scope
330 | }
331 |
332 | func updateNSView(_ nsView: NSView, context: Context) { }
| `- error: cannot find type 'NSView' in scope
333 | }
334 |
/Users/admin/builder/spi-builder-workspace/Sources/WelcomeView/WelcomeView.swift:332:50: error: cannot find type 'Context' in scope
330 | }
331 |
332 | func updateNSView(_ nsView: NSView, context: Context) { }
| `- error: cannot find type 'Context' in scope
333 | }
334 |
SwiftEmitModule normal arm64 Emitting\ module\ for\ WelcomeView (in target 'WelcomeView' from project 'WelcomeView')
/Users/admin/builder/spi-builder-workspace/Sources/WelcomeView/WelcomeView.swift:262:44: error: cannot find type 'NSImage' in scope
260 | func makeTitle(for file: RecentFile) -> String
261 | func makeSubtitle(for file: RecentFile) -> String
262 | func makeIcon(for file: RecentFile) -> NSImage
| `- error: cannot find type 'NSImage' in scope
263 | }
264 |
/Users/admin/builder/spi-builder-workspace/Sources/WelcomeView/WelcomeView.swift:172:42: error: cannot find type 'NSView' in scope
170 |
171 | struct CloseWindowButton: NSViewRepresentable {
172 | func makeNSView(context: Context) -> NSView {
| `- error: cannot find type 'NSView' in scope
173 | let containerView = NSView()
174 |
/Users/admin/builder/spi-builder-workspace/Sources/WelcomeView/WelcomeView.swift:172:30: error: cannot find type 'Context' in scope
170 |
171 | struct CloseWindowButton: NSViewRepresentable {
172 | func makeNSView(context: Context) -> NSView {
| `- error: cannot find type 'Context' in scope
173 | let containerView = NSView()
174 |
/Users/admin/builder/spi-builder-workspace/Sources/WelcomeView/WelcomeView.swift:198:33: error: cannot find type 'NSView' in scope
196 | }
197 |
198 | func updateNSView(_ nsView: NSView, context: Context) { }
| `- error: cannot find type 'NSView' in scope
199 | }
200 |
/Users/admin/builder/spi-builder-workspace/Sources/WelcomeView/WelcomeView.swift:198:50: error: cannot find type 'Context' in scope
196 | }
197 |
198 | func updateNSView(_ nsView: NSView, context: Context) { }
| `- error: cannot find type 'Context' in scope
199 | }
200 |
/Users/admin/builder/spi-builder-workspace/Sources/WelcomeView/WelcomeView.swift:171:27: error: cannot find type 'NSViewRepresentable' in scope
169 | }
170 |
171 | struct CloseWindowButton: NSViewRepresentable {
| `- error: cannot find type 'NSViewRepresentable' in scope
172 | func makeNSView(context: Context) -> NSView {
173 | let containerView = NSView()
/Users/admin/builder/spi-builder-workspace/Sources/WelcomeView/WelcomeView.swift:279:44: error: cannot find type 'NSImage' in scope
277 | .replacingOccurrences(of: URL.userDirectory.path, with: "~")
278 | }
279 | func makeIcon(for file: RecentFile) -> NSImage {
| `- error: cannot find type 'NSImage' in scope
280 | file.customIcon ?? NSWorkspace.shared.icon(forFile: file.url.path)
281 | }
/Users/admin/builder/spi-builder-workspace/Sources/WelcomeView/WelcomeView.swift:285:29: error: cannot find type 'NSImage' in scope
283 |
284 | public struct RecentFile: Hashable, Identifiable {
285 | public init(customIcon: NSImage? = nil, customTitle: String? = nil, customSubtitle: String? = nil, url: URL) {
| `- error: cannot find type 'NSImage' in scope
286 | self.customIcon = customIcon
287 | self.customTitle = customTitle
/Users/admin/builder/spi-builder-workspace/Sources/WelcomeView/WelcomeView.swift:293:28: error: cannot find type 'NSImage' in scope
291 | public let id = UUID()
292 |
293 | public let customIcon: NSImage?
| `- error: cannot find type 'NSImage' in scope
294 | public let customTitle: String?
295 | public let customSubtitle: String?
/Users/admin/builder/spi-builder-workspace/Sources/WelcomeView/WelcomeView.swift:284:15: error: type 'RecentFile' does not conform to protocol 'Hashable'
282 | }
283 |
284 | public struct RecentFile: Hashable, Identifiable {
| `- error: type 'RecentFile' does not conform to protocol 'Hashable'
285 | public init(customIcon: NSImage? = nil, customTitle: String? = nil, customSubtitle: String? = nil, url: URL) {
286 | self.customIcon = customIcon
:
291 | public let id = UUID()
292 |
293 | public let customIcon: NSImage?
| `- note: stored property type '_' does not conform to protocol 'Hashable', preventing synthesized conformance of 'RecentFile' to 'Hashable'
294 | public let customTitle: String?
295 | public let customSubtitle: String?
/Users/admin/builder/spi-builder-workspace/Sources/WelcomeView/WelcomeView.swift:284:15: error: type 'RecentFile' does not conform to protocol 'Equatable'
282 | }
283 |
284 | public struct RecentFile: Hashable, Identifiable {
| |- error: type 'RecentFile' does not conform to protocol 'Equatable'
| `- note: add stubs for conformance
285 | public init(customIcon: NSImage? = nil, customTitle: String? = nil, customSubtitle: String? = nil, url: URL) {
286 | self.customIcon = customIcon
:
291 | public let id = UUID()
292 |
293 | public let customIcon: NSImage?
| `- note: stored property type '_' does not conform to protocol 'Equatable', preventing synthesized conformance of 'RecentFile' to 'Equatable'
294 | public let customTitle: String?
295 | public let customSubtitle: String?
Swift.==:1:24: note: candidate would match if 'RecentFile' conformed to 'RawRepresentable'
1 | @inlinable public func == <T>(lhs: T, rhs: T) -> Bool where T : RawRepresentable, T.RawValue : Equatable
| `- note: candidate would match if 'RecentFile' conformed to 'RawRepresentable'
Swift.FloatingPoint.==:2:20: note: candidate would match if 'RecentFile' conformed to 'FloatingPoint'
1 | protocol FloatingPoint {
2 | public static func == (lhs: Self, rhs: Self) -> Bool}
| `- note: candidate would match if 'RecentFile' conformed to 'FloatingPoint'
3 |
Swift.BinaryInteger.==:2:20: note: candidate would match if 'RecentFile' conformed to 'BinaryInteger'
1 | protocol BinaryInteger {
2 | public static func == <Other>(lhs: Self, rhs: Other) -> Bool where Other : BinaryInteger}
| `- note: candidate would match if 'RecentFile' conformed to 'BinaryInteger'
3 |
Swift._Pointer.==:2:20: note: candidate would match if 'RecentFile' conformed to '_Pointer'
1 | protocol _Pointer {
2 | public static func == (lhs: Self, rhs: Self) -> Bool}
| `- note: candidate would match if 'RecentFile' conformed to '_Pointer'
3 |
Swift._Pointer.==:2:31: note: candidate would match if 'RecentFile' conformed to '_Pointer'
1 | protocol _Pointer {
2 | @inlinable public static func == <Other>(lhs: Self, rhs: Other) -> Bool where Other : _Pointer}
| `- note: candidate would match if 'RecentFile' conformed to '_Pointer'
3 |
Swift.Strideable.==:2:31: note: candidate would match if 'RecentFile' conformed to 'Strideable'
1 | protocol Strideable {
2 | @inlinable public static func == (x: Self, y: Self) -> Bool}
| `- note: candidate would match if 'RecentFile' conformed to 'Strideable'
3 |
Swift.StringProtocol.==:2:31: note: candidate would match if 'RecentFile' conformed to 'StringProtocol'
1 | protocol StringProtocol {
2 | @inlinable public static func == <RHS>(lhs: Self, rhs: RHS) -> Bool where RHS : StringProtocol}
| `- note: candidate would match if 'RecentFile' conformed to 'StringProtocol'
3 |
Swift.SIMD.==:2:20: note: candidate would match if 'RecentFile' conformed to 'SIMD'
1 | protocol SIMD {
2 | public static func == (a: Self, b: Self) -> Bool}
| `- note: candidate would match if 'RecentFile' conformed to 'SIMD'
3 |
Foundation.AttributedStringProtocol.==:2:20: note: candidate would match if 'RecentFile' conformed to 'AttributedStringProtocol'
1 | protocol AttributedStringProtocol {
2 | public static func == <RHS>(lhs: Self, rhs: RHS) -> Bool where RHS : AttributedStringProtocol}
| `- note: candidate would match if 'RecentFile' conformed to 'AttributedStringProtocol'
3 |
Foundation._BridgedStoredNSError.==:2:20: note: candidate would match if 'RecentFile' conformed to '_BridgedStoredNSError'
1 | protocol _BridgedStoredNSError {
2 | public static func == (lhs: Self, rhs: Self) -> Bool}
| `- note: candidate would match if 'RecentFile' conformed to '_BridgedStoredNSError'
3 |
CoreFoundation._CFObject.==:2:20: note: candidate would match if 'RecentFile' conformed to '_CFObject'
1 | protocol _CFObject {
2 | public static func == (left: Self, right: Self) -> Bool}
| `- note: candidate would match if 'RecentFile' conformed to '_CFObject'
3 |
Swift.Equatable.==:2:13: note: protocol requires function '==' with type '(borrowing RecentFile, borrowing RecentFile) -> Bool'
1 | protocol Equatable {
2 | static func == (lhs: borrowing Self, rhs: borrowing Self) -> Bool}
| `- note: protocol requires function '==' with type '(borrowing RecentFile, borrowing RecentFile) -> Bool'
3 |
/Users/admin/builder/spi-builder-workspace/Sources/WelcomeView/WelcomeView.swift:316:48: error: cannot find type 'NSWindow' in scope
314 |
315 | fileprivate extension View {
316 | func onWindowAppear(_ callback: @escaping (NSWindow?) -> Void) -> some View {
| `- error: cannot find type 'NSWindow' in scope
317 | background(WindowAccessor(callback: callback))
318 | }
/Users/admin/builder/spi-builder-workspace/Sources/WelcomeView/WelcomeView.swift:322:20: error: cannot find type 'NSWindow' in scope
320 |
321 | fileprivate struct WindowAccessor: NSViewRepresentable {
322 | var callback: (NSWindow?) -> Void
| `- error: cannot find type 'NSWindow' in scope
323 |
324 | func makeNSView(context: Context) -> NSView {
/Users/admin/builder/spi-builder-workspace/Sources/WelcomeView/WelcomeView.swift:324:42: error: cannot find type 'NSView' in scope
322 | var callback: (NSWindow?) -> Void
323 |
324 | func makeNSView(context: Context) -> NSView {
| `- error: cannot find type 'NSView' in scope
325 | let v = NSView()
326 | DispatchQueue.main.async {
/Users/admin/builder/spi-builder-workspace/Sources/WelcomeView/WelcomeView.swift:324:30: error: cannot find type 'Context' in scope
322 | var callback: (NSWindow?) -> Void
323 |
324 | func makeNSView(context: Context) -> NSView {
| `- error: cannot find type 'Context' in scope
325 | let v = NSView()
326 | DispatchQueue.main.async {
/Users/admin/builder/spi-builder-workspace/Sources/WelcomeView/WelcomeView.swift:332:33: error: cannot find type 'NSView' in scope
330 | }
331 |
332 | func updateNSView(_ nsView: NSView, context: Context) { }
| `- error: cannot find type 'NSView' in scope
333 | }
334 |
/Users/admin/builder/spi-builder-workspace/Sources/WelcomeView/WelcomeView.swift:332:50: error: cannot find type 'Context' in scope
330 | }
331 |
332 | func updateNSView(_ nsView: NSView, context: Context) { }
| `- error: cannot find type 'Context' in scope
333 | }
334 |
/Users/admin/builder/spi-builder-workspace/Sources/WelcomeView/WelcomeView.swift:321:36: error: cannot find type 'NSViewRepresentable' in scope
319 | }
320 |
321 | fileprivate struct WindowAccessor: NSViewRepresentable {
| `- error: cannot find type 'NSViewRepresentable' in scope
322 | var callback: (NSWindow?) -> Void
323 |
Failed frontend command:
/Applications/Xcode-27.0.0-Release.Candidate.app/Contents/Developer/Toolchains/XcodeDefault.xctoolchain/usr/bin/swift-frontend -frontend -emit-module -experimental-skip-non-inlinable-function-bodies-without-types /Users/admin/builder/spi-builder-workspace/Sources/WelcomeView/WelcomeView.swift -target arm64-apple-xros1.0 -disable-cross-import-overlay-search -load-resolved-plugin /Applications/Xcode-27.0.0-Release.Candidate.app/Contents/Developer/Platforms/XROS.platform/Developer/usr/lib/swift/host/plugins/libFoundationMacros.dylib\#/Applications/Xcode-27.0.0-Release.Candidate.app/Contents/Developer/Platforms/XROS.platform/Developer/usr/bin/swift-plugin-server\#FoundationMacros -load-resolved-plugin /Applications/Xcode-27.0.0-Release.Candidate.app/Contents/Developer/Platforms/XROS.platform/Developer/usr/lib/swift/host/plugins/libObservationMacros.dylib\#/Applications/Xcode-27.0.0-Release.Candidate.app/Contents/Developer/Platforms/XROS.platform/Developer/usr/bin/swift-plugin-server\#ObservationMacros -load-resolved-plugin /Applications/Xcode-27.0.0-Release.Candidate.app/Contents/Developer/Platforms/XROS.platform/Developer/usr/lib/swift/host/plugins/libPreviewsMacros.dylib\#/Applications/Xcode-27.0.0-Release.Candidate.app/Contents/Developer/Platforms/XROS.platform/Developer/usr/bin/swift-plugin-server\#PreviewsMacros -load-resolved-plugin /Applications/Xcode-27.0.0-Release.Candidate.app/Contents/Developer/Platforms/XROS.platform/Developer/usr/lib/swift/host/plugins/libSwiftMacros.dylib\#/Applications/Xcode-27.0.0-Release.Candidate.app/Contents/Developer/Platforms/XROS.platform/Developer/usr/bin/swift-plugin-server\#SwiftMacros -load-resolved-plugin /Applications/Xcode-27.0.0-Release.Candidate.app/Contents/Developer/Platforms/XROS.platform/Developer/usr/lib/swift/host/plugins/libSwiftUIMacros.dylib\#/Applications/Xcode-27.0.0-Release.Candidate.app/Contents/Developer/Platforms/XROS.platform/Developer/usr/bin/swift-plugin-server\#SwiftUIMacros -disable-implicit-swift-modules -Xcc -fno-implicit-modules -Xcc -fno-implicit-module-maps -explicit-swift-module-map-file /Users/admin/builder/spi-builder-workspace/.derivedData/Build/Intermediates.noindex/WelcomeView.build/Debug-xros/WelcomeView-t.build/Objects-normal/arm64/WelcomeView-dependencies-1.json -Xllvm -aarch64-use-tbi -enable-objc-interop -stack-check -sdk /Applications/Xcode-27.0.0-Release.Candidate.app/Contents/Developer/Platforms/XROS.platform/Developer/SDKs/XROS27.0.sdk -I /Users/admin/builder/spi-builder-workspace/.derivedData/Build/Products/Debug-xros -Isystem /Applications/Xcode-27.0.0-Release.Candidate.app/Contents/Developer/Platforms/XROS.platform/Developer/usr/lib -F /Users/admin/builder/spi-builder-workspace/.derivedData/Build/Products/Debug-xros -F /Applications/Xcode-27.0.0-Release.Candidate.app/Contents/Developer/Platforms/XROS.platform/Developer/Library/Frameworks -F /Applications/Xcode-27.0.0-Release.Candidate.app/Contents/Developer/Platforms/XROS.platform/Developer/SDKs/XROS27.0.sdk/Developer/Library/Frameworks -module-cache-path /Users/admin/builder/spi-builder-workspace/.derivedData/Build/Intermediates.noindex/SwiftExplicitPrecompiledModules -no-color-diagnostics -Xcc -fno-color-diagnostics -enable-testing -g -debug-info-format\=dwarf -dwarf-version\=4 -swift-version 6 -Onone -D SWIFT_PACKAGE -D DEBUG -D SWIFT_MODULE_RESOURCE_BUNDLE_UNAVAILABLE -D Xcode -serialize-debugging-options -enable-experimental-feature DebugDescriptionMacro -empty-abi-descriptor -validate-clang-modules-once -clang-build-session-file /Users/admin/builder/spi-builder-workspace/.derivedData/ModuleCache.noindex/Session.modulevalidation -Xcc -working-directory -Xcc /Users/admin/builder/spi-builder-workspace/.swiftpm/xcode -enable-anonymous-context-mangled-names -file-compilation-dir /Users/admin/builder/spi-builder-workspace/.swiftpm/xcode -Xcc -D_LIBCPP_HARDENING_MODE\=_LIBCPP_HARDENING_MODE_DEBUG -Xcc -ivfsstatcache -Xcc /Users/admin/builder/spi-builder-workspace/.derivedData/SDKStatCaches.noindex/xros27.0-24M361-e829b21a6f8c9b70876ba0858053c044735bd543db762f57723cac368afd1ce4.sdkstatcache -Xcc -fmodules-prune-interval\=86400 -Xcc -fmodules-prune-after\=345600 -Xcc -I/Users/admin/builder/spi-builder-workspace/.derivedData/Build/Products/Debug-xros/include -Xcc -I/Users/admin/builder/spi-builder-workspace/.derivedData/Build/Intermediates.noindex/WelcomeView.build/Debug-xros/WelcomeView-t.build/DerivedSources-normal/arm64 -Xcc -I/Users/admin/builder/spi-builder-workspace/.derivedData/Build/Intermediates.noindex/WelcomeView.build/Debug-xros/WelcomeView-t.build/DerivedSources/arm64 -Xcc -I/Users/admin/builder/spi-builder-workspace/.derivedData/Build/Intermediates.noindex/WelcomeView.build/Debug-xros/WelcomeView-t.build/DerivedSources -Xcc -DSWIFT_PACKAGE -Xcc -DDEBUG\=1 -no-auto-bridging-header-chaining -module-name WelcomeView -package-name spi_builder_workspace -const-gather-protocols-file /Users/admin/builder/spi-builder-workspace/.derivedData/Build/Intermediates.noindex/WelcomeView.build/Debug-xros/WelcomeView-t.build/Objects-normal/arm64/WelcomeView_const_extract_protocols.json -disable-clang-spi -clang-target arm64-apple-xros27.0 -target-sdk-version 27.0 -target-sdk-name xros27.0 -in-process-plugin-server-path /Applications/Xcode-27.0.0-Release.Candidate.app/Contents/Developer/Toolchains/XcodeDefault.xctoolchain/usr/lib/swift/host/libSwiftInProcPluginServer.dylib -emit-module-doc-path /Users/admin/builder/spi-builder-workspace/.derivedData/Build/Intermediates.noindex/WelcomeView.build/Debug-xros/WelcomeView-t.build/Objects-normal/arm64/WelcomeView.swiftdoc -emit-module-source-info-path /Users/admin/builder/spi-builder-workspace/.derivedData/Build/Intermediates.noindex/WelcomeView.build/Debug-xros/WelcomeView-t.build/Objects-normal/arm64/WelcomeView.swiftsourceinfo -emit-objc-header-path /Users/admin/builder/spi-builder-workspace/.derivedData/Build/Intermediates.noindex/WelcomeView.build/Debug-xros/WelcomeView-t.build/Objects-normal/arm64/WelcomeView-Swift.h -serialize-diagnostics-path /Users/admin/builder/spi-builder-workspace/.derivedData/Build/Intermediates.noindex/WelcomeView.build/Debug-xros/WelcomeView-t.build/Objects-normal/arm64/WelcomeView-primary-emit-module.dia -emit-dependencies-path /Users/admin/builder/spi-builder-workspace/.derivedData/Build/Intermediates.noindex/WelcomeView.build/Debug-xros/WelcomeView-t.build/Objects-normal/arm64/WelcomeView-primary-emit-module.d -parse-as-library -o /Users/admin/builder/spi-builder-workspace/.derivedData/Build/Intermediates.noindex/WelcomeView.build/Debug-xros/WelcomeView-t.build/Objects-normal/arm64/WelcomeView.swiftmodule -emit-abi-descriptor-path /Users/admin/builder/spi-builder-workspace/.derivedData/Build/Intermediates.noindex/WelcomeView.build/Debug-xros/WelcomeView-t.build/Objects-normal/arm64/WelcomeView.abi.json
SwiftCompile normal arm64 (in target 'WelcomeView' from project 'WelcomeView')
cd /Users/admin/builder/spi-builder-workspace/.swiftpm/xcode
PruneExplicitPrecompiledModules /Users/admin/builder/spi-builder-workspace/.derivedData/SDKExplicitPrecompiledModules
PruneExplicitPrecompiledModules /Users/admin/builder/spi-builder-workspace/.derivedData/Build/Intermediates.noindex/SwiftExplicitPrecompiledModules
PruneExplicitPrecompiledModules /Users/admin/builder/spi-builder-workspace/.derivedData/Build/Intermediates.noindex/ExplicitPrecompiledModules
2026-09-24 23:35:57.398 xcodebuild[762:4591] [MT] IDERunDestination: Supported platforms for the buildables in the current scheme is empty.
** BUILD FAILED **
The following build commands failed:
SwiftEmitModule normal arm64 Emitting\ module\ for\ WelcomeView (in target 'WelcomeView' from project 'WelcomeView')
SwiftCompile normal arm64 (in target 'WelcomeView' from project 'WelcomeView')
Building workspace WelcomeView with scheme WelcomeView
(3 failures)
BUILD FAILURE 6.4 visionOS