The Swift Package Index logo.Swift Package Index

Build Information

Failed to build BVSwift, reference 2.3.0 (3488d7), with Swift 6.2 for Android on 15 Aug 2026 00:30:21 UTC.

Build Command

bash -c docker run --pull=always --rm -v "checkouts-53886770-1":/host -w "$PWD" -e JAVA_HOME="/root/.sdkman/candidates/java/current" -e SPI_BUILD="1" -e SPI_PROCESSING="1" registry.gitlab.com/saguaro1/spi-images:android-6.2-latest swift build --swift-sdk aarch64-unknown-linux-android28 2>&1

Build Log

========================================
RunAll
========================================
Builder version: 5.0.1
Interrupt handler set up.
========================================
Checkout
========================================
Clone URL: https://github.com/bazaarvoice/bv-ios-swift-sdk.git
Reference: 2.3.0
Initialized empty Git repository in /host/spi-builder-workspace/.git/
hint: Using 'master' as the name for the initial branch. This default branch name
hint: is subject to change. To configure the initial branch name to use in all
hint: of your new repositories, which will suppress this warning, call:
hint:
hint: 	git config --global init.defaultBranch <name>
hint:
hint: Names commonly chosen instead of 'master' are 'main', 'trunk' and
hint: 'development'. The just-created branch can be renamed via this command:
hint:
hint: 	git branch -m <name>
From https://github.com/bazaarvoice/bv-ios-swift-sdk
 * tag               2.3.0      -> FETCH_HEAD
HEAD is now at 3488d71 Develop (#87)
Cloned https://github.com/bazaarvoice/bv-ios-swift-sdk.git
Revision (git rev-parse @):
3488d717a6eb11ee8b5c9b33524b6067bf8974f3
SUCCESS checkout https://github.com/bazaarvoice/bv-ios-swift-sdk.git at 2.3.0
========================================
Build
========================================
Selected platform:         android
Swift version:             6.2
Building package at path:  $PWD
https://github.com/bazaarvoice/bv-ios-swift-sdk.git
Running build ...
bash -c docker run --pull=always --rm -v "checkouts-53886770-1":/host -w "$PWD" -e JAVA_HOME="/root/.sdkman/candidates/java/current" -e SPI_BUILD="1" -e SPI_PROCESSING="1" registry.gitlab.com/saguaro1/spi-images:android-6.2-latest swift build --swift-sdk aarch64-unknown-linux-android28 2>&1
android-6.2-latest: Pulling from saguaro1/spi-images
Digest: sha256:573917aa137cc6f081a4f3d2a0330bac24553e9cd713cd758adf65046f5c6b90
Status: Image is up to date for registry.gitlab.com/saguaro1/spi-images:android-6.2-latest
Building for debugging...
[0/2] Write sources
[1/2] Write swift-version--11D90AFD9DD3AB2.txt
error: emit-module command failed with exit code 1 (use -v to see invocation)
[3/171] Emitting module BVSwift
/host/spi-builder-workspace/BVSwift/BVAnalytics/BVAnalyticsEvent.swift:10:8: error: no such module 'AppTrackingTransparency'
  8 |
  9 | import Foundation
 10 | import AppTrackingTransparency
    |        `- error: no such module 'AppTrackingTransparency'
 11 |
 12 | /// The BVAnalytics BVAnalyticsEvent enum
[4/195] Compiling BVSwift BVReviewHighlightsQuery.swift
/host/spi-builder-workspace/BVSwift/BVAnalytics/BVAnalyticsEvent.swift:10:8: error: no such module 'AppTrackingTransparency'
  8 |
  9 | import Foundation
 10 | import AppTrackingTransparency
    |        `- error: no such module 'AppTrackingTransparency'
 11 |
 12 | /// The BVAnalytics BVAnalyticsEvent enum
[5/195] Compiling BVSwift BVReviewHighlightsQueryResponse.swift
/host/spi-builder-workspace/BVSwift/BVAnalytics/BVAnalyticsEvent.swift:10:8: error: no such module 'AppTrackingTransparency'
  8 |
  9 | import Foundation
 10 | import AppTrackingTransparency
    |        `- error: no such module 'AppTrackingTransparency'
 11 |
 12 | /// The BVAnalytics BVAnalyticsEvent enum
[6/195] Compiling BVSwift BVReviewHighlightsQueryable.swift
/host/spi-builder-workspace/BVSwift/BVAnalytics/BVAnalyticsEvent.swift:10:8: error: no such module 'AppTrackingTransparency'
  8 |
  9 | import Foundation
 10 | import AppTrackingTransparency
    |        `- error: no such module 'AppTrackingTransparency'
 11 |
 12 | /// The BVAnalytics BVAnalyticsEvent enum
[7/195] Compiling BVSwift BVProductReviewHighlightsQuery.swift
/host/spi-builder-workspace/BVSwift/BVAnalytics/BVAnalyticsEvent.swift:10:8: error: no such module 'AppTrackingTransparency'
  8 |
  9 | import Foundation
 10 | import AppTrackingTransparency
    |        `- error: no such module 'AppTrackingTransparency'
 11 |
 12 | /// The BVAnalytics BVAnalyticsEvent enum
[8/195] Compiling BVSwift BVReviewHighlight.swift
/host/spi-builder-workspace/BVSwift/BVAnalytics/BVAnalyticsEvent.swift:10:8: error: no such module 'AppTrackingTransparency'
  8 |
  9 | import Foundation
 10 | import AppTrackingTransparency
    |        `- error: no such module 'AppTrackingTransparency'
 11 |
 12 | /// The BVAnalytics BVAnalyticsEvent enum
[9/195] Compiling BVSwift BVReviewHighlights.swift
/host/spi-builder-workspace/BVSwift/BVAnalytics/BVAnalyticsEvent.swift:10:8: error: no such module 'AppTrackingTransparency'
  8 |
  9 | import Foundation
 10 | import AppTrackingTransparency
    |        `- error: no such module 'AppTrackingTransparency'
 11 |
 12 | /// The BVAnalytics BVAnalyticsEvent enum
[10/195] Compiling BVSwift BVReviewHighlightsReview.swift
/host/spi-builder-workspace/BVSwift/BVAnalytics/BVAnalyticsEvent.swift:10:8: error: no such module 'AppTrackingTransparency'
  8 |
  9 | import Foundation
 10 | import AppTrackingTransparency
    |        `- error: no such module 'AppTrackingTransparency'
 11 |
 12 | /// The BVAnalytics BVAnalyticsEvent enum
[11/195] Compiling BVSwift BVReviewSummaryQuery.swift
/host/spi-builder-workspace/BVSwift/BVAnalytics/BVAnalyticsEvent.swift:10:8: error: no such module 'AppTrackingTransparency'
  8 |
  9 | import Foundation
 10 | import AppTrackingTransparency
    |        `- error: no such module 'AppTrackingTransparency'
 11 |
 12 | /// The BVAnalytics BVAnalyticsEvent enum
[12/195] Compiling BVSwift BVReviewSummaryQueryResponse.swift
/host/spi-builder-workspace/BVSwift/BVAnalytics/BVAnalyticsEvent.swift:10:8: error: no such module 'AppTrackingTransparency'
  8 |
  9 | import Foundation
 10 | import AppTrackingTransparency
    |        `- error: no such module 'AppTrackingTransparency'
 11 |
 12 | /// The BVAnalytics BVAnalyticsEvent enum
[13/195] Compiling BVSwift BVReviewSummaryQueryable.swift
/host/spi-builder-workspace/BVSwift/BVAnalytics/BVAnalyticsEvent.swift:10:8: error: no such module 'AppTrackingTransparency'
  8 |
  9 | import Foundation
 10 | import AppTrackingTransparency
    |        `- error: no such module 'AppTrackingTransparency'
 11 |
 12 | /// The BVAnalytics BVAnalyticsEvent enum
[14/195] Compiling BVSwift BVProductReviewSummaryQuery.swift
/host/spi-builder-workspace/BVSwift/BVAnalytics/BVAnalyticsEvent.swift:10:8: error: no such module 'AppTrackingTransparency'
  8 |
  9 | import Foundation
 10 | import AppTrackingTransparency
    |        `- error: no such module 'AppTrackingTransparency'
 11 |
 12 | /// The BVAnalytics BVAnalyticsEvent enum
[15/195] Compiling BVSwift BVReviewSummary.swift
/host/spi-builder-workspace/BVSwift/BVAnalytics/BVAnalyticsEvent.swift:10:8: error: no such module 'AppTrackingTransparency'
  8 |
  9 | import Foundation
 10 | import AppTrackingTransparency
    |        `- error: no such module 'AppTrackingTransparency'
 11 |
 12 | /// The BVAnalytics BVAnalyticsEvent enum
[16/195] Compiling BVSwift BVConversationsSubmission.swift
/host/spi-builder-workspace/BVSwift/BVAnalytics/BVAnalyticsEvent.swift:10:8: error: no such module 'AppTrackingTransparency'
  8 |
  9 | import Foundation
 10 | import AppTrackingTransparency
    |        `- error: no such module 'AppTrackingTransparency'
 11 |
 12 | /// The BVAnalytics BVAnalyticsEvent enum
[17/195] Compiling BVSwift BVConversationsSubmissionResponse.swift
/host/spi-builder-workspace/BVSwift/BVAnalytics/BVAnalyticsEvent.swift:10:8: error: no such module 'AppTrackingTransparency'
  8 |
  9 | import Foundation
 10 | import AppTrackingTransparency
    |        `- error: no such module 'AppTrackingTransparency'
 11 |
 12 | /// The BVAnalytics BVAnalyticsEvent enum
[18/195] Compiling BVSwift BVConversationsSubmissionable.swift
/host/spi-builder-workspace/BVSwift/BVAnalytics/BVAnalyticsEvent.swift:10:8: error: no such module 'AppTrackingTransparency'
  8 |
  9 | import Foundation
 10 | import AppTrackingTransparency
    |        `- error: no such module 'AppTrackingTransparency'
 11 |
 12 | /// The BVAnalytics BVAnalyticsEvent enum
[19/195] Compiling BVSwift BVAnswerSubmission.swift
/host/spi-builder-workspace/BVSwift/BVAnalytics/BVAnalyticsEvent.swift:10:8: error: no such module 'AppTrackingTransparency'
  8 |
  9 | import Foundation
 10 | import AppTrackingTransparency
    |        `- error: no such module 'AppTrackingTransparency'
 11 |
 12 | /// The BVAnalytics BVAnalyticsEvent enum
[20/195] Compiling BVSwift BVCommentSubmission.swift
/host/spi-builder-workspace/BVSwift/BVAnalytics/BVAnalyticsEvent.swift:10:8: error: no such module 'AppTrackingTransparency'
  8 |
  9 | import Foundation
 10 | import AppTrackingTransparency
    |        `- error: no such module 'AppTrackingTransparency'
 11 |
 12 | /// The BVAnalytics BVAnalyticsEvent enum
[21/195] Compiling BVSwift BVFeedbackSubmission.swift
/host/spi-builder-workspace/BVSwift/BVAnalytics/BVAnalyticsEvent.swift:10:8: error: no such module 'AppTrackingTransparency'
  8 |
  9 | import Foundation
 10 | import AppTrackingTransparency
    |        `- error: no such module 'AppTrackingTransparency'
 11 |
 12 | /// The BVAnalytics BVAnalyticsEvent enum
[22/195] Compiling BVSwift BVMediaSubmission.swift
/host/spi-builder-workspace/BVSwift/BVAnalytics/BVAnalyticsEvent.swift:10:8: error: no such module 'AppTrackingTransparency'
  8 |
  9 | import Foundation
 10 | import AppTrackingTransparency
    |        `- error: no such module 'AppTrackingTransparency'
 11 |
 12 | /// The BVAnalytics BVAnalyticsEvent enum
[23/195] Compiling BVSwift BVPhotoSubmission.swift
/host/spi-builder-workspace/BVSwift/BVAnalytics/BVAnalyticsEvent.swift:10:8: error: no such module 'AppTrackingTransparency'
  8 |
  9 | import Foundation
 10 | import AppTrackingTransparency
    |        `- error: no such module 'AppTrackingTransparency'
 11 |
 12 | /// The BVAnalytics BVAnalyticsEvent enum
[24/195] Compiling BVSwift BVProgressiveReviewSubmission.swift
/host/spi-builder-workspace/BVSwift/BVAnalytics/BVAnalyticsEvent.swift:10:8: error: no such module 'AppTrackingTransparency'
  8 |
  9 | import Foundation
 10 | import AppTrackingTransparency
    |        `- error: no such module 'AppTrackingTransparency'
 11 |
 12 | /// The BVAnalytics BVAnalyticsEvent enum
[25/195] Compiling BVSwift BVQuestionSubmission.swift
/host/spi-builder-workspace/BVSwift/BVAnalytics/BVAnalyticsEvent.swift:10:8: error: no such module 'AppTrackingTransparency'
  8 |
  9 | import Foundation
 10 | import AppTrackingTransparency
    |        `- error: no such module 'AppTrackingTransparency'
 11 |
 12 | /// The BVAnalytics BVAnalyticsEvent enum
[26/195] Compiling BVSwift BVReviewSubmission.swift
/host/spi-builder-workspace/BVSwift/BVAnalytics/BVAnalyticsEvent.swift:10:8: error: no such module 'AppTrackingTransparency'
  8 |
  9 | import Foundation
 10 | import AppTrackingTransparency
    |        `- error: no such module 'AppTrackingTransparency'
 11 |
 12 | /// The BVAnalytics BVAnalyticsEvent enum
[27/195] Compiling BVSwift BVUASSubmission.swift
/host/spi-builder-workspace/BVSwift/BVAnalytics/BVAnalyticsEvent.swift:10:8: error: no such module 'AppTrackingTransparency'
  8 |
  9 | import Foundation
 10 | import AppTrackingTransparency
    |        `- error: no such module 'AppTrackingTransparency'
 11 |
 12 | /// The BVAnalytics BVAnalyticsEvent enum
[28/219] Compiling BVSwift BVIncentivizedStats.swift
/host/spi-builder-workspace/BVSwift/BVAnalytics/BVAnalyticsEvent.swift:10:8: error: no such module 'AppTrackingTransparency'
  8 |
  9 | import Foundation
 10 | import AppTrackingTransparency
    |        `- error: no such module 'AppTrackingTransparency'
 11 |
 12 | /// The BVAnalytics BVAnalyticsEvent enum
[29/219] Compiling BVSwift BVLanguageStat.swift
/host/spi-builder-workspace/BVSwift/BVAnalytics/BVAnalyticsEvent.swift:10:8: error: no such module 'AppTrackingTransparency'
  8 |
  9 | import Foundation
 10 | import AppTrackingTransparency
    |        `- error: no such module 'AppTrackingTransparency'
 11 |
 12 | /// The BVAnalytics BVAnalyticsEvent enum
[30/219] Compiling BVSwift BVLocaleStat.swift
/host/spi-builder-workspace/BVSwift/BVAnalytics/BVAnalyticsEvent.swift:10:8: error: no such module 'AppTrackingTransparency'
  8 |
  9 | import Foundation
 10 | import AppTrackingTransparency
    |        `- error: no such module 'AppTrackingTransparency'
 11 |
 12 | /// The BVAnalytics BVAnalyticsEvent enum
[31/219] Compiling BVSwift BVProductFilter.swift
/host/spi-builder-workspace/BVSwift/BVAnalytics/BVAnalyticsEvent.swift:10:8: error: no such module 'AppTrackingTransparency'
  8 |
  9 | import Foundation
 10 | import AppTrackingTransparency
    |        `- error: no such module 'AppTrackingTransparency'
 11 |
 12 | /// The BVAnalytics BVAnalyticsEvent enum
[32/219] Compiling BVSwift BVProductFilteredStat.swift
/host/spi-builder-workspace/BVSwift/BVAnalytics/BVAnalyticsEvent.swift:10:8: error: no such module 'AppTrackingTransparency'
  8 |
  9 | import Foundation
 10 | import AppTrackingTransparency
    |        `- error: no such module 'AppTrackingTransparency'
 11 |
 12 | /// The BVAnalytics BVAnalyticsEvent enum
[33/219] Compiling BVSwift BVProductInclude.swift
/host/spi-builder-workspace/BVSwift/BVAnalytics/BVAnalyticsEvent.swift:10:8: error: no such module 'AppTrackingTransparency'
  8 |
  9 | import Foundation
 10 | import AppTrackingTransparency
    |        `- error: no such module 'AppTrackingTransparency'
 11 |
 12 | /// The BVAnalytics BVAnalyticsEvent enum
[34/219] Compiling BVSwift BVProductSort.swift
/host/spi-builder-workspace/BVSwift/BVAnalytics/BVAnalyticsEvent.swift:10:8: error: no such module 'AppTrackingTransparency'
  8 |
  9 | import Foundation
 10 | import AppTrackingTransparency
    |        `- error: no such module 'AppTrackingTransparency'
 11 |
 12 | /// The BVAnalytics BVAnalyticsEvent enum
[35/219] Compiling BVSwift BVProductStat.swift
/host/spi-builder-workspace/BVSwift/BVAnalytics/BVAnalyticsEvent.swift:10:8: error: no such module 'AppTrackingTransparency'
  8 |
  9 | import Foundation
 10 | import AppTrackingTransparency
    |        `- error: no such module 'AppTrackingTransparency'
 11 |
 12 | /// The BVAnalytics BVAnalyticsEvent enum
[36/219] Compiling BVSwift BVProductStatisticsFilter.swift
/host/spi-builder-workspace/BVSwift/BVAnalytics/BVAnalyticsEvent.swift:10:8: error: no such module 'AppTrackingTransparency'
  8 |
  9 | import Foundation
 10 | import AppTrackingTransparency
    |        `- error: no such module 'AppTrackingTransparency'
 11 |
 12 | /// The BVAnalytics BVAnalyticsEvent enum
[37/219] Compiling BVSwift BVProductStatisticsStat.swift
/host/spi-builder-workspace/BVSwift/BVAnalytics/BVAnalyticsEvent.swift:10:8: error: no such module 'AppTrackingTransparency'
  8 |
  9 | import Foundation
 10 | import AppTrackingTransparency
    |        `- error: no such module 'AppTrackingTransparency'
 11 |
 12 | /// The BVAnalytics BVAnalyticsEvent enum
[38/219] Compiling BVSwift BVQuestionFilter.swift
/host/spi-builder-workspace/BVSwift/BVAnalytics/BVAnalyticsEvent.swift:10:8: error: no such module 'AppTrackingTransparency'
  8 |
  9 | import Foundation
 10 | import AppTrackingTransparency
    |        `- error: no such module 'AppTrackingTransparency'
 11 |
 12 | /// The BVAnalytics BVAnalyticsEvent enum
[39/219] Compiling BVSwift BVQuestionInclude.swift
/host/spi-builder-workspace/BVSwift/BVAnalytics/BVAnalyticsEvent.swift:10:8: error: no such module 'AppTrackingTransparency'
  8 |
  9 | import Foundation
 10 | import AppTrackingTransparency
    |        `- error: no such module 'AppTrackingTransparency'
 11 |
 12 | /// The BVAnalytics BVAnalyticsEvent enum
[40/219] Compiling BVSwift BVQuestionSort.swift
/host/spi-builder-workspace/BVSwift/BVAnalytics/BVAnalyticsEvent.swift:10:8: error: no such module 'AppTrackingTransparency'
  8 |
  9 | import Foundation
 10 | import AppTrackingTransparency
    |        `- error: no such module 'AppTrackingTransparency'
 11 |
 12 | /// The BVAnalytics BVAnalyticsEvent enum
[41/219] Compiling BVSwift BVRelevancySort.swift
/host/spi-builder-workspace/BVSwift/BVAnalytics/BVAnalyticsEvent.swift:10:8: error: no such module 'AppTrackingTransparency'
  8 |
  9 | import Foundation
 10 | import AppTrackingTransparency
    |        `- error: no such module 'AppTrackingTransparency'
 11 |
 12 | /// The BVAnalytics BVAnalyticsEvent enum
[42/219] Compiling BVSwift BVReviewFilter.swift
/host/spi-builder-workspace/BVSwift/BVAnalytics/BVAnalyticsEvent.swift:10:8: error: no such module 'AppTrackingTransparency'
  8 |
  9 | import Foundation
 10 | import AppTrackingTransparency
    |        `- error: no such module 'AppTrackingTransparency'
 11 |
 12 | /// The BVAnalytics BVAnalyticsEvent enum
[43/219] Compiling BVSwift BVReviewFilteredStat.swift
/host/spi-builder-workspace/BVSwift/BVAnalytics/BVAnalyticsEvent.swift:10:8: error: no such module 'AppTrackingTransparency'
  8 |
  9 | import Foundation
 10 | import AppTrackingTransparency
    |        `- error: no such module 'AppTrackingTransparency'
 11 |
 12 | /// The BVAnalytics BVAnalyticsEvent enum
[44/219] Compiling BVSwift BVReviewInclude.swift
/host/spi-builder-workspace/BVSwift/BVAnalytics/BVAnalyticsEvent.swift:10:8: error: no such module 'AppTrackingTransparency'
  8 |
  9 | import Foundation
 10 | import AppTrackingTransparency
    |        `- error: no such module 'AppTrackingTransparency'
 11 |
 12 | /// The BVAnalytics BVAnalyticsEvent enum
[45/219] Compiling BVSwift BVReviewSort.swift
/host/spi-builder-workspace/BVSwift/BVAnalytics/BVAnalyticsEvent.swift:10:8: error: no such module 'AppTrackingTransparency'
  8 |
  9 | import Foundation
 10 | import AppTrackingTransparency
    |        `- error: no such module 'AppTrackingTransparency'
 11 |
 12 | /// The BVAnalytics BVAnalyticsEvent enum
[46/219] Compiling BVSwift BVReviewStat.swift
/host/spi-builder-workspace/BVSwift/BVAnalytics/BVAnalyticsEvent.swift:10:8: error: no such module 'AppTrackingTransparency'
  8 |
  9 | import Foundation
 10 | import AppTrackingTransparency
    |        `- error: no such module 'AppTrackingTransparency'
 11 |
 12 | /// The BVAnalytics BVAnalyticsEvent enum
[47/219] Compiling BVSwift BVSecondaryRatingStat.swift
/host/spi-builder-workspace/BVSwift/BVAnalytics/BVAnalyticsEvent.swift:10:8: error: no such module 'AppTrackingTransparency'
  8 |
  9 | import Foundation
 10 | import AppTrackingTransparency
    |        `- error: no such module 'AppTrackingTransparency'
 11 |
 12 | /// The BVAnalytics BVAnalyticsEvent enum
[48/219] Compiling BVSwift BVTagStats.swift
/host/spi-builder-workspace/BVSwift/BVAnalytics/BVAnalyticsEvent.swift:10:8: error: no such module 'AppTrackingTransparency'
  8 |
  9 | import Foundation
 10 | import AppTrackingTransparency
    |        `- error: no such module 'AppTrackingTransparency'
 11 |
 12 | /// The BVAnalytics BVAnalyticsEvent enum
[49/219] Compiling BVSwift BVAuthorQuery.swift
/host/spi-builder-workspace/BVSwift/BVAnalytics/BVAnalyticsEvent.swift:10:8: error: no such module 'AppTrackingTransparency'
  8 |
  9 | import Foundation
 10 | import AppTrackingTransparency
    |        `- error: no such module 'AppTrackingTransparency'
 11 |
 12 | /// The BVAnalytics BVAnalyticsEvent enum
[50/219] Compiling BVSwift BVCommentQuery.swift
/host/spi-builder-workspace/BVSwift/BVAnalytics/BVAnalyticsEvent.swift:10:8: error: no such module 'AppTrackingTransparency'
  8 |
  9 | import Foundation
 10 | import AppTrackingTransparency
    |        `- error: no such module 'AppTrackingTransparency'
 11 |
 12 | /// The BVAnalytics BVAnalyticsEvent enum
[51/219] Compiling BVSwift BVCommentsQuery.swift
/host/spi-builder-workspace/BVSwift/BVAnalytics/BVAnalyticsEvent.swift:10:8: error: no such module 'AppTrackingTransparency'
  8 |
  9 | import Foundation
 10 | import AppTrackingTransparency
    |        `- error: no such module 'AppTrackingTransparency'
 11 |
 12 | /// The BVAnalytics BVAnalyticsEvent enum
[52/242] Compiling BVSwift BVConfiguration.swift
/host/spi-builder-workspace/BVSwift/BVAnalytics/BVAnalyticsEvent.swift:10:8: error: no such module 'AppTrackingTransparency'
  8 |
  9 | import Foundation
 10 | import AppTrackingTransparency
    |        `- error: no such module 'AppTrackingTransparency'
 11 |
 12 | /// The BVAnalytics BVAnalyticsEvent enum
[53/242] Compiling BVSwift BVConstants.swift
/host/spi-builder-workspace/BVSwift/BVAnalytics/BVAnalyticsEvent.swift:10:8: error: no such module 'AppTrackingTransparency'
  8 |
  9 | import Foundation
 10 | import AppTrackingTransparency
    |        `- error: no such module 'AppTrackingTransparency'
 11 |
 12 | /// The BVAnalytics BVAnalyticsEvent enum
[54/242] Compiling BVSwift BVManager.swift
/host/spi-builder-workspace/BVSwift/BVAnalytics/BVAnalyticsEvent.swift:10:8: error: no such module 'AppTrackingTransparency'
  8 |
  9 | import Foundation
 10 | import AppTrackingTransparency
    |        `- error: no such module 'AppTrackingTransparency'
 11 |
 12 | /// The BVAnalytics BVAnalyticsEvent enum
[55/242] Compiling BVSwift BVError.swift
/host/spi-builder-workspace/BVSwift/BVAnalytics/BVAnalyticsEvent.swift:10:8: error: no such module 'AppTrackingTransparency'
  8 |
  9 | import Foundation
 10 | import AppTrackingTransparency
    |        `- error: no such module 'AppTrackingTransparency'
 11 |
 12 | /// The BVAnalytics BVAnalyticsEvent enum
[56/242] Compiling BVSwift BVLogMessage.swift
/host/spi-builder-workspace/BVSwift/BVAnalytics/BVAnalyticsEvent.swift:10:8: error: no such module 'AppTrackingTransparency'
  8 |
  9 | import Foundation
 10 | import AppTrackingTransparency
    |        `- error: no such module 'AppTrackingTransparency'
 11 |
 12 | /// The BVAnalytics BVAnalyticsEvent enum
[57/242] Compiling BVSwift BVLogNotifier.swift
/host/spi-builder-workspace/BVSwift/BVAnalytics/BVAnalyticsEvent.swift:10:8: error: no such module 'AppTrackingTransparency'
  8 |
  9 | import Foundation
 10 | import AppTrackingTransparency
    |        `- error: no such module 'AppTrackingTransparency'
 11 |
 12 | /// The BVAnalytics BVAnalyticsEvent enum
[58/242] Compiling BVSwift BVLogger.swift
/host/spi-builder-workspace/BVSwift/BVAnalytics/BVAnalyticsEvent.swift:10:8: error: no such module 'AppTrackingTransparency'
  8 |
  9 | import Foundation
 10 | import AppTrackingTransparency
    |        `- error: no such module 'AppTrackingTransparency'
 11 |
 12 | /// The BVAnalytics BVAnalyticsEvent enum
[59/242] Compiling BVSwift BVDispatch.swift
/host/spi-builder-workspace/BVSwift/BVAnalytics/BVAnalyticsEvent.swift:10:8: error: no such module 'AppTrackingTransparency'
  8 |
  9 | import Foundation
 10 | import AppTrackingTransparency
    |        `- error: no such module 'AppTrackingTransparency'
 11 |
 12 | /// The BVAnalytics BVAnalyticsEvent enum
[60/242] Compiling BVSwift BVNetworkingManager.swift
/host/spi-builder-workspace/BVSwift/BVAnalytics/BVAnalyticsEvent.swift:10:8: error: no such module 'AppTrackingTransparency'
  8 |
  9 | import Foundation
 10 | import AppTrackingTransparency
    |        `- error: no such module 'AppTrackingTransparency'
 11 |
 12 | /// The BVAnalytics BVAnalyticsEvent enum
[61/242] Compiling BVSwift BVParameter.swift
/host/spi-builder-workspace/BVSwift/BVAnalytics/BVAnalyticsEvent.swift:10:8: error: no such module 'AppTrackingTransparency'
  8 |
  9 | import Foundation
 10 | import AppTrackingTransparency
    |        `- error: no such module 'AppTrackingTransparency'
 11 |
 12 | /// The BVAnalytics BVAnalyticsEvent enum
[62/242] Compiling BVSwift BVURLCacheManager.swift
/host/spi-builder-workspace/BVSwift/BVAnalytics/BVAnalyticsEvent.swift:10:8: error: no such module 'AppTrackingTransparency'
  8 |
  9 | import Foundation
 10 | import AppTrackingTransparency
    |        `- error: no such module 'AppTrackingTransparency'
 11 |
 12 | /// The BVAnalytics BVAnalyticsEvent enum
[63/242] Compiling BVSwift BVURLParameter.swift
/host/spi-builder-workspace/BVSwift/BVAnalytics/BVAnalyticsEvent.swift:10:8: error: no such module 'AppTrackingTransparency'
  8 |
  9 | import Foundation
 10 | import AppTrackingTransparency
    |        `- error: no such module 'AppTrackingTransparency'
 11 |
 12 | /// The BVAnalytics BVAnalyticsEvent enum
[64/242] Compiling BVSwift BVURLParameterable.swift
/host/spi-builder-workspace/BVSwift/BVAnalytics/BVAnalyticsEvent.swift:10:8: error: no such module 'AppTrackingTransparency'
  8 |
  9 | import Foundation
 10 | import AppTrackingTransparency
    |        `- error: no such module 'AppTrackingTransparency'
 11 |
 12 | /// The BVAnalytics BVAnalyticsEvent enum
[65/242] Compiling BVSwift BVURLRequest.swift
/host/spi-builder-workspace/BVSwift/BVAnalytics/BVAnalyticsEvent.swift:10:8: error: no such module 'AppTrackingTransparency'
  8 |
  9 | import Foundation
 10 | import AppTrackingTransparency
    |        `- error: no such module 'AppTrackingTransparency'
 11 |
 12 | /// The BVAnalytics BVAnalyticsEvent enum
[66/242] Compiling BVSwift BVURLRequestable.swift
/host/spi-builder-workspace/BVSwift/BVAnalytics/BVAnalyticsEvent.swift:10:8: error: no such module 'AppTrackingTransparency'
  8 |
  9 | import Foundation
 10 | import AppTrackingTransparency
    |        `- error: no such module 'AppTrackingTransparency'
 11 |
 12 | /// The BVAnalytics BVAnalyticsEvent enum
[67/242] Compiling BVSwift BVURLRequestableInternal.swift
/host/spi-builder-workspace/BVSwift/BVAnalytics/BVAnalyticsEvent.swift:10:8: error: no such module 'AppTrackingTransparency'
  8 |
  9 | import Foundation
 10 | import AppTrackingTransparency
    |        `- error: no such module 'AppTrackingTransparency'
 11 |
 12 | /// The BVAnalytics BVAnalyticsEvent enum
[68/242] Compiling BVSwift BVURLSession.swift
/host/spi-builder-workspace/BVSwift/BVAnalytics/BVAnalyticsEvent.swift:10:8: error: no such module 'AppTrackingTransparency'
  8 |
  9 | import Foundation
 10 | import AppTrackingTransparency
    |        `- error: no such module 'AppTrackingTransparency'
 11 |
 12 | /// The BVAnalytics BVAnalyticsEvent enum
[69/242] Compiling BVSwift BVInternalQuery.swift
/host/spi-builder-workspace/BVSwift/BVAnalytics/BVAnalyticsEvent.swift:10:8: error: no such module 'AppTrackingTransparency'
  8 |
  9 | import Foundation
 10 | import AppTrackingTransparency
    |        `- error: no such module 'AppTrackingTransparency'
 11 |
 12 | /// The BVAnalytics BVAnalyticsEvent enum
[70/242] Compiling BVSwift BVQuery.swift
/host/spi-builder-workspace/BVSwift/BVAnalytics/BVAnalyticsEvent.swift:10:8: error: no such module 'AppTrackingTransparency'
  8 |
  9 | import Foundation
 10 | import AppTrackingTransparency
    |        `- error: no such module 'AppTrackingTransparency'
 11 |
 12 | /// The BVAnalytics BVAnalyticsEvent enum
[71/242] Compiling BVSwift BVQueryDispatchQueueable.swift
/host/spi-builder-workspace/BVSwift/BVAnalytics/BVAnalyticsEvent.swift:10:8: error: no such module 'AppTrackingTransparency'
  8 |
  9 | import Foundation
 10 | import AppTrackingTransparency
    |        `- error: no such module 'AppTrackingTransparency'
 11 |
 12 | /// The BVAnalytics BVAnalyticsEvent enum
[72/242] Compiling BVSwift BVQueryable.swift
/host/spi-builder-workspace/BVSwift/BVAnalytics/BVAnalyticsEvent.swift:10:8: error: no such module 'AppTrackingTransparency'
  8 |
  9 | import Foundation
 10 | import AppTrackingTransparency
    |        `- error: no such module 'AppTrackingTransparency'
 11 |
 12 | /// The BVAnalytics BVAnalyticsEvent enum
[73/242] Compiling BVSwift BVInternalSubmission.swift
/host/spi-builder-workspace/BVSwift/BVAnalytics/BVAnalyticsEvent.swift:10:8: error: no such module 'AppTrackingTransparency'
  8 |
  9 | import Foundation
 10 | import AppTrackingTransparency
    |        `- error: no such module 'AppTrackingTransparency'
 11 |
 12 | /// The BVAnalytics BVAnalyticsEvent enum
[74/242] Compiling BVSwift BVSubmission.swift
/host/spi-builder-workspace/BVSwift/BVAnalytics/BVAnalyticsEvent.swift:10:8: error: no such module 'AppTrackingTransparency'
  8 |
  9 | import Foundation
 10 | import AppTrackingTransparency
    |        `- error: no such module 'AppTrackingTransparency'
 11 |
 12 | /// The BVAnalytics BVAnalyticsEvent enum
[75/242] Compiling BVSwift BVSubmissionDispatchQueueable.swift
/host/spi-builder-workspace/BVSwift/BVAnalytics/BVAnalyticsEvent.swift:10:8: error: no such module 'AppTrackingTransparency'
  8 |
  9 | import Foundation
 10 | import AppTrackingTransparency
    |        `- error: no such module 'AppTrackingTransparency'
 11 |
 12 | /// The BVAnalytics BVAnalyticsEvent enum
[76/265] Compiling BVSwift BVMultiProductError.swift
/host/spi-builder-workspace/BVSwift/BVAnalytics/BVAnalyticsEvent.swift:10:8: error: no such module 'AppTrackingTransparency'
  8 |
  9 | import Foundation
 10 | import AppTrackingTransparency
    |        `- error: no such module 'AppTrackingTransparency'
 11 |
 12 | /// The BVAnalytics BVAnalyticsEvent enum
[77/265] Compiling BVSwift BVMultiProductFormData.swift
/host/spi-builder-workspace/BVSwift/BVAnalytics/BVAnalyticsEvent.swift:10:8: error: no such module 'AppTrackingTransparency'
  8 |
  9 | import Foundation
 10 | import AppTrackingTransparency
    |        `- error: no such module 'AppTrackingTransparency'
 11 |
 12 | /// The BVAnalytics BVAnalyticsEvent enum
[78/265] Compiling BVSwift BVMultiProductReviewSummary.swift
/host/spi-builder-workspace/BVSwift/BVAnalytics/BVAnalyticsEvent.swift:10:8: error: no such module 'AppTrackingTransparency'
  8 |
  9 | import Foundation
 10 | import AppTrackingTransparency
    |        `- error: no such module 'AppTrackingTransparency'
 11 |
 12 | /// The BVAnalytics BVAnalyticsEvent enum
[79/265] Compiling BVSwift BVMultiproduct.swift
/host/spi-builder-workspace/BVSwift/BVAnalytics/BVAnalyticsEvent.swift:10:8: error: no such module 'AppTrackingTransparency'
  8 |
  9 | import Foundation
 10 | import AppTrackingTransparency
    |        `- error: no such module 'AppTrackingTransparency'
 11 |
 12 | /// The BVAnalytics BVAnalyticsEvent enum
[80/265] Compiling BVSwift BVPhoto.swift
/host/spi-builder-workspace/BVSwift/BVAnalytics/BVAnalyticsEvent.swift:10:8: error: no such module 'AppTrackingTransparency'
  8 |
  9 | import Foundation
 10 | import AppTrackingTransparency
    |        `- error: no such module 'AppTrackingTransparency'
 11 |
 12 | /// The BVAnalytics BVAnalyticsEvent enum
[81/265] Compiling BVSwift BVProduct.swift
/host/spi-builder-workspace/BVSwift/BVAnalytics/BVAnalyticsEvent.swift:10:8: error: no such module 'AppTrackingTransparency'
  8 |
  9 | import Foundation
 10 | import AppTrackingTransparency
    |        `- error: no such module 'AppTrackingTransparency'
 11 |
 12 | /// The BVAnalytics BVAnalyticsEvent enum
[82/265] Compiling BVSwift BVProductAttribute.swift
/host/spi-builder-workspace/BVSwift/BVAnalytics/BVAnalyticsEvent.swift:10:8: error: no such module 'AppTrackingTransparency'
  8 |
  9 | import Foundation
 10 | import AppTrackingTransparency
    |        `- error: no such module 'AppTrackingTransparency'
 11 |
 12 | /// The BVAnalytics BVAnalyticsEvent enum
[83/265] Compiling BVSwift BVProductStatistics.swift
/host/spi-builder-workspace/BVSwift/BVAnalytics/BVAnalyticsEvent.swift:10:8: error: no such module 'AppTrackingTransparency'
  8 |
  9 | import Foundation
 10 | import AppTrackingTransparency
    |        `- error: no such module 'AppTrackingTransparency'
 11 |
 12 | /// The BVAnalytics BVAnalyticsEvent enum
[84/265] Compiling BVSwift BVProgressiveReview.swift
/host/spi-builder-workspace/BVSwift/BVAnalytics/BVAnalyticsEvent.swift:10:8: error: no such module 'AppTrackingTransparency'
  8 |
  9 | import Foundation
 10 | import AppTrackingTransparency
    |        `- error: no such module 'AppTrackingTransparency'
 11 |
 12 | /// The BVAnalytics BVAnalyticsEvent enum
[85/265] Compiling BVSwift BVProgressiveReviewFields.swift
/host/spi-builder-workspace/BVSwift/BVAnalytics/BVAnalyticsEvent.swift:10:8: error: no such module 'AppTrackingTransparency'
  8 |
  9 | import Foundation
 10 | import AppTrackingTransparency
    |        `- error: no such module 'AppTrackingTransparency'
 11 |
 12 | /// The BVAnalytics BVAnalyticsEvent enum
[86/265] Compiling BVSwift BVQAStatistics.swift
/host/spi-builder-workspace/BVSwift/BVAnalytics/BVAnalyticsEvent.swift:10:8: error: no such module 'AppTrackingTransparency'
  8 |
  9 | import Foundation
 10 | import AppTrackingTransparency
    |        `- error: no such module 'AppTrackingTransparency'
 11 |
 12 | /// The BVAnalytics BVAnalyticsEvent enum
[87/265] Compiling BVSwift BVQuestion.swift
/host/spi-builder-workspace/BVSwift/BVAnalytics/BVAnalyticsEvent.swift:10:8: error: no such module 'AppTrackingTransparency'
  8 |
  9 | import Foundation
 10 | import AppTrackingTransparency
    |        `- error: no such module 'AppTrackingTransparency'
 11 |
 12 | /// The BVAnalytics BVAnalyticsEvent enum
[88/265] Compiling BVSwift BVRatingDistribution.swift
/host/spi-builder-workspace/BVSwift/BVAnalytics/BVAnalyticsEvent.swift:10:8: error: no such module 'AppTrackingTransparency'
  8 |
  9 | import Foundation
 10 | import AppTrackingTransparency
    |        `- error: no such module 'AppTrackingTransparency'
 11 |
 12 | /// The BVAnalytics BVAnalyticsEvent enum
[89/265] Compiling BVSwift BVReview.swift
/host/spi-builder-workspace/BVSwift/BVAnalytics/BVAnalyticsEvent.swift:10:8: error: no such module 'AppTrackingTransparency'
  8 |
  9 | import Foundation
 10 | import AppTrackingTransparency
    |        `- error: no such module 'AppTrackingTransparency'
 11 |
 12 | /// The BVAnalytics BVAnalyticsEvent enum
[90/265] Compiling BVSwift BVReviewStatistics.swift
/host/spi-builder-workspace/BVSwift/BVAnalytics/BVAnalyticsEvent.swift:10:8: error: no such module 'AppTrackingTransparency'
  8 |
  9 | import Foundation
 10 | import AppTrackingTransparency
    |        `- error: no such module 'AppTrackingTransparency'
 11 |
 12 | /// The BVAnalytics BVAnalyticsEvent enum
[91/265] Compiling BVSwift BVSecondaryRating.swift
/host/spi-builder-workspace/BVSwift/BVAnalytics/BVAnalyticsEvent.swift:10:8: error: no such module 'AppTrackingTransparency'
  8 |
  9 | import Foundation
 10 | import AppTrackingTransparency
    |        `- error: no such module 'AppTrackingTransparency'
 11 |
 12 | /// The BVAnalytics BVAnalyticsEvent enum
[92/265] Compiling BVSwift BVSecondaryRatingsAverage.swift
/host/spi-builder-workspace/BVSwift/BVAnalytics/BVAnalyticsEvent.swift:10:8: error: no such module 'AppTrackingTransparency'
  8 |
  9 | import Foundation
 10 | import AppTrackingTransparency
    |        `- error: no such module 'AppTrackingTransparency'
 11 |
 12 | /// The BVAnalytics BVAnalyticsEvent enum
[93/265] Compiling BVSwift BVSecondaryRatingsDistribution.swift
/host/spi-builder-workspace/BVSwift/BVAnalytics/BVAnalyticsEvent.swift:10:8: error: no such module 'AppTrackingTransparency'
  8 |
  9 | import Foundation
 10 | import AppTrackingTransparency
    |        `- error: no such module 'AppTrackingTransparency'
 11 |
 12 | /// The BVAnalytics BVAnalyticsEvent enum
[94/265] Compiling BVSwift BVSecondaryRatingsDistributionValue.swift
/host/spi-builder-workspace/BVSwift/BVAnalytics/BVAnalyticsEvent.swift:10:8: error: no such module 'AppTrackingTransparency'
  8 |
  9 | import Foundation
 10 | import AppTrackingTransparency
    |        `- error: no such module 'AppTrackingTransparency'
 11 |
 12 | /// The BVAnalytics BVAnalyticsEvent enum
[95/265] Compiling BVSwift BVSyndicationSource.swift
/host/spi-builder-workspace/BVSwift/BVAnalytics/BVAnalyticsEvent.swift:10:8: error: no such module 'AppTrackingTransparency'
  8 |
  9 | import Foundation
 10 | import AppTrackingTransparency
    |        `- error: no such module 'AppTrackingTransparency'
 11 |
 12 | /// The BVAnalytics BVAnalyticsEvent enum
[96/265] Compiling BVSwift BVUAS.swift
/host/spi-builder-workspace/BVSwift/BVAnalytics/BVAnalyticsEvent.swift:10:8: error: no such module 'AppTrackingTransparency'
  8 |
  9 | import Foundation
 10 | import AppTrackingTransparency
    |        `- error: no such module 'AppTrackingTransparency'
 11 |
 12 | /// The BVAnalytics BVAnalyticsEvent enum
[97/265] Compiling BVSwift BVVideo.swift
/host/spi-builder-workspace/BVSwift/BVAnalytics/BVAnalyticsEvent.swift:10:8: error: no such module 'AppTrackingTransparency'
  8 |
  9 | import Foundation
 10 | import AppTrackingTransparency
    |        `- error: no such module 'AppTrackingTransparency'
 11 |
 12 | /// The BVAnalytics BVAnalyticsEvent enum
[98/265] Compiling BVSwift ProgressiveSubmissionReview.swift
/host/spi-builder-workspace/BVSwift/BVAnalytics/BVAnalyticsEvent.swift:10:8: error: no such module 'AppTrackingTransparency'
  8 |
  9 | import Foundation
 10 | import AppTrackingTransparency
    |        `- error: no such module 'AppTrackingTransparency'
 11 |
 12 | /// The BVAnalytics BVAnalyticsEvent enum
[99/265] Compiling BVSwift BVReviewHighlightsConfiguration.swift
/host/spi-builder-workspace/BVSwift/BVAnalytics/BVAnalyticsEvent.swift:10:8: error: no such module 'AppTrackingTransparency'
  8 |
  9 | import Foundation
 10 | import AppTrackingTransparency
    |        `- error: no such module 'AppTrackingTransparency'
 11 |
 12 | /// The BVAnalytics BVAnalyticsEvent enum
[100/265] Compiling BVSwift BVMatchedTokens.swift
/host/spi-builder-workspace/BVSwift/BVAnalytics/BVAnalyticsEvent.swift:10:8: error: no such module 'AppTrackingTransparency'
  8 |
  9 | import Foundation
 10 | import AppTrackingTransparency
    |        `- error: no such module 'AppTrackingTransparency'
 11 |
 12 | /// The BVAnalytics BVAnalyticsEvent enum
[101/265] Compiling BVSwift BVReviewTokens.swift
/host/spi-builder-workspace/BVSwift/BVAnalytics/BVAnalyticsEvent.swift:10:8: error: no such module 'AppTrackingTransparency'
  8 |
  9 | import Foundation
 10 | import AppTrackingTransparency
    |        `- error: no such module 'AppTrackingTransparency'
 11 |
 12 | /// The BVAnalytics BVAnalyticsEvent enum
[102/265] Compiling BVSwift BVContentCoachSubmission.swift
/host/spi-builder-workspace/BVSwift/BVAnalytics/BVAnalyticsEvent.swift:10:8: error: no such module 'AppTrackingTransparency'
  8 |
  9 | import Foundation
 10 | import AppTrackingTransparency
    |        `- error: no such module 'AppTrackingTransparency'
 11 |
 12 | /// The BVAnalytics BVAnalyticsEvent enum
[103/265] Compiling BVSwift BVContentCoachSubmissionResponse.swift
/host/spi-builder-workspace/BVSwift/BVAnalytics/BVAnalyticsEvent.swift:10:8: error: no such module 'AppTrackingTransparency'
  8 |
  9 | import Foundation
 10 | import AppTrackingTransparency
    |        `- error: no such module 'AppTrackingTransparency'
 11 |
 12 | /// The BVAnalytics BVAnalyticsEvent enum
[104/265] Compiling BVSwift BVContentCoachSubmissionable.swift
/host/spi-builder-workspace/BVSwift/BVAnalytics/BVAnalyticsEvent.swift:10:8: error: no such module 'AppTrackingTransparency'
  8 |
  9 | import Foundation
 10 | import AppTrackingTransparency
    |        `- error: no such module 'AppTrackingTransparency'
 11 |
 12 | /// The BVAnalytics BVAnalyticsEvent enum
[105/265] Compiling BVSwift BVMatchedTokensQuery.swift
/host/spi-builder-workspace/BVSwift/BVAnalytics/BVAnalyticsEvent.swift:10:8: error: no such module 'AppTrackingTransparency'
  8 |
  9 | import Foundation
 10 | import AppTrackingTransparency
    |        `- error: no such module 'AppTrackingTransparency'
 11 |
 12 | /// The BVAnalytics BVAnalyticsEvent enum
[106/265] Compiling BVSwift BVConversationsQuery.swift
/host/spi-builder-workspace/BVSwift/BVAnalytics/BVAnalyticsEvent.swift:10:8: error: no such module 'AppTrackingTransparency'
  8 |
  9 | import Foundation
 10 | import AppTrackingTransparency
    |        `- error: no such module 'AppTrackingTransparency'
 11 |
 12 | /// The BVAnalytics BVAnalyticsEvent enum
[107/265] Compiling BVSwift BVConversationsQueryResponse.swift
/host/spi-builder-workspace/BVSwift/BVAnalytics/BVAnalyticsEvent.swift:10:8: error: no such module 'AppTrackingTransparency'
  8 |
  9 | import Foundation
 10 | import AppTrackingTransparency
    |        `- error: no such module 'AppTrackingTransparency'
 11 |
 12 | /// The BVAnalytics BVAnalyticsEvent enum
[108/265] Compiling BVSwift BVConversationsQueryable.swift
/host/spi-builder-workspace/BVSwift/BVAnalytics/BVAnalyticsEvent.swift:10:8: error: no such module 'AppTrackingTransparency'
  8 |
  9 | import Foundation
 10 | import AppTrackingTransparency
    |        `- error: no such module 'AppTrackingTransparency'
 11 |
 12 | /// The BVAnalytics BVAnalyticsEvent enum
[109/265] Compiling BVSwift BVConversationsFilterOperator.swift
/host/spi-builder-workspace/BVSwift/BVAnalytics/BVAnalyticsEvent.swift:10:8: error: no such module 'AppTrackingTransparency'
  8 |
  9 | import Foundation
 10 | import AppTrackingTransparency
    |        `- error: no such module 'AppTrackingTransparency'
 11 |
 12 | /// The BVAnalytics BVAnalyticsEvent enum
[110/265] Compiling BVSwift BVConversationsSortOrder.swift
/host/spi-builder-workspace/BVSwift/BVAnalytics/BVAnalyticsEvent.swift:10:8: error: no such module 'AppTrackingTransparency'
  8 |
  9 | import Foundation
 10 | import AppTrackingTransparency
    |        `- error: no such module 'AppTrackingTransparency'
 11 |
 12 | /// The BVAnalytics BVAnalyticsEvent enum
[111/265] Compiling BVSwift BVRelevancySortOrder.swift
/host/spi-builder-workspace/BVSwift/BVAnalytics/BVAnalyticsEvent.swift:10:8: error: no such module 'AppTrackingTransparency'
  8 |
  9 | import Foundation
 10 | import AppTrackingTransparency
    |        `- error: no such module 'AppTrackingTransparency'
 11 |
 12 | /// The BVAnalytics BVAnalyticsEvent enum
[112/265] Compiling BVSwift BVAnswerFilter.swift
/host/spi-builder-workspace/BVSwift/BVAnalytics/BVAnalyticsEvent.swift:10:8: error: no such module 'AppTrackingTransparency'
  8 |
  9 | import Foundation
 10 | import AppTrackingTransparency
    |        `- error: no such module 'AppTrackingTransparency'
 11 |
 12 | /// The BVAnalytics BVAnalyticsEvent enum
[113/265] Compiling BVSwift BVAnswerSort.swift
/host/spi-builder-workspace/BVSwift/BVAnalytics/BVAnalyticsEvent.swift:10:8: error: no such module 'AppTrackingTransparency'
  8 |
  9 | import Foundation
 10 | import AppTrackingTransparency
    |        `- error: no such module 'AppTrackingTransparency'
 11 |
 12 | /// The BVAnalytics BVAnalyticsEvent enum
[114/265] Compiling BVSwift BVAuthorFilter.swift
/host/spi-builder-workspace/BVSwift/BVAnalytics/BVAnalyticsEvent.swift:10:8: error: no such module 'AppTrackingTransparency'
  8 |
  9 | import Foundation
 10 | import AppTrackingTransparency
    |        `- error: no such module 'AppTrackingTransparency'
 11 |
 12 | /// The BVAnalytics BVAnalyticsEvent enum
[115/265] Compiling BVSwift BVAuthorInclude.swift
/host/spi-builder-workspace/BVSwift/BVAnalytics/BVAnalyticsEvent.swift:10:8: error: no such module 'AppTrackingTransparency'
  8 |
  9 | import Foundation
 10 | import AppTrackingTransparency
    |        `- error: no such module 'AppTrackingTransparency'
 11 |
 12 | /// The BVAnalytics BVAnalyticsEvent enum
[116/265] Compiling BVSwift BVAuthorSort.swift
/host/spi-builder-workspace/BVSwift/BVAnalytics/BVAnalyticsEvent.swift:10:8: error: no such module 'AppTrackingTransparency'
  8 |
  9 | import Foundation
 10 | import AppTrackingTransparency
    |        `- error: no such module 'AppTrackingTransparency'
 11 |
 12 | /// The BVAnalytics BVAnalyticsEvent enum
[117/265] Compiling BVSwift BVAuthorStat.swift
/host/spi-builder-workspace/BVSwift/BVAnalytics/BVAnalyticsEvent.swift:10:8: error: no such module 'AppTrackingTransparency'
  8 |
  9 | import Foundation
 10 | import AppTrackingTransparency
    |        `- error: no such module 'AppTrackingTransparency'
 11 |
 12 | /// The BVAnalytics BVAnalyticsEvent enum
[118/265] Compiling BVSwift BVCommentFilter.swift
/host/spi-builder-workspace/BVSwift/BVAnalytics/BVAnalyticsEvent.swift:10:8: error: no such module 'AppTrackingTransparency'
  8 |
  9 | import Foundation
 10 | import AppTrackingTransparency
    |        `- error: no such module 'AppTrackingTransparency'
 11 |
 12 | /// The BVAnalytics BVAnalyticsEvent enum
[119/265] Compiling BVSwift BVCommentInclude.swift
/host/spi-builder-workspace/BVSwift/BVAnalytics/BVAnalyticsEvent.swift:10:8: error: no such module 'AppTrackingTransparency'
  8 |
  9 | import Foundation
 10 | import AppTrackingTransparency
    |        `- error: no such module 'AppTrackingTransparency'
 11 |
 12 | /// The BVAnalytics BVAnalyticsEvent enum
[120/265] Compiling BVSwift BVCommentSort.swift
/host/spi-builder-workspace/BVSwift/BVAnalytics/BVAnalyticsEvent.swift:10:8: error: no such module 'AppTrackingTransparency'
  8 |
  9 | import Foundation
 10 | import AppTrackingTransparency
    |        `- error: no such module 'AppTrackingTransparency'
 11 |
 12 | /// The BVAnalytics BVAnalyticsEvent enum
[121/265] Compiling BVSwift BVCostomSort.swift
/host/spi-builder-workspace/BVSwift/BVAnalytics/BVAnalyticsEvent.swift:10:8: error: no such module 'AppTrackingTransparency'
  8 |
  9 | import Foundation
 10 | import AppTrackingTransparency
    |        `- error: no such module 'AppTrackingTransparency'
 11 |
 12 | /// The BVAnalytics BVAnalyticsEvent enum
[122/265] Compiling BVSwift BVFeatureStats.swift
/host/spi-builder-workspace/BVSwift/BVAnalytics/BVAnalyticsEvent.swift:10:8: error: no such module 'AppTrackingTransparency'
  8 |
  9 | import Foundation
 10 | import AppTrackingTransparency
    |        `- error: no such module 'AppTrackingTransparency'
 11 |
 12 | /// The BVAnalytics BVAnalyticsEvent enum
[123/265] Compiling BVSwift BVFormatStats.swift
/host/spi-builder-workspace/BVSwift/BVAnalytics/BVAnalyticsEvent.swift:10:8: error: no such module 'AppTrackingTransparency'
  8 |
  9 | import Foundation
 10 | import AppTrackingTransparency
    |        `- error: no such module 'AppTrackingTransparency'
 11 |
 12 | /// The BVAnalytics BVAnalyticsEvent enum
[124/265] Compiling BVSwift BVFeatureQuery.swift
/host/spi-builder-workspace/BVSwift/BVAnalytics/BVAnalyticsEvent.swift:10:8: error: no such module 'AppTrackingTransparency'
  8 |
  9 | import Foundation
 10 | import AppTrackingTransparency
    |        `- error: no such module 'AppTrackingTransparency'
 11 |
 12 | /// The BVAnalytics BVAnalyticsEvent enum
[125/265] Compiling BVSwift BVMultiProductQuery.swift
/host/spi-builder-workspace/BVSwift/BVAnalytics/BVAnalyticsEvent.swift:10:8: error: no such module 'AppTrackingTransparency'
  8 |
  9 | import Foundation
 10 | import AppTrackingTransparency
    |        `- error: no such module 'AppTrackingTransparency'
 11 |
 12 | /// The BVAnalytics BVAnalyticsEvent enum
[126/265] Compiling BVSwift BVMultiProductQueryResponse.swift
/host/spi-builder-workspace/BVSwift/BVAnalytics/BVAnalyticsEvent.swift:10:8: error: no such module 'AppTrackingTransparency'
  8 |
  9 | import Foundation
 10 | import AppTrackingTransparency
    |        `- error: no such module 'AppTrackingTransparency'
 11 |
 12 | /// The BVAnalytics BVAnalyticsEvent enum
[127/265] Compiling BVSwift BVProductQuery.swift
/host/spi-builder-workspace/BVSwift/BVAnalytics/BVAnalyticsEvent.swift:10:8: error: no such module 'AppTrackingTransparency'
  8 |
  9 | import Foundation
 10 | import AppTrackingTransparency
    |        `- error: no such module 'AppTrackingTransparency'
 11 |
 12 | /// The BVAnalytics BVAnalyticsEvent enum
[128/265] Compiling BVSwift BVProductSearchQuery.swift
/host/spi-builder-workspace/BVSwift/BVAnalytics/BVAnalyticsEvent.swift:10:8: error: no such module 'AppTrackingTransparency'
  8 |
  9 | import Foundation
 10 | import AppTrackingTransparency
    |        `- error: no such module 'AppTrackingTransparency'
 11 |
 12 | /// The BVAnalytics BVAnalyticsEvent enum
[129/265] Compiling BVSwift BVProductStatisticsQuery.swift
/host/spi-builder-workspace/BVSwift/BVAnalytics/BVAnalyticsEvent.swift:10:8: error: no such module 'AppTrackingTransparency'
  8 |
  9 | import Foundation
 10 | import AppTrackingTransparency
    |        `- error: no such module 'AppTrackingTransparency'
 11 |
 12 | /// The BVAnalytics BVAnalyticsEvent enum
[130/265] Compiling BVSwift BVProductsQuery.swift
/host/spi-builder-workspace/BVSwift/BVAnalytics/BVAnalyticsEvent.swift:10:8: error: no such module 'AppTrackingTransparency'
  8 |
  9 | import Foundation
 10 | import AppTrackingTransparency
    |        `- error: no such module 'AppTrackingTransparency'
 11 |
 12 | /// The BVAnalytics BVAnalyticsEvent enum
[131/265] Compiling BVSwift BVQuestionQuery.swift
/host/spi-builder-workspace/BVSwift/BVAnalytics/BVAnalyticsEvent.swift:10:8: error: no such module 'AppTrackingTransparency'
  8 |
  9 | import Foundation
 10 | import AppTrackingTransparency
    |        `- error: no such module 'AppTrackingTransparency'
 11 |
 12 | /// The BVAnalytics BVAnalyticsEvent enum
[132/265] Compiling BVSwift BVQuestionSearchQuery.swift
/host/spi-builder-workspace/BVSwift/BVAnalytics/BVAnalyticsEvent.swift:10:8: error: no such module 'AppTrackingTransparency'
  8 |
  9 | import Foundation
 10 | import AppTrackingTransparency
    |        `- error: no such module 'AppTrackingTransparency'
 11 |
 12 | /// The BVAnalytics BVAnalyticsEvent enum
[133/265] Compiling BVSwift BVReviewQuery.swift
/host/spi-builder-workspace/BVSwift/BVAnalytics/BVAnalyticsEvent.swift:10:8: error: no such module 'AppTrackingTransparency'
  8 |
  9 | import Foundation
 10 | import AppTrackingTransparency
    |        `- error: no such module 'AppTrackingTransparency'
 11 |
 12 | /// The BVAnalytics BVAnalyticsEvent enum
[134/265] Compiling BVSwift BVReviewSearchQuery.swift
/host/spi-builder-workspace/BVSwift/BVAnalytics/BVAnalyticsEvent.swift:10:8: error: no such module 'AppTrackingTransparency'
  8 |
  9 | import Foundation
 10 | import AppTrackingTransparency
    |        `- error: no such module 'AppTrackingTransparency'
 11 |
 12 | /// The BVAnalytics BVAnalyticsEvent enum
[135/265] Compiling BVSwift BVAnswer.swift
/host/spi-builder-workspace/BVSwift/BVAnalytics/BVAnalyticsEvent.swift:10:8: error: no such module 'AppTrackingTransparency'
  8 |
  9 | import Foundation
 10 | import AppTrackingTransparency
    |        `- error: no such module 'AppTrackingTransparency'
 11 |
 12 | /// The BVAnalytics BVAnalyticsEvent enum
[136/265] Compiling BVSwift BVAuthor.swift
/host/spi-builder-workspace/BVSwift/BVAnalytics/BVAnalyticsEvent.swift:10:8: error: no such module 'AppTrackingTransparency'
  8 |
  9 | import Foundation
 10 | import AppTrackingTransparency
    |        `- error: no such module 'AppTrackingTransparency'
 11 |
 12 | /// The BVAnalytics BVAnalyticsEvent enum
[137/265] Compiling BVSwift BVBadge.swift
/host/spi-builder-workspace/BVSwift/BVAnalytics/BVAnalyticsEvent.swift:10:8: error: no such module 'AppTrackingTransparency'
  8 |
  9 | import Foundation
 10 | import AppTrackingTransparency
    |        `- error: no such module 'AppTrackingTransparency'
 11 |
 12 | /// The BVAnalytics BVAnalyticsEvent enum
[138/265] Compiling BVSwift BVBrand.swift
/host/spi-builder-workspace/BVSwift/BVAnalytics/BVAnalyticsEvent.swift:10:8: error: no such module 'AppTrackingTransparency'
  8 |
  9 | import Foundation
 10 | import AppTrackingTransparency
    |        `- error: no such module 'AppTrackingTransparency'
 11 |
 12 | /// The BVAnalytics BVAnalyticsEvent enum
[139/265] Compiling BVSwift BVComment.swift
/host/spi-builder-workspace/BVSwift/BVAnalytics/BVAnalyticsEvent.swift:10:8: error: no such module 'AppTrackingTransparency'
  8 |
  9 | import Foundation
 10 | import AppTrackingTransparency
    |        `- error: no such module 'AppTrackingTransparency'
 11 |
 12 | /// The BVAnalytics BVAnalyticsEvent enum
[140/265] Compiling BVSwift BVContextDataValue.swift
/host/spi-builder-workspace/BVSwift/BVAnalytics/BVAnalyticsEvent.swift:10:8: error: no such module 'AppTrackingTransparency'
  8 |
  9 | import Foundation
 10 | import AppTrackingTransparency
    |        `- error: no such module 'AppTrackingTransparency'
 11 |
 12 | /// The BVAnalytics BVAnalyticsEvent enum
[141/265] Compiling BVSwift BVDimensionElement.swift
/host/spi-builder-workspace/BVSwift/BVAnalytics/BVAnalyticsEvent.swift:10:8: error: no such module 'AppTrackingTransparency'
  8 |
  9 | import Foundation
 10 | import AppTrackingTransparency
    |        `- error: no such module 'AppTrackingTransparency'
 11 |
 12 | /// The BVAnalytics BVAnalyticsEvent enum
[142/265] Compiling BVSwift BVDistributionElement.swift
/host/spi-builder-workspace/BVSwift/BVAnalytics/BVAnalyticsEvent.swift:10:8: error: no such module 'AppTrackingTransparency'
  8 |
  9 | import Foundation
 10 | import AppTrackingTransparency
    |        `- error: no such module 'AppTrackingTransparency'
 11 |
 12 | /// The BVAnalytics BVAnalyticsEvent enum
[143/265] Compiling BVSwift BVDistributionValue.swift
/host/spi-builder-workspace/BVSwift/BVAnalytics/BVAnalyticsEvent.swift:10:8: error: no such module 'AppTrackingTransparency'
  8 |
  9 | import Foundation
 10 | import AppTrackingTransparency
    |        `- error: no such module 'AppTrackingTransparency'
 11 |
 12 | /// The BVAnalytics BVAnalyticsEvent enum
[144/265] Compiling BVSwift BVFeature.swift
/host/spi-builder-workspace/BVSwift/BVAnalytics/BVAnalyticsEvent.swift:10:8: error: no such module 'AppTrackingTransparency'
  8 |
  9 | import Foundation
 10 | import AppTrackingTransparency
    |        `- error: no such module 'AppTrackingTransparency'
 11 |
 12 | /// The BVAnalytics BVAnalyticsEvent enum
[145/265] Compiling BVSwift BVFeatures.swift
/host/spi-builder-workspace/BVSwift/BVAnalytics/BVAnalyticsEvent.swift:10:8: error: no such module 'AppTrackingTransparency'
  8 |
  9 | import Foundation
 10 | import AppTrackingTransparency
    |        `- error: no such module 'AppTrackingTransparency'
 11 |
 12 | /// The BVAnalytics BVAnalyticsEvent enum
[146/265] Compiling BVSwift BVFeedback.swift
/host/spi-builder-workspace/BVSwift/BVAnalytics/BVAnalyticsEvent.swift:10:8: error: no such module 'AppTrackingTransparency'
  8 |
  9 | import Foundation
 10 | import AppTrackingTransparency
    |        `- error: no such module 'AppTrackingTransparency'
 11 |
 12 | /// The BVAnalytics BVAnalyticsEvent enum
[147/265] Compiling BVSwift BVFormField.swift
/host/spi-builder-workspace/BVSwift/BVAnalytics/BVAnalyticsEvent.swift:10:8: error: no such module 'AppTrackingTransparency'
  8 |
  9 | import Foundation
 10 | import AppTrackingTransparency
    |        `- error: no such module 'AppTrackingTransparency'
 11 |
 12 | /// The BVAnalytics BVAnalyticsEvent enum
[148/265] Compiling BVSwift BVSubmissionable.swift
/host/spi-builder-workspace/BVSwift/BVAnalytics/BVAnalyticsEvent.swift:10:8: error: no such module 'AppTrackingTransparency'
  8 |
  9 | import Foundation
 10 | import AppTrackingTransparency
    |        `- error: no such module 'AppTrackingTransparency'
 11 |
 12 | /// The BVAnalytics BVAnalyticsEvent enum
[149/265] Compiling BVSwift BVAtomic.swift
/host/spi-builder-workspace/BVSwift/BVAnalytics/BVAnalyticsEvent.swift:10:8: error: no such module 'AppTrackingTransparency'
  8 |
  9 | import Foundation
 10 | import AppTrackingTransparency
    |        `- error: no such module 'AppTrackingTransparency'
 11 |
 12 | /// The BVAnalytics BVAnalyticsEvent enum
[150/265] Compiling BVSwift BVBag.swift
/host/spi-builder-workspace/BVSwift/BVAnalytics/BVAnalyticsEvent.swift:10:8: error: no such module 'AppTrackingTransparency'
  8 |
  9 | import Foundation
 10 | import AppTrackingTransparency
    |        `- error: no such module 'AppTrackingTransparency'
 11 |
 12 | /// The BVAnalytics BVAnalyticsEvent enum
[151/265] Compiling BVSwift BVCodable.swift
/host/spi-builder-workspace/BVSwift/BVAnalytics/BVAnalyticsEvent.swift:10:8: error: no such module 'AppTrackingTransparency'
  8 |
  9 | import Foundation
 10 | import AppTrackingTransparency
    |        `- error: no such module 'AppTrackingTransparency'
 11 |
 12 | /// The BVAnalytics BVAnalyticsEvent enum
[152/265] Compiling BVSwift BVExpungeable.swift
/host/spi-builder-workspace/BVSwift/BVAnalytics/BVAnalyticsEvent.swift:10:8: error: no such module 'AppTrackingTransparency'
  8 |
  9 | import Foundation
 10 | import AppTrackingTransparency
    |        `- error: no such module 'AppTrackingTransparency'
 11 |
 12 | /// The BVAnalytics BVAnalyticsEvent enum
[153/265] Compiling BVSwift BVFingerprint.swift
/host/spi-builder-workspace/BVSwift/BVAnalytics/BVAnalyticsEvent.swift:10:8: error: no such module 'AppTrackingTransparency'
  8 |
  9 | import Foundation
 10 | import AppTrackingTransparency
    |        `- error: no such module 'AppTrackingTransparency'
 11 |
 12 | /// The BVAnalytics BVAnalyticsEvent enum
[154/265] Compiling BVSwift BVLock.swift
/host/spi-builder-workspace/BVSwift/BVAnalytics/BVAnalyticsEvent.swift:10:8: error: no such module 'AppTrackingTransparency'
  8 |
  9 | import Foundation
 10 | import AppTrackingTransparency
    |        `- error: no such module 'AppTrackingTransparency'
 11 |
 12 | /// The BVAnalytics BVAnalyticsEvent enum
[155/265] Compiling BVSwift BVPRNG.swift
/host/spi-builder-workspace/BVSwift/BVAnalytics/BVAnalyticsEvent.swift:10:8: error: no such module 'AppTrackingTransparency'
  8 |
  9 | import Foundation
 10 | import AppTrackingTransparency
    |        `- error: no such module 'AppTrackingTransparency'
 11 |
 12 | /// The BVAnalytics BVAnalyticsEvent enum
[156/265] Compiling BVSwift BVProxyObject.swift
/host/spi-builder-workspace/BVSwift/BVAnalytics/BVAnalyticsEvent.swift:10:8: error: no such module 'AppTrackingTransparency'
  8 |
  9 | import Foundation
 10 | import AppTrackingTransparency
    |        `- error: no such module 'AppTrackingTransparency'
 11 |
 12 | /// The BVAnalytics BVAnalyticsEvent enum
[157/265] Compiling BVSwift BVReactive.swift
/host/spi-builder-workspace/BVSwift/BVAnalytics/BVAnalyticsEvent.swift:10:8: error: no such module 'AppTrackingTransparency'
  8 |
  9 | import Foundation
 10 | import AppTrackingTransparency
    |        `- error: no such module 'AppTrackingTransparency'
 11 |
 12 | /// The BVAnalytics BVAnalyticsEvent enum
[158/265] Compiling BVSwift BVUtilities.swift
/host/spi-builder-workspace/BVSwift/BVAnalytics/BVAnalyticsEvent.swift:10:8: error: no such module 'AppTrackingTransparency'
  8 |
  9 | import Foundation
 10 | import AppTrackingTransparency
    |        `- error: no such module 'AppTrackingTransparency'
 11 |
 12 | /// The BVAnalytics BVAnalyticsEvent enum
[159/265] Compiling BVSwift BVWeak.swift
/host/spi-builder-workspace/BVSwift/BVAnalytics/BVAnalyticsEvent.swift:10:8: error: no such module 'AppTrackingTransparency'
  8 |
  9 | import Foundation
 10 | import AppTrackingTransparency
    |        `- error: no such module 'AppTrackingTransparency'
 11 |
 12 | /// The BVAnalytics BVAnalyticsEvent enum
[160/265] Compiling BVSwift BVXMLParser.swift
/host/spi-builder-workspace/BVSwift/BVAnalytics/BVAnalyticsEvent.swift:10:8: error: no such module 'AppTrackingTransparency'
  8 |
  9 | import Foundation
 10 | import AppTrackingTransparency
    |        `- error: no such module 'AppTrackingTransparency'
 11 |
 12 | /// The BVAnalytics BVAnalyticsEvent enum
[161/265] Compiling BVSwift BVConversationsConfiguration.swift
/host/spi-builder-workspace/BVSwift/BVAnalytics/BVAnalyticsEvent.swift:10:8: error: no such module 'AppTrackingTransparency'
  8 |
  9 | import Foundation
 10 | import AppTrackingTransparency
    |        `- error: no such module 'AppTrackingTransparency'
 11 |
 12 | /// The BVAnalytics BVAnalyticsEvent enum
[162/265] Compiling BVSwift BVConversationsConstants.swift
/host/spi-builder-workspace/BVSwift/BVAnalytics/BVAnalyticsEvent.swift:10:8: error: no such module 'AppTrackingTransparency'
  8 |
  9 | import Foundation
 10 | import AppTrackingTransparency
    |        `- error: no such module 'AppTrackingTransparency'
 11 |
 12 | /// The BVAnalytics BVAnalyticsEvent enum
[163/265] Compiling BVSwift BVConversationsError.swift
/host/spi-builder-workspace/BVSwift/BVAnalytics/BVAnalyticsEvent.swift:10:8: error: no such module 'AppTrackingTransparency'
  8 |
  9 | import Foundation
 10 | import AppTrackingTransparency
    |        `- error: no such module 'AppTrackingTransparency'
 11 |
 12 | /// The BVAnalytics BVAnalyticsEvent enum
[164/265] Compiling BVSwift BVManagerConversations.swift
/host/spi-builder-workspace/BVSwift/BVAnalytics/BVAnalyticsEvent.swift:10:8: error: no such module 'AppTrackingTransparency'
  8 |
  9 | import Foundation
 10 | import AppTrackingTransparency
    |        `- error: no such module 'AppTrackingTransparency'
 11 |
 12 | /// The BVAnalytics BVAnalyticsEvent enum
[165/265] Compiling BVSwift BVManagerConversationsQuery.swift
/host/spi-builder-workspace/BVSwift/BVAnalytics/BVAnalyticsEvent.swift:10:8: error: no such module 'AppTrackingTransparency'
  8 |
  9 | import Foundation
 10 | import AppTrackingTransparency
    |        `- error: no such module 'AppTrackingTransparency'
 11 |
 12 | /// The BVAnalytics BVAnalyticsEvent enum
[166/265] Compiling BVSwift BVManagerConversationsSubmission.swift
/host/spi-builder-workspace/BVSwift/BVAnalytics/BVAnalyticsEvent.swift:10:8: error: no such module 'AppTrackingTransparency'
  8 |
  9 | import Foundation
 10 | import AppTrackingTransparency
    |        `- error: no such module 'AppTrackingTransparency'
 11 |
 12 | /// The BVAnalytics BVAnalyticsEvent enum
[167/265] Compiling BVSwift BVContentCoachError.swift
/host/spi-builder-workspace/BVSwift/BVAnalytics/BVAnalyticsEvent.swift:10:8: error: no such module 'AppTrackingTransparency'
  8 |
  9 | import Foundation
 10 | import AppTrackingTransparency
    |        `- error: no such module 'AppTrackingTransparency'
 11 |
 12 | /// The BVAnalytics BVAnalyticsEvent enum
[168/265] Compiling BVSwift BVContentCoachQuery.swift
/host/spi-builder-workspace/BVSwift/BVAnalytics/BVAnalyticsEvent.swift:10:8: error: no such module 'AppTrackingTransparency'
  8 |
  9 | import Foundation
 10 | import AppTrackingTransparency
    |        `- error: no such module 'AppTrackingTransparency'
 11 |
 12 | /// The BVAnalytics BVAnalyticsEvent enum
[169/265] Compiling BVSwift BVContentCoachQueryResponse.swift
/host/spi-builder-workspace/BVSwift/BVAnalytics/BVAnalyticsEvent.swift:10:8: error: no such module 'AppTrackingTransparency'
  8 |
  9 | import Foundation
 10 | import AppTrackingTransparency
    |        `- error: no such module 'AppTrackingTransparency'
 11 |
 12 | /// The BVAnalytics BVAnalyticsEvent enum
[170/265] Compiling BVSwift BVContentCoachQueryable.swift
/host/spi-builder-workspace/BVSwift/BVAnalytics/BVAnalyticsEvent.swift:10:8: error: no such module 'AppTrackingTransparency'
  8 |
  9 | import Foundation
 10 | import AppTrackingTransparency
    |        `- error: no such module 'AppTrackingTransparency'
 11 |
 12 | /// The BVAnalytics BVAnalyticsEvent enum
[171/265] Compiling BVSwift BVReviewTokensQuery.swift
/host/spi-builder-workspace/BVSwift/BVAnalytics/BVAnalyticsEvent.swift:10:8: error: no such module 'AppTrackingTransparency'
  8 |
  9 | import Foundation
 10 | import AppTrackingTransparency
    |        `- error: no such module 'AppTrackingTransparency'
 11 |
 12 | /// The BVAnalytics BVAnalyticsEvent enum
[172/265] Compiling BVSwift BVAnalyticsConfiguration.swift
/host/spi-builder-workspace/BVSwift/BVAnalytics/BVAnalyticsEvent.swift:10:8: error: no such module 'AppTrackingTransparency'
  8 |
  9 | import Foundation
 10 | import AppTrackingTransparency
    |        `- error: no such module 'AppTrackingTransparency'
 11 |
 12 | /// The BVAnalytics BVAnalyticsEvent enum
[173/265] Compiling BVSwift BVAnalyticsConstants.swift
/host/spi-builder-workspace/BVSwift/BVAnalytics/BVAnalyticsEvent.swift:10:8: error: no such module 'AppTrackingTransparency'
  8 |
  9 | import Foundation
 10 | import AppTrackingTransparency
    |        `- error: no such module 'AppTrackingTransparency'
 11 |
 12 | /// The BVAnalytics BVAnalyticsEvent enum
[174/265] Compiling BVSwift BVAnalyticsEvent.swift
/host/spi-builder-workspace/BVSwift/BVAnalytics/BVAnalyticsEvent.swift:10:8: error: no such module 'AppTrackingTransparency'
  8 |
  9 | import Foundation
 10 | import AppTrackingTransparency
    |        `- error: no such module 'AppTrackingTransparency'
 11 |
 12 | /// The BVAnalytics BVAnalyticsEvent enum
[175/265] Compiling BVSwift BVAnalyticsEventable.swift
/host/spi-builder-workspace/BVSwift/BVAnalytics/BVAnalyticsEvent.swift:10:8: error: no such module 'AppTrackingTransparency'
  8 |
  9 | import Foundation
 10 | import AppTrackingTransparency
    |        `- error: no such module 'AppTrackingTransparency'
 11 |
 12 | /// The BVAnalytics BVAnalyticsEvent enum
[176/265] Compiling BVSwift BVAnalyticsLocaleService.swift
/host/spi-builder-workspace/BVSwift/BVAnalytics/BVAnalyticsEvent.swift:10:8: error: no such module 'AppTrackingTransparency'
  8 |
  9 | import Foundation
 10 | import AppTrackingTransparency
    |        `- error: no such module 'AppTrackingTransparency'
 11 |
 12 | /// The BVAnalytics BVAnalyticsEvent enum
[177/265] Compiling BVSwift BVAnalyticsManager.swift
/host/spi-builder-workspace/BVSwift/BVAnalytics/BVAnalyticsEvent.swift:10:8: error: no such module 'AppTrackingTransparency'
  8 |
  9 | import Foundation
 10 | import AppTrackingTransparency
    |        `- error: no such module 'AppTrackingTransparency'
 11 |
 12 | /// The BVAnalytics BVAnalyticsEvent enum
[178/265] Compiling BVSwift BVAnalyticsManagerAppState.swift
/host/spi-builder-workspace/BVSwift/BVAnalytics/BVAnalyticsEvent.swift:10:8: error: no such module 'AppTrackingTransparency'
  8 |
  9 | import Foundation
 10 | import AppTrackingTransparency
    |        `- error: no such module 'AppTrackingTransparency'
 11 |
 12 | /// The BVAnalytics BVAnalyticsEvent enum
[179/265] Compiling BVSwift BVAnalyticsRemoteLogger.swift
/host/spi-builder-workspace/BVSwift/BVAnalytics/BVAnalyticsEvent.swift:10:8: error: no such module 'AppTrackingTransparency'
  8 |
  9 | import Foundation
 10 | import AppTrackingTransparency
    |        `- error: no such module 'AppTrackingTransparency'
 11 |
 12 | /// The BVAnalytics BVAnalyticsEvent enum
[180/265] Compiling BVSwift BVPixel.swift
/host/spi-builder-workspace/BVSwift/BVAnalytics/BVAnalyticsEvent.swift:10:8: error: no such module 'AppTrackingTransparency'
  8 |
  9 | import Foundation
 10 | import AppTrackingTransparency
    |        `- error: no such module 'AppTrackingTransparency'
 11 |
 12 | /// The BVAnalytics BVAnalyticsEvent enum
[181/265] Compiling BVSwift BVAnalyticsEventBatch.swift
/host/spi-builder-workspace/BVSwift/BVAnalytics/BVAnalyticsEvent.swift:10:8: error: no such module 'AppTrackingTransparency'
  8 |
  9 | import Foundation
 10 | import AppTrackingTransparency
    |        `- error: no such module 'AppTrackingTransparency'
 11 |
 12 | /// The BVAnalytics BVAnalyticsEvent enum
[182/265] Compiling BVSwift BVAnalyticsFeatureType.swift
/host/spi-builder-workspace/BVSwift/BVAnalytics/BVAnalyticsEvent.swift:10:8: error: no such module 'AppTrackingTransparency'
  8 |
  9 | import Foundation
 10 | import AppTrackingTransparency
    |        `- error: no such module 'AppTrackingTransparency'
 11 |
 12 | /// The BVAnalytics BVAnalyticsEvent enum
[183/265] Compiling BVSwift BVAnalyticsImpressionType.swift
/host/spi-builder-workspace/BVSwift/BVAnalytics/BVAnalyticsEvent.swift:10:8: error: no such module 'AppTrackingTransparency'
  8 |
  9 | import Foundation
 10 | import AppTrackingTransparency
    |        `- error: no such module 'AppTrackingTransparency'
 11 |
 12 | /// The BVAnalytics BVAnalyticsEvent enum
[184/265] Compiling BVSwift BVAnalyticsProductType.swift
/host/spi-builder-workspace/BVSwift/BVAnalytics/BVAnalyticsEvent.swift:10:8: error: no such module 'AppTrackingTransparency'
  8 |
  9 | import Foundation
 10 | import AppTrackingTransparency
    |        `- error: no such module 'AppTrackingTransparency'
 11 |
 12 | /// The BVAnalytics BVAnalyticsEvent enum
[185/265] Compiling BVSwift BVAnalyticsRemoteLog.swift
/host/spi-builder-workspace/BVSwift/BVAnalytics/BVAnalyticsEvent.swift:10:8: error: no such module 'AppTrackingTransparency'
  8 |
  9 | import Foundation
 10 | import AppTrackingTransparency
    |        `- error: no such module 'AppTrackingTransparency'
 11 |
 12 | /// The BVAnalytics BVAnalyticsEvent enum
[186/265] Compiling BVSwift BVAnalyticsTransactionItem.swift
/host/spi-builder-workspace/BVSwift/BVAnalytics/BVAnalyticsEvent.swift:10:8: error: no such module 'AppTrackingTransparency'
  8 |
  9 | import Foundation
 10 | import AppTrackingTransparency
    |        `- error: no such module 'AppTrackingTransparency'
 11 |
 12 | /// The BVAnalytics BVAnalyticsEvent enum
[187/265] Compiling BVSwift BVAnalyticsSubmission.swift
/host/spi-builder-workspace/BVSwift/BVAnalytics/BVAnalyticsEvent.swift:10:8: error: no such module 'AppTrackingTransparency'
  8 |
  9 | import Foundation
 10 | import AppTrackingTransparency
    |        `- error: no such module 'AppTrackingTransparency'
 11 |
 12 | /// The BVAnalytics BVAnalyticsEvent enum
[188/265] Compiling BVSwift BVAnalyticsEventConversion.swift
/host/spi-builder-workspace/BVSwift/BVAnalytics/BVAnalyticsEvent.swift:10:8: error: no such module 'AppTrackingTransparency'
  8 |
  9 | import Foundation
 10 | import AppTrackingTransparency
    |        `- error: no such module 'AppTrackingTransparency'
 11 |
 12 | /// The BVAnalytics BVAnalyticsEvent enum
[189/265] Compiling BVSwift BVAnalyticsEventFeature.swift
/host/spi-builder-workspace/BVSwift/BVAnalytics/BVAnalyticsEvent.swift:10:8: error: no such module 'AppTrackingTransparency'
  8 |
  9 | import Foundation
 10 | import AppTrackingTransparency
    |        `- error: no such module 'AppTrackingTransparency'
 11 |
 12 | /// The BVAnalytics BVAnalyticsEvent enum
[190/265] Compiling BVSwift BVAnalyticsEventImpression.swift
/host/spi-builder-workspace/BVSwift/BVAnalytics/BVAnalyticsEvent.swift:10:8: error: no such module 'AppTrackingTransparency'
  8 |
  9 | import Foundation
 10 | import AppTrackingTransparency
    |        `- error: no such module 'AppTrackingTransparency'
 11 |
 12 | /// The BVAnalytics BVAnalyticsEvent enum
[191/265] Compiling BVSwift BVAnalyticsEventInView.swift
/host/spi-builder-workspace/BVSwift/BVAnalytics/BVAnalyticsEvent.swift:10:8: error: no such module 'AppTrackingTransparency'
  8 |
  9 | import Foundation
 10 | import AppTrackingTransparency
    |        `- error: no such module 'AppTrackingTransparency'
 11 |
 12 | /// The BVAnalytics BVAnalyticsEvent enum
[192/265] Compiling BVSwift BVAnalyticsEventPageView.swift
/host/spi-builder-workspace/BVSwift/BVAnalytics/BVAnalyticsEvent.swift:10:8: error: no such module 'AppTrackingTransparency'
  8 |
  9 | import Foundation
 10 | import AppTrackingTransparency
    |        `- error: no such module 'AppTrackingTransparency'
 11 |
 12 | /// The BVAnalytics BVAnalyticsEvent enum
[193/265] Compiling BVSwift BVAnalyticsEventPersonalization.swift
/host/spi-builder-workspace/BVSwift/BVAnalytics/BVAnalyticsEvent.swift:10:8: error: no such module 'AppTrackingTransparency'
  8 |
  9 | import Foundation
 10 | import AppTrackingTransparency
    |        `- error: no such module 'AppTrackingTransparency'
 11 |
 12 | /// The BVAnalytics BVAnalyticsEvent enum
[194/265] Compiling BVSwift BVAnalyticsEventTransaction.swift
/host/spi-builder-workspace/BVSwift/BVAnalytics/BVAnalyticsEvent.swift:10:8: error: no such module 'AppTrackingTransparency'
  8 |
  9 | import Foundation
 10 | import AppTrackingTransparency
    |        `- error: no such module 'AppTrackingTransparency'
 11 |
 12 | /// The BVAnalytics BVAnalyticsEvent enum
[195/265] Compiling BVSwift BVAnalyticsEventViewed.swift
/host/spi-builder-workspace/BVSwift/BVAnalytics/BVAnalyticsEvent.swift:10:8: error: no such module 'AppTrackingTransparency'
  8 |
  9 | import Foundation
 10 | import AppTrackingTransparency
    |        `- error: no such module 'AppTrackingTransparency'
 11 |
 12 | /// The BVAnalytics BVAnalyticsEvent enum
[196/265] Compiling BVSwift BVProductExpressionsQuery.swift
/host/spi-builder-workspace/BVSwift/BVAnalytics/BVAnalyticsEvent.swift:10:8: error: no such module 'AppTrackingTransparency'
  8 |
  9 | import Foundation
 10 | import AppTrackingTransparency
    |        `- error: no such module 'AppTrackingTransparency'
 11 |
 12 | /// The BVAnalytics BVAnalyticsEvent enum
[197/265] Compiling BVSwift BVProductFeaturesQuery.swift
/host/spi-builder-workspace/BVSwift/BVAnalytics/BVAnalyticsEvent.swift:10:8: error: no such module 'AppTrackingTransparency'
  8 |
  9 | import Foundation
 10 | import AppTrackingTransparency
    |        `- error: no such module 'AppTrackingTransparency'
 11 |
 12 | /// The BVAnalytics BVAnalyticsEvent enum
[198/265] Compiling BVSwift BVProductQuotesQuery.swift
/host/spi-builder-workspace/BVSwift/BVAnalytics/BVAnalyticsEvent.swift:10:8: error: no such module 'AppTrackingTransparency'
  8 |
  9 | import Foundation
 10 | import AppTrackingTransparency
    |        `- error: no such module 'AppTrackingTransparency'
 11 |
 12 | /// The BVAnalytics BVAnalyticsEvent enum
[199/265] Compiling BVSwift BVSummarisedFeaturesQuery.swift
/host/spi-builder-workspace/BVSwift/BVAnalytics/BVAnalyticsEvent.swift:10:8: error: no such module 'AppTrackingTransparency'
  8 |
  9 | import Foundation
 10 | import AppTrackingTransparency
    |        `- error: no such module 'AppTrackingTransparency'
 11 |
 12 | /// The BVAnalytics BVAnalyticsEvent enum
[200/265] Compiling BVSwift BVSummarisedFeaturesQuotesQuery.swift
/host/spi-builder-workspace/BVSwift/BVAnalytics/BVAnalyticsEvent.swift:10:8: error: no such module 'AppTrackingTransparency'
  8 |
  9 | import Foundation
 10 | import AppTrackingTransparency
    |        `- error: no such module 'AppTrackingTransparency'
 11 |
 12 | /// The BVAnalytics BVAnalyticsEvent enum
[201/265] Compiling BVSwift BVManagerRecommendations.swift
/host/spi-builder-workspace/BVSwift/BVAnalytics/BVAnalyticsEvent.swift:10:8: error: no such module 'AppTrackingTransparency'
  8 |
  9 | import Foundation
 10 | import AppTrackingTransparency
    |        `- error: no such module 'AppTrackingTransparency'
 11 |
 12 | /// The BVAnalytics BVAnalyticsEvent enum
[202/265] Compiling BVSwift BVManagerRecommendationsQuery.swift
/host/spi-builder-workspace/BVSwift/BVAnalytics/BVAnalyticsEvent.swift:10:8: error: no such module 'AppTrackingTransparency'
  8 |
  9 | import Foundation
 10 | import AppTrackingTransparency
    |        `- error: no such module 'AppTrackingTransparency'
 11 |
 12 | /// The BVAnalytics BVAnalyticsEvent enum
[203/265] Compiling BVSwift BVRecommendationsAnalytics.swift
/host/spi-builder-workspace/BVSwift/BVAnalytics/BVAnalyticsEvent.swift:10:8: error: no such module 'AppTrackingTransparency'
  8 |
  9 | import Foundation
 10 | import AppTrackingTransparency
    |        `- error: no such module 'AppTrackingTransparency'
 11 |
 12 | /// The BVAnalytics BVAnalyticsEvent enum
[204/265] Compiling BVSwift BVRecommendationsConfiguration.swift
/host/spi-builder-workspace/BVSwift/BVAnalytics/BVAnalyticsEvent.swift:10:8: error: no such module 'AppTrackingTransparency'
  8 |
  9 | import Foundation
 10 | import AppTrackingTransparency
    |        `- error: no such module 'AppTrackingTransparency'
 11 |
 12 | /// The BVAnalytics BVAnalyticsEvent enum
[205/265] Compiling BVSwift BVRecommendationsConstants.swift
/host/spi-builder-workspace/BVSwift/BVAnalytics/BVAnalyticsEvent.swift:10:8: error: no such module 'AppTrackingTransparency'
  8 |
  9 | import Foundation
 10 | import AppTrackingTransparency
    |        `- error: no such module 'AppTrackingTransparency'
 11 |
 12 | /// The BVAnalytics BVAnalyticsEvent enum
[206/265] Compiling BVSwift BVRecommendationsError.swift
/host/spi-builder-workspace/BVSwift/BVAnalytics/BVAnalyticsEvent.swift:10:8: error: no such module 'AppTrackingTransparency'
  8 |
  9 | import Foundation
 10 | import AppTrackingTransparency
    |        `- error: no such module 'AppTrackingTransparency'
 11 |
 12 | /// The BVAnalytics BVAnalyticsEvent enum
[207/265] Compiling BVSwift BVRecommendationsQuery.swift
/host/spi-builder-workspace/BVSwift/BVAnalytics/BVAnalyticsEvent.swift:10:8: error: no such module 'AppTrackingTransparency'
  8 |
  9 | import Foundation
 10 | import AppTrackingTransparency
    |        `- error: no such module 'AppTrackingTransparency'
 11 |
 12 | /// The BVAnalytics BVAnalyticsEvent enum
[208/265] Compiling BVSwift BVRecommendationsQueryResponse.swift
/host/spi-builder-workspace/BVSwift/BVAnalytics/BVAnalyticsEvent.swift:10:8: error: no such module 'AppTrackingTransparency'
  8 |
  9 | import Foundation
 10 | import AppTrackingTransparency
    |        `- error: no such module 'AppTrackingTransparency'
 11 |
 12 | /// The BVAnalytics BVAnalyticsEvent enum
[209/265] Compiling BVSwift BVRecommendationsQueryable.swift
/host/spi-builder-workspace/BVSwift/BVAnalytics/BVAnalyticsEvent.swift:10:8: error: no such module 'AppTrackingTransparency'
  8 |
  9 | import Foundation
 10 | import AppTrackingTransparency
    |        `- error: no such module 'AppTrackingTransparency'
 11 |
 12 | /// The BVAnalytics BVAnalyticsEvent enum
[210/265] Compiling BVSwift BVRecommendationsProfileField.swift
/host/spi-builder-workspace/BVSwift/BVAnalytics/BVAnalyticsEvent.swift:10:8: error: no such module 'AppTrackingTransparency'
  8 |
  9 | import Foundation
 10 | import AppTrackingTransparency
    |        `- error: no such module 'AppTrackingTransparency'
 11 |
 12 | /// The BVAnalytics BVAnalyticsEvent enum
[211/265] Compiling BVSwift BVRecommendationsProfileInclude.swift
/host/spi-builder-workspace/BVSwift/BVAnalytics/BVAnalyticsEvent.swift:10:8: error: no such module 'AppTrackingTransparency'
  8 |
  9 | import Foundation
 10 | import AppTrackingTransparency
    |        `- error: no such module 'AppTrackingTransparency'
 11 |
 12 | /// The BVAnalytics BVAnalyticsEvent enum
[212/265] Compiling BVSwift BVRecommendationsProfilePurpose.swift
/host/spi-builder-workspace/BVSwift/BVAnalytics/BVAnalyticsEvent.swift:10:8: error: no such module 'AppTrackingTransparency'
  8 |
  9 | import Foundation
 10 | import AppTrackingTransparency
    |        `- error: no such module 'AppTrackingTransparency'
 11 |
 12 | /// The BVAnalytics BVAnalyticsEvent enum
[213/265] Compiling BVSwift BVRecommendationsProfileQuery.swift
/host/spi-builder-workspace/BVSwift/BVAnalytics/BVAnalyticsEvent.swift:10:8: error: no such module 'AppTrackingTransparency'
  8 |
  9 | import Foundation
 10 | import AppTrackingTransparency
    |        `- error: no such module 'AppTrackingTransparency'
 11 |
 12 | /// The BVAnalytics BVAnalyticsEvent enum
[214/265] Compiling BVSwift BVRecommendationsCategory.swift
/host/spi-builder-workspace/BVSwift/BVAnalytics/BVAnalyticsEvent.swift:10:8: error: no such module 'AppTrackingTransparency'
  8 |
  9 | import Foundation
 10 | import AppTrackingTransparency
    |        `- error: no such module 'AppTrackingTransparency'
 11 |
 12 | /// The BVAnalytics BVAnalyticsEvent enum
[215/265] Compiling BVSwift BVRecommendationsInterestLevel.swift
/host/spi-builder-workspace/BVSwift/BVAnalytics/BVAnalyticsEvent.swift:10:8: error: no such module 'AppTrackingTransparency'
  8 |
  9 | import Foundation
 10 | import AppTrackingTransparency
    |        `- error: no such module 'AppTrackingTransparency'
 11 |
 12 | /// The BVAnalytics BVAnalyticsEvent enum
[216/265] Compiling BVSwift BVRecommendationsProduct.swift
/host/spi-builder-workspace/BVSwift/BVAnalytics/BVAnalyticsEvent.swift:10:8: error: no such module 'AppTrackingTransparency'
  8 |
  9 | import Foundation
 10 | import AppTrackingTransparency
    |        `- error: no such module 'AppTrackingTransparency'
 11 |
 12 | /// The BVAnalytics BVAnalyticsEvent enum
[217/265] Compiling BVSwift BVRecommendationsProfile.swift
/host/spi-builder-workspace/BVSwift/BVAnalytics/BVAnalyticsEvent.swift:10:8: error: no such module 'AppTrackingTransparency'
  8 |
  9 | import Foundation
 10 | import AppTrackingTransparency
    |        `- error: no such module 'AppTrackingTransparency'
 11 |
 12 | /// The BVAnalytics BVAnalyticsEvent enum
[218/265] Compiling BVSwift BVRecommendationsStats.swift
/host/spi-builder-workspace/BVSwift/BVAnalytics/BVAnalyticsEvent.swift:10:8: error: no such module 'AppTrackingTransparency'
  8 |
  9 | import Foundation
 10 | import AppTrackingTransparency
    |        `- error: no such module 'AppTrackingTransparency'
 11 |
 12 | /// The BVAnalytics BVAnalyticsEvent enum
[219/265] Compiling BVSwift BVCurationsProductAttribute.swift
/host/spi-builder-workspace/BVSwift/BVAnalytics/BVAnalyticsEvent.swift:10:8: error: no such module 'AppTrackingTransparency'
  8 |
  9 | import Foundation
 10 | import AppTrackingTransparency
    |        `- error: no such module 'AppTrackingTransparency'
 11 |
 12 | /// The BVAnalytics BVAnalyticsEvent enum
[220/265] Compiling BVSwift BVCurationsQAStatistics.swift
/host/spi-builder-workspace/BVSwift/BVAnalytics/BVAnalyticsEvent.swift:10:8: error: no such module 'AppTrackingTransparency'
  8 |
  9 | import Foundation
 10 | import AppTrackingTransparency
    |        `- error: no such module 'AppTrackingTransparency'
 11 |
 12 | /// The BVAnalytics BVAnalyticsEvent enum
[221/265] Compiling BVSwift BVCurationsRatingDistribution.swift
/host/spi-builder-workspace/BVSwift/BVAnalytics/BVAnalyticsEvent.swift:10:8: error: no such module 'AppTrackingTransparency'
  8 |
  9 | import Foundation
 10 | import AppTrackingTransparency
    |        `- error: no such module 'AppTrackingTransparency'
 11 |
 12 | /// The BVAnalytics BVAnalyticsEvent enum
[222/265] Compiling BVSwift BVCurationsReviewStatistics.swift
/host/spi-builder-workspace/BVSwift/BVAnalytics/BVAnalyticsEvent.swift:10:8: error: no such module 'AppTrackingTransparency'
  8 |
  9 | import Foundation
 10 | import AppTrackingTransparency
    |        `- error: no such module 'AppTrackingTransparency'
 11 |
 12 | /// The BVAnalytics BVAnalyticsEvent enum
[223/265] Compiling BVSwift BVCurationsSecondaryRatingsAverage.swift
/host/spi-builder-workspace/BVSwift/BVAnalytics/BVAnalyticsEvent.swift:10:8: error: no such module 'AppTrackingTransparency'
  8 |
  9 | import Foundation
 10 | import AppTrackingTransparency
    |        `- error: no such module 'AppTrackingTransparency'
 11 |
 12 | /// The BVAnalytics BVAnalyticsEvent enum
[224/265] Compiling BVSwift BVCurationsVideo.swift
/host/spi-builder-workspace/BVSwift/BVAnalytics/BVAnalyticsEvent.swift:10:8: error: no such module 'AppTrackingTransparency'
  8 |
  9 | import Foundation
 10 | import AppTrackingTransparency
    |        `- error: no such module 'AppTrackingTransparency'
 11 |
 12 | /// The BVAnalytics BVAnalyticsEvent enum
[225/265] Compiling BVSwift BVCurationsSubmission.swift
/host/spi-builder-workspace/BVSwift/BVAnalytics/BVAnalyticsEvent.swift:10:8: error: no such module 'AppTrackingTransparency'
  8 |
  9 | import Foundation
 10 | import AppTrackingTransparency
    |        `- error: no such module 'AppTrackingTransparency'
 11 |
 12 | /// The BVAnalytics BVAnalyticsEvent enum
[226/265] Compiling BVSwift BVCurationsSubmissionResponse.swift
/host/spi-builder-workspace/BVSwift/BVAnalytics/BVAnalyticsEvent.swift:10:8: error: no such module 'AppTrackingTransparency'
  8 |
  9 | import Foundation
 10 | import AppTrackingTransparency
    |        `- error: no such module 'AppTrackingTransparency'
 11 |
 12 | /// The BVAnalytics BVAnalyticsEvent enum
[227/265] Compiling BVSwift BVCurationsSubmissionable.swift
/host/spi-builder-workspace/BVSwift/BVAnalytics/BVAnalyticsEvent.swift:10:8: error: no such module 'AppTrackingTransparency'
  8 |
  9 | import Foundation
 10 | import AppTrackingTransparency
    |        `- error: no such module 'AppTrackingTransparency'
 11 |
 12 | /// The BVAnalytics BVAnalyticsEvent enum
[228/265] Compiling BVSwift BVCurationsChannelContentSubmission.swift
/host/spi-builder-workspace/BVSwift/BVAnalytics/BVAnalyticsEvent.swift:10:8: error: no such module 'AppTrackingTransparency'
  8 |
  9 | import Foundation
 10 | import AppTrackingTransparency
    |        `- error: no such module 'AppTrackingTransparency'
 11 |
 12 | /// The BVAnalytics BVAnalyticsEvent enum
[229/265] Compiling BVSwift BVCurationsCustomContentSubmission.swift
/host/spi-builder-workspace/BVSwift/BVAnalytics/BVAnalyticsEvent.swift:10:8: error: no such module 'AppTrackingTransparency'
  8 |
  9 | import Foundation
 10 | import AppTrackingTransparency
    |        `- error: no such module 'AppTrackingTransparency'
 11 |
 12 | /// The BVAnalytics BVAnalyticsEvent enum
[230/265] Compiling BVSwift BVProductSentimentsConfiguration.swift
/host/spi-builder-workspace/BVSwift/BVAnalytics/BVAnalyticsEvent.swift:10:8: error: no such module 'AppTrackingTransparency'
  8 |
  9 | import Foundation
 10 | import AppTrackingTransparency
    |        `- error: no such module 'AppTrackingTransparency'
 11 |
 12 | /// The BVAnalytics BVAnalyticsEvent enum
[231/265] Compiling BVSwift BVProductSentimentsConstants.swift
/host/spi-builder-workspace/BVSwift/BVAnalytics/BVAnalyticsEvent.swift:10:8: error: no such module 'AppTrackingTransparency'
  8 |
  9 | import Foundation
 10 | import AppTrackingTransparency
    |        `- error: no such module 'AppTrackingTransparency'
 11 |
 12 | /// The BVAnalytics BVAnalyticsEvent enum
[232/265] Compiling BVSwift BVProductSentimentsError.swift
/host/spi-builder-workspace/BVSwift/BVAnalytics/BVAnalyticsEvent.swift:10:8: error: no such module 'AppTrackingTransparency'
  8 |
  9 | import Foundation
 10 | import AppTrackingTransparency
    |        `- error: no such module 'AppTrackingTransparency'
 11 |
 12 | /// The BVAnalytics BVAnalyticsEvent enum
[233/265] Compiling BVSwift BVExpressions.swift
/host/spi-builder-workspace/BVSwift/BVAnalytics/BVAnalyticsEvent.swift:10:8: error: no such module 'AppTrackingTransparency'
  8 |
  9 | import Foundation
 10 | import AppTrackingTransparency
    |        `- error: no such module 'AppTrackingTransparency'
 11 |
 12 | /// The BVAnalytics BVAnalyticsEvent enum
[234/265] Compiling BVSwift BVProductFeatures.swift
/host/spi-builder-workspace/BVSwift/BVAnalytics/BVAnalyticsEvent.swift:10:8: error: no such module 'AppTrackingTransparency'
  8 |
  9 | import Foundation
 10 | import AppTrackingTransparency
    |        `- error: no such module 'AppTrackingTransparency'
 11 |
 12 | /// The BVAnalytics BVAnalyticsEvent enum
[235/265] Compiling BVSwift BVQuotes.swift
/host/spi-builder-workspace/BVSwift/BVAnalytics/BVAnalyticsEvent.swift:10:8: error: no such module 'AppTrackingTransparency'
  8 |
  9 | import Foundation
 10 | import AppTrackingTransparency
    |        `- error: no such module 'AppTrackingTransparency'
 11 |
 12 | /// The BVAnalytics BVAnalyticsEvent enum
[236/265] Compiling BVSwift BVSummarisedFeature.swift
/host/spi-builder-workspace/BVSwift/BVAnalytics/BVAnalyticsEvent.swift:10:8: error: no such module 'AppTrackingTransparency'
  8 |
  9 | import Foundation
 10 | import AppTrackingTransparency
    |        `- error: no such module 'AppTrackingTransparency'
 11 |
 12 | /// The BVAnalytics BVAnalyticsEvent enum
[237/265] Compiling BVSwift BVProductSentimentsQuery.swift
/host/spi-builder-workspace/BVSwift/BVAnalytics/BVAnalyticsEvent.swift:10:8: error: no such module 'AppTrackingTransparency'
  8 |
  9 | import Foundation
 10 | import AppTrackingTransparency
    |        `- error: no such module 'AppTrackingTransparency'
 11 |
 12 | /// The BVAnalytics BVAnalyticsEvent enum
[238/265] Compiling BVSwift BVProductSentimentsQueryable.swift
/host/spi-builder-workspace/BVSwift/BVAnalytics/BVAnalyticsEvent.swift:10:8: error: no such module 'AppTrackingTransparency'
  8 |
  9 | import Foundation
 10 | import AppTrackingTransparency
    |        `- error: no such module 'AppTrackingTransparency'
 11 |
 12 | /// The BVAnalytics BVAnalyticsEvent enum
[239/265] Compiling BVSwift BVProductSentimentsResponse.swift
/host/spi-builder-workspace/BVSwift/BVAnalytics/BVAnalyticsEvent.swift:10:8: error: no such module 'AppTrackingTransparency'
  8 |
  9 | import Foundation
 10 | import AppTrackingTransparency
    |        `- error: no such module 'AppTrackingTransparency'
 11 |
 12 | /// The BVAnalytics BVAnalyticsEvent enum
[240/265] Compiling BVSwift BVEmbedStats.swift
/host/spi-builder-workspace/BVSwift/BVAnalytics/BVAnalyticsEvent.swift:10:8: error: no such module 'AppTrackingTransparency'
  8 |
  9 | import Foundation
 10 | import AppTrackingTransparency
    |        `- error: no such module 'AppTrackingTransparency'
 11 |
 12 | /// The BVAnalytics BVAnalyticsEvent enum
[241/265] Compiling BVSwift BVLanguageStats.swift
/host/spi-builder-workspace/BVSwift/BVAnalytics/BVAnalyticsEvent.swift:10:8: error: no such module 'AppTrackingTransparency'
  8 |
  9 | import Foundation
 10 | import AppTrackingTransparency
    |        `- error: no such module 'AppTrackingTransparency'
 11 |
 12 | /// The BVAnalytics BVAnalyticsEvent enum
[242/265] Compiling BVSwift BVVideoSubmission.swift
/host/spi-builder-workspace/BVSwift/BVAnalytics/BVAnalyticsEvent.swift:10:8: error: no such module 'AppTrackingTransparency'
  8 |
  9 | import Foundation
 10 | import AppTrackingTransparency
    |        `- error: no such module 'AppTrackingTransparency'
 11 |
 12 | /// The BVAnalytics BVAnalyticsEvent enum
[243/265] Compiling BVSwift BVCurationsConfiguration.swift
/host/spi-builder-workspace/BVSwift/BVAnalytics/BVAnalyticsEvent.swift:10:8: error: no such module 'AppTrackingTransparency'
  8 |
  9 | import Foundation
 10 | import AppTrackingTransparency
    |        `- error: no such module 'AppTrackingTransparency'
 11 |
 12 | /// The BVAnalytics BVAnalyticsEvent enum
[244/265] Compiling BVSwift BVCurationsConstants.swift
/host/spi-builder-workspace/BVSwift/BVAnalytics/BVAnalyticsEvent.swift:10:8: error: no such module 'AppTrackingTransparency'
  8 |
  9 | import Foundation
 10 | import AppTrackingTransparency
    |        `- error: no such module 'AppTrackingTransparency'
 11 |
 12 | /// The BVAnalytics BVAnalyticsEvent enum
[245/265] Compiling BVSwift BVCurationsError.swift
/host/spi-builder-workspace/BVSwift/BVAnalytics/BVAnalyticsEvent.swift:10:8: error: no such module 'AppTrackingTransparency'
  8 |
  9 | import Foundation
 10 | import AppTrackingTransparency
    |        `- error: no such module 'AppTrackingTransparency'
 11 |
 12 | /// The BVAnalytics BVAnalyticsEvent enum
[246/265] Compiling BVSwift BVManagerCurations.swift
/host/spi-builder-workspace/BVSwift/BVAnalytics/BVAnalyticsEvent.swift:10:8: error: no such module 'AppTrackingTransparency'
  8 |
  9 | import Foundation
 10 | import AppTrackingTransparency
    |        `- error: no such module 'AppTrackingTransparency'
 11 |
 12 | /// The BVAnalytics BVAnalyticsEvent enum
[247/265] Compiling BVSwift BVManagerCurationsQuery.swift
/host/spi-builder-workspace/BVSwift/BVAnalytics/BVAnalyticsEvent.swift:10:8: error: no such module 'AppTrackingTransparency'
  8 |
  9 | import Foundation
 10 | import AppTrackingTransparency
    |        `- error: no such module 'AppTrackingTransparency'
 11 |
 12 | /// The BVAnalytics BVAnalyticsEvent enum
[248/265] Compiling BVSwift BVManagerCurationsSubmission.swift
/host/spi-builder-workspace/BVSwift/BVAnalytics/BVAnalyticsEvent.swift:10:8: error: no such module 'AppTrackingTransparency'
  8 |
  9 | import Foundation
 10 | import AppTrackingTransparency
    |        `- error: no such module 'AppTrackingTransparency'
 11 |
 12 | /// The BVAnalytics BVAnalyticsEvent enum
[249/265] Compiling BVSwift BVCurationsQuery.swift
/host/spi-builder-workspace/BVSwift/BVAnalytics/BVAnalyticsEvent.swift:10:8: error: no such module 'AppTrackingTransparency'
  8 |
  9 | import Foundation
 10 | import AppTrackingTransparency
    |        `- error: no such module 'AppTrackingTransparency'
 11 |
 12 | /// The BVAnalytics BVAnalyticsEvent enum
[250/265] Compiling BVSwift BVCurationsQueryResponse.swift
/host/spi-builder-workspace/BVSwift/BVAnalytics/BVAnalyticsEvent.swift:10:8: error: no such module 'AppTrackingTransparency'
  8 |
  9 | import Foundation
 10 | import AppTrackingTransparency
    |        `- error: no such module 'AppTrackingTransparency'
 11 |
 12 | /// The BVAnalytics BVAnalyticsEvent enum
[251/265] Compiling BVSwift BVCurationsQueryable.swift
/host/spi-builder-workspace/BVSwift/BVAnalytics/BVAnalyticsEvent.swift:10:8: error: no such module 'AppTrackingTransparency'
  8 |
  9 | import Foundation
 10 | import AppTrackingTransparency
    |        `- error: no such module 'AppTrackingTransparency'
 11 |
 12 | /// The BVAnalytics BVAnalyticsEvent enum
[252/265] Compiling BVSwift BVCurationsFeedItemField.swift
/host/spi-builder-workspace/BVSwift/BVAnalytics/BVAnalyticsEvent.swift:10:8: error: no such module 'AppTrackingTransparency'
  8 |
  9 | import Foundation
 10 | import AppTrackingTransparency
    |        `- error: no such module 'AppTrackingTransparency'
 11 |
 12 | /// The BVAnalytics BVAnalyticsEvent enum
[253/265] Compiling BVSwift BVCurationsFeedItemQuery.swift
/host/spi-builder-workspace/BVSwift/BVAnalytics/BVAnalyticsEvent.swift:10:8: error: no such module 'AppTrackingTransparency'
  8 |
  9 | import Foundation
 10 | import AppTrackingTransparency
    |        `- error: no such module 'AppTrackingTransparency'
 11 |
 12 | /// The BVAnalytics BVAnalyticsEvent enum
[254/265] Compiling BVSwift BVCurationsAuthor.swift
/host/spi-builder-workspace/BVSwift/BVAnalytics/BVAnalyticsEvent.swift:10:8: error: no such module 'AppTrackingTransparency'
  8 |
  9 | import Foundation
 10 | import AppTrackingTransparency
    |        `- error: no such module 'AppTrackingTransparency'
 11 |
 12 | /// The BVAnalytics BVAnalyticsEvent enum
[255/265] Compiling BVSwift BVCurationsBrand.swift
/host/spi-builder-workspace/BVSwift/BVAnalytics/BVAnalyticsEvent.swift:10:8: error: no such module 'AppTrackingTransparency'
  8 |
  9 | import Foundation
 10 | import AppTrackingTransparency
    |        `- error: no such module 'AppTrackingTransparency'
 11 |
 12 | /// The BVAnalytics BVAnalyticsEvent enum
[256/265] Compiling BVSwift BVCurationsChannelContent.swift
/host/spi-builder-workspace/BVSwift/BVAnalytics/BVAnalyticsEvent.swift:10:8: error: no such module 'AppTrackingTransparency'
  8 |
  9 | import Foundation
 10 | import AppTrackingTransparency
    |        `- error: no such module 'AppTrackingTransparency'
 11 |
 12 | /// The BVAnalytics BVAnalyticsEvent enum
[257/265] Compiling BVSwift BVCurationsCoordinates.swift
/host/spi-builder-workspace/BVSwift/BVAnalytics/BVAnalyticsEvent.swift:10:8: error: no such module 'AppTrackingTransparency'
  8 |
  9 | import Foundation
 10 | import AppTrackingTransparency
    |        `- error: no such module 'AppTrackingTransparency'
 11 |
 12 | /// The BVAnalytics BVAnalyticsEvent enum
[258/265] Compiling BVSwift BVCurationsCustomContent.swift
/host/spi-builder-workspace/BVSwift/BVAnalytics/BVAnalyticsEvent.swift:10:8: error: no such module 'AppTrackingTransparency'
  8 |
  9 | import Foundation
 10 | import AppTrackingTransparency
    |        `- error: no such module 'AppTrackingTransparency'
 11 |
 12 | /// The BVAnalytics BVAnalyticsEvent enum
[259/265] Compiling BVSwift BVCurationsDistributionElement.swift
/host/spi-builder-workspace/BVSwift/BVAnalytics/BVAnalyticsEvent.swift:10:8: error: no such module 'AppTrackingTransparency'
  8 |
  9 | import Foundation
 10 | import AppTrackingTransparency
    |        `- error: no such module 'AppTrackingTransparency'
 11 |
 12 | /// The BVAnalytics BVAnalyticsEvent enum
[260/265] Compiling BVSwift BVCurationsDistributionValue.swift
/host/spi-builder-workspace/BVSwift/BVAnalytics/BVAnalyticsEvent.swift:10:8: error: no such module 'AppTrackingTransparency'
  8 |
  9 | import Foundation
 10 | import AppTrackingTransparency
    |        `- error: no such module 'AppTrackingTransparency'
 11 |
 12 | /// The BVAnalytics BVAnalyticsEvent enum
[261/265] Compiling BVSwift BVCurationsFeedItem.swift
/host/spi-builder-workspace/BVSwift/BVAnalytics/BVAnalyticsEvent.swift:10:8: error: no such module 'AppTrackingTransparency'
  8 |
  9 | import Foundation
 10 | import AppTrackingTransparency
    |        `- error: no such module 'AppTrackingTransparency'
 11 |
 12 | /// The BVAnalytics BVAnalyticsEvent enum
[262/265] Compiling BVSwift BVCurationsLink.swift
/host/spi-builder-workspace/BVSwift/BVAnalytics/BVAnalyticsEvent.swift:10:8: error: no such module 'AppTrackingTransparency'
  8 |
  9 | import Foundation
 10 | import AppTrackingTransparency
    |        `- error: no such module 'AppTrackingTransparency'
 11 |
 12 | /// The BVAnalytics BVAnalyticsEvent enum
[263/265] Compiling BVSwift BVCurationsMedia.swift
/host/spi-builder-workspace/BVSwift/BVAnalytics/BVAnalyticsEvent.swift:10:8: error: no such module 'AppTrackingTransparency'
  8 |
  9 | import Foundation
 10 | import AppTrackingTransparency
    |        `- error: no such module 'AppTrackingTransparency'
 11 |
 12 | /// The BVAnalytics BVAnalyticsEvent enum
[264/265] Compiling BVSwift BVCurationsPhoto.swift
/host/spi-builder-workspace/BVSwift/BVAnalytics/BVAnalyticsEvent.swift:10:8: error: no such module 'AppTrackingTransparency'
  8 |
  9 | import Foundation
 10 | import AppTrackingTransparency
    |        `- error: no such module 'AppTrackingTransparency'
 11 |
 12 | /// The BVAnalytics BVAnalyticsEvent enum
[265/265] Compiling BVSwift BVCurationsProduct.swift
/host/spi-builder-workspace/BVSwift/BVAnalytics/BVAnalyticsEvent.swift:10:8: error: no such module 'AppTrackingTransparency'
  8 |
  9 | import Foundation
 10 | import AppTrackingTransparency
    |        `- error: no such module 'AppTrackingTransparency'
 11 |
 12 | /// The BVAnalytics BVAnalyticsEvent enum
BUILD FAILURE 6.2 android