Build Information
Failed to build UnisseySdk, reference v5.0.0 (edc257), with Swift 6.4 for macOS (Xcode) using Xcode 27.0 on 24 Sep 2026 06:39:19 UTC.
Build Command
env DEVELOPER_DIR=/Applications/Xcode-27.0.0-Release.Candidate.app xcrun xcodebuild -IDEClonedSourcePackagesDirPathOverride=$PWD/.dependencies -skipMacroValidation -skipPackagePluginValidation -derivedDataPath $PWD/.derivedData build -scheme UnisseySdk -destination platform=macOS,arch=arm64Build Log
========================================
RunAll
========================================
Builder version: 5.1.0
Interrupt handler set up.
========================================
Checkout
========================================
Clone URL: https://github.com/unissey/sdk-ios.git
Reference: v5.0.0
Initialized empty Git repository in /Users/admin/builder/spi-builder-workspace/.git/
From https://github.com/unissey/sdk-ios
* tag v5.0.0 -> FETCH_HEAD
HEAD is now at edc2575 feat: Add a new version 5.0.0 of the UI SDK
Cloned https://github.com/unissey/sdk-ios.git
Revision (git rev-parse @):
edc25758d55ab9b5f96d30da58a161120e61ca18
SUCCESS checkout https://github.com/unissey/sdk-ios.git at v5.0.0
========================================
Build
========================================
Selected platform: macosXcodebuild
Swift version: 6.4
Building package at path: $PWD
https://github.com/unissey/sdk-ios.git
Command line invocation:
/Applications/Xcode-27.0.0-Release.Candidate.app/Contents/Developer/usr/bin/xcodebuild -IDEClonedSourcePackagesDirPathOverride=/Users/admin/builder/spi-builder-workspace/.dependencies -resolvePackageDependencies
Resolve Package Graph
Resolve Package Graph
Resolved source packages:
UnisseySdk: /Users/admin/builder/spi-builder-workspace
resolved source packages: UnisseySdk
2026-09-24 02:38:32.438 xcodebuild[563:3052] [MT] IDERunDestination: Supported platforms for the buildables in the current scheme is empty.
{
"dependencies" : [
],
"manifest_display_name" : "UnisseySdk",
"name" : "UnisseySdk",
"path" : "/Users/admin/builder/spi-builder-workspace",
"platforms" : [
{
"name" : "ios",
"version" : "14.0"
}
],
"products" : [
{
"name" : "UnisseySdk",
"targets" : [
"UnisseySdk",
"UnisseyHeadlessSdk"
],
"type" : {
"library" : [
"automatic"
]
}
}
],
"targets" : [
{
"c99name" : "UnisseySdk",
"module_type" : "BinaryTarget",
"name" : "UnisseySdk",
"path" : "remote/archive/UnisseySdk-v5.0.0.xcframework.zip",
"product_memberships" : [
"UnisseySdk"
],
"sources" : [
],
"type" : "binary"
},
{
"c99name" : "UnisseyHeadlessSdk",
"module_type" : "BinaryTarget",
"name" : "UnisseyHeadlessSdk",
"path" : "remote/archive/UnisseyHeadlessSdk-v1.0.0.xcframework.zip",
"product_memberships" : [
"UnisseySdk"
],
"sources" : [
],
"type" : "binary"
}
],
"tools_version" : "5.3"
}
{
"workspace" : {
"name" : "UnisseySdk",
"schemes" : [
"UnisseySdk"
]
}
}
2026-09-24 02:39:14.023 xcodebuild[722:4287] [MT] IDERunDestination: Supported platforms for the buildables in the current scheme is empty.
Running build ...
env DEVELOPER_DIR=/Applications/Xcode-27.0.0-Release.Candidate.app xcrun xcodebuild -IDEClonedSourcePackagesDirPathOverride=$PWD/.dependencies -skipMacroValidation -skipPackagePluginValidation -derivedDataPath $PWD/.derivedData build -scheme UnisseySdk -destination platform=macOS,arch=arm64
Command line invocation:
/Applications/Xcode-27.0.0-Release.Candidate.app/Contents/Developer/usr/bin/xcodebuild -IDEClonedSourcePackagesDirPathOverride=/Users/admin/builder/spi-builder-workspace/.dependencies -skipMacroValidation -skipPackagePluginValidation -derivedDataPath /Users/admin/builder/spi-builder-workspace/.derivedData build -scheme UnisseySdk -destination platform=macOS,arch=arm64
Resolve Package Graph
Resolved source packages:
UnisseySdk: /Users/admin/builder/spi-builder-workspace
ComputePackagePrebuildTargetDependencyGraph
Prepare packages
CreateBuildRequest
SendProjectDescription
CreateBuildOperation
ComputeTargetDependencyGraph
note: Building targets in dependency order
note: Target dependency graph (1 target)
Target 'UnisseySdk-product' in project 'UnisseySdk' (no dependencies)
GatherProvisioningInputs
CreateBuildDescription
ExecuteExternalTool /Applications/Xcode-27.0.0-Release.Candidate.app/Contents/Developer/Toolchains/XcodeDefault.xctoolchain/usr/bin/clang -v -E -dM -isysroot /Applications/Xcode-27.0.0-Release.Candidate.app/Contents/Developer/Platforms/MacOSX.platform/Developer/SDKs/MacOSX27.0.sdk -x c -c /dev/null
Build description signature: aca2443bc7228a416daa50ce161594e3
Build description path: /Users/admin/builder/spi-builder-workspace/.derivedData/Build/Intermediates.noindex/XCBuildData/aca2443bc7228a416daa50ce161594e3.xcbuilddata
/Users/admin/builder/spi-builder-workspace/.dependencies/artifacts/spi-builder-workspace/UnisseySdk/UnisseySdk.xcframework:1:1: error: While building for macOS, no library for this platform was found in '/Users/admin/builder/spi-builder-workspace/.dependencies/artifacts/spi-builder-workspace/UnisseySdk/UnisseySdk.xcframework'. (in target 'UnisseySdk-product' from project 'UnisseySdk')
/Users/admin/builder/spi-builder-workspace/.dependencies/artifacts/spi-builder-workspace/UnisseyHeadlessSdk/UnisseyHeadlessSdk.xcframework:1:1: error: While building for macOS, no library for this platform was found in '/Users/admin/builder/spi-builder-workspace/.dependencies/artifacts/spi-builder-workspace/UnisseyHeadlessSdk/UnisseyHeadlessSdk.xcframework'. (in target 'UnisseySdk-product' from project 'UnisseySdk')
2026-09-24 02:39:15.503 xcodebuild[723:4327] [MT] IDERunDestination: Supported platforms for the buildables in the current scheme is empty.
--- xcodebuild: WARNING: Using the first of multiple matching destinations:
{ platform:macOS, arch:arm64, id:9635c1ee512b6a5e0fbf034d1d8eb8c52ae1fdb8, name:My Mac }
{ platform:macOS, arch:arm64, variant:Mac Catalyst, id:9635c1ee512b6a5e0fbf034d1d8eb8c52ae1fdb8, name:My Mac }
{ platform:macOS, arch:arm64, variant:DriverKit, id:9635c1ee512b6a5e0fbf034d1d8eb8c52ae1fdb8, name:My Mac }
{ platform:macOS, arch:arm64, variant:Designed for [iPad,iPhone], id:9635c1ee512b6a5e0fbf034d1d8eb8c52ae1fdb8, name:My Mac }
** BUILD FAILED **
The following build commands failed:
Building workspace UnisseySdk with scheme UnisseySdk
(1 failure)
Command line invocation:
/Applications/Xcode-27.0.0-Release.Candidate.app/Contents/Developer/usr/bin/xcodebuild -IDEClonedSourcePackagesDirPathOverride=/Users/admin/builder/spi-builder-workspace/.dependencies -resolvePackageDependencies
Resolve Package Graph
Resolved source packages:
UnisseySdk: /Users/admin/builder/spi-builder-workspace
resolved source packages: UnisseySdk
2026-09-24 02:39:17.001 xcodebuild[735:4419] [MT] IDERunDestination: Supported platforms for the buildables in the current scheme is empty.
{
"dependencies" : [
],
"manifest_display_name" : "UnisseySdk",
"name" : "UnisseySdk",
"path" : "/Users/admin/builder/spi-builder-workspace",
"platforms" : [
{
"name" : "ios",
"version" : "14.0"
}
],
"products" : [
{
"name" : "UnisseySdk",
"targets" : [
"UnisseySdk",
"UnisseyHeadlessSdk"
],
"type" : {
"library" : [
"automatic"
]
}
}
],
"targets" : [
{
"c99name" : "UnisseySdk",
"module_type" : "BinaryTarget",
"name" : "UnisseySdk",
"path" : "remote/archive/UnisseySdk-v5.0.0.xcframework.zip",
"product_memberships" : [
"UnisseySdk"
],
"sources" : [
],
"type" : "binary"
},
{
"c99name" : "UnisseyHeadlessSdk",
"module_type" : "BinaryTarget",
"name" : "UnisseyHeadlessSdk",
"path" : "remote/archive/UnisseyHeadlessSdk-v1.0.0.xcframework.zip",
"product_memberships" : [
"UnisseySdk"
],
"sources" : [
],
"type" : "binary"
}
],
"tools_version" : "5.3"
}
{
"workspace" : {
"name" : "UnisseySdk",
"schemes" : [
"UnisseySdk"
]
}
}
2026-09-24 02:39:18.200 xcodebuild[743:4482] [MT] IDERunDestination: Supported platforms for the buildables in the current scheme is empty.
Running build ...
env DEVELOPER_DIR=/Applications/Xcode-27.0.0-Release.Candidate.app xcrun xcodebuild -IDEClonedSourcePackagesDirPathOverride=$PWD/.dependencies -skipMacroValidation -skipPackagePluginValidation -derivedDataPath $PWD/.derivedData build -scheme UnisseySdk -destination platform=macOS,arch=arm64
Command line invocation:
/Applications/Xcode-27.0.0-Release.Candidate.app/Contents/Developer/usr/bin/xcodebuild -IDEClonedSourcePackagesDirPathOverride=/Users/admin/builder/spi-builder-workspace/.dependencies -skipMacroValidation -skipPackagePluginValidation -derivedDataPath /Users/admin/builder/spi-builder-workspace/.derivedData build -scheme UnisseySdk -destination platform=macOS,arch=arm64
Resolve Package Graph
Resolved source packages:
UnisseySdk: /Users/admin/builder/spi-builder-workspace
ComputePackagePrebuildTargetDependencyGraph
Prepare packages
CreateBuildRequest
SendProjectDescription
CreateBuildOperation
ComputeTargetDependencyGraph
note: Building targets in dependency order
note: Target dependency graph (1 target)
Target 'UnisseySdk-product' in project 'UnisseySdk' (no dependencies)
GatherProvisioningInputs
CreateBuildDescription
/Users/admin/builder/spi-builder-workspace/.dependencies/artifacts/spi-builder-workspace/UnisseyHeadlessSdk/UnisseyHeadlessSdk.xcframework:1:1: error: While building for macOS, no library for this platform was found in '/Users/admin/builder/spi-builder-workspace/.dependencies/artifacts/spi-builder-workspace/UnisseyHeadlessSdk/UnisseyHeadlessSdk.xcframework'. (in target 'UnisseySdk-product' from project 'UnisseySdk')
/Users/admin/builder/spi-builder-workspace/.dependencies/artifacts/spi-builder-workspace/UnisseySdk/UnisseySdk.xcframework:1:1: error: While building for macOS, no library for this platform was found in '/Users/admin/builder/spi-builder-workspace/.dependencies/artifacts/spi-builder-workspace/UnisseySdk/UnisseySdk.xcframework'. (in target 'UnisseySdk-product' from project 'UnisseySdk')
2026-09-24 02:39:19.141 xcodebuild[744:4512] [MT] IDERunDestination: Supported platforms for the buildables in the current scheme is empty.
--- xcodebuild: WARNING: Using the first of multiple matching destinations:
{ platform:macOS, arch:arm64, id:9635c1ee512b6a5e0fbf034d1d8eb8c52ae1fdb8, name:My Mac }
{ platform:macOS, arch:arm64, variant:Mac Catalyst, id:9635c1ee512b6a5e0fbf034d1d8eb8c52ae1fdb8, name:My Mac }
{ platform:macOS, arch:arm64, variant:DriverKit, id:9635c1ee512b6a5e0fbf034d1d8eb8c52ae1fdb8, name:My Mac }
{ platform:macOS, arch:arm64, variant:Designed for [iPad,iPhone], id:9635c1ee512b6a5e0fbf034d1d8eb8c52ae1fdb8, name:My Mac }
** BUILD FAILED **
The following build commands failed:
Building workspace UnisseySdk with scheme UnisseySdk
(1 failure)
BUILD FAILURE 6.4 macosXcodebuild