The Swift Package Index logo.Swift Package Index

Build Information

Failed to build SwiftCross, reference main (cc164b), with Swift 6.1 for Wasm on 29 Jun 2026 01:05:49 UTC.

Build Command

bash -c docker run --pull=always --rm -v "checkouts-53886768-0":/host -w "$PWD" -e JAVA_HOME="/root/.sdkman/candidates/java/current" -e SPI_BUILD="1" -e SPI_PROCESSING="1" registry.gitlab.com/saguaro1/spi-images:wasm-6.1-latest swift build --swift-sdk wasm32-unknown-wasi 2>&1

Build Log

========================================
RunAll
========================================
Builder version: 0e64495ecc1688c3b3e031a5ef1348b5c05091ae
Interrupt handler set up.
========================================
Checkout
========================================
Clone URL: https://github.com/Cocoanetics/SwiftCross.git
Reference: main
Initialized empty Git repository in /host/spi-builder-workspace/.git/
hint: Using 'master' as the name for the initial branch. This default branch name
hint: is subject to change. To configure the initial branch name to use in all
hint: of your new repositories, which will suppress this warning, call:
hint:
hint: 	git config --global init.defaultBranch <name>
hint:
hint: Names commonly chosen instead of 'master' are 'main', 'trunk' and
hint: 'development'. The just-created branch can be renamed via this command:
hint:
hint: 	git branch -m <name>
From https://github.com/Cocoanetics/SwiftCross
 * branch            main       -> FETCH_HEAD
 * [new branch]      main       -> origin/main
HEAD is now at cc164b3 Add Environment.set: cross-platform setenv
Cloned https://github.com/Cocoanetics/SwiftCross.git
Revision (git rev-parse @):
cc164b31ede7d2ee72af713b59c5d1f9be1556e0
SUCCESS checkout https://github.com/Cocoanetics/SwiftCross.git at main
========================================
Build
========================================
Selected platform:         wasm
Swift version:             6.1
Building package at path:  $PWD
https://github.com/Cocoanetics/SwiftCross.git
https://github.com/Cocoanetics/SwiftCross.git
WARNING: environment variable SUPPRESS_SWIFT_6_FLAGS is not set
Running build ...
bash -c docker run --pull=always --rm -v "checkouts-53886768-0":/host -w "$PWD" -e JAVA_HOME="/root/.sdkman/candidates/java/current" -e SPI_BUILD="1" -e SPI_PROCESSING="1" registry.gitlab.com/saguaro1/spi-images:wasm-6.1-latest swift build --swift-sdk wasm32-unknown-wasi -Xswiftc -Xfrontend -Xswiftc -stats-output-dir -Xswiftc -Xfrontend -Xswiftc .stats -Xswiftc -strict-concurrency=complete -Xswiftc -enable-upcoming-feature -Xswiftc StrictConcurrency -Xswiftc -enable-upcoming-feature -Xswiftc DisableOutwardActorInference -Xswiftc -enable-upcoming-feature -Xswiftc GlobalActorIsolatedTypesUsability -Xswiftc -enable-upcoming-feature -Xswiftc InferSendableFromCaptures 2>&1
wasm-6.1-latest: Pulling from saguaro1/spi-images
Digest: sha256:1ad245dad3d2ae0004e1afbc92334bd39884ed9ca587cf04d0a8d5f640fb02e9
Status: Image is up to date for registry.gitlab.com/saguaro1/spi-images:wasm-6.1-latest
Building for debugging...
[0/2] Write sources
[1/2] Write swift-version-24593BA9C3E375BF.txt
[3/15] Compiling SwiftCross UTType+MimeTypeToExtensionA.swift
<unknown>:0: warning: upcoming feature 'InferSendableFromCaptures' is already enabled as of Swift version 6
<unknown>:0: warning: upcoming feature 'GlobalActorIsolatedTypesUsability' is already enabled as of Swift version 6
<unknown>:0: warning: upcoming feature 'DisableOutwardActorInference' is already enabled as of Swift version 6
[4/15] Compiling SwiftCross UTType+MimeTypeToExtensionB.swift
<unknown>:0: warning: upcoming feature 'InferSendableFromCaptures' is already enabled as of Swift version 6
<unknown>:0: warning: upcoming feature 'GlobalActorIsolatedTypesUsability' is already enabled as of Swift version 6
<unknown>:0: warning: upcoming feature 'DisableOutwardActorInference' is already enabled as of Swift version 6
[5/16] Compiling SwiftCross UTType.swift
<unknown>:0: warning: upcoming feature 'InferSendableFromCaptures' is already enabled as of Swift version 6
<unknown>:0: warning: upcoming feature 'GlobalActorIsolatedTypesUsability' is already enabled as of Swift version 6
<unknown>:0: warning: upcoming feature 'DisableOutwardActorInference' is already enabled as of Swift version 6
[6/16] Compiling SwiftCross UTType+MimeTypeToExtensionC.swift
<unknown>:0: warning: upcoming feature 'InferSendableFromCaptures' is already enabled as of Swift version 6
<unknown>:0: warning: upcoming feature 'GlobalActorIsolatedTypesUsability' is already enabled as of Swift version 6
<unknown>:0: warning: upcoming feature 'DisableOutwardActorInference' is already enabled as of Swift version 6
[7/16] Compiling SwiftCross UTType+ExtensionToMIMETypeB.swift
<unknown>:0: warning: upcoming feature 'InferSendableFromCaptures' is already enabled as of Swift version 6
<unknown>:0: warning: upcoming feature 'GlobalActorIsolatedTypesUsability' is already enabled as of Swift version 6
<unknown>:0: warning: upcoming feature 'DisableOutwardActorInference' is already enabled as of Swift version 6
[8/16] Compiling SwiftCross UTType+ExtensionToMIMETypeC.swift
<unknown>:0: warning: upcoming feature 'InferSendableFromCaptures' is already enabled as of Swift version 6
<unknown>:0: warning: upcoming feature 'GlobalActorIsolatedTypesUsability' is already enabled as of Swift version 6
<unknown>:0: warning: upcoming feature 'DisableOutwardActorInference' is already enabled as of Swift version 6
[9/16] Compiling SwiftCross URLSession+AsyncBytes.swift
<unknown>:0: warning: upcoming feature 'InferSendableFromCaptures' is already enabled as of Swift version 6
<unknown>:0: warning: upcoming feature 'GlobalActorIsolatedTypesUsability' is already enabled as of Swift version 6
<unknown>:0: warning: upcoming feature 'DisableOutwardActorInference' is already enabled as of Swift version 6
[10/16] Compiling SwiftCross UTType+ExtensionToMIMETypeA.swift
<unknown>:0: warning: upcoming feature 'InferSendableFromCaptures' is already enabled as of Swift version 6
<unknown>:0: warning: upcoming feature 'GlobalActorIsolatedTypesUsability' is already enabled as of Swift version 6
<unknown>:0: warning: upcoming feature 'DisableOutwardActorInference' is already enabled as of Swift version 6
[11/16] Compiling SwiftCross ProcessInfo+LocalIPAddress.swift
<unknown>:0: warning: upcoming feature 'InferSendableFromCaptures' is already enabled as of Swift version 6
<unknown>:0: warning: upcoming feature 'GlobalActorIsolatedTypesUsability' is already enabled as of Swift version 6
<unknown>:0: warning: upcoming feature 'DisableOutwardActorInference' is already enabled as of Swift version 6
[12/16] Compiling SwiftCross StringEncoding+IANA.swift
<unknown>:0: warning: upcoming feature 'InferSendableFromCaptures' is already enabled as of Swift version 6
<unknown>:0: warning: upcoming feature 'GlobalActorIsolatedTypesUsability' is already enabled as of Swift version 6
<unknown>:0: warning: upcoming feature 'DisableOutwardActorInference' is already enabled as of Swift version 6
[13/16] Emitting module SwiftCross
<unknown>:0: warning: upcoming feature 'InferSendableFromCaptures' is already enabled as of Swift version 6
<unknown>:0: warning: upcoming feature 'GlobalActorIsolatedTypesUsability' is already enabled as of Swift version 6
<unknown>:0: warning: upcoming feature 'DisableOutwardActorInference' is already enabled as of Swift version 6
[14/16] Compiling SwiftCross Environment.swift
<unknown>:0: warning: upcoming feature 'InferSendableFromCaptures' is already enabled as of Swift version 6
<unknown>:0: warning: upcoming feature 'GlobalActorIsolatedTypesUsability' is already enabled as of Swift version 6
<unknown>:0: warning: upcoming feature 'DisableOutwardActorInference' is already enabled as of Swift version 6
[15/16] Compiling SwiftCross Exports.swift
<unknown>:0: warning: upcoming feature 'InferSendableFromCaptures' is already enabled as of Swift version 6
<unknown>:0: warning: upcoming feature 'GlobalActorIsolatedTypesUsability' is already enabled as of Swift version 6
<unknown>:0: warning: upcoming feature 'DisableOutwardActorInference' is already enabled as of Swift version 6
[16/16] Compiling SwiftCross WallClock.swift
<unknown>:0: warning: upcoming feature 'InferSendableFromCaptures' is already enabled as of Swift version 6
<unknown>:0: warning: upcoming feature 'GlobalActorIsolatedTypesUsability' is already enabled as of Swift version 6
<unknown>:0: warning: upcoming feature 'DisableOutwardActorInference' is already enabled as of Swift version 6
/host/spi-builder-workspace/Sources/SwiftCross/WallClock.swift:47:23: error: cannot find 'CLOCK_REALTIME' in scope
45 |         #else
46 |         var time = timespec()
47 |         clock_gettime(CLOCK_REALTIME, &time)
   |                       `- error: cannot find 'CLOCK_REALTIME' in scope
48 |         return (Int(time.tv_sec), Int(time.tv_nsec))
49 |         #endif
/root/.swiftpm/swift-sdks/swift-wasm-6.1-RELEASE-wasm32-unknown-wasi.artifactbundle/6.1-RELEASE-wasm32-unknown-wasi/wasm32-unknown-wasi/WASI.sdk/include/wasm32-wasi/__header_time.h:20:9: note: macro 'CLOCK_REALTIME' unavailable: structure not supported
18 | #define CLOCK_MONOTONIC (&_CLOCK_MONOTONIC)
19 | extern const struct __clockid _CLOCK_REALTIME;
20 | #define CLOCK_REALTIME (&_CLOCK_REALTIME)
   |         `- note: macro 'CLOCK_REALTIME' unavailable: structure not supported
21 |
22 | /*
Running build ...
bash -c docker run --pull=always --rm -v "checkouts-53886768-0":/host -w "$PWD" -e JAVA_HOME="/root/.sdkman/candidates/java/current" -e SPI_BUILD="1" -e SPI_PROCESSING="1" registry.gitlab.com/saguaro1/spi-images:wasm-6.1-latest swift build --swift-sdk wasm32-unknown-wasi 2>&1
wasm-6.1-latest: Pulling from saguaro1/spi-images
Digest: sha256:1ad245dad3d2ae0004e1afbc92334bd39884ed9ca587cf04d0a8d5f640fb02e9
Status: Image is up to date for registry.gitlab.com/saguaro1/spi-images:wasm-6.1-latest
[0/1] Planning build
Building for debugging...
[0/1] Write swift-version-24593BA9C3E375BF.txt
[2/14] Compiling SwiftCross UTType.swift
[3/15] Compiling SwiftCross WallClock.swift
/host/spi-builder-workspace/Sources/SwiftCross/WallClock.swift:47:23: error: cannot find 'CLOCK_REALTIME' in scope
45 |         #else
46 |         var time = timespec()
47 |         clock_gettime(CLOCK_REALTIME, &time)
   |                       `- error: cannot find 'CLOCK_REALTIME' in scope
48 |         return (Int(time.tv_sec), Int(time.tv_nsec))
49 |         #endif
/root/.swiftpm/swift-sdks/swift-wasm-6.1-RELEASE-wasm32-unknown-wasi.artifactbundle/6.1-RELEASE-wasm32-unknown-wasi/wasm32-unknown-wasi/WASI.sdk/include/wasm32-wasi/__header_time.h:20:9: note: macro 'CLOCK_REALTIME' unavailable: structure not supported
18 | #define CLOCK_MONOTONIC (&_CLOCK_MONOTONIC)
19 | extern const struct __clockid _CLOCK_REALTIME;
20 | #define CLOCK_REALTIME (&_CLOCK_REALTIME)
   |         `- note: macro 'CLOCK_REALTIME' unavailable: structure not supported
21 |
22 | /*
[4/15] Compiling SwiftCross UTType+MimeTypeToExtensionA.swift
[5/15] Compiling SwiftCross UTType+MimeTypeToExtensionB.swift
[6/15] Compiling SwiftCross UTType+MimeTypeToExtensionC.swift
[7/15] Compiling SwiftCross URLSession+AsyncBytes.swift
[8/15] Compiling SwiftCross UTType+ExtensionToMIMETypeA.swift
[9/15] Compiling SwiftCross UTType+ExtensionToMIMETypeB.swift
[10/15] Compiling SwiftCross UTType+ExtensionToMIMETypeC.swift
[11/15] Compiling SwiftCross ProcessInfo+LocalIPAddress.swift
[12/15] Compiling SwiftCross StringEncoding+IANA.swift
[13/15] Emitting module SwiftCross
[14/15] Compiling SwiftCross Environment.swift
[15/15] Compiling SwiftCross Exports.swift
BUILD FAILURE 6.1 wasm