Build Information
Failed to build FileType, reference 2.2.1 (2dd39f), with Swift 6.2 for Wasm on 11 Jul 2026 02:25:31 UTC.
Build Command
bash -c docker run --pull=always --rm -v "checkouts-53886768-0":/host -w "$PWD" -e JAVA_HOME="/root/.sdkman/candidates/java/current" -e SPI_BUILD="1" -e SPI_PROCESSING="1" registry.gitlab.com/saguaro1/spi-images:wasm-6.2-latest swift build --swift-sdk swift-6.2-RELEASE_wasm 2>&1Build Log
========================================
RunAll
========================================
Builder version: 0e64495ecc1688c3b3e031a5ef1348b5c05091ae
Interrupt handler set up.
========================================
Checkout
========================================
Clone URL: https://github.com/velocityzen/FileType.git
Reference: 2.2.1
Initialized empty Git repository in /host/spi-builder-workspace/.git/
hint: Using 'master' as the name for the initial branch. This default branch name
hint: is subject to change. To configure the initial branch name to use in all
hint: of your new repositories, which will suppress this warning, call:
hint:
hint: git config --global init.defaultBranch <name>
hint:
hint: Names commonly chosen instead of 'master' are 'main', 'trunk' and
hint: 'development'. The just-created branch can be renamed via this command:
hint:
hint: git branch -m <name>
From https://github.com/velocityzen/FileType
* tag 2.2.1 -> FETCH_HEAD
HEAD is now at 2dd39f2 Create .tool-versions
Cloned https://github.com/velocityzen/FileType.git
Revision (git rev-parse @):
2dd39f2fdde25681fbf8184ad83f6226bf86ca0a
SPI manifest file found: $PWD/.spi.yml
SUCCESS checkout https://github.com/velocityzen/FileType.git at 2.2.1
========================================
Build
========================================
Selected platform: wasm
Swift version: 6.2
Building package at path: $PWD
https://github.com/velocityzen/FileType.git
Running build ...
bash -c docker run --pull=always --rm -v "checkouts-53886768-0":/host -w "$PWD" -e JAVA_HOME="/root/.sdkman/candidates/java/current" -e SPI_BUILD="1" -e SPI_PROCESSING="1" registry.gitlab.com/saguaro1/spi-images:wasm-6.2-latest swift build --swift-sdk swift-6.2-RELEASE_wasm 2>&1
wasm-6.2-latest: Pulling from saguaro1/spi-images
Digest: sha256:dc8dffc38f1d92eca7ee5312617822470123661393ed20672e77964f9dcaaffb
Status: Image is up to date for registry.gitlab.com/saguaro1/spi-images:wasm-6.2-latest
Building for debugging...
[0/2] Write sources
[1/2] Write swift-version-24593BA9C3E375BF.txt
error: emit-module command failed with exit code 1 (use -v to see invocation)
[3/22] Emitting module FileType
<module-includes>:1:10: note: in file included from <module-includes>:1:
1 | #include "shim.h"
| `- note: in file included from <module-includes>:1:
2 |
/host/spi-builder-workspace/Sources/FTZlib/shim.h:1:10: error: 'zlib.h' file not found
1 | #include <zlib.h>
| `- error: 'zlib.h' file not found
2 |
/host/spi-builder-workspace/Sources/FileType/zip+office.swift:1:8: error: could not build C module 'FTZlib'
1 | import FTZlib
| `- error: could not build C module 'FTZlib'
2 | import Foundation
3 |
[4/24] Compiling FileType vtt.swift
<module-includes>:1:10: note: in file included from <module-includes>:1:
1 | #include "shim.h"
| `- note: in file included from <module-includes>:1:
2 |
/host/spi-builder-workspace/Sources/FTZlib/shim.h:1:10: error: 'zlib.h' file not found
1 | #include <zlib.h>
| `- error: 'zlib.h' file not found
2 |
/host/spi-builder-workspace/Sources/FileType/zip+office.swift:1:8: error: could not build C module 'FTZlib'
1 | import FTZlib
| `- error: could not build C module 'FTZlib'
2 | import Foundation
3 |
[5/24] Compiling FileType zip+office.swift
<module-includes>:1:10: note: in file included from <module-includes>:1:
1 | #include "shim.h"
| `- note: in file included from <module-includes>:1:
2 |
/host/spi-builder-workspace/Sources/FTZlib/shim.h:1:10: error: 'zlib.h' file not found
1 | #include <zlib.h>
| `- error: 'zlib.h' file not found
2 |
/host/spi-builder-workspace/Sources/FileType/zip+office.swift:1:8: error: could not build C module 'FTZlib'
1 | import FTZlib
| `- error: could not build C module 'FTZlib'
2 | import Foundation
3 |
[6/24] Compiling FileType FileTypeMatch.swift
<module-includes>:1:10: note: in file included from <module-includes>:1:
1 | #include "shim.h"
| `- note: in file included from <module-includes>:1:
2 |
/host/spi-builder-workspace/Sources/FTZlib/shim.h:1:10: error: 'zlib.h' file not found
1 | #include <zlib.h>
| `- error: 'zlib.h' file not found
2 |
/host/spi-builder-workspace/Sources/FileType/zip+office.swift:1:8: error: could not build C module 'FTZlib'
1 | import FTZlib
| `- error: could not build C module 'FTZlib'
2 | import Foundation
3 |
[7/24] Compiling FileType ace.swift
<module-includes>:1:10: note: in file included from <module-includes>:1:
1 | #include "shim.h"
| `- note: in file included from <module-includes>:1:
2 |
/host/spi-builder-workspace/Sources/FTZlib/shim.h:1:10: error: 'zlib.h' file not found
1 | #include <zlib.h>
| `- error: 'zlib.h' file not found
2 |
/host/spi-builder-workspace/Sources/FileType/zip+office.swift:1:8: error: could not build C module 'FTZlib'
1 | import FTZlib
| `- error: could not build C module 'FTZlib'
2 | import Foundation
3 |
[8/24] Compiling FileType asar.swift
<module-includes>:1:10: note: in file included from <module-includes>:1:
1 | #include "shim.h"
| `- note: in file included from <module-includes>:1:
2 |
/host/spi-builder-workspace/Sources/FTZlib/shim.h:1:10: error: 'zlib.h' file not found
1 | #include <zlib.h>
| `- error: 'zlib.h' file not found
2 |
/host/spi-builder-workspace/Sources/FileType/zip+office.swift:1:8: error: could not build C module 'FTZlib'
1 | import FTZlib
| `- error: could not build C module 'FTZlib'
2 | import Foundation
3 |
[9/24] Compiling FileType streaming.swift
<module-includes>:1:10: note: in file included from <module-includes>:1:
1 | #include "shim.h"
| `- note: in file included from <module-includes>:1:
2 |
/host/spi-builder-workspace/Sources/FTZlib/shim.h:1:10: error: 'zlib.h' file not found
1 | #include <zlib.h>
| `- error: 'zlib.h' file not found
2 |
/host/spi-builder-workspace/Sources/FileType/zip+office.swift:1:8: error: could not build C module 'FTZlib'
1 | import FTZlib
| `- error: could not build C module 'FTZlib'
2 | import Foundation
3 |
[10/24] Compiling FileType tar.swift
<module-includes>:1:10: note: in file included from <module-includes>:1:
1 | #include "shim.h"
| `- note: in file included from <module-includes>:1:
2 |
/host/spi-builder-workspace/Sources/FTZlib/shim.h:1:10: error: 'zlib.h' file not found
1 | #include <zlib.h>
| `- error: 'zlib.h' file not found
2 |
/host/spi-builder-workspace/Sources/FileType/zip+office.swift:1:8: error: could not build C module 'FTZlib'
1 | import FTZlib
| `- error: could not build C module 'FTZlib'
2 | import Foundation
3 |
[11/24] Compiling FileType mpeg.swift
<module-includes>:1:10: note: in file included from <module-includes>:1:
1 | #include "shim.h"
| `- note: in file included from <module-includes>:1:
2 |
/host/spi-builder-workspace/Sources/FTZlib/shim.h:1:10: error: 'zlib.h' file not found
1 | #include <zlib.h>
| `- error: 'zlib.h' file not found
2 |
/host/spi-builder-workspace/Sources/FileType/zip+office.swift:1:8: error: could not build C module 'FTZlib'
1 | import FTZlib
| `- error: could not build C module 'FTZlib'
2 | import Foundation
3 |
[12/24] Compiling FileType png.swift
<module-includes>:1:10: note: in file included from <module-includes>:1:
1 | #include "shim.h"
| `- note: in file included from <module-includes>:1:
2 |
/host/spi-builder-workspace/Sources/FTZlib/shim.h:1:10: error: 'zlib.h' file not found
1 | #include <zlib.h>
| `- error: 'zlib.h' file not found
2 |
/host/spi-builder-workspace/Sources/FileType/zip+office.swift:1:8: error: could not build C module 'FTZlib'
1 | import FTZlib
| `- error: could not build C module 'FTZlib'
2 | import Foundation
3 |
[13/24] Compiling FileType reg.swift
<module-includes>:1:10: note: in file included from <module-includes>:1:
1 | #include "shim.h"
| `- note: in file included from <module-includes>:1:
2 |
/host/spi-builder-workspace/Sources/FTZlib/shim.h:1:10: error: 'zlib.h' file not found
1 | #include <zlib.h>
| `- error: 'zlib.h' file not found
2 |
/host/spi-builder-workspace/Sources/FileType/zip+office.swift:1:8: error: could not build C module 'FTZlib'
1 | import FTZlib
| `- error: could not build C module 'FTZlib'
2 | import Foundation
3 |
[14/24] Compiling FileType tiff.swift
<module-includes>:1:10: note: in file included from <module-includes>:1:
1 | #include "shim.h"
| `- note: in file included from <module-includes>:1:
2 |
/host/spi-builder-workspace/Sources/FTZlib/shim.h:1:10: error: 'zlib.h' file not found
1 | #include <zlib.h>
| `- error: 'zlib.h' file not found
2 |
/host/spi-builder-workspace/Sources/FileType/zip+office.swift:1:8: error: could not build C module 'FTZlib'
1 | import FTZlib
| `- error: could not build C module 'FTZlib'
2 | import Foundation
3 |
[15/24] Compiling FileType util.swift
<module-includes>:1:10: note: in file included from <module-includes>:1:
1 | #include "shim.h"
| `- note: in file included from <module-includes>:1:
2 |
/host/spi-builder-workspace/Sources/FTZlib/shim.h:1:10: error: 'zlib.h' file not found
1 | #include <zlib.h>
| `- error: 'zlib.h' file not found
2 |
/host/spi-builder-workspace/Sources/FileType/zip+office.swift:1:8: error: could not build C module 'FTZlib'
1 | import FTZlib
| `- error: could not build C module 'FTZlib'
2 | import Foundation
3 |
[16/24] Compiling FileType asf.swift
<module-includes>:1:10: note: in file included from <module-includes>:1:
1 | #include "shim.h"
| `- note: in file included from <module-includes>:1:
2 |
/host/spi-builder-workspace/Sources/FTZlib/shim.h:1:10: error: 'zlib.h' file not found
1 | #include <zlib.h>
| `- error: 'zlib.h' file not found
2 |
/host/spi-builder-workspace/Sources/FileType/zip+office.swift:1:8: error: could not build C module 'FTZlib'
1 | import FTZlib
| `- error: could not build C module 'FTZlib'
2 | import Foundation
3 |
[17/24] Compiling FileType dwg.swift
<module-includes>:1:10: note: in file included from <module-includes>:1:
1 | #include "shim.h"
| `- note: in file included from <module-includes>:1:
2 |
/host/spi-builder-workspace/Sources/FTZlib/shim.h:1:10: error: 'zlib.h' file not found
1 | #include <zlib.h>
| `- error: 'zlib.h' file not found
2 |
/host/spi-builder-workspace/Sources/FileType/zip+office.swift:1:8: error: could not build C module 'FTZlib'
1 | import FTZlib
| `- error: could not build C module 'FTZlib'
2 | import Foundation
3 |
[18/24] Compiling FileType mkv.swift
<module-includes>:1:10: note: in file included from <module-includes>:1:
1 | #include "shim.h"
| `- note: in file included from <module-includes>:1:
2 |
/host/spi-builder-workspace/Sources/FTZlib/shim.h:1:10: error: 'zlib.h' file not found
1 | #include <zlib.h>
| `- error: 'zlib.h' file not found
2 |
/host/spi-builder-workspace/Sources/FileType/zip+office.swift:1:8: error: could not build C module 'FTZlib'
1 | import FTZlib
| `- error: could not build C module 'FTZlib'
2 | import Foundation
3 |
[19/24] Compiling FileType FileType.swift
<module-includes>:1:10: note: in file included from <module-includes>:1:
1 | #include "shim.h"
| `- note: in file included from <module-includes>:1:
2 |
/host/spi-builder-workspace/Sources/FTZlib/shim.h:1:10: error: 'zlib.h' file not found
1 | #include <zlib.h>
| `- error: 'zlib.h' file not found
2 |
/host/spi-builder-workspace/Sources/FileType/zip+office.swift:1:8: error: could not build C module 'FTZlib'
1 | import FTZlib
| `- error: could not build C module 'FTZlib'
2 | import Foundation
3 |
[20/24] Compiling FileType FileTypeExtension.swift
<module-includes>:1:10: note: in file included from <module-includes>:1:
1 | #include "shim.h"
| `- note: in file included from <module-includes>:1:
2 |
/host/spi-builder-workspace/Sources/FTZlib/shim.h:1:10: error: 'zlib.h' file not found
1 | #include <zlib.h>
| `- error: 'zlib.h' file not found
2 |
/host/spi-builder-workspace/Sources/FileType/zip+office.swift:1:8: error: could not build C module 'FTZlib'
1 | import FTZlib
| `- error: could not build C module 'FTZlib'
2 | import Foundation
3 |
[21/24] Compiling FileType FileTypeMIMEGroup.swift
<module-includes>:1:10: note: in file included from <module-includes>:1:
1 | #include "shim.h"
| `- note: in file included from <module-includes>:1:
2 |
/host/spi-builder-workspace/Sources/FTZlib/shim.h:1:10: error: 'zlib.h' file not found
1 | #include <zlib.h>
| `- error: 'zlib.h' file not found
2 |
/host/spi-builder-workspace/Sources/FileType/zip+office.swift:1:8: error: could not build C module 'FTZlib'
1 | import FTZlib
| `- error: could not build C module 'FTZlib'
2 | import Foundation
3 |
[22/24] Compiling FileType Data+Int.swift
<module-includes>:1:10: note: in file included from <module-includes>:1:
1 | #include "shim.h"
| `- note: in file included from <module-includes>:1:
2 |
/host/spi-builder-workspace/Sources/FTZlib/shim.h:1:10: error: 'zlib.h' file not found
1 | #include <zlib.h>
| `- error: 'zlib.h' file not found
2 |
/host/spi-builder-workspace/Sources/FileType/zip+office.swift:1:8: error: could not build C module 'FTZlib'
1 | import FTZlib
| `- error: could not build C module 'FTZlib'
2 | import Foundation
3 |
[23/24] Compiling FileType Data+String.swift
<module-includes>:1:10: note: in file included from <module-includes>:1:
1 | #include "shim.h"
| `- note: in file included from <module-includes>:1:
2 |
/host/spi-builder-workspace/Sources/FTZlib/shim.h:1:10: error: 'zlib.h' file not found
1 | #include <zlib.h>
| `- error: 'zlib.h' file not found
2 |
/host/spi-builder-workspace/Sources/FileType/zip+office.swift:1:8: error: could not build C module 'FTZlib'
1 | import FTZlib
| `- error: could not build C module 'FTZlib'
2 | import Foundation
3 |
[24/24] Compiling FileType FileType+UTI.swift
<module-includes>:1:10: note: in file included from <module-includes>:1:
1 | #include "shim.h"
| `- note: in file included from <module-includes>:1:
2 |
/host/spi-builder-workspace/Sources/FTZlib/shim.h:1:10: error: 'zlib.h' file not found
1 | #include <zlib.h>
| `- error: 'zlib.h' file not found
2 |
/host/spi-builder-workspace/Sources/FileType/zip+office.swift:1:8: error: could not build C module 'FTZlib'
1 | import FTZlib
| `- error: could not build C module 'FTZlib'
2 | import Foundation
3 |
BUILD FAILURE 6.2 wasm