Build Information
Failed to build composable-user-notifications, reference main (fedca0), with Swift 6.4 for visionOS using Xcode 27.0 on 19 Sep 2026 16:24:33 UTC.
Build Command
env DEVELOPER_DIR=/Applications/Xcode-27.0.0-Release.Candidate.app xcrun xcodebuild -IDEClonedSourcePackagesDirPathOverride=$PWD/.dependencies -skipMacroValidation -skipPackagePluginValidation -derivedDataPath $PWD/.derivedData build -scheme composable-user-notifications -destination generic/platform=xrOSBuild Log
SwiftMergeGeneratedHeaders /Users/admin/builder/spi-builder-workspace/.derivedData/Build/Intermediates.noindex/GeneratedModuleMaps-xros/ConcurrencyExtras-Swift.h /Users/admin/builder/spi-builder-workspace/.derivedData/Build/Intermediates.noindex/swift-concurrency-extras.build/Debug-xros/ConcurrencyExtras-t.build/Objects-normal/arm64/ConcurrencyExtras-Swift.h (in target 'ConcurrencyExtras' from project 'swift-concurrency-extras')
cd /Users/admin/builder/spi-builder-workspace/.dependencies/checkouts/swift-concurrency-extras
builtin-swiftHeaderTool -arch arm64 /Users/admin/builder/spi-builder-workspace/.derivedData/Build/Intermediates.noindex/swift-concurrency-extras.build/Debug-xros/ConcurrencyExtras-t.build/Objects-normal/arm64/ConcurrencyExtras-Swift.h -o /Users/admin/builder/spi-builder-workspace/.derivedData/Build/Intermediates.noindex/GeneratedModuleMaps-xros/ConcurrencyExtras-Swift.h
SwiftMergeGeneratedHeaders /Users/admin/builder/spi-builder-workspace/.derivedData/Build/Intermediates.noindex/GeneratedModuleMaps-xros/XCTestDynamicOverlay-Swift.h /Users/admin/builder/spi-builder-workspace/.derivedData/Build/Intermediates.noindex/xctest-dynamic-overlay.build/Debug-xros/XCTestDynamicOverlay-t.build/Objects-normal/arm64/XCTestDynamicOverlay-Swift.h (in target 'XCTestDynamicOverlay' from project 'xctest-dynamic-overlay')
cd /Users/admin/builder/spi-builder-workspace/.dependencies/checkouts/xctest-dynamic-overlay
builtin-swiftHeaderTool -arch arm64 /Users/admin/builder/spi-builder-workspace/.derivedData/Build/Intermediates.noindex/xctest-dynamic-overlay.build/Debug-xros/XCTestDynamicOverlay-t.build/Objects-normal/arm64/XCTestDynamicOverlay-Swift.h -o /Users/admin/builder/spi-builder-workspace/.derivedData/Build/Intermediates.noindex/GeneratedModuleMaps-xros/XCTestDynamicOverlay-Swift.h
Copy /Users/admin/builder/spi-builder-workspace/.derivedData/Build/Products/Debug-xros/XCTestDynamicOverlay.swiftmodule/arm64-apple-xros.swiftmodule /Users/admin/builder/spi-builder-workspace/.derivedData/Build/Intermediates.noindex/xctest-dynamic-overlay.build/Debug-xros/XCTestDynamicOverlay-t.build/Objects-normal/arm64/XCTestDynamicOverlay.swiftmodule (in target 'XCTestDynamicOverlay' from project 'xctest-dynamic-overlay')
cd /Users/admin/builder/spi-builder-workspace/.dependencies/checkouts/xctest-dynamic-overlay
builtin-copy -exclude .DS_Store -exclude CVS -exclude .svn -exclude .git -exclude .hg -resolve-src-symlinks -rename /Users/admin/builder/spi-builder-workspace/.derivedData/Build/Intermediates.noindex/xctest-dynamic-overlay.build/Debug-xros/XCTestDynamicOverlay-t.build/Objects-normal/arm64/XCTestDynamicOverlay.swiftmodule /Users/admin/builder/spi-builder-workspace/.derivedData/Build/Products/Debug-xros/XCTestDynamicOverlay.swiftmodule/arm64-apple-xros.swiftmodule
Copy /Users/admin/builder/spi-builder-workspace/.derivedData/Build/Products/Debug-xros/XCTestDynamicOverlay.swiftmodule/arm64-apple-xros.swiftdoc /Users/admin/builder/spi-builder-workspace/.derivedData/Build/Intermediates.noindex/xctest-dynamic-overlay.build/Debug-xros/XCTestDynamicOverlay-t.build/Objects-normal/arm64/XCTestDynamicOverlay.swiftdoc (in target 'XCTestDynamicOverlay' from project 'xctest-dynamic-overlay')
cd /Users/admin/builder/spi-builder-workspace/.dependencies/checkouts/xctest-dynamic-overlay
builtin-copy -exclude .DS_Store -exclude CVS -exclude .svn -exclude .git -exclude .hg -resolve-src-symlinks -rename /Users/admin/builder/spi-builder-workspace/.derivedData/Build/Intermediates.noindex/xctest-dynamic-overlay.build/Debug-xros/XCTestDynamicOverlay-t.build/Objects-normal/arm64/XCTestDynamicOverlay.swiftdoc /Users/admin/builder/spi-builder-workspace/.derivedData/Build/Products/Debug-xros/XCTestDynamicOverlay.swiftmodule/arm64-apple-xros.swiftdoc
Copy /Users/admin/builder/spi-builder-workspace/.derivedData/Build/Products/Debug-xros/XCTestDynamicOverlay.swiftmodule/arm64-apple-xros.abi.json /Users/admin/builder/spi-builder-workspace/.derivedData/Build/Intermediates.noindex/xctest-dynamic-overlay.build/Debug-xros/XCTestDynamicOverlay-t.build/Objects-normal/arm64/XCTestDynamicOverlay.abi.json (in target 'XCTestDynamicOverlay' from project 'xctest-dynamic-overlay')
cd /Users/admin/builder/spi-builder-workspace/.dependencies/checkouts/xctest-dynamic-overlay
builtin-copy -exclude .DS_Store -exclude CVS -exclude .svn -exclude .git -exclude .hg -resolve-src-symlinks -rename /Users/admin/builder/spi-builder-workspace/.derivedData/Build/Intermediates.noindex/xctest-dynamic-overlay.build/Debug-xros/XCTestDynamicOverlay-t.build/Objects-normal/arm64/XCTestDynamicOverlay.abi.json /Users/admin/builder/spi-builder-workspace/.derivedData/Build/Products/Debug-xros/XCTestDynamicOverlay.swiftmodule/arm64-apple-xros.abi.json
Copy /Users/admin/builder/spi-builder-workspace/.derivedData/Build/Products/Debug-xros/XCTestDynamicOverlay.swiftmodule/Project/arm64-apple-xros.swiftsourceinfo /Users/admin/builder/spi-builder-workspace/.derivedData/Build/Intermediates.noindex/xctest-dynamic-overlay.build/Debug-xros/XCTestDynamicOverlay-t.build/Objects-normal/arm64/XCTestDynamicOverlay.swiftsourceinfo (in target 'XCTestDynamicOverlay' from project 'xctest-dynamic-overlay')
cd /Users/admin/builder/spi-builder-workspace/.dependencies/checkouts/xctest-dynamic-overlay
builtin-copy -exclude .DS_Store -exclude CVS -exclude .svn -exclude .git -exclude .hg -resolve-src-symlinks -rename /Users/admin/builder/spi-builder-workspace/.derivedData/Build/Intermediates.noindex/xctest-dynamic-overlay.build/Debug-xros/XCTestDynamicOverlay-t.build/Objects-normal/arm64/XCTestDynamicOverlay.swiftsourceinfo /Users/admin/builder/spi-builder-workspace/.derivedData/Build/Products/Debug-xros/XCTestDynamicOverlay.swiftmodule/Project/arm64-apple-xros.swiftsourceinfo
Copy /Users/admin/builder/spi-builder-workspace/.derivedData/Build/Products/Debug-xros/ConcurrencyExtras.swiftmodule/arm64-apple-xros.swiftmodule /Users/admin/builder/spi-builder-workspace/.derivedData/Build/Intermediates.noindex/swift-concurrency-extras.build/Debug-xros/ConcurrencyExtras-t.build/Objects-normal/arm64/ConcurrencyExtras.swiftmodule (in target 'ConcurrencyExtras' from project 'swift-concurrency-extras')
cd /Users/admin/builder/spi-builder-workspace/.dependencies/checkouts/swift-concurrency-extras
builtin-copy -exclude .DS_Store -exclude CVS -exclude .svn -exclude .git -exclude .hg -resolve-src-symlinks -rename /Users/admin/builder/spi-builder-workspace/.derivedData/Build/Intermediates.noindex/swift-concurrency-extras.build/Debug-xros/ConcurrencyExtras-t.build/Objects-normal/arm64/ConcurrencyExtras.swiftmodule /Users/admin/builder/spi-builder-workspace/.derivedData/Build/Products/Debug-xros/ConcurrencyExtras.swiftmodule/arm64-apple-xros.swiftmodule
Copy /Users/admin/builder/spi-builder-workspace/.derivedData/Build/Products/Debug-xros/ConcurrencyExtras.swiftmodule/arm64-apple-xros.swiftdoc /Users/admin/builder/spi-builder-workspace/.derivedData/Build/Intermediates.noindex/swift-concurrency-extras.build/Debug-xros/ConcurrencyExtras-t.build/Objects-normal/arm64/ConcurrencyExtras.swiftdoc (in target 'ConcurrencyExtras' from project 'swift-concurrency-extras')
cd /Users/admin/builder/spi-builder-workspace/.dependencies/checkouts/swift-concurrency-extras
builtin-copy -exclude .DS_Store -exclude CVS -exclude .svn -exclude .git -exclude .hg -resolve-src-symlinks -rename /Users/admin/builder/spi-builder-workspace/.derivedData/Build/Intermediates.noindex/swift-concurrency-extras.build/Debug-xros/ConcurrencyExtras-t.build/Objects-normal/arm64/ConcurrencyExtras.swiftdoc /Users/admin/builder/spi-builder-workspace/.derivedData/Build/Products/Debug-xros/ConcurrencyExtras.swiftmodule/arm64-apple-xros.swiftdoc
Copy /Users/admin/builder/spi-builder-workspace/.derivedData/Build/Products/Debug-xros/ConcurrencyExtras.swiftmodule/arm64-apple-xros.abi.json /Users/admin/builder/spi-builder-workspace/.derivedData/Build/Intermediates.noindex/swift-concurrency-extras.build/Debug-xros/ConcurrencyExtras-t.build/Objects-normal/arm64/ConcurrencyExtras.abi.json (in target 'ConcurrencyExtras' from project 'swift-concurrency-extras')
cd /Users/admin/builder/spi-builder-workspace/.dependencies/checkouts/swift-concurrency-extras
builtin-copy -exclude .DS_Store -exclude CVS -exclude .svn -exclude .git -exclude .hg -resolve-src-symlinks -rename /Users/admin/builder/spi-builder-workspace/.derivedData/Build/Intermediates.noindex/swift-concurrency-extras.build/Debug-xros/ConcurrencyExtras-t.build/Objects-normal/arm64/ConcurrencyExtras.abi.json /Users/admin/builder/spi-builder-workspace/.derivedData/Build/Products/Debug-xros/ConcurrencyExtras.swiftmodule/arm64-apple-xros.abi.json
Copy /Users/admin/builder/spi-builder-workspace/.derivedData/Build/Products/Debug-xros/ConcurrencyExtras.swiftmodule/Project/arm64-apple-xros.swiftsourceinfo /Users/admin/builder/spi-builder-workspace/.derivedData/Build/Intermediates.noindex/swift-concurrency-extras.build/Debug-xros/ConcurrencyExtras-t.build/Objects-normal/arm64/ConcurrencyExtras.swiftsourceinfo (in target 'ConcurrencyExtras' from project 'swift-concurrency-extras')
cd /Users/admin/builder/spi-builder-workspace/.dependencies/checkouts/swift-concurrency-extras
builtin-copy -exclude .DS_Store -exclude CVS -exclude .svn -exclude .git -exclude .hg -resolve-src-symlinks -rename /Users/admin/builder/spi-builder-workspace/.derivedData/Build/Intermediates.noindex/swift-concurrency-extras.build/Debug-xros/ConcurrencyExtras-t.build/Objects-normal/arm64/ConcurrencyExtras.swiftsourceinfo /Users/admin/builder/spi-builder-workspace/.derivedData/Build/Products/Debug-xros/ConcurrencyExtras.swiftmodule/Project/arm64-apple-xros.swiftsourceinfo
SwiftCompile normal arm64 Compiling\ UncheckedSendable.swift /Users/admin/builder/spi-builder-workspace/.dependencies/checkouts/swift-concurrency-extras/Sources/ConcurrencyExtras/UncheckedSendable.swift (in target 'ConcurrencyExtras' from project 'swift-concurrency-extras')
SwiftCompile normal arm64 /Users/admin/builder/spi-builder-workspace/.dependencies/checkouts/swift-concurrency-extras/Sources/ConcurrencyExtras/UncheckedSendable.swift (in target 'ConcurrencyExtras' from project 'swift-concurrency-extras')
cd /Users/admin/builder/spi-builder-workspace/.swiftpm/xcode
builtin-SwiftPerFileCompile UncheckedSendable.swift
SwiftDriverJobDiscovery normal arm64 Compiling GeneratePlaceholder.swift (in target 'XCTestDynamicOverlay' from project 'xctest-dynamic-overlay')
SwiftCompile normal arm64 Compiling\ ActorIsolated.swift /Users/admin/builder/spi-builder-workspace/.dependencies/checkouts/swift-concurrency-extras/Sources/ConcurrencyExtras/ActorIsolated.swift (in target 'ConcurrencyExtras' from project 'swift-concurrency-extras')
SwiftCompile normal arm64 /Users/admin/builder/spi-builder-workspace/.dependencies/checkouts/swift-concurrency-extras/Sources/ConcurrencyExtras/ActorIsolated.swift (in target 'ConcurrencyExtras' from project 'swift-concurrency-extras')
cd /Users/admin/builder/spi-builder-workspace/.swiftpm/xcode
builtin-SwiftPerFileCompile ActorIsolated.swift
SwiftDriverJobDiscovery normal arm64 Compiling Deprecations.swift (in target 'XCTestDynamicOverlay' from project 'xctest-dynamic-overlay')
SwiftCompile normal arm64 Compiling\ LockIsolated.swift /Users/admin/builder/spi-builder-workspace/.dependencies/checkouts/swift-concurrency-extras/Sources/ConcurrencyExtras/LockIsolated.swift (in target 'ConcurrencyExtras' from project 'swift-concurrency-extras')
SwiftCompile normal arm64 /Users/admin/builder/spi-builder-workspace/.dependencies/checkouts/swift-concurrency-extras/Sources/ConcurrencyExtras/LockIsolated.swift (in target 'ConcurrencyExtras' from project 'swift-concurrency-extras')
cd /Users/admin/builder/spi-builder-workspace/.swiftpm/xcode
builtin-SwiftPerFileCompile LockIsolated.swift
SwiftDriverJobDiscovery normal arm64 Compiling Unimplemented.swift (in target 'XCTestDynamicOverlay' from project 'xctest-dynamic-overlay')
SwiftCompile normal arm64 Compiling\ AsyncThrowingStream.swift /Users/admin/builder/spi-builder-workspace/.dependencies/checkouts/swift-concurrency-extras/Sources/ConcurrencyExtras/AsyncThrowingStream.swift (in target 'ConcurrencyExtras' from project 'swift-concurrency-extras')
SwiftCompile normal arm64 /Users/admin/builder/spi-builder-workspace/.dependencies/checkouts/swift-concurrency-extras/Sources/ConcurrencyExtras/AsyncThrowingStream.swift (in target 'ConcurrencyExtras' from project 'swift-concurrency-extras')
cd /Users/admin/builder/spi-builder-workspace/.swiftpm/xcode
builtin-SwiftPerFileCompile AsyncThrowingStream.swift
SwiftCompile normal arm64 Compiling\ MainSerialExecutor.swift /Users/admin/builder/spi-builder-workspace/.dependencies/checkouts/swift-concurrency-extras/Sources/ConcurrencyExtras/MainSerialExecutor.swift (in target 'ConcurrencyExtras' from project 'swift-concurrency-extras')
SwiftCompile normal arm64 /Users/admin/builder/spi-builder-workspace/.dependencies/checkouts/swift-concurrency-extras/Sources/ConcurrencyExtras/MainSerialExecutor.swift (in target 'ConcurrencyExtras' from project 'swift-concurrency-extras')
cd /Users/admin/builder/spi-builder-workspace/.swiftpm/xcode
builtin-SwiftPerFileCompile MainSerialExecutor.swift
SwiftDriverJobDiscovery normal arm64 Compiling ActorIsolated.swift (in target 'ConcurrencyExtras' from project 'swift-concurrency-extras')
SwiftCompile normal arm64 Compiling\ AsyncStream.swift /Users/admin/builder/spi-builder-workspace/.dependencies/checkouts/swift-concurrency-extras/Sources/ConcurrencyExtras/AsyncStream.swift (in target 'ConcurrencyExtras' from project 'swift-concurrency-extras')
SwiftCompile normal arm64 /Users/admin/builder/spi-builder-workspace/.dependencies/checkouts/swift-concurrency-extras/Sources/ConcurrencyExtras/AsyncStream.swift (in target 'ConcurrencyExtras' from project 'swift-concurrency-extras')
cd /Users/admin/builder/spi-builder-workspace/.swiftpm/xcode
builtin-SwiftPerFileCompile AsyncStream.swift
SwiftDriverJobDiscovery normal arm64 Compiling UncheckedSendable.swift (in target 'ConcurrencyExtras' from project 'swift-concurrency-extras')
SwiftDriverJobDiscovery normal arm64 Compiling AsyncThrowingStream.swift (in target 'ConcurrencyExtras' from project 'swift-concurrency-extras')
SwiftDriver CombineSchedulers normal arm64 com.apple.xcode.tools.swift.compiler (in target 'CombineSchedulers' from project 'combine-schedulers')
cd /Users/admin/builder/spi-builder-workspace/.swiftpm/xcode
builtin-SwiftDriver -- /Applications/Xcode-27.0.0-Release.Candidate.app/Contents/Developer/Toolchains/XcodeDefault.xctoolchain/usr/bin/swiftc -parse-as-library -module-name CombineSchedulers -Onone @/Users/admin/builder/spi-builder-workspace/.derivedData/Build/Intermediates.noindex/combine-schedulers.build/Debug-xros/CombineSchedulers-t.build/Objects-normal/arm64/CombineSchedulers.SwiftFileList -DSWIFT_PACKAGE -DDEBUG -DSWIFT_MODULE_RESOURCE_BUNDLE_UNAVAILABLE -DXcode -plugin-path /Applications/Xcode-27.0.0-Release.Candidate.app/Contents/Developer/Toolchains/XcodeDefault.xctoolchain/usr/lib/swift/host/plugins/testing -enable-experimental-feature DebugDescriptionMacro -sdk /Applications/Xcode-27.0.0-Release.Candidate.app/Contents/Developer/Platforms/XROS.platform/Developer/SDKs/XROS27.0.sdk -target arm64-apple-xros1.0 -g -module-cache-path /Users/admin/builder/spi-builder-workspace/.derivedData/ModuleCache.noindex -Xfrontend -serialize-debugging-options -profile-coverage-mapping -profile-generate -enable-testing -suppress-warnings -index-store-path /Users/admin/builder/spi-builder-workspace/.derivedData/Index.noindex/DataStore -Xcc -D_LIBCPP_HARDENING_MODE\=_LIBCPP_HARDENING_MODE_DEBUG -swift-version 5 -I /Users/admin/builder/spi-builder-workspace/.derivedData/Build/Products/Debug-xros -Isystem /Applications/Xcode-27.0.0-Release.Candidate.app/Contents/Developer/Platforms/XROS.platform/Developer/usr/lib -F /Users/admin/builder/spi-builder-workspace/.derivedData/Build/Products/Debug-xros/PackageFrameworks -F /Users/admin/builder/spi-builder-workspace/.derivedData/Build/Products/Debug-xros -F /Applications/Xcode-27.0.0-Release.Candidate.app/Contents/Developer/Platforms/XROS.platform/Developer/Library/Frameworks -F /Applications/Xcode-27.0.0-Release.Candidate.app/Contents/Developer/Platforms/XROS.platform/Developer/SDKs/XROS27.0.sdk/Developer/Library/Frameworks -c -j10 -enable-batch-mode -incremental -Xcc -ivfsstatcache -Xcc /Users/admin/builder/spi-builder-workspace/.derivedData/SDKStatCaches.noindex/xros27.0-24M361-e829b21a6f8c9b70876ba0858053c044735bd543db762f57723cac368afd1ce4.sdkstatcache -output-file-map /Users/admin/builder/spi-builder-workspace/.derivedData/Build/Intermediates.noindex/combine-schedulers.build/Debug-xros/CombineSchedulers-t.build/Objects-normal/arm64/CombineSchedulers-OutputFileMap.json -save-temps -no-color-diagnostics -explicit-module-build -module-cache-path /Users/admin/builder/spi-builder-workspace/.derivedData/Build/Intermediates.noindex/SwiftExplicitPrecompiledModules -clang-scanner-module-cache-path /Users/admin/builder/spi-builder-workspace/.derivedData/ModuleCache.noindex -sdk-module-cache-path /Users/admin/builder/spi-builder-workspace/.derivedData/SDKExplicitPrecompiledModules -emit-dependencies -emit-module -emit-module-path /Users/admin/builder/spi-builder-workspace/.derivedData/Build/Intermediates.noindex/combine-schedulers.build/Debug-xros/CombineSchedulers-t.build/Objects-normal/arm64/CombineSchedulers.swiftmodule -serialize-diagnostics -dependency-scan-serialize-diagnostics-path /Users/admin/builder/spi-builder-workspace/.derivedData/Build/Intermediates.noindex/combine-schedulers.build/Debug-xros/CombineSchedulers-t.build/Objects-normal/arm64/CombineSchedulers-dependency-scan.dia -validate-clang-modules-once -clang-build-session-file /Users/admin/builder/spi-builder-workspace/.derivedData/ModuleCache.noindex/Session.modulevalidation -Xcc -fmodules-prune-interval\=86400 -Xcc -fmodules-prune-after\=345600 -emit-const-values -const-gather-protocols-list /Users/admin/builder/spi-builder-workspace/.derivedData/Build/Intermediates.noindex/combine-schedulers.build/Debug-xros/CombineSchedulers-t.build/Objects-normal/arm64/CombineSchedulers_const_extract_protocols.json -Xcc -I/Users/admin/builder/spi-builder-workspace/.derivedData/Build/Products/Debug-xros/include -Xcc -I/Users/admin/builder/spi-builder-workspace/.derivedData/Build/Intermediates.noindex/combine-schedulers.build/Debug-xros/CombineSchedulers-t.build/DerivedSources-normal/arm64 -Xcc -I/Users/admin/builder/spi-builder-workspace/.derivedData/Build/Intermediates.noindex/combine-schedulers.build/Debug-xros/CombineSchedulers-t.build/DerivedSources/arm64 -Xcc -I/Users/admin/builder/spi-builder-workspace/.derivedData/Build/Intermediates.noindex/combine-schedulers.build/Debug-xros/CombineSchedulers-t.build/DerivedSources -Xcc -DSWIFT_PACKAGE -Xcc -DDEBUG\=1 -emit-objc-header -emit-objc-header-path /Users/admin/builder/spi-builder-workspace/.derivedData/Build/Intermediates.noindex/combine-schedulers.build/Debug-xros/CombineSchedulers-t.build/Objects-normal/arm64/CombineSchedulers-Swift.h -working-directory /Users/admin/builder/spi-builder-workspace/.swiftpm/xcode -experimental-emit-module-separately -disable-cmo
SwiftDriverJobDiscovery normal arm64 Compiling AsyncStream.swift (in target 'ConcurrencyExtras' from project 'swift-concurrency-extras')
SwiftDriver Clocks normal arm64 com.apple.xcode.tools.swift.compiler (in target 'Clocks' from project 'swift-clocks')
cd /Users/admin/builder/spi-builder-workspace/.swiftpm/xcode
builtin-SwiftDriver -- /Applications/Xcode-27.0.0-Release.Candidate.app/Contents/Developer/Toolchains/XcodeDefault.xctoolchain/usr/bin/swiftc -parse-as-library -module-name Clocks -Onone @/Users/admin/builder/spi-builder-workspace/.derivedData/Build/Intermediates.noindex/swift-clocks.build/Debug-xros/Clocks-t.build/Objects-normal/arm64/Clocks.SwiftFileList -DSWIFT_PACKAGE -DDEBUG -DSWIFT_MODULE_RESOURCE_BUNDLE_UNAVAILABLE -DXcode -plugin-path /Applications/Xcode-27.0.0-Release.Candidate.app/Contents/Developer/Toolchains/XcodeDefault.xctoolchain/usr/lib/swift/host/plugins/testing -enable-experimental-feature DebugDescriptionMacro -sdk /Applications/Xcode-27.0.0-Release.Candidate.app/Contents/Developer/Platforms/XROS.platform/Developer/SDKs/XROS27.0.sdk -target arm64-apple-xros1.0 -g -module-cache-path /Users/admin/builder/spi-builder-workspace/.derivedData/ModuleCache.noindex -Xfrontend -serialize-debugging-options -profile-coverage-mapping -profile-generate -enable-testing -suppress-warnings -index-store-path /Users/admin/builder/spi-builder-workspace/.derivedData/Index.noindex/DataStore -Xcc -D_LIBCPP_HARDENING_MODE\=_LIBCPP_HARDENING_MODE_DEBUG -swift-version 5 -I /Users/admin/builder/spi-builder-workspace/.derivedData/Build/Products/Debug-xros -Isystem /Applications/Xcode-27.0.0-Release.Candidate.app/Contents/Developer/Platforms/XROS.platform/Developer/usr/lib -F /Users/admin/builder/spi-builder-workspace/.derivedData/Build/Products/Debug-xros/PackageFrameworks -F /Users/admin/builder/spi-builder-workspace/.derivedData/Build/Products/Debug-xros -F /Applications/Xcode-27.0.0-Release.Candidate.app/Contents/Developer/Platforms/XROS.platform/Developer/Library/Frameworks -F /Applications/Xcode-27.0.0-Release.Candidate.app/Contents/Developer/Platforms/XROS.platform/Developer/SDKs/XROS27.0.sdk/Developer/Library/Frameworks -c -j10 -enable-batch-mode -incremental -Xcc -ivfsstatcache -Xcc /Users/admin/builder/spi-builder-workspace/.derivedData/SDKStatCaches.noindex/xros27.0-24M361-e829b21a6f8c9b70876ba0858053c044735bd543db762f57723cac368afd1ce4.sdkstatcache -output-file-map /Users/admin/builder/spi-builder-workspace/.derivedData/Build/Intermediates.noindex/swift-clocks.build/Debug-xros/Clocks-t.build/Objects-normal/arm64/Clocks-OutputFileMap.json -save-temps -no-color-diagnostics -explicit-module-build -module-cache-path /Users/admin/builder/spi-builder-workspace/.derivedData/Build/Intermediates.noindex/SwiftExplicitPrecompiledModules -clang-scanner-module-cache-path /Users/admin/builder/spi-builder-workspace/.derivedData/ModuleCache.noindex -sdk-module-cache-path /Users/admin/builder/spi-builder-workspace/.derivedData/SDKExplicitPrecompiledModules -emit-dependencies -emit-module -emit-module-path /Users/admin/builder/spi-builder-workspace/.derivedData/Build/Intermediates.noindex/swift-clocks.build/Debug-xros/Clocks-t.build/Objects-normal/arm64/Clocks.swiftmodule -serialize-diagnostics -dependency-scan-serialize-diagnostics-path /Users/admin/builder/spi-builder-workspace/.derivedData/Build/Intermediates.noindex/swift-clocks.build/Debug-xros/Clocks-t.build/Objects-normal/arm64/Clocks-dependency-scan.dia -validate-clang-modules-once -clang-build-session-file /Users/admin/builder/spi-builder-workspace/.derivedData/ModuleCache.noindex/Session.modulevalidation -Xcc -fmodules-prune-interval\=86400 -Xcc -fmodules-prune-after\=345600 -emit-const-values -const-gather-protocols-list /Users/admin/builder/spi-builder-workspace/.derivedData/Build/Intermediates.noindex/swift-clocks.build/Debug-xros/Clocks-t.build/Objects-normal/arm64/Clocks_const_extract_protocols.json -Xcc -I/Users/admin/builder/spi-builder-workspace/.derivedData/Build/Products/Debug-xros/include -Xcc -I/Users/admin/builder/spi-builder-workspace/.derivedData/Build/Intermediates.noindex/swift-clocks.build/Debug-xros/Clocks-t.build/DerivedSources-normal/arm64 -Xcc -I/Users/admin/builder/spi-builder-workspace/.derivedData/Build/Intermediates.noindex/swift-clocks.build/Debug-xros/Clocks-t.build/DerivedSources/arm64 -Xcc -I/Users/admin/builder/spi-builder-workspace/.derivedData/Build/Intermediates.noindex/swift-clocks.build/Debug-xros/Clocks-t.build/DerivedSources -Xcc -DSWIFT_PACKAGE -Xcc -DDEBUG\=1 -emit-objc-header -emit-objc-header-path /Users/admin/builder/spi-builder-workspace/.derivedData/Build/Intermediates.noindex/swift-clocks.build/Debug-xros/Clocks-t.build/Objects-normal/arm64/Clocks-Swift.h -working-directory /Users/admin/builder/spi-builder-workspace/.swiftpm/xcode -experimental-emit-module-separately -disable-cmo
SwiftExplicitDependencyGeneratePcm arm64 /Users/admin/builder/spi-builder-workspace/.derivedData/SDKExplicitPrecompiledModules/DataDetection-BANTQ3WXXGKZJYC0LLB3MD9K0.pcm
SwiftExplicitDependencyGeneratePcm arm64 /Users/admin/builder/spi-builder-workspace/.derivedData/SDKExplicitPrecompiledModules/LocalAuthentication-9MSPUJ85OBXBTOD7NJCT1GZ0O.pcm
SwiftExplicitDependencyGeneratePcm arm64 /Users/admin/builder/spi-builder-workspace/.derivedData/SDKExplicitPrecompiledModules/UniformTypeIdentifiers-E5KMWDZEKS4QW9RO1KBRDEXV6.pcm
SwiftDriverJobDiscovery normal arm64 Compiling XCTCurrentTestCase.swift (in target 'XCTestDynamicOverlay' from project 'xctest-dynamic-overlay')
SwiftExplicitDependencyGeneratePcm arm64 /Users/admin/builder/spi-builder-workspace/.derivedData/SDKExplicitPrecompiledModules/IOSurface-5FE9U89GVFF9A7X7AGO2R8ENI.pcm
SwiftDriverJobDiscovery normal arm64 Compiling MainSerialExecutor.swift (in target 'ConcurrencyExtras' from project 'swift-concurrency-extras')
SwiftExplicitDependencyGeneratePcm arm64 /Users/admin/builder/spi-builder-workspace/.derivedData/SDKExplicitPrecompiledModules/UserNotifications-8IIV1V1FPNAPA4LY1Y23LOM2N.pcm
SwiftDriverJobDiscovery normal arm64 Compiling LockIsolated.swift (in target 'ConcurrencyExtras' from project 'swift-concurrency-extras')
SwiftExplicitDependencyGeneratePcm arm64 /Users/admin/builder/spi-builder-workspace/.derivedData/SDKExplicitPrecompiledModules/CoreGraphics-BFUJ177R223UT2ZI327ZTZY91.pcm
SwiftDriverJobDiscovery normal arm64 Compiling XCTIsTesting.swift (in target 'XCTestDynamicOverlay' from project 'xctest-dynamic-overlay')
SwiftExplicitDependencyGeneratePcm arm64 /Users/admin/builder/spi-builder-workspace/.derivedData/SDKExplicitPrecompiledModules/OSLog-BNGT87TS0GMBFF7TY70HHB69.pcm
SwiftDriverJobDiscovery normal arm64 Compiling DefaultInitializable.swift (in target 'XCTestDynamicOverlay' from project 'xctest-dynamic-overlay')
SwiftExplicitDependencyGeneratePcm arm64 /Users/admin/builder/spi-builder-workspace/.derivedData/SDKExplicitPrecompiledModules/dnssd-CCUV1M8EULNEQJUXO7L0PJAL4.pcm
SwiftExplicitDependencyGeneratePcm arm64 /Users/admin/builder/spi-builder-workspace/.derivedData/SDKExplicitPrecompiledModules/DeveloperToolsSupport-46GOQP8J1QTHLYQSJW81T8UZ3.pcm
SwiftDriverJobDiscovery normal arm64 Compiling XCTFail.swift (in target 'XCTestDynamicOverlay' from project 'xctest-dynamic-overlay')
SwiftExplicitDependencyGeneratePcm arm64 /Users/admin/builder/spi-builder-workspace/.derivedData/SDKExplicitPrecompiledModules/UIUtilities-AOVGLUWEAN6CG2UZFNESGSP6C.pcm
SwiftDriverJobDiscovery normal arm64 Compiling Task.swift (in target 'ConcurrencyExtras' from project 'swift-concurrency-extras')
SwiftExplicitDependencyGeneratePcm arm64 /Users/admin/builder/spi-builder-workspace/.derivedData/SDKExplicitPrecompiledModules/_LocationEssentials-8GQGFVARUE99D8VJX3TINY0VP.pcm
SwiftDriverJobDiscovery normal arm64 Compiling RuntimeWarnings.swift (in target 'XCTestDynamicOverlay' from project 'xctest-dynamic-overlay')
SwiftExplicitDependencyGeneratePcm arm64 /Users/admin/builder/spi-builder-workspace/.derivedData/SDKExplicitPrecompiledModules/ShaderGraph-AW1O397P711WTY8KSK8LZX9YA.pcm
SwiftExplicitDependencyGeneratePcm arm64 /Users/admin/builder/spi-builder-workspace/.derivedData/SDKExplicitPrecompiledModules/Symbols-8G2XC01RPQ5HYIZE6JNUT864I.pcm
SwiftExplicitDependencyGeneratePcm arm64 /Users/admin/builder/spi-builder-workspace/.derivedData/SDKExplicitPrecompiledModules/CoreMIDI-7L19IC4ZH9BPYLVTD8IIFWN9R.pcm
SwiftExplicitDependencyGeneratePcm arm64 /Users/admin/builder/spi-builder-workspace/.derivedData/SDKExplicitPrecompiledModules/CoreData-73N6Z547OZUEZ8ADGEC6XRHWN.pcm
SwiftExplicitDependencyGeneratePcm arm64 /Users/admin/builder/spi-builder-workspace/.derivedData/SDKExplicitPrecompiledModules/_Builtin_tgmath-BPYSMHWI520EQRL2HW519ZY7Z.pcm
SwiftExplicitDependencyGeneratePcm arm64 /Users/admin/builder/spi-builder-workspace/.derivedData/SDKExplicitPrecompiledModules/OpenGLES-56BKSYXNVAP91BYZRWAKQZKGI.pcm
SwiftExplicitDependencyGeneratePcm arm64 /Users/admin/builder/spi-builder-workspace/.derivedData/SDKExplicitPrecompiledModules/Metal-EKNUM9P3PRIBHZK1ZBD6BA2T7.pcm
SwiftExplicitDependencyGeneratePcm arm64 /Users/admin/builder/spi-builder-workspace/.derivedData/SDKExplicitPrecompiledModules/Network-EQPZZF3W6BWG89K0PY9NZO3T0.pcm
SwiftExplicitDependencyGeneratePcm arm64 /Users/admin/builder/spi-builder-workspace/.derivedData/SDKExplicitPrecompiledModules/_Builtin_intrinsics-BC5IJI3YI34RQ61ZNVDRDZ6RN.pcm
SwiftExplicitDependencyGeneratePcm arm64 /Users/admin/builder/spi-builder-workspace/.derivedData/SDKExplicitPrecompiledModules/CoreAudioTypes-45UXYEQRN95KG6BF2CW0QIYK9.pcm
SwiftExplicitDependencyGeneratePcm arm64 /Users/admin/builder/spi-builder-workspace/.derivedData/SDKExplicitPrecompiledModules/CoreLocation-1SN37095DAPVJ068LLP9TBDQX.pcm
SwiftExplicitDependencyGeneratePcm arm64 /Users/admin/builder/spi-builder-workspace/.derivedData/SDKExplicitPrecompiledModules/ImageIO-5CC6COR9KJYI1UBL7CSHLU2OG.pcm
SwiftExplicitDependencyGeneratePcm arm64 /Users/admin/builder/spi-builder-workspace/.derivedData/SDKExplicitPrecompiledModules/Accessibility-1DR4J4YDVDGAYQTZ0FKZ1PU09.pcm
SwiftExplicitDependencyGeneratePcm arm64 /Users/admin/builder/spi-builder-workspace/.derivedData/SDKExplicitPrecompiledModules/FileProvider-C9I28SI56F2SEVH1BCWTKGODO.pcm
SwiftExplicitDependencyGeneratePcm arm64 /Users/admin/builder/spi-builder-workspace/.derivedData/SDKExplicitPrecompiledModules/CoreText-6F9TY5TEPCCZ1K2KYM4GMEGHD.pcm
SwiftExplicitDependencyGeneratePcm arm64 /Users/admin/builder/spi-builder-workspace/.derivedData/SDKExplicitPrecompiledModules/CoreAudio-CXS3C78T5TQDGLEGXIBJ04WJ4.pcm
SwiftExplicitDependencyGeneratePcm arm64 /Users/admin/builder/spi-builder-workspace/.derivedData/SDKExplicitPrecompiledModules/AudioToolbox-2K3S8EA590EB3GMH6D6784BWZ.pcm
SwiftExplicitDependencyGeneratePcm arm64 /Users/admin/builder/spi-builder-workspace/.derivedData/SDKExplicitPrecompiledModules/AVRouting-55P8FRNK50AFZOMMB2LBBOX33.pcm
SwiftExplicitDependencyGeneratePcm arm64 /Users/admin/builder/spi-builder-workspace/.derivedData/SDKExplicitPrecompiledModules/CoreTransferable-8TBYAKHCX6UC8QQSS7BD8GQK5.pcm
SwiftExplicitDependencyGeneratePcm arm64 /Users/admin/builder/spi-builder-workspace/.derivedData/SDKExplicitPrecompiledModules/CoreMotion-10LV922UPGE28QX2SOIO7ALIZ.pcm
SwiftDriver\ Compilation XCTestDynamicOverlay normal arm64 com.apple.xcode.tools.swift.compiler (in target 'XCTestDynamicOverlay' from project 'xctest-dynamic-overlay')
cd /Users/admin/builder/spi-builder-workspace/.swiftpm/xcode
builtin-Swift-Compilation -- /Applications/Xcode-27.0.0-Release.Candidate.app/Contents/Developer/Toolchains/XcodeDefault.xctoolchain/usr/bin/swiftc -parse-as-library -module-name XCTestDynamicOverlay -Onone @/Users/admin/builder/spi-builder-workspace/.derivedData/Build/Intermediates.noindex/xctest-dynamic-overlay.build/Debug-xros/XCTestDynamicOverlay-t.build/Objects-normal/arm64/XCTestDynamicOverlay.SwiftFileList -DSWIFT_PACKAGE -DDEBUG -DSWIFT_MODULE_RESOURCE_BUNDLE_UNAVAILABLE -DXcode -plugin-path /Applications/Xcode-27.0.0-Release.Candidate.app/Contents/Developer/Toolchains/XcodeDefault.xctoolchain/usr/lib/swift/host/plugins/testing -enable-experimental-feature DebugDescriptionMacro -sdk /Applications/Xcode-27.0.0-Release.Candidate.app/Contents/Developer/Platforms/XROS.platform/Developer/SDKs/XROS27.0.sdk -target arm64-apple-xros1.0 -g -module-cache-path /Users/admin/builder/spi-builder-workspace/.derivedData/ModuleCache.noindex -Xfrontend -serialize-debugging-options -profile-coverage-mapping -profile-generate -enable-testing -suppress-warnings -index-store-path /Users/admin/builder/spi-builder-workspace/.derivedData/Index.noindex/DataStore -Xcc -D_LIBCPP_HARDENING_MODE\=_LIBCPP_HARDENING_MODE_DEBUG -swift-version 5 -I /Users/admin/builder/spi-builder-workspace/.derivedData/Build/Products/Debug-xros -Isystem /Applications/Xcode-27.0.0-Release.Candidate.app/Contents/Developer/Platforms/XROS.platform/Developer/usr/lib -F /Users/admin/builder/spi-builder-workspace/.derivedData/Build/Products/Debug-xros -F /Applications/Xcode-27.0.0-Release.Candidate.app/Contents/Developer/Platforms/XROS.platform/Developer/Library/Frameworks -F /Applications/Xcode-27.0.0-Release.Candidate.app/Contents/Developer/Platforms/XROS.platform/Developer/SDKs/XROS27.0.sdk/Developer/Library/Frameworks -c -j10 -enable-batch-mode -incremental -Xcc -ivfsstatcache -Xcc /Users/admin/builder/spi-builder-workspace/.derivedData/SDKStatCaches.noindex/xros27.0-24M361-e829b21a6f8c9b70876ba0858053c044735bd543db762f57723cac368afd1ce4.sdkstatcache -output-file-map /Users/admin/builder/spi-builder-workspace/.derivedData/Build/Intermediates.noindex/xctest-dynamic-overlay.build/Debug-xros/XCTestDynamicOverlay-t.build/Objects-normal/arm64/XCTestDynamicOverlay-OutputFileMap.json -save-temps -no-color-diagnostics -explicit-module-build -module-cache-path /Users/admin/builder/spi-builder-workspace/.derivedData/Build/Intermediates.noindex/SwiftExplicitPrecompiledModules -clang-scanner-module-cache-path /Users/admin/builder/spi-builder-workspace/.derivedData/ModuleCache.noindex -sdk-module-cache-path /Users/admin/builder/spi-builder-workspace/.derivedData/SDKExplicitPrecompiledModules -emit-dependencies -emit-module -emit-module-path /Users/admin/builder/spi-builder-workspace/.derivedData/Build/Intermediates.noindex/xctest-dynamic-overlay.build/Debug-xros/XCTestDynamicOverlay-t.build/Objects-normal/arm64/XCTestDynamicOverlay.swiftmodule -serialize-diagnostics -dependency-scan-serialize-diagnostics-path /Users/admin/builder/spi-builder-workspace/.derivedData/Build/Intermediates.noindex/xctest-dynamic-overlay.build/Debug-xros/XCTestDynamicOverlay-t.build/Objects-normal/arm64/XCTestDynamicOverlay-dependency-scan.dia -validate-clang-modules-once -clang-build-session-file /Users/admin/builder/spi-builder-workspace/.derivedData/ModuleCache.noindex/Session.modulevalidation -Xcc -fmodules-prune-interval\=86400 -Xcc -fmodules-prune-after\=345600 -emit-const-values -const-gather-protocols-list /Users/admin/builder/spi-builder-workspace/.derivedData/Build/Intermediates.noindex/xctest-dynamic-overlay.build/Debug-xros/XCTestDynamicOverlay-t.build/Objects-normal/arm64/XCTestDynamicOverlay_const_extract_protocols.json -Xcc -I/Users/admin/builder/spi-builder-workspace/.derivedData/Build/Products/Debug-xros/include -Xcc -I/Users/admin/builder/spi-builder-workspace/.derivedData/Build/Intermediates.noindex/xctest-dynamic-overlay.build/Debug-xros/XCTestDynamicOverlay-t.build/DerivedSources-normal/arm64 -Xcc -I/Users/admin/builder/spi-builder-workspace/.derivedData/Build/Intermediates.noindex/xctest-dynamic-overlay.build/Debug-xros/XCTestDynamicOverlay-t.build/DerivedSources/arm64 -Xcc -I/Users/admin/builder/spi-builder-workspace/.derivedData/Build/Intermediates.noindex/xctest-dynamic-overlay.build/Debug-xros/XCTestDynamicOverlay-t.build/DerivedSources -Xcc -DSWIFT_PACKAGE -Xcc -DDEBUG\=1 -emit-objc-header -emit-objc-header-path /Users/admin/builder/spi-builder-workspace/.derivedData/Build/Intermediates.noindex/xctest-dynamic-overlay.build/Debug-xros/XCTestDynamicOverlay-t.build/Objects-normal/arm64/XCTestDynamicOverlay-Swift.h -working-directory /Users/admin/builder/spi-builder-workspace/.swiftpm/xcode -experimental-emit-module-separately -disable-cmo
SwiftDriver\ Compilation ConcurrencyExtras normal arm64 com.apple.xcode.tools.swift.compiler (in target 'ConcurrencyExtras' from project 'swift-concurrency-extras')
cd /Users/admin/builder/spi-builder-workspace/.swiftpm/xcode
builtin-Swift-Compilation -- /Applications/Xcode-27.0.0-Release.Candidate.app/Contents/Developer/Toolchains/XcodeDefault.xctoolchain/usr/bin/swiftc -parse-as-library -module-name ConcurrencyExtras -Onone @/Users/admin/builder/spi-builder-workspace/.derivedData/Build/Intermediates.noindex/swift-concurrency-extras.build/Debug-xros/ConcurrencyExtras-t.build/Objects-normal/arm64/ConcurrencyExtras.SwiftFileList -DSWIFT_PACKAGE -DDEBUG -DSWIFT_MODULE_RESOURCE_BUNDLE_UNAVAILABLE -DXcode -plugin-path /Applications/Xcode-27.0.0-Release.Candidate.app/Contents/Developer/Toolchains/XcodeDefault.xctoolchain/usr/lib/swift/host/plugins/testing -enable-experimental-feature DebugDescriptionMacro -sdk /Applications/Xcode-27.0.0-Release.Candidate.app/Contents/Developer/Platforms/XROS.platform/Developer/SDKs/XROS27.0.sdk -target arm64-apple-xros1.0 -g -module-cache-path /Users/admin/builder/spi-builder-workspace/.derivedData/ModuleCache.noindex -Xfrontend -serialize-debugging-options -profile-coverage-mapping -profile-generate -enable-testing -suppress-warnings -index-store-path /Users/admin/builder/spi-builder-workspace/.derivedData/Index.noindex/DataStore -Xcc -D_LIBCPP_HARDENING_MODE\=_LIBCPP_HARDENING_MODE_DEBUG -swift-version 5 -I /Users/admin/builder/spi-builder-workspace/.derivedData/Build/Products/Debug-xros -Isystem /Applications/Xcode-27.0.0-Release.Candidate.app/Contents/Developer/Platforms/XROS.platform/Developer/usr/lib -F /Users/admin/builder/spi-builder-workspace/.derivedData/Build/Products/Debug-xros -F /Applications/Xcode-27.0.0-Release.Candidate.app/Contents/Developer/Platforms/XROS.platform/Developer/Library/Frameworks -F /Applications/Xcode-27.0.0-Release.Candidate.app/Contents/Developer/Platforms/XROS.platform/Developer/SDKs/XROS27.0.sdk/Developer/Library/Frameworks -c -j10 -enable-batch-mode -incremental -Xcc -ivfsstatcache -Xcc /Users/admin/builder/spi-builder-workspace/.derivedData/SDKStatCaches.noindex/xros27.0-24M361-e829b21a6f8c9b70876ba0858053c044735bd543db762f57723cac368afd1ce4.sdkstatcache -output-file-map /Users/admin/builder/spi-builder-workspace/.derivedData/Build/Intermediates.noindex/swift-concurrency-extras.build/Debug-xros/ConcurrencyExtras-t.build/Objects-normal/arm64/ConcurrencyExtras-OutputFileMap.json -save-temps -no-color-diagnostics -explicit-module-build -module-cache-path /Users/admin/builder/spi-builder-workspace/.derivedData/Build/Intermediates.noindex/SwiftExplicitPrecompiledModules -clang-scanner-module-cache-path /Users/admin/builder/spi-builder-workspace/.derivedData/ModuleCache.noindex -sdk-module-cache-path /Users/admin/builder/spi-builder-workspace/.derivedData/SDKExplicitPrecompiledModules -emit-dependencies -emit-module -emit-module-path /Users/admin/builder/spi-builder-workspace/.derivedData/Build/Intermediates.noindex/swift-concurrency-extras.build/Debug-xros/ConcurrencyExtras-t.build/Objects-normal/arm64/ConcurrencyExtras.swiftmodule -serialize-diagnostics -dependency-scan-serialize-diagnostics-path /Users/admin/builder/spi-builder-workspace/.derivedData/Build/Intermediates.noindex/swift-concurrency-extras.build/Debug-xros/ConcurrencyExtras-t.build/Objects-normal/arm64/ConcurrencyExtras-dependency-scan.dia -validate-clang-modules-once -clang-build-session-file /Users/admin/builder/spi-builder-workspace/.derivedData/ModuleCache.noindex/Session.modulevalidation -Xcc -fmodules-prune-interval\=86400 -Xcc -fmodules-prune-after\=345600 -emit-const-values -const-gather-protocols-list /Users/admin/builder/spi-builder-workspace/.derivedData/Build/Intermediates.noindex/swift-concurrency-extras.build/Debug-xros/ConcurrencyExtras-t.build/Objects-normal/arm64/ConcurrencyExtras_const_extract_protocols.json -Xcc -I/Users/admin/builder/spi-builder-workspace/.derivedData/Build/Products/Debug-xros/include -Xcc -I/Users/admin/builder/spi-builder-workspace/.derivedData/Build/Intermediates.noindex/swift-concurrency-extras.build/Debug-xros/ConcurrencyExtras-t.build/DerivedSources-normal/arm64 -Xcc -I/Users/admin/builder/spi-builder-workspace/.derivedData/Build/Intermediates.noindex/swift-concurrency-extras.build/Debug-xros/ConcurrencyExtras-t.build/DerivedSources/arm64 -Xcc -I/Users/admin/builder/spi-builder-workspace/.derivedData/Build/Intermediates.noindex/swift-concurrency-extras.build/Debug-xros/ConcurrencyExtras-t.build/DerivedSources -Xcc -DSWIFT_PACKAGE -Xcc -DDEBUG\=1 -emit-objc-header -emit-objc-header-path /Users/admin/builder/spi-builder-workspace/.derivedData/Build/Intermediates.noindex/swift-concurrency-extras.build/Debug-xros/ConcurrencyExtras-t.build/Objects-normal/arm64/ConcurrencyExtras-Swift.h -working-directory /Users/admin/builder/spi-builder-workspace/.swiftpm/xcode -experimental-emit-module-separately -disable-cmo
Ld /Users/admin/builder/spi-builder-workspace/.derivedData/Build/Products/Debug-xros/XCTestDynamicOverlay.o normal (in target 'XCTestDynamicOverlay' from project 'xctest-dynamic-overlay')
cd /Users/admin/builder/spi-builder-workspace/.dependencies/checkouts/xctest-dynamic-overlay
/Applications/Xcode-27.0.0-Release.Candidate.app/Contents/Developer/Toolchains/XcodeDefault.xctoolchain/usr/bin/clang -Xlinker -reproducible -target arm64-apple-xros1.0 -r -isysroot /Applications/Xcode-27.0.0-Release.Candidate.app/Contents/Developer/Platforms/XROS.platform/Developer/SDKs/XROS27.0.sdk -O0 -w -Xlinker -no_warn_duplicate_libraries -F/Users/admin/builder/spi-builder-workspace/.derivedData/Build/Intermediates.noindex/EagerLinkingTBDs/Debug-xros -F/Users/admin/builder/spi-builder-workspace/.derivedData/Build/Products/Debug-xros -iframework /Applications/Xcode-27.0.0-Release.Candidate.app/Contents/Developer/Platforms/XROS.platform/Developer/Library/Frameworks -iframework /Applications/Xcode-27.0.0-Release.Candidate.app/Contents/Developer/Platforms/XROS.platform/Developer/SDKs/XROS27.0.sdk/Developer/Library/Frameworks -filelist /Users/admin/builder/spi-builder-workspace/.derivedData/Build/Intermediates.noindex/xctest-dynamic-overlay.build/Debug-xros/XCTestDynamicOverlay-t.build/Objects-normal/arm64/XCTestDynamicOverlay.LinkFileList -nostdlib -Xlinker -object_path_lto -Xlinker /Users/admin/builder/spi-builder-workspace/.derivedData/Build/Intermediates.noindex/xctest-dynamic-overlay.build/Debug-xros/XCTestDynamicOverlay-t.build/Objects-normal/arm64/XCTestDynamicOverlay_lto.o -Xlinker -no_deduplicate -Xlinker -debug_variant -Xlinker -dependency_info -Xlinker /Users/admin/builder/spi-builder-workspace/.derivedData/Build/Intermediates.noindex/xctest-dynamic-overlay.build/Debug-xros/XCTestDynamicOverlay-t.build/Objects-normal/arm64/XCTestDynamicOverlay_dependency_info.dat -fobjc-link-runtime -L/Applications/Xcode-27.0.0-Release.Candidate.app/Contents/Developer/Toolchains/XcodeDefault.xctoolchain/usr/lib/swift/xros -L/usr/lib/swift -Xlinker -add_ast_path -Xlinker /Users/admin/builder/spi-builder-workspace/.derivedData/Build/Intermediates.noindex/xctest-dynamic-overlay.build/Debug-xros/XCTestDynamicOverlay-t.build/Objects-normal/arm64/XCTestDynamicOverlay.swiftmodule -o /Users/admin/builder/spi-builder-workspace/.derivedData/Build/Products/Debug-xros/XCTestDynamicOverlay.o
Ld /Users/admin/builder/spi-builder-workspace/.derivedData/Build/Products/Debug-xros/ConcurrencyExtras.o normal (in target 'ConcurrencyExtras' from project 'swift-concurrency-extras')
cd /Users/admin/builder/spi-builder-workspace/.dependencies/checkouts/swift-concurrency-extras
/Applications/Xcode-27.0.0-Release.Candidate.app/Contents/Developer/Toolchains/XcodeDefault.xctoolchain/usr/bin/clang -Xlinker -reproducible -target arm64-apple-xros1.0 -r -isysroot /Applications/Xcode-27.0.0-Release.Candidate.app/Contents/Developer/Platforms/XROS.platform/Developer/SDKs/XROS27.0.sdk -O0 -w -Xlinker -no_warn_duplicate_libraries -F/Users/admin/builder/spi-builder-workspace/.derivedData/Build/Intermediates.noindex/EagerLinkingTBDs/Debug-xros -F/Users/admin/builder/spi-builder-workspace/.derivedData/Build/Products/Debug-xros -iframework /Applications/Xcode-27.0.0-Release.Candidate.app/Contents/Developer/Platforms/XROS.platform/Developer/Library/Frameworks -iframework /Applications/Xcode-27.0.0-Release.Candidate.app/Contents/Developer/Platforms/XROS.platform/Developer/SDKs/XROS27.0.sdk/Developer/Library/Frameworks -filelist /Users/admin/builder/spi-builder-workspace/.derivedData/Build/Intermediates.noindex/swift-concurrency-extras.build/Debug-xros/ConcurrencyExtras-t.build/Objects-normal/arm64/ConcurrencyExtras.LinkFileList -nostdlib -Xlinker -object_path_lto -Xlinker /Users/admin/builder/spi-builder-workspace/.derivedData/Build/Intermediates.noindex/swift-concurrency-extras.build/Debug-xros/ConcurrencyExtras-t.build/Objects-normal/arm64/ConcurrencyExtras_lto.o -Xlinker -no_deduplicate -Xlinker -debug_variant -Xlinker -dependency_info -Xlinker /Users/admin/builder/spi-builder-workspace/.derivedData/Build/Intermediates.noindex/swift-concurrency-extras.build/Debug-xros/ConcurrencyExtras-t.build/Objects-normal/arm64/ConcurrencyExtras_dependency_info.dat -fobjc-link-runtime -L/Applications/Xcode-27.0.0-Release.Candidate.app/Contents/Developer/Toolchains/XcodeDefault.xctoolchain/usr/lib/swift/xros -L/usr/lib/swift -Xlinker -add_ast_path -Xlinker /Users/admin/builder/spi-builder-workspace/.derivedData/Build/Intermediates.noindex/swift-concurrency-extras.build/Debug-xros/ConcurrencyExtras-t.build/Objects-normal/arm64/ConcurrencyExtras.swiftmodule -o /Users/admin/builder/spi-builder-workspace/.derivedData/Build/Products/Debug-xros/ConcurrencyExtras.o
ExtractAppIntentsMetadata (in target 'XCTestDynamicOverlay' from project 'xctest-dynamic-overlay')
cd /Users/admin/builder/spi-builder-workspace/.dependencies/checkouts/xctest-dynamic-overlay
/Applications/Xcode-27.0.0-Release.Candidate.app/Contents/Developer/Toolchains/XcodeDefault.xctoolchain/usr/bin/appintentsmetadataprocessor --toolchain-dir /var/run/com.apple.security.cryptexd/mnt/com.apple.MobileAsset.MetalToolchain-v27.1.266.1.94AQSQ/Metal.xctoolchain --module-name XCTestDynamicOverlay --sdk-root /Applications/Xcode-27.0.0-Release.Candidate.app/Contents/Developer/Platforms/XROS.platform/Developer/SDKs/XROS27.0.sdk --xcode-version 27A266a --platform-family xrOS --deployment-target 1.0 --bundle-identifier xctest-dynamic-overlay.XCTestDynamicOverlay --output /Users/admin/builder/spi-builder-workspace/.derivedData/Build/Products/Debug-xros/XCTestDynamicOverlay.appintents --target-triple arm64-apple-xros1.0 --binary-file /Users/admin/builder/spi-builder-workspace/.derivedData/Build/Products/Debug-xros/XCTestDynamicOverlay.o --dependency-file /Users/admin/builder/spi-builder-workspace/.derivedData/Build/Intermediates.noindex/xctest-dynamic-overlay.build/Debug-xros/XCTestDynamicOverlay-t.build/Objects-normal/arm64/XCTestDynamicOverlay_dependency_info.dat --stringsdata-file /Users/admin/builder/spi-builder-workspace/.derivedData/Build/Intermediates.noindex/xctest-dynamic-overlay.build/Debug-xros/XCTestDynamicOverlay-t.build/Objects-normal/arm64/ExtractedAppShortcutsMetadata.stringsdata --source-file-list /Users/admin/builder/spi-builder-workspace/.derivedData/Build/Intermediates.noindex/xctest-dynamic-overlay.build/Debug-xros/XCTestDynamicOverlay-t.build/Objects-normal/arm64/XCTestDynamicOverlay.SwiftFileList --metadata-file-list /Users/admin/builder/spi-builder-workspace/.derivedData/Build/Intermediates.noindex/xctest-dynamic-overlay.build/Debug-xros/XCTestDynamicOverlay-t.build/XCTestDynamicOverlay.DependencyMetadataFileList --static-metadata-file-list /Users/admin/builder/spi-builder-workspace/.derivedData/Build/Intermediates.noindex/xctest-dynamic-overlay.build/Debug-xros/XCTestDynamicOverlay-t.build/XCTestDynamicOverlay.DependencyStaticMetadataFileList --swift-const-vals-list /Users/admin/builder/spi-builder-workspace/.derivedData/Build/Intermediates.noindex/xctest-dynamic-overlay.build/Debug-xros/XCTestDynamicOverlay-t.build/Objects-normal/arm64/XCTestDynamicOverlay.SwiftConstValuesFileList --force --compile-time-extraction --deployment-aware-processing --no-app-shortcuts-localization
2026-09-19 12:24:23.573 appintentsmetadataprocessor[1233:6871] Starting appintentsmetadataprocessor export
2026-09-19 12:24:23.678 appintentsmetadataprocessor[1233:6871] Extracted no relevant App Intents symbols, skipping writing output
ExtractAppIntentsMetadata (in target 'ConcurrencyExtras' from project 'swift-concurrency-extras')
cd /Users/admin/builder/spi-builder-workspace/.dependencies/checkouts/swift-concurrency-extras
/Applications/Xcode-27.0.0-Release.Candidate.app/Contents/Developer/Toolchains/XcodeDefault.xctoolchain/usr/bin/appintentsmetadataprocessor --toolchain-dir /var/run/com.apple.security.cryptexd/mnt/com.apple.MobileAsset.MetalToolchain-v27.1.266.1.94AQSQ/Metal.xctoolchain --module-name ConcurrencyExtras --sdk-root /Applications/Xcode-27.0.0-Release.Candidate.app/Contents/Developer/Platforms/XROS.platform/Developer/SDKs/XROS27.0.sdk --xcode-version 27A266a --platform-family xrOS --deployment-target 1.0 --bundle-identifier swift-concurrency-extras.ConcurrencyExtras --output /Users/admin/builder/spi-builder-workspace/.derivedData/Build/Products/Debug-xros/ConcurrencyExtras.appintents --target-triple arm64-apple-xros1.0 --binary-file /Users/admin/builder/spi-builder-workspace/.derivedData/Build/Products/Debug-xros/ConcurrencyExtras.o --dependency-file /Users/admin/builder/spi-builder-workspace/.derivedData/Build/Intermediates.noindex/swift-concurrency-extras.build/Debug-xros/ConcurrencyExtras-t.build/Objects-normal/arm64/ConcurrencyExtras_dependency_info.dat --stringsdata-file /Users/admin/builder/spi-builder-workspace/.derivedData/Build/Intermediates.noindex/swift-concurrency-extras.build/Debug-xros/ConcurrencyExtras-t.build/Objects-normal/arm64/ExtractedAppShortcutsMetadata.stringsdata --source-file-list /Users/admin/builder/spi-builder-workspace/.derivedData/Build/Intermediates.noindex/swift-concurrency-extras.build/Debug-xros/ConcurrencyExtras-t.build/Objects-normal/arm64/ConcurrencyExtras.SwiftFileList --metadata-file-list /Users/admin/builder/spi-builder-workspace/.derivedData/Build/Intermediates.noindex/swift-concurrency-extras.build/Debug-xros/ConcurrencyExtras-t.build/ConcurrencyExtras.DependencyMetadataFileList --static-metadata-file-list /Users/admin/builder/spi-builder-workspace/.derivedData/Build/Intermediates.noindex/swift-concurrency-extras.build/Debug-xros/ConcurrencyExtras-t.build/ConcurrencyExtras.DependencyStaticMetadataFileList --swift-const-vals-list /Users/admin/builder/spi-builder-workspace/.derivedData/Build/Intermediates.noindex/swift-concurrency-extras.build/Debug-xros/ConcurrencyExtras-t.build/Objects-normal/arm64/ConcurrencyExtras.SwiftConstValuesFileList --force --compile-time-extraction --deployment-aware-processing --no-app-shortcuts-localization
2026-09-19 12:24:23.573 appintentsmetadataprocessor[1234:6881] Starting appintentsmetadataprocessor export
2026-09-19 12:24:23.678 appintentsmetadataprocessor[1234:6881] Extracted no relevant App Intents symbols, skipping writing output
SwiftExplicitDependencyGeneratePcm arm64 /Users/admin/builder/spi-builder-workspace/.derivedData/SDKExplicitPrecompiledModules/CoreVideo-E12HJSJSLO0YKWYBES11UKJ02.pcm
SwiftExplicitDependencyGeneratePcm arm64 /Users/admin/builder/spi-builder-workspace/.derivedData/SDKExplicitPrecompiledModules/simd-9XXAB17Y6E4BBPQADD61NZ23.pcm
SwiftExplicitDependencyGeneratePcm arm64 /Users/admin/builder/spi-builder-workspace/.derivedData/SDKExplicitPrecompiledModules/QuartzCore-12T8WVKUNCL1N7VXH87MM4YOB.pcm
SwiftExplicitDependencyGeneratePcm arm64 /Users/admin/builder/spi-builder-workspace/.derivedData/SDKExplicitPrecompiledModules/CoreML-37QYERWC0RQN4IY4377UD0TY1.pcm
SwiftExplicitDependencyGeneratePcm arm64 /Users/admin/builder/spi-builder-workspace/.derivedData/SDKExplicitPrecompiledModules/CoreMedia-D1IBHC28BRHWLNUG1Q75G5YN0.pcm
SwiftExplicitDependencyGeneratePcm arm64 /Users/admin/builder/spi-builder-workspace/.derivedData/SDKExplicitPrecompiledModules/CoreImage-8WF1P230U10QM666EQMNV7OF1.pcm
SwiftExplicitDependencyGeneratePcm arm64 /Users/admin/builder/spi-builder-workspace/.derivedData/SDKExplicitPrecompiledModules/ARKitFoundation-3N77COW7DLP77CM0PWZXSR9BD.pcm
SwiftExplicitDependencyGeneratePcm arm64 /Users/admin/builder/spi-builder-workspace/.derivedData/SDKExplicitPrecompiledModules/MediaToolbox-1J5U29ERBPNPI1HKEJHXOP8EV.pcm
SwiftExplicitDependencyGeneratePcm arm64 /Users/admin/builder/spi-builder-workspace/.derivedData/SDKExplicitPrecompiledModules/AVFAudio-E8GATWFYYBEBB41O9N0LRRGYC.pcm
SwiftExplicitDependencyGeneratePcm arm64 /Users/admin/builder/spi-builder-workspace/.derivedData/SDKExplicitPrecompiledModules/VideoToolbox-7I4MDYIPJ4IWU1ZSL4JE3I7M6.pcm
SwiftExplicitDependencyGeneratePcm arm64 /Users/admin/builder/spi-builder-workspace/.derivedData/SDKExplicitPrecompiledModules/UIKit-2D2PMAAE45TMO6S28UCGCO5BR.pcm
SwiftExplicitDependencyGeneratePcm arm64 /Users/admin/builder/spi-builder-workspace/.derivedData/SDKExplicitPrecompiledModules/Vision-DVVG9MQGC3IMTVPTC1691MQ6Z.pcm
SwiftExplicitDependencyGeneratePcm arm64 /Users/admin/builder/spi-builder-workspace/.derivedData/SDKExplicitPrecompiledModules/Spatial-5E0I2846LO3ZE24CSVR2O57TI.pcm
SwiftExplicitDependencyGeneratePcm arm64 /Users/admin/builder/spi-builder-workspace/.derivedData/SDKExplicitPrecompiledModules/AVFoundation-DFCX8GQJWVA3CZBITWEHAZEFX.pcm
SwiftExplicitDependencyCompileModuleFromInterface arm64 /Users/admin/builder/spi-builder-workspace/.derivedData/SDKExplicitPrecompiledModules/ShaderGraph-URHKVVOFZL5Z.swiftmodule
SwiftExplicitDependencyGeneratePcm arm64 /Users/admin/builder/spi-builder-workspace/.derivedData/SDKExplicitPrecompiledModules/SwiftUICore-6OBBMA39VFD4CB6SG2PE41FAP.pcm
SwiftExplicitDependencyGeneratePcm arm64 /Users/admin/builder/spi-builder-workspace/.derivedData/SDKExplicitPrecompiledModules/ARKitCore-307YVPJLQNB66BTBIONHZNP86.pcm
SwiftExplicitDependencyGeneratePcm arm64 /Users/admin/builder/spi-builder-workspace/.derivedData/SDKExplicitPrecompiledModules/SwiftUI-77PUPXISY3V3TUF5FJEHUQC86.pcm
SwiftExplicitDependencyGeneratePcm arm64 /Users/admin/builder/spi-builder-workspace/.derivedData/SDKExplicitPrecompiledModules/GameController-7QL0VMQHE24OWQFUR0UFT89DW.pcm
SwiftExplicitDependencyGeneratePcm arm64 /Users/admin/builder/spi-builder-workspace/.derivedData/SDKExplicitPrecompiledModules/ARKit-27VDPOZ50FG2MJG7OFV6IFQYQ.pcm
SwiftEmitModule normal arm64 Emitting\ module\ for\ CombineSchedulers (in target 'CombineSchedulers' from project 'combine-schedulers')
SwiftCompile normal arm64 (in target 'CombineSchedulers' from project 'combine-schedulers')
cd /Users/admin/builder/spi-builder-workspace/.swiftpm/xcode
SwiftCompile normal arm64 Compiling\ UnimplementedScheduler.swift /Users/admin/builder/spi-builder-workspace/.dependencies/checkouts/combine-schedulers/Sources/CombineSchedulers/UnimplementedScheduler.swift (in target 'CombineSchedulers' from project 'combine-schedulers')
SwiftCompile normal arm64 /Users/admin/builder/spi-builder-workspace/.dependencies/checkouts/combine-schedulers/Sources/CombineSchedulers/UnimplementedScheduler.swift (in target 'CombineSchedulers' from project 'combine-schedulers')
cd /Users/admin/builder/spi-builder-workspace/.swiftpm/xcode
builtin-SwiftPerFileCompile UnimplementedScheduler.swift
SwiftCompile normal arm64 Compiling\ UIKit.swift /Users/admin/builder/spi-builder-workspace/.dependencies/checkouts/combine-schedulers/Sources/CombineSchedulers/UIKit.swift (in target 'CombineSchedulers' from project 'combine-schedulers')
SwiftCompile normal arm64 /Users/admin/builder/spi-builder-workspace/.dependencies/checkouts/combine-schedulers/Sources/CombineSchedulers/UIKit.swift (in target 'CombineSchedulers' from project 'combine-schedulers')
cd /Users/admin/builder/spi-builder-workspace/.swiftpm/xcode
builtin-SwiftPerFileCompile UIKit.swift
SwiftCompile normal arm64 Compiling\ SwiftUI.swift /Users/admin/builder/spi-builder-workspace/.dependencies/checkouts/combine-schedulers/Sources/CombineSchedulers/SwiftUI.swift (in target 'CombineSchedulers' from project 'combine-schedulers')
SwiftCompile normal arm64 /Users/admin/builder/spi-builder-workspace/.dependencies/checkouts/combine-schedulers/Sources/CombineSchedulers/SwiftUI.swift (in target 'CombineSchedulers' from project 'combine-schedulers')
cd /Users/admin/builder/spi-builder-workspace/.swiftpm/xcode
builtin-SwiftPerFileCompile SwiftUI.swift
SwiftCompile normal arm64 Compiling\ AnyScheduler.swift,\ Concurrency.swift /Users/admin/builder/spi-builder-workspace/.dependencies/checkouts/combine-schedulers/Sources/CombineSchedulers/AnyScheduler.swift /Users/admin/builder/spi-builder-workspace/.dependencies/checkouts/combine-schedulers/Sources/CombineSchedulers/Concurrency.swift (in target 'CombineSchedulers' from project 'combine-schedulers')
SwiftCompile normal arm64 /Users/admin/builder/spi-builder-workspace/.dependencies/checkouts/combine-schedulers/Sources/CombineSchedulers/AnyScheduler.swift (in target 'CombineSchedulers' from project 'combine-schedulers')
cd /Users/admin/builder/spi-builder-workspace/.swiftpm/xcode
builtin-SwiftPerFileCompile AnyScheduler.swift
SwiftCompile normal arm64 /Users/admin/builder/spi-builder-workspace/.dependencies/checkouts/combine-schedulers/Sources/CombineSchedulers/Concurrency.swift (in target 'CombineSchedulers' from project 'combine-schedulers')
cd /Users/admin/builder/spi-builder-workspace/.swiftpm/xcode
builtin-SwiftPerFileCompile Concurrency.swift
SwiftEmitModule normal arm64 Emitting\ module\ for\ Clocks (in target 'Clocks' from project 'swift-clocks')
SwiftCompile normal arm64 (in target 'Clocks' from project 'swift-clocks')
cd /Users/admin/builder/spi-builder-workspace/.swiftpm/xcode
SwiftCompile normal arm64 Compiling\ NSRecursiveLock.swift /Users/admin/builder/spi-builder-workspace/.dependencies/checkouts/combine-schedulers/Sources/CombineSchedulers/Internal/NSRecursiveLock.swift (in target 'CombineSchedulers' from project 'combine-schedulers')
SwiftCompile normal arm64 /Users/admin/builder/spi-builder-workspace/.dependencies/checkouts/combine-schedulers/Sources/CombineSchedulers/Internal/NSRecursiveLock.swift (in target 'CombineSchedulers' from project 'combine-schedulers')
cd /Users/admin/builder/spi-builder-workspace/.swiftpm/xcode
builtin-SwiftPerFileCompile NSRecursiveLock.swift
SwiftCompile normal arm64 Compiling\ Timer.swift /Users/admin/builder/spi-builder-workspace/.dependencies/checkouts/combine-schedulers/Sources/CombineSchedulers/Timer.swift (in target 'CombineSchedulers' from project 'combine-schedulers')
SwiftCompile normal arm64 /Users/admin/builder/spi-builder-workspace/.dependencies/checkouts/combine-schedulers/Sources/CombineSchedulers/Timer.swift (in target 'CombineSchedulers' from project 'combine-schedulers')
cd /Users/admin/builder/spi-builder-workspace/.swiftpm/xcode
builtin-SwiftPerFileCompile Timer.swift
SwiftCompile normal arm64 Compiling\ UIScheduler.swift /Users/admin/builder/spi-builder-workspace/.dependencies/checkouts/combine-schedulers/Sources/CombineSchedulers/UIScheduler.swift (in target 'CombineSchedulers' from project 'combine-schedulers')
SwiftCompile normal arm64 /Users/admin/builder/spi-builder-workspace/.dependencies/checkouts/combine-schedulers/Sources/CombineSchedulers/UIScheduler.swift (in target 'CombineSchedulers' from project 'combine-schedulers')
cd /Users/admin/builder/spi-builder-workspace/.swiftpm/xcode
builtin-SwiftPerFileCompile UIScheduler.swift
SwiftCompile normal arm64 Compiling\ Lock.swift /Users/admin/builder/spi-builder-workspace/.dependencies/checkouts/combine-schedulers/Sources/CombineSchedulers/Internal/Lock.swift (in target 'CombineSchedulers' from project 'combine-schedulers')
SwiftCompile normal arm64 /Users/admin/builder/spi-builder-workspace/.dependencies/checkouts/combine-schedulers/Sources/CombineSchedulers/Internal/Lock.swift (in target 'CombineSchedulers' from project 'combine-schedulers')
cd /Users/admin/builder/spi-builder-workspace/.swiftpm/xcode
builtin-SwiftPerFileCompile Lock.swift
SwiftCompile normal arm64 Compiling\ TestScheduler.swift /Users/admin/builder/spi-builder-workspace/.dependencies/checkouts/combine-schedulers/Sources/CombineSchedulers/TestScheduler.swift (in target 'CombineSchedulers' from project 'combine-schedulers')
SwiftCompile normal arm64 /Users/admin/builder/spi-builder-workspace/.dependencies/checkouts/combine-schedulers/Sources/CombineSchedulers/TestScheduler.swift (in target 'CombineSchedulers' from project 'combine-schedulers')
cd /Users/admin/builder/spi-builder-workspace/.swiftpm/xcode
builtin-SwiftPerFileCompile TestScheduler.swift
SwiftDriverJobDiscovery normal arm64 Compiling NSRecursiveLock.swift (in target 'CombineSchedulers' from project 'combine-schedulers')
SwiftCompile normal arm64 Compiling\ ImmediateScheduler.swift,\ Deprecations.swift /Users/admin/builder/spi-builder-workspace/.dependencies/checkouts/combine-schedulers/Sources/CombineSchedulers/ImmediateScheduler.swift /Users/admin/builder/spi-builder-workspace/.dependencies/checkouts/combine-schedulers/Sources/CombineSchedulers/Internal/Deprecations.swift (in target 'CombineSchedulers' from project 'combine-schedulers')
SwiftCompile normal arm64 /Users/admin/builder/spi-builder-workspace/.dependencies/checkouts/combine-schedulers/Sources/CombineSchedulers/ImmediateScheduler.swift (in target 'CombineSchedulers' from project 'combine-schedulers')
cd /Users/admin/builder/spi-builder-workspace/.swiftpm/xcode
builtin-SwiftPerFileCompile ImmediateScheduler.swift
SwiftCompile normal arm64 /Users/admin/builder/spi-builder-workspace/.dependencies/checkouts/combine-schedulers/Sources/CombineSchedulers/Internal/Deprecations.swift (in target 'CombineSchedulers' from project 'combine-schedulers')
cd /Users/admin/builder/spi-builder-workspace/.swiftpm/xcode
builtin-SwiftPerFileCompile Deprecations.swift
SwiftDriverJobDiscovery normal arm64 Compiling Lock.swift (in target 'CombineSchedulers' from project 'combine-schedulers')
SwiftCompile normal arm64 Compiling\ SwiftUI.swift /Users/admin/builder/spi-builder-workspace/.dependencies/checkouts/swift-clocks/Sources/Clocks/SwiftUI.swift (in target 'Clocks' from project 'swift-clocks')
SwiftCompile normal arm64 /Users/admin/builder/spi-builder-workspace/.dependencies/checkouts/swift-clocks/Sources/Clocks/SwiftUI.swift (in target 'Clocks' from project 'swift-clocks')
cd /Users/admin/builder/spi-builder-workspace/.swiftpm/xcode
builtin-SwiftPerFileCompile SwiftUI.swift
SwiftDriverJobDiscovery normal arm64 Compiling UIScheduler.swift (in target 'CombineSchedulers' from project 'combine-schedulers')
SwiftCompile normal arm64 Compiling\ Lock.swift /Users/admin/builder/spi-builder-workspace/.dependencies/checkouts/swift-clocks/Sources/Clocks/Internal/Lock.swift (in target 'Clocks' from project 'swift-clocks')
SwiftCompile normal arm64 /Users/admin/builder/spi-builder-workspace/.dependencies/checkouts/swift-clocks/Sources/Clocks/Internal/Lock.swift (in target 'Clocks' from project 'swift-clocks')
cd /Users/admin/builder/spi-builder-workspace/.swiftpm/xcode
builtin-SwiftPerFileCompile Lock.swift
SwiftDriverJobDiscovery normal arm64 Emitting module for Clocks (in target 'Clocks' from project 'swift-clocks')
SwiftDriver\ Compilation\ Requirements Clocks normal arm64 com.apple.xcode.tools.swift.compiler (in target 'Clocks' from project 'swift-clocks')
cd /Users/admin/builder/spi-builder-workspace/.swiftpm/xcode
builtin-Swift-Compilation-Requirements -- /Applications/Xcode-27.0.0-Release.Candidate.app/Contents/Developer/Toolchains/XcodeDefault.xctoolchain/usr/bin/swiftc -parse-as-library -module-name Clocks -Onone @/Users/admin/builder/spi-builder-workspace/.derivedData/Build/Intermediates.noindex/swift-clocks.build/Debug-xros/Clocks-t.build/Objects-normal/arm64/Clocks.SwiftFileList -DSWIFT_PACKAGE -DDEBUG -DSWIFT_MODULE_RESOURCE_BUNDLE_UNAVAILABLE -DXcode -plugin-path /Applications/Xcode-27.0.0-Release.Candidate.app/Contents/Developer/Toolchains/XcodeDefault.xctoolchain/usr/lib/swift/host/plugins/testing -enable-experimental-feature DebugDescriptionMacro -sdk /Applications/Xcode-27.0.0-Release.Candidate.app/Contents/Developer/Platforms/XROS.platform/Developer/SDKs/XROS27.0.sdk -target arm64-apple-xros1.0 -g -module-cache-path /Users/admin/builder/spi-builder-workspace/.derivedData/ModuleCache.noindex -Xfrontend -serialize-debugging-options -profile-coverage-mapping -profile-generate -enable-testing -suppress-warnings -index-store-path /Users/admin/builder/spi-builder-workspace/.derivedData/Index.noindex/DataStore -Xcc -D_LIBCPP_HARDENING_MODE\=_LIBCPP_HARDENING_MODE_DEBUG -swift-version 5 -I /Users/admin/builder/spi-builder-workspace/.derivedData/Build/Products/Debug-xros -Isystem /Applications/Xcode-27.0.0-Release.Candidate.app/Contents/Developer/Platforms/XROS.platform/Developer/usr/lib -F /Users/admin/builder/spi-builder-workspace/.derivedData/Build/Products/Debug-xros/PackageFrameworks -F /Users/admin/builder/spi-builder-workspace/.derivedData/Build/Products/Debug-xros -F /Applications/Xcode-27.0.0-Release.Candidate.app/Contents/Developer/Platforms/XROS.platform/Developer/Library/Frameworks -F /Applications/Xcode-27.0.0-Release.Candidate.app/Contents/Developer/Platforms/XROS.platform/Developer/SDKs/XROS27.0.sdk/Developer/Library/Frameworks -c -j10 -enable-batch-mode -incremental -Xcc -ivfsstatcache -Xcc /Users/admin/builder/spi-builder-workspace/.derivedData/SDKStatCaches.noindex/xros27.0-24M361-e829b21a6f8c9b70876ba0858053c044735bd543db762f57723cac368afd1ce4.sdkstatcache -output-file-map /Users/admin/builder/spi-builder-workspace/.derivedData/Build/Intermediates.noindex/swift-clocks.build/Debug-xros/Clocks-t.build/Objects-normal/arm64/Clocks-OutputFileMap.json -save-temps -no-color-diagnostics -explicit-module-build -module-cache-path /Users/admin/builder/spi-builder-workspace/.derivedData/Build/Intermediates.noindex/SwiftExplicitPrecompiledModules -clang-scanner-module-cache-path /Users/admin/builder/spi-builder-workspace/.derivedData/ModuleCache.noindex -sdk-module-cache-path /Users/admin/builder/spi-builder-workspace/.derivedData/SDKExplicitPrecompiledModules -emit-dependencies -emit-module -emit-module-path /Users/admin/builder/spi-builder-workspace/.derivedData/Build/Intermediates.noindex/swift-clocks.build/Debug-xros/Clocks-t.build/Objects-normal/arm64/Clocks.swiftmodule -serialize-diagnostics -dependency-scan-serialize-diagnostics-path /Users/admin/builder/spi-builder-workspace/.derivedData/Build/Intermediates.noindex/swift-clocks.build/Debug-xros/Clocks-t.build/Objects-normal/arm64/Clocks-dependency-scan.dia -validate-clang-modules-once -clang-build-session-file /Users/admin/builder/spi-builder-workspace/.derivedData/ModuleCache.noindex/Session.modulevalidation -Xcc -fmodules-prune-interval\=86400 -Xcc -fmodules-prune-after\=345600 -emit-const-values -const-gather-protocols-list /Users/admin/builder/spi-builder-workspace/.derivedData/Build/Intermediates.noindex/swift-clocks.build/Debug-xros/Clocks-t.build/Objects-normal/arm64/Clocks_const_extract_protocols.json -Xcc -I/Users/admin/builder/spi-builder-workspace/.derivedData/Build/Products/Debug-xros/include -Xcc -I/Users/admin/builder/spi-builder-workspace/.derivedData/Build/Intermediates.noindex/swift-clocks.build/Debug-xros/Clocks-t.build/DerivedSources-normal/arm64 -Xcc -I/Users/admin/builder/spi-builder-workspace/.derivedData/Build/Intermediates.noindex/swift-clocks.build/Debug-xros/Clocks-t.build/DerivedSources/arm64 -Xcc -I/Users/admin/builder/spi-builder-workspace/.derivedData/Build/Intermediates.noindex/swift-clocks.build/Debug-xros/Clocks-t.build/DerivedSources -Xcc -DSWIFT_PACKAGE -Xcc -DDEBUG\=1 -emit-objc-header -emit-objc-header-path /Users/admin/builder/spi-builder-workspace/.derivedData/Build/Intermediates.noindex/swift-clocks.build/Debug-xros/Clocks-t.build/Objects-normal/arm64/Clocks-Swift.h -working-directory /Users/admin/builder/spi-builder-workspace/.swiftpm/xcode -experimental-emit-module-separately -disable-cmo
SwiftDriverJobDiscovery normal arm64 Compiling UnimplementedScheduler.swift (in target 'CombineSchedulers' from project 'combine-schedulers')
SwiftCompile normal arm64 Compiling\ ImmediateClock.swift /Users/admin/builder/spi-builder-workspace/.dependencies/checkouts/swift-clocks/Sources/Clocks/ImmediateClock.swift (in target 'Clocks' from project 'swift-clocks')
SwiftCompile normal arm64 /Users/admin/builder/spi-builder-workspace/.dependencies/checkouts/swift-clocks/Sources/Clocks/ImmediateClock.swift (in target 'Clocks' from project 'swift-clocks')
cd /Users/admin/builder/spi-builder-workspace/.swiftpm/xcode
builtin-SwiftPerFileCompile ImmediateClock.swift
SwiftMergeGeneratedHeaders /Users/admin/builder/spi-builder-workspace/.derivedData/Build/Intermediates.noindex/GeneratedModuleMaps-xros/Clocks-Swift.h /Users/admin/builder/spi-builder-workspace/.derivedData/Build/Intermediates.noindex/swift-clocks.build/Debug-xros/Clocks-t.build/Objects-normal/arm64/Clocks-Swift.h (in target 'Clocks' from project 'swift-clocks')
cd /Users/admin/builder/spi-builder-workspace/.dependencies/checkouts/swift-clocks
builtin-swiftHeaderTool -arch arm64 /Users/admin/builder/spi-builder-workspace/.derivedData/Build/Intermediates.noindex/swift-clocks.build/Debug-xros/Clocks-t.build/Objects-normal/arm64/Clocks-Swift.h -o /Users/admin/builder/spi-builder-workspace/.derivedData/Build/Intermediates.noindex/GeneratedModuleMaps-xros/Clocks-Swift.h
SwiftDriverJobDiscovery normal arm64 Compiling AnyScheduler.swift, Concurrency.swift (in target 'CombineSchedulers' from project 'combine-schedulers')
Copy /Users/admin/builder/spi-builder-workspace/.derivedData/Build/Products/Debug-xros/Clocks.swiftmodule/arm64-apple-xros.swiftmodule /Users/admin/builder/spi-builder-workspace/.derivedData/Build/Intermediates.noindex/swift-clocks.build/Debug-xros/Clocks-t.build/Objects-normal/arm64/Clocks.swiftmodule (in target 'Clocks' from project 'swift-clocks')
cd /Users/admin/builder/spi-builder-workspace/.dependencies/checkouts/swift-clocks
builtin-copy -exclude .DS_Store -exclude CVS -exclude .svn -exclude .git -exclude .hg -resolve-src-symlinks -rename /Users/admin/builder/spi-builder-workspace/.derivedData/Build/Intermediates.noindex/swift-clocks.build/Debug-xros/Clocks-t.build/Objects-normal/arm64/Clocks.swiftmodule /Users/admin/builder/spi-builder-workspace/.derivedData/Build/Products/Debug-xros/Clocks.swiftmodule/arm64-apple-xros.swiftmodule
Copy /Users/admin/builder/spi-builder-workspace/.derivedData/Build/Products/Debug-xros/Clocks.swiftmodule/arm64-apple-xros.swiftdoc /Users/admin/builder/spi-builder-workspace/.derivedData/Build/Intermediates.noindex/swift-clocks.build/Debug-xros/Clocks-t.build/Objects-normal/arm64/Clocks.swiftdoc (in target 'Clocks' from project 'swift-clocks')
cd /Users/admin/builder/spi-builder-workspace/.dependencies/checkouts/swift-clocks
builtin-copy -exclude .DS_Store -exclude CVS -exclude .svn -exclude .git -exclude .hg -resolve-src-symlinks -rename /Users/admin/builder/spi-builder-workspace/.derivedData/Build/Intermediates.noindex/swift-clocks.build/Debug-xros/Clocks-t.build/Objects-normal/arm64/Clocks.swiftdoc /Users/admin/builder/spi-builder-workspace/.derivedData/Build/Products/Debug-xros/Clocks.swiftmodule/arm64-apple-xros.swiftdoc
Copy /Users/admin/builder/spi-builder-workspace/.derivedData/Build/Products/Debug-xros/Clocks.swiftmodule/arm64-apple-xros.abi.json /Users/admin/builder/spi-builder-workspace/.derivedData/Build/Intermediates.noindex/swift-clocks.build/Debug-xros/Clocks-t.build/Objects-normal/arm64/Clocks.abi.json (in target 'Clocks' from project 'swift-clocks')
cd /Users/admin/builder/spi-builder-workspace/.dependencies/checkouts/swift-clocks
builtin-copy -exclude .DS_Store -exclude CVS -exclude .svn -exclude .git -exclude .hg -resolve-src-symlinks -rename /Users/admin/builder/spi-builder-workspace/.derivedData/Build/Intermediates.noindex/swift-clocks.build/Debug-xros/Clocks-t.build/Objects-normal/arm64/Clocks.abi.json /Users/admin/builder/spi-builder-workspace/.derivedData/Build/Products/Debug-xros/Clocks.swiftmodule/arm64-apple-xros.abi.json
Copy /Users/admin/builder/spi-builder-workspace/.derivedData/Build/Products/Debug-xros/Clocks.swiftmodule/Project/arm64-apple-xros.swiftsourceinfo /Users/admin/builder/spi-builder-workspace/.derivedData/Build/Intermediates.noindex/swift-clocks.build/Debug-xros/Clocks-t.build/Objects-normal/arm64/Clocks.swiftsourceinfo (in target 'Clocks' from project 'swift-clocks')
cd /Users/admin/builder/spi-builder-workspace/.dependencies/checkouts/swift-clocks
builtin-copy -exclude .DS_Store -exclude CVS -exclude .svn -exclude .git -exclude .hg -resolve-src-symlinks -rename /Users/admin/builder/spi-builder-workspace/.derivedData/Build/Intermediates.noindex/swift-clocks.build/Debug-xros/Clocks-t.build/Objects-normal/arm64/Clocks.swiftsourceinfo /Users/admin/builder/spi-builder-workspace/.derivedData/Build/Products/Debug-xros/Clocks.swiftmodule/Project/arm64-apple-xros.swiftsourceinfo
SwiftCompile normal arm64 Compiling\ Shims.swift /Users/admin/builder/spi-builder-workspace/.dependencies/checkouts/swift-clocks/Sources/Clocks/Shims.swift (in target 'Clocks' from project 'swift-clocks')
SwiftCompile normal arm64 /Users/admin/builder/spi-builder-workspace/.dependencies/checkouts/swift-clocks/Sources/Clocks/Shims.swift (in target 'Clocks' from project 'swift-clocks')
cd /Users/admin/builder/spi-builder-workspace/.swiftpm/xcode
builtin-SwiftPerFileCompile Shims.swift
SwiftDriverJobDiscovery normal arm64 Emitting module for CombineSchedulers (in target 'CombineSchedulers' from project 'combine-schedulers')
SwiftCompile normal arm64 Compiling\ UnimplementedClock.swift /Users/admin/builder/spi-builder-workspace/.dependencies/checkouts/swift-clocks/Sources/Clocks/UnimplementedClock.swift (in target 'Clocks' from project 'swift-clocks')
SwiftCompile normal arm64 /Users/admin/builder/spi-builder-workspace/.dependencies/checkouts/swift-clocks/Sources/Clocks/UnimplementedClock.swift (in target 'Clocks' from project 'swift-clocks')
cd /Users/admin/builder/spi-builder-workspace/.swiftpm/xcode
builtin-SwiftPerFileCompile UnimplementedClock.swift
SwiftDriver\ Compilation\ Requirements CombineSchedulers normal arm64 com.apple.xcode.tools.swift.compiler (in target 'CombineSchedulers' from project 'combine-schedulers')
cd /Users/admin/builder/spi-builder-workspace/.swiftpm/xcode
builtin-Swift-Compilation-Requirements -- /Applications/Xcode-27.0.0-Release.Candidate.app/Contents/Developer/Toolchains/XcodeDefault.xctoolchain/usr/bin/swiftc -parse-as-library -module-name CombineSchedulers -Onone @/Users/admin/builder/spi-builder-workspace/.derivedData/Build/Intermediates.noindex/combine-schedulers.build/Debug-xros/CombineSchedulers-t.build/Objects-normal/arm64/CombineSchedulers.SwiftFileList -DSWIFT_PACKAGE -DDEBUG -DSWIFT_MODULE_RESOURCE_BUNDLE_UNAVAILABLE -DXcode -plugin-path /Applications/Xcode-27.0.0-Release.Candidate.app/Contents/Developer/Toolchains/XcodeDefault.xctoolchain/usr/lib/swift/host/plugins/testing -enable-experimental-feature DebugDescriptionMacro -sdk /Applications/Xcode-27.0.0-Release.Candidate.app/Contents/Developer/Platforms/XROS.platform/Developer/SDKs/XROS27.0.sdk -target arm64-apple-xros1.0 -g -module-cache-path /Users/admin/builder/spi-builder-workspace/.derivedData/ModuleCache.noindex -Xfrontend -serialize-debugging-options -profile-coverage-mapping -profile-generate -enable-testing -suppress-warnings -index-store-path /Users/admin/builder/spi-builder-workspace/.derivedData/Index.noindex/DataStore -Xcc -D_LIBCPP_HARDENING_MODE\=_LIBCPP_HARDENING_MODE_DEBUG -swift-version 5 -I /Users/admin/builder/spi-builder-workspace/.derivedData/Build/Products/Debug-xros -Isystem /Applications/Xcode-27.0.0-Release.Candidate.app/Contents/Developer/Platforms/XROS.platform/Developer/usr/lib -F /Users/admin/builder/spi-builder-workspace/.derivedData/Build/Products/Debug-xros/PackageFrameworks -F /Users/admin/builder/spi-builder-workspace/.derivedData/Build/Products/Debug-xros -F /Applications/Xcode-27.0.0-Release.Candidate.app/Contents/Developer/Platforms/XROS.platform/Developer/Library/Frameworks -F /Applications/Xcode-27.0.0-Release.Candidate.app/Contents/Developer/Platforms/XROS.platform/Developer/SDKs/XROS27.0.sdk/Developer/Library/Frameworks -c -j10 -enable-batch-mode -incremental -Xcc -ivfsstatcache -Xcc /Users/admin/builder/spi-builder-workspace/.derivedData/SDKStatCaches.noindex/xros27.0-24M361-e829b21a6f8c9b70876ba0858053c044735bd543db762f57723cac368afd1ce4.sdkstatcache -output-file-map /Users/admin/builder/spi-builder-workspace/.derivedData/Build/Intermediates.noindex/combine-schedulers.build/Debug-xros/CombineSchedulers-t.build/Objects-normal/arm64/CombineSchedulers-OutputFileMap.json -save-temps -no-color-diagnostics -explicit-module-build -module-cache-path /Users/admin/builder/spi-builder-workspace/.derivedData/Build/Intermediates.noindex/SwiftExplicitPrecompiledModules -clang-scanner-module-cache-path /Users/admin/builder/spi-builder-workspace/.derivedData/ModuleCache.noindex -sdk-module-cache-path /Users/admin/builder/spi-builder-workspace/.derivedData/SDKExplicitPrecompiledModules -emit-dependencies -emit-module -emit-module-path /Users/admin/builder/spi-builder-workspace/.derivedData/Build/Intermediates.noindex/combine-schedulers.build/Debug-xros/CombineSchedulers-t.build/Objects-normal/arm64/CombineSchedulers.swiftmodule -serialize-diagnostics -dependency-scan-serialize-diagnostics-path /Users/admin/builder/spi-builder-workspace/.derivedData/Build/Intermediates.noindex/combine-schedulers.build/Debug-xros/CombineSchedulers-t.build/Objects-normal/arm64/CombineSchedulers-dependency-scan.dia -validate-clang-modules-once -clang-build-session-file /Users/admin/builder/spi-builder-workspace/.derivedData/ModuleCache.noindex/Session.modulevalidation -Xcc -fmodules-prune-interval\=86400 -Xcc -fmodules-prune-after\=345600 -emit-const-values -const-gather-protocols-list /Users/admin/builder/spi-builder-workspace/.derivedData/Build/Intermediates.noindex/combine-schedulers.build/Debug-xros/CombineSchedulers-t.build/Objects-normal/arm64/CombineSchedulers_const_extract_protocols.json -Xcc -I/Users/admin/builder/spi-builder-workspace/.derivedData/Build/Products/Debug-xros/include -Xcc -I/Users/admin/builder/spi-builder-workspace/.derivedData/Build/Intermediates.noindex/combine-schedulers.build/Debug-xros/CombineSchedulers-t.build/DerivedSources-normal/arm64 -Xcc -I/Users/admin/builder/spi-builder-workspace/.derivedData/Build/Intermediates.noindex/combine-schedulers.build/Debug-xros/CombineSchedulers-t.build/DerivedSources/arm64 -Xcc -I/Users/admin/builder/spi-builder-workspace/.derivedData/Build/Intermediates.noindex/combine-schedulers.build/Debug-xros/CombineSchedulers-t.build/DerivedSources -Xcc -DSWIFT_PACKAGE -Xcc -DDEBUG\=1 -emit-objc-header -emit-objc-header-path /Users/admin/builder/spi-builder-workspace/.derivedData/Build/Intermediates.noindex/combine-schedulers.build/Debug-xros/CombineSchedulers-t.build/Objects-normal/arm64/CombineSchedulers-Swift.h -working-directory /Users/admin/builder/spi-builder-workspace/.swiftpm/xcode -experimental-emit-module-separately -disable-cmo
SwiftDriverJobDiscovery normal arm64 Compiling Timer.swift (in target 'CombineSchedulers' from project 'combine-schedulers')
SwiftCompile normal arm64 Compiling\ Timer.swift /Users/admin/builder/spi-builder-workspace/.dependencies/checkouts/swift-clocks/Sources/Clocks/Timer.swift (in target 'Clocks' from project 'swift-clocks')
SwiftCompile normal arm64 /Users/admin/builder/spi-builder-workspace/.dependencies/checkouts/swift-clocks/Sources/Clocks/Timer.swift (in target 'Clocks' from project 'swift-clocks')
cd /Users/admin/builder/spi-builder-workspace/.swiftpm/xcode
builtin-SwiftPerFileCompile Timer.swift
SwiftMergeGeneratedHeaders /Users/admin/builder/spi-builder-workspace/.derivedData/Build/Intermediates.noindex/GeneratedModuleMaps-xros/CombineSchedulers-Swift.h /Users/admin/builder/spi-builder-workspace/.derivedData/Build/Intermediates.noindex/combine-schedulers.build/Debug-xros/CombineSchedulers-t.build/Objects-normal/arm64/CombineSchedulers-Swift.h (in target 'CombineSchedulers' from project 'combine-schedulers')
cd /Users/admin/builder/spi-builder-workspace/.dependencies/checkouts/combine-schedulers
builtin-swiftHeaderTool -arch arm64 /Users/admin/builder/spi-builder-workspace/.derivedData/Build/Intermediates.noindex/combine-schedulers.build/Debug-xros/CombineSchedulers-t.build/Objects-normal/arm64/CombineSchedulers-Swift.h -o /Users/admin/builder/spi-builder-workspace/.derivedData/Build/Intermediates.noindex/GeneratedModuleMaps-xros/CombineSchedulers-Swift.h
SwiftDriverJobDiscovery normal arm64 Compiling Lock.swift (in target 'Clocks' from project 'swift-clocks')
Copy /Users/admin/builder/spi-builder-workspace/.derivedData/Build/Products/Debug-xros/CombineSchedulers.swiftmodule/arm64-apple-xros.swiftmodule /Users/admin/builder/spi-builder-workspace/.derivedData/Build/Intermediates.noindex/combine-schedulers.build/Debug-xros/CombineSchedulers-t.build/Objects-normal/arm64/CombineSchedulers.swiftmodule (in target 'CombineSchedulers' from project 'combine-schedulers')
cd /Users/admin/builder/spi-builder-workspace/.dependencies/checkouts/combine-schedulers
builtin-copy -exclude .DS_Store -exclude CVS -exclude .svn -exclude .git -exclude .hg -resolve-src-symlinks -rename /Users/admin/builder/spi-builder-workspace/.derivedData/Build/Intermediates.noindex/combine-schedulers.build/Debug-xros/CombineSchedulers-t.build/Objects-normal/arm64/CombineSchedulers.swiftmodule /Users/admin/builder/spi-builder-workspace/.derivedData/Build/Products/Debug-xros/CombineSchedulers.swiftmodule/arm64-apple-xros.swiftmodule
Copy /Users/admin/builder/spi-builder-workspace/.derivedData/Build/Products/Debug-xros/CombineSchedulers.swiftmodule/arm64-apple-xros.swiftdoc /Users/admin/builder/spi-builder-workspace/.derivedData/Build/Intermediates.noindex/combine-schedulers.build/Debug-xros/CombineSchedulers-t.build/Objects-normal/arm64/CombineSchedulers.swiftdoc (in target 'CombineSchedulers' from project 'combine-schedulers')
cd /Users/admin/builder/spi-builder-workspace/.dependencies/checkouts/combine-schedulers
builtin-copy -exclude .DS_Store -exclude CVS -exclude .svn -exclude .git -exclude .hg -resolve-src-symlinks -rename /Users/admin/builder/spi-builder-workspace/.derivedData/Build/Intermediates.noindex/combine-schedulers.build/Debug-xros/CombineSchedulers-t.build/Objects-normal/arm64/CombineSchedulers.swiftdoc /Users/admin/builder/spi-builder-workspace/.derivedData/Build/Products/Debug-xros/CombineSchedulers.swiftmodule/arm64-apple-xros.swiftdoc
Copy /Users/admin/builder/spi-builder-workspace/.derivedData/Build/Products/Debug-xros/CombineSchedulers.swiftmodule/arm64-apple-xros.abi.json /Users/admin/builder/spi-builder-workspace/.derivedData/Build/Intermediates.noindex/combine-schedulers.build/Debug-xros/CombineSchedulers-t.build/Objects-normal/arm64/CombineSchedulers.abi.json (in target 'CombineSchedulers' from project 'combine-schedulers')
cd /Users/admin/builder/spi-builder-workspace/.dependencies/checkouts/combine-schedulers
builtin-copy -exclude .DS_Store -exclude CVS -exclude .svn -exclude .git -exclude .hg -resolve-src-symlinks -rename /Users/admin/builder/spi-builder-workspace/.derivedData/Build/Intermediates.noindex/combine-schedulers.build/Debug-xros/CombineSchedulers-t.build/Objects-normal/arm64/CombineSchedulers.abi.json /Users/admin/builder/spi-builder-workspace/.derivedData/Build/Products/Debug-xros/CombineSchedulers.swiftmodule/arm64-apple-xros.abi.json
Copy /Users/admin/builder/spi-builder-workspace/.derivedData/Build/Products/Debug-xros/CombineSchedulers.swiftmodule/Project/arm64-apple-xros.swiftsourceinfo /Users/admin/builder/spi-builder-workspace/.derivedData/Build/Intermediates.noindex/combine-schedulers.build/Debug-xros/CombineSchedulers-t.build/Objects-normal/arm64/CombineSchedulers.swiftsourceinfo (in target 'CombineSchedulers' from project 'combine-schedulers')
cd /Users/admin/builder/spi-builder-workspace/.dependencies/checkouts/combine-schedulers
builtin-copy -exclude .DS_Store -exclude CVS -exclude .svn -exclude .git -exclude .hg -resolve-src-symlinks -rename /Users/admin/builder/spi-builder-workspace/.derivedData/Build/Intermediates.noindex/combine-schedulers.build/Debug-xros/CombineSchedulers-t.build/Objects-normal/arm64/CombineSchedulers.swiftsourceinfo /Users/admin/builder/spi-builder-workspace/.derivedData/Build/Products/Debug-xros/CombineSchedulers.swiftmodule/Project/arm64-apple-xros.swiftsourceinfo
SwiftCompile normal arm64 Compiling\ AnyClock.swift /Users/admin/builder/spi-builder-workspace/.dependencies/checkouts/swift-clocks/Sources/Clocks/AnyClock.swift (in target 'Clocks' from project 'swift-clocks')
SwiftCompile normal arm64 /Users/admin/builder/spi-builder-workspace/.dependencies/checkouts/swift-clocks/Sources/Clocks/AnyClock.swift (in target 'Clocks' from project 'swift-clocks')
cd /Users/admin/builder/spi-builder-workspace/.swiftpm/xcode
builtin-SwiftPerFileCompile AnyClock.swift
SwiftCompile normal arm64 Compiling\ _AsyncTimerSequence.swift /Users/admin/builder/spi-builder-workspace/.dependencies/checkouts/swift-clocks/Sources/Clocks/Internal/_AsyncTimerSequence.swift (in target 'Clocks' from project 'swift-clocks')
SwiftCompile normal arm64 /Users/admin/builder/spi-builder-workspace/.dependencies/checkouts/swift-clocks/Sources/Clocks/Internal/_AsyncTimerSequence.swift (in target 'Clocks' from project 'swift-clocks')
cd /Users/admin/builder/spi-builder-workspace/.swiftpm/xcode
builtin-SwiftPerFileCompile _AsyncTimerSequence.swift
SwiftDriverJobDiscovery normal arm64 Compiling Shims.swift (in target 'Clocks' from project 'swift-clocks')
SwiftCompile normal arm64 Compiling\ TestClock.swift /Users/admin/builder/spi-builder-workspace/.dependencies/checkouts/swift-clocks/Sources/Clocks/TestClock.swift (in target 'Clocks' from project 'swift-clocks')
SwiftCompile normal arm64 /Users/admin/builder/spi-builder-workspace/.dependencies/checkouts/swift-clocks/Sources/Clocks/TestClock.swift (in target 'Clocks' from project 'swift-clocks')
cd /Users/admin/builder/spi-builder-workspace/.swiftpm/xcode
builtin-SwiftPerFileCompile TestClock.swift
SwiftDriverJobDiscovery normal arm64 Compiling ImmediateScheduler.swift, Deprecations.swift (in target 'CombineSchedulers' from project 'combine-schedulers')
SwiftDriverJobDiscovery normal arm64 Compiling TestScheduler.swift (in target 'CombineSchedulers' from project 'combine-schedulers')
SwiftDriverJobDiscovery normal arm64 Compiling ImmediateClock.swift (in target 'Clocks' from project 'swift-clocks')
SwiftDriver Dependencies normal arm64 com.apple.xcode.tools.swift.compiler (in target 'Dependencies' from project 'swift-dependencies')
cd /Users/admin/builder/spi-builder-workspace/.swiftpm/xcode
builtin-SwiftDriver -- /Applications/Xcode-27.0.0-Release.Candidate.app/Contents/Developer/Toolchains/XcodeDefault.xctoolchain/usr/bin/swiftc -parse-as-library -module-name Dependencies -Onone @/Users/admin/builder/spi-builder-workspace/.derivedData/Build/Intermediates.noindex/swift-dependencies.build/Debug-xros/Dependencies-t.build/Objects-normal/arm64/Dependencies.SwiftFileList -DSWIFT_PACKAGE -DDEBUG -DSWIFT_MODULE_RESOURCE_BUNDLE_UNAVAILABLE -DXcode -plugin-path /Applications/Xcode-27.0.0-Release.Candidate.app/Contents/Developer/Toolchains/XcodeDefault.xctoolchain/usr/lib/swift/host/plugins/testing -enable-experimental-feature DebugDescriptionMacro -sdk /Applications/Xcode-27.0.0-Release.Candidate.app/Contents/Developer/Platforms/XROS.platform/Developer/SDKs/XROS27.0.sdk -target arm64-apple-xros1.0 -g -module-cache-path /Users/admin/builder/spi-builder-workspace/.derivedData/ModuleCache.noindex -Xfrontend -serialize-debugging-options -profile-coverage-mapping -profile-generate -enable-testing -suppress-warnings -index-store-path /Users/admin/builder/spi-builder-workspace/.derivedData/Index.noindex/DataStore -Xcc -D_LIBCPP_HARDENING_MODE\=_LIBCPP_HARDENING_MODE_DEBUG -swift-version 5 -I /Users/admin/builder/spi-builder-workspace/.derivedData/Build/Products/Debug-xros -Isystem /Applications/Xcode-27.0.0-Release.Candidate.app/Contents/Developer/Platforms/XROS.platform/Developer/usr/lib -F /Users/admin/builder/spi-builder-workspace/.derivedData/Build/Products/Debug-xros/PackageFrameworks -F /Users/admin/builder/spi-builder-workspace/.derivedData/Build/Products/Debug-xros -F /Applications/Xcode-27.0.0-Release.Candidate.app/Contents/Developer/Platforms/XROS.platform/Developer/Library/Frameworks -F /Applications/Xcode-27.0.0-Release.Candidate.app/Contents/Developer/Platforms/XROS.platform/Developer/SDKs/XROS27.0.sdk/Developer/Library/Frameworks -c -j10 -enable-batch-mode -incremental -Xcc -ivfsstatcache -Xcc /Users/admin/builder/spi-builder-workspace/.derivedData/SDKStatCaches.noindex/xros27.0-24M361-e829b21a6f8c9b70876ba0858053c044735bd543db762f57723cac368afd1ce4.sdkstatcache -output-file-map /Users/admin/builder/spi-builder-workspace/.derivedData/Build/Intermediates.noindex/swift-dependencies.build/Debug-xros/Dependencies-t.build/Objects-normal/arm64/Dependencies-OutputFileMap.json -save-temps -no-color-diagnostics -explicit-module-build -module-cache-path /Users/admin/builder/spi-builder-workspace/.derivedData/Build/Intermediates.noindex/SwiftExplicitPrecompiledModules -clang-scanner-module-cache-path /Users/admin/builder/spi-builder-workspace/.derivedData/ModuleCache.noindex -sdk-module-cache-path /Users/admin/builder/spi-builder-workspace/.derivedData/SDKExplicitPrecompiledModules -emit-dependencies -emit-module -emit-module-path /Users/admin/builder/spi-builder-workspace/.derivedData/Build/Intermediates.noindex/swift-dependencies.build/Debug-xros/Dependencies-t.build/Objects-normal/arm64/Dependencies.swiftmodule -serialize-diagnostics -dependency-scan-serialize-diagnostics-path /Users/admin/builder/spi-builder-workspace/.derivedData/Build/Intermediates.noindex/swift-dependencies.build/Debug-xros/Dependencies-t.build/Objects-normal/arm64/Dependencies-dependency-scan.dia -validate-clang-modules-once -clang-build-session-file /Users/admin/builder/spi-builder-workspace/.derivedData/ModuleCache.noindex/Session.modulevalidation -Xcc -fmodules-prune-interval\=86400 -Xcc -fmodules-prune-after\=345600 -emit-const-values -const-gather-protocols-list /Users/admin/builder/spi-builder-workspace/.derivedData/Build/Intermediates.noindex/swift-dependencies.build/Debug-xros/Dependencies-t.build/Objects-normal/arm64/Dependencies_const_extract_protocols.json -Xcc -I/Users/admin/builder/spi-builder-workspace/.derivedData/Build/Products/Debug-xros/include -Xcc -I/Users/admin/builder/spi-builder-workspace/.derivedData/Build/Intermediates.noindex/swift-dependencies.build/Debug-xros/Dependencies-t.build/DerivedSources-normal/arm64 -Xcc -I/Users/admin/builder/spi-builder-workspace/.derivedData/Build/Intermediates.noindex/swift-dependencies.build/Debug-xros/Dependencies-t.build/DerivedSources/arm64 -Xcc -I/Users/admin/builder/spi-builder-workspace/.derivedData/Build/Intermediates.noindex/swift-dependencies.build/Debug-xros/Dependencies-t.build/DerivedSources -Xcc -DSWIFT_PACKAGE -Xcc -DDEBUG\=1 -emit-objc-header -emit-objc-header-path /Users/admin/builder/spi-builder-workspace/.derivedData/Build/Intermediates.noindex/swift-dependencies.build/Debug-xros/Dependencies-t.build/Objects-normal/arm64/Dependencies-Swift.h -working-directory /Users/admin/builder/spi-builder-workspace/.swiftpm/xcode -experimental-emit-module-separately -disable-cmo
SwiftDriverJobDiscovery normal arm64 Compiling Timer.swift (in target 'Clocks' from project 'swift-clocks')
SwiftDriverJobDiscovery normal arm64 Compiling UnimplementedClock.swift (in target 'Clocks' from project 'swift-clocks')
SwiftDriverJobDiscovery normal arm64 Compiling AnyClock.swift (in target 'Clocks' from project 'swift-clocks')
SwiftDriverJobDiscovery normal arm64 Compiling _AsyncTimerSequence.swift (in target 'Clocks' from project 'swift-clocks')
SwiftDriverJobDiscovery normal arm64 Compiling TestClock.swift (in target 'Clocks' from project 'swift-clocks')
SwiftCompile normal arm64 Compiling\ Dependency.swift,\ DependencyContext.swift,\ DependencyKey.swift /Users/admin/builder/spi-builder-workspace/.dependencies/checkouts/swift-dependencies/Sources/Dependencies/Dependency.swift /Users/admin/builder/spi-builder-workspace/.dependencies/checkouts/swift-dependencies/Sources/Dependencies/DependencyContext.swift /Users/admin/builder/spi-builder-workspace/.dependencies/checkouts/swift-dependencies/Sources/Dependencies/DependencyKey.swift (in target 'Dependencies' from project 'swift-dependencies')
SwiftCompile normal arm64 /Users/admin/builder/spi-builder-workspace/.dependencies/checkouts/swift-dependencies/Sources/Dependencies/Dependency.swift (in target 'Dependencies' from project 'swift-dependencies')
cd /Users/admin/builder/spi-builder-workspace/.swiftpm/xcode
builtin-SwiftPerFileCompile Dependency.swift
SwiftCompile normal arm64 /Users/admin/builder/spi-builder-workspace/.dependencies/checkouts/swift-dependencies/Sources/Dependencies/DependencyContext.swift (in target 'Dependencies' from project 'swift-dependencies')
cd /Users/admin/builder/spi-builder-workspace/.swiftpm/xcode
builtin-SwiftPerFileCompile DependencyContext.swift
SwiftCompile normal arm64 /Users/admin/builder/spi-builder-workspace/.dependencies/checkouts/swift-dependencies/Sources/Dependencies/DependencyKey.swift (in target 'Dependencies' from project 'swift-dependencies')
cd /Users/admin/builder/spi-builder-workspace/.swiftpm/xcode
builtin-SwiftPerFileCompile DependencyKey.swift
SwiftCompile normal arm64 Compiling\ TimeZone.swift,\ URLSession.swift /Users/admin/builder/spi-builder-workspace/.dependencies/checkouts/swift-dependencies/Sources/Dependencies/DependencyValues/TimeZone.swift /Users/admin/builder/spi-builder-workspace/.dependencies/checkouts/swift-dependencies/Sources/Dependencies/DependencyValues/URLSession.swift (in target 'Dependencies' from project 'swift-dependencies')
SwiftCompile normal arm64 /Users/admin/builder/spi-builder-workspace/.dependencies/checkouts/swift-dependencies/Sources/Dependencies/DependencyValues/TimeZone.swift (in target 'Dependencies' from project 'swift-dependencies')
cd /Users/admin/builder/spi-builder-workspace/.swiftpm/xcode
builtin-SwiftPerFileCompile TimeZone.swift
SwiftCompile normal arm64 /Users/admin/builder/spi-builder-workspace/.dependencies/checkouts/swift-dependencies/Sources/Dependencies/DependencyValues/URLSession.swift (in target 'Dependencies' from project 'swift-dependencies')
cd /Users/admin/builder/spi-builder-workspace/.swiftpm/xcode
builtin-SwiftPerFileCompile URLSession.swift
SwiftCompile normal arm64 Compiling\ MainRunLoop.swift,\ OpenURL.swift /Users/admin/builder/spi-builder-workspace/.dependencies/checkouts/swift-dependencies/Sources/Dependencies/DependencyValues/MainRunLoop.swift /Users/admin/builder/spi-builder-workspace/.dependencies/checkouts/swift-dependencies/Sources/Dependencies/DependencyValues/OpenURL.swift (in target 'Dependencies' from project 'swift-dependencies')
SwiftCompile normal arm64 /Users/admin/builder/spi-builder-workspace/.dependencies/checkouts/swift-dependencies/Sources/Dependencies/DependencyValues/MainRunLoop.swift (in target 'Dependencies' from project 'swift-dependencies')
cd /Users/admin/builder/spi-builder-workspace/.swiftpm/xcode
builtin-SwiftPerFileCompile MainRunLoop.swift
SwiftCompile normal arm64 /Users/admin/builder/spi-builder-workspace/.dependencies/checkouts/swift-dependencies/Sources/Dependencies/DependencyValues/OpenURL.swift (in target 'Dependencies' from project 'swift-dependencies')
cd /Users/admin/builder/spi-builder-workspace/.swiftpm/xcode
builtin-SwiftPerFileCompile OpenURL.swift
SwiftCompile normal arm64 Compiling\ DependencyValues.swift,\ Calendar.swift,\ Clocks.swift /Users/admin/builder/spi-builder-workspace/.dependencies/checkouts/swift-dependencies/Sources/Dependencies/DependencyValues.swift /Users/admin/builder/spi-builder-workspace/.dependencies/checkouts/swift-dependencies/Sources/Dependencies/DependencyValues/Calendar.swift /Users/admin/builder/spi-builder-workspace/.dependencies/checkouts/swift-dependencies/Sources/Dependencies/DependencyValues/Clocks.swift (in target 'Dependencies' from project 'swift-dependencies')
SwiftCompile normal arm64 /Users/admin/builder/spi-builder-workspace/.dependencies/checkouts/swift-dependencies/Sources/Dependencies/DependencyValues.swift (in target 'Dependencies' from project 'swift-dependencies')
cd /Users/admin/builder/spi-builder-workspace/.swiftpm/xcode
builtin-SwiftPerFileCompile DependencyValues.swift
SwiftCompile normal arm64 /Users/admin/builder/spi-builder-workspace/.dependencies/checkouts/swift-dependencies/Sources/Dependencies/DependencyValues/Calendar.swift (in target 'Dependencies' from project 'swift-dependencies')
cd /Users/admin/builder/spi-builder-workspace/.swiftpm/xcode
builtin-SwiftPerFileCompile Calendar.swift
SwiftCompile normal arm64 /Users/admin/builder/spi-builder-workspace/.dependencies/checkouts/swift-dependencies/Sources/Dependencies/DependencyValues/Clocks.swift (in target 'Dependencies' from project 'swift-dependencies')
cd /Users/admin/builder/spi-builder-workspace/.swiftpm/xcode
builtin-SwiftPerFileCompile Clocks.swift
SwiftCompile normal arm64 Compiling\ UUID.swift,\ WithRandomNumberGenerator.swift /Users/admin/builder/spi-builder-workspace/.dependencies/checkouts/swift-dependencies/Sources/Dependencies/DependencyValues/UUID.swift /Users/admin/builder/spi-builder-workspace/.dependencies/checkouts/swift-dependencies/Sources/Dependencies/DependencyValues/WithRandomNumberGenerator.swift (in target 'Dependencies' from project 'swift-dependencies')
SwiftCompile normal arm64 /Users/admin/builder/spi-builder-workspace/.dependencies/checkouts/swift-dependencies/Sources/Dependencies/DependencyValues/UUID.swift (in target 'Dependencies' from project 'swift-dependencies')
cd /Users/admin/builder/spi-builder-workspace/.swiftpm/xcode
builtin-SwiftPerFileCompile UUID.swift
SwiftCompile normal arm64 /Users/admin/builder/spi-builder-workspace/.dependencies/checkouts/swift-dependencies/Sources/Dependencies/DependencyValues/WithRandomNumberGenerator.swift (in target 'Dependencies' from project 'swift-dependencies')
cd /Users/admin/builder/spi-builder-workspace/.swiftpm/xcode
builtin-SwiftPerFileCompile WithRandomNumberGenerator.swift
SwiftEmitModule normal arm64 Emitting\ module\ for\ Dependencies (in target 'Dependencies' from project 'swift-dependencies')
SwiftCompile normal arm64 (in target 'Dependencies' from project 'swift-dependencies')
cd /Users/admin/builder/spi-builder-workspace/.swiftpm/xcode
SwiftCompile normal arm64 Compiling\ TypeName.swift,\ WithDependencies.swift /Users/admin/builder/spi-builder-workspace/.dependencies/checkouts/swift-dependencies/Sources/Dependencies/Internal/TypeName.swift /Users/admin/builder/spi-builder-workspace/.dependencies/checkouts/swift-dependencies/Sources/Dependencies/WithDependencies.swift (in target 'Dependencies' from project 'swift-dependencies')
SwiftCompile normal arm64 /Users/admin/builder/spi-builder-workspace/.dependencies/checkouts/swift-dependencies/Sources/Dependencies/Internal/TypeName.swift (in target 'Dependencies' from project 'swift-dependencies')
cd /Users/admin/builder/spi-builder-workspace/.swiftpm/xcode
builtin-SwiftPerFileCompile TypeName.swift
SwiftCompile normal arm64 /Users/admin/builder/spi-builder-workspace/.dependencies/checkouts/swift-dependencies/Sources/Dependencies/WithDependencies.swift (in target 'Dependencies' from project 'swift-dependencies')
cd /Users/admin/builder/spi-builder-workspace/.swiftpm/xcode
builtin-SwiftPerFileCompile WithDependencies.swift
SwiftCompile normal arm64 Compiling\ Deprecations.swift,\ Exports.swift /Users/admin/builder/spi-builder-workspace/.dependencies/checkouts/swift-dependencies/Sources/Dependencies/Internal/Deprecations.swift /Users/admin/builder/spi-builder-workspace/.dependencies/checkouts/swift-dependencies/Sources/Dependencies/Internal/Exports.swift (in target 'Dependencies' from project 'swift-dependencies')
SwiftCompile normal arm64 /Users/admin/builder/spi-builder-workspace/.dependencies/checkouts/swift-dependencies/Sources/Dependencies/Internal/Deprecations.swift (in target 'Dependencies' from project 'swift-dependencies')
cd /Users/admin/builder/spi-builder-workspace/.swiftpm/xcode
builtin-SwiftPerFileCompile Deprecations.swift
SwiftCompile normal arm64 /Users/admin/builder/spi-builder-workspace/.dependencies/checkouts/swift-dependencies/Sources/Dependencies/Internal/Exports.swift (in target 'Dependencies' from project 'swift-dependencies')
cd /Users/admin/builder/spi-builder-workspace/.swiftpm/xcode
builtin-SwiftPerFileCompile Exports.swift
SwiftDriverJobDiscovery normal arm64 Compiling TimeZone.swift, URLSession.swift (in target 'Dependencies' from project 'swift-dependencies')
SwiftCompile normal arm64 Compiling\ Locale.swift,\ MainQueue.swift /Users/admin/builder/spi-builder-workspace/.dependencies/checkouts/swift-dependencies/Sources/Dependencies/DependencyValues/Locale.swift /Users/admin/builder/spi-builder-workspace/.dependencies/checkouts/swift-dependencies/Sources/Dependencies/DependencyValues/MainQueue.swift (in target 'Dependencies' from project 'swift-dependencies')
SwiftCompile normal arm64 /Users/admin/builder/spi-builder-workspace/.dependencies/checkouts/swift-dependencies/Sources/Dependencies/DependencyValues/Locale.swift (in target 'Dependencies' from project 'swift-dependencies')
cd /Users/admin/builder/spi-builder-workspace/.swiftpm/xcode
builtin-SwiftPerFileCompile Locale.swift
SwiftCompile normal arm64 /Users/admin/builder/spi-builder-workspace/.dependencies/checkouts/swift-dependencies/Sources/Dependencies/DependencyValues/MainQueue.swift (in target 'Dependencies' from project 'swift-dependencies')
cd /Users/admin/builder/spi-builder-workspace/.swiftpm/xcode
builtin-SwiftPerFileCompile MainQueue.swift
SwiftDriverJobDiscovery normal arm64 Compiling UUID.swift, WithRandomNumberGenerator.swift (in target 'Dependencies' from project 'swift-dependencies')
SwiftCompile normal arm64 Compiling\ OpenExistential.swift,\ RuntimeWarnings.swift /Users/admin/builder/spi-builder-workspace/.dependencies/checkouts/swift-dependencies/Sources/Dependencies/Internal/OpenExistential.swift /Users/admin/builder/spi-builder-workspace/.dependencies/checkouts/swift-dependencies/Sources/Dependencies/Internal/RuntimeWarnings.swift (in target 'Dependencies' from project 'swift-dependencies')
SwiftCompile normal arm64 /Users/admin/builder/spi-builder-workspace/.dependencies/checkouts/swift-dependencies/Sources/Dependencies/Internal/OpenExistential.swift (in target 'Dependencies' from project 'swift-dependencies')
cd /Users/admin/builder/spi-builder-workspace/.swiftpm/xcode
builtin-SwiftPerFileCompile OpenExistential.swift
SwiftCompile normal arm64 /Users/admin/builder/spi-builder-workspace/.dependencies/checkouts/swift-dependencies/Sources/Dependencies/Internal/RuntimeWarnings.swift (in target 'Dependencies' from project 'swift-dependencies')
cd /Users/admin/builder/spi-builder-workspace/.swiftpm/xcode
builtin-SwiftPerFileCompile RuntimeWarnings.swift
SwiftDriverJobDiscovery normal arm64 Compiling Dependency.swift, DependencyContext.swift, DependencyKey.swift (in target 'Dependencies' from project 'swift-dependencies')
SwiftCompile normal arm64 Compiling\ Context.swift,\ Date.swift,\ FireAndForget.swift /Users/admin/builder/spi-builder-workspace/.dependencies/checkouts/swift-dependencies/Sources/Dependencies/DependencyValues/Context.swift /Users/admin/builder/spi-builder-workspace/.dependencies/checkouts/swift-dependencies/Sources/Dependencies/DependencyValues/Date.swift /Users/admin/builder/spi-builder-workspace/.dependencies/checkouts/swift-dependencies/Sources/Dependencies/DependencyValues/FireAndForget.swift (in target 'Dependencies' from project 'swift-dependencies')
SwiftCompile normal arm64 /Users/admin/builder/spi-builder-workspace/.dependencies/checkouts/swift-dependencies/Sources/Dependencies/DependencyValues/Context.swift (in target 'Dependencies' from project 'swift-dependencies')
cd /Users/admin/builder/spi-builder-workspace/.swiftpm/xcode
builtin-SwiftPerFileCompile Context.swift
SwiftCompile normal arm64 /Users/admin/builder/spi-builder-workspace/.dependencies/checkouts/swift-dependencies/Sources/Dependencies/DependencyValues/Date.swift (in target 'Dependencies' from project 'swift-dependencies')
cd /Users/admin/builder/spi-builder-workspace/.swiftpm/xcode
builtin-SwiftPerFileCompile Date.swift
SwiftCompile normal arm64 /Users/admin/builder/spi-builder-workspace/.dependencies/checkouts/swift-dependencies/Sources/Dependencies/DependencyValues/FireAndForget.swift (in target 'Dependencies' from project 'swift-dependencies')
cd /Users/admin/builder/spi-builder-workspace/.swiftpm/xcode
builtin-SwiftPerFileCompile FireAndForget.swift
SwiftDriverJobDiscovery normal arm64 Emitting module for Dependencies (in target 'Dependencies' from project 'swift-dependencies')
SwiftDriver\ Compilation\ Requirements Dependencies normal arm64 com.apple.xcode.tools.swift.compiler (in target 'Dependencies' from project 'swift-dependencies')
cd /Users/admin/builder/spi-builder-workspace/.swiftpm/xcode
builtin-Swift-Compilation-Requirements -- /Applications/Xcode-27.0.0-Release.Candidate.app/Contents/Developer/Toolchains/XcodeDefault.xctoolchain/usr/bin/swiftc -parse-as-library -module-name Dependencies -Onone @/Users/admin/builder/spi-builder-workspace/.derivedData/Build/Intermediates.noindex/swift-dependencies.build/Debug-xros/Dependencies-t.build/Objects-normal/arm64/Dependencies.SwiftFileList -DSWIFT_PACKAGE -DDEBUG -DSWIFT_MODULE_RESOURCE_BUNDLE_UNAVAILABLE -DXcode -plugin-path /Applications/Xcode-27.0.0-Release.Candidate.app/Contents/Developer/Toolchains/XcodeDefault.xctoolchain/usr/lib/swift/host/plugins/testing -enable-experimental-feature DebugDescriptionMacro -sdk /Applications/Xcode-27.0.0-Release.Candidate.app/Contents/Developer/Platforms/XROS.platform/Developer/SDKs/XROS27.0.sdk -target arm64-apple-xros1.0 -g -module-cache-path /Users/admin/builder/spi-builder-workspace/.derivedData/ModuleCache.noindex -Xfrontend -serialize-debugging-options -profile-coverage-mapping -profile-generate -enable-testing -suppress-warnings -index-store-path /Users/admin/builder/spi-builder-workspace/.derivedData/Index.noindex/DataStore -Xcc -D_LIBCPP_HARDENING_MODE\=_LIBCPP_HARDENING_MODE_DEBUG -swift-version 5 -I /Users/admin/builder/spi-builder-workspace/.derivedData/Build/Products/Debug-xros -Isystem /Applications/Xcode-27.0.0-Release.Candidate.app/Contents/Developer/Platforms/XROS.platform/Developer/usr/lib -F /Users/admin/builder/spi-builder-workspace/.derivedData/Build/Products/Debug-xros/PackageFrameworks -F /Users/admin/builder/spi-builder-workspace/.derivedData/Build/Products/Debug-xros -F /Applications/Xcode-27.0.0-Release.Candidate.app/Contents/Developer/Platforms/XROS.platform/Developer/Library/Frameworks -F /Applications/Xcode-27.0.0-Release.Candidate.app/Contents/Developer/Platforms/XROS.platform/Developer/SDKs/XROS27.0.sdk/Developer/Library/Frameworks -c -j10 -enable-batch-mode -incremental -Xcc -ivfsstatcache -Xcc /Users/admin/builder/spi-builder-workspace/.derivedData/SDKStatCaches.noindex/xros27.0-24M361-e829b21a6f8c9b70876ba0858053c044735bd543db762f57723cac368afd1ce4.sdkstatcache -output-file-map /Users/admin/builder/spi-builder-workspace/.derivedData/Build/Intermediates.noindex/swift-dependencies.build/Debug-xros/Dependencies-t.build/Objects-normal/arm64/Dependencies-OutputFileMap.json -save-temps -no-color-diagnostics -explicit-module-build -module-cache-path /Users/admin/builder/spi-builder-workspace/.derivedData/Build/Intermediates.noindex/SwiftExplicitPrecompiledModules -clang-scanner-module-cache-path /Users/admin/builder/spi-builder-workspace/.derivedData/ModuleCache.noindex -sdk-module-cache-path /Users/admin/builder/spi-builder-workspace/.derivedData/SDKExplicitPrecompiledModules -emit-dependencies -emit-module -emit-module-path /Users/admin/builder/spi-builder-workspace/.derivedData/Build/Intermediates.noindex/swift-dependencies.build/Debug-xros/Dependencies-t.build/Objects-normal/arm64/Dependencies.swiftmodule -serialize-diagnostics -dependency-scan-serialize-diagnostics-path /Users/admin/builder/spi-builder-workspace/.derivedData/Build/Intermediates.noindex/swift-dependencies.build/Debug-xros/Dependencies-t.build/Objects-normal/arm64/Dependencies-dependency-scan.dia -validate-clang-modules-once -clang-build-session-file /Users/admin/builder/spi-builder-workspace/.derivedData/ModuleCache.noindex/Session.modulevalidation -Xcc -fmodules-prune-interval\=86400 -Xcc -fmodules-prune-after\=345600 -emit-const-values -const-gather-protocols-list /Users/admin/builder/spi-builder-workspace/.derivedData/Build/Intermediates.noindex/swift-dependencies.build/Debug-xros/Dependencies-t.build/Objects-normal/arm64/Dependencies_const_extract_protocols.json -Xcc -I/Users/admin/builder/spi-builder-workspace/.derivedData/Build/Products/Debug-xros/include -Xcc -I/Users/admin/builder/spi-builder-workspace/.derivedData/Build/Intermediates.noindex/swift-dependencies.build/Debug-xros/Dependencies-t.build/DerivedSources-normal/arm64 -Xcc -I/Users/admin/builder/spi-builder-workspace/.derivedData/Build/Intermediates.noindex/swift-dependencies.build/Debug-xros/Dependencies-t.build/DerivedSources/arm64 -Xcc -I/Users/admin/builder/spi-builder-workspace/.derivedData/Build/Intermediates.noindex/swift-dependencies.build/Debug-xros/Dependencies-t.build/DerivedSources -Xcc -DSWIFT_PACKAGE -Xcc -DDEBUG\=1 -emit-objc-header -emit-objc-header-path /Users/admin/builder/spi-builder-workspace/.derivedData/Build/Intermediates.noindex/swift-dependencies.build/Debug-xros/Dependencies-t.build/Objects-normal/arm64/Dependencies-Swift.h -working-directory /Users/admin/builder/spi-builder-workspace/.swiftpm/xcode -experimental-emit-module-separately -disable-cmo
SwiftDriverJobDiscovery normal arm64 Compiling TypeName.swift, WithDependencies.swift (in target 'Dependencies' from project 'swift-dependencies')
SwiftMergeGeneratedHeaders /Users/admin/builder/spi-builder-workspace/.derivedData/Build/Intermediates.noindex/GeneratedModuleMaps-xros/Dependencies-Swift.h /Users/admin/builder/spi-builder-workspace/.derivedData/Build/Intermediates.noindex/swift-dependencies.build/Debug-xros/Dependencies-t.build/Objects-normal/arm64/Dependencies-Swift.h (in target 'Dependencies' from project 'swift-dependencies')
cd /Users/admin/builder/spi-builder-workspace/.dependencies/checkouts/swift-dependencies
builtin-swiftHeaderTool -arch arm64 /Users/admin/builder/spi-builder-workspace/.derivedData/Build/Intermediates.noindex/swift-dependencies.build/Debug-xros/Dependencies-t.build/Objects-normal/arm64/Dependencies-Swift.h -o /Users/admin/builder/spi-builder-workspace/.derivedData/Build/Intermediates.noindex/GeneratedModuleMaps-xros/Dependencies-Swift.h
Copy /Users/admin/builder/spi-builder-workspace/.derivedData/Build/Products/Debug-xros/Dependencies.swiftmodule/arm64-apple-xros.swiftmodule /Users/admin/builder/spi-builder-workspace/.derivedData/Build/Intermediates.noindex/swift-dependencies.build/Debug-xros/Dependencies-t.build/Objects-normal/arm64/Dependencies.swiftmodule (in target 'Dependencies' from project 'swift-dependencies')
cd /Users/admin/builder/spi-builder-workspace/.dependencies/checkouts/swift-dependencies
builtin-copy -exclude .DS_Store -exclude CVS -exclude .svn -exclude .git -exclude .hg -resolve-src-symlinks -rename /Users/admin/builder/spi-builder-workspace/.derivedData/Build/Intermediates.noindex/swift-dependencies.build/Debug-xros/Dependencies-t.build/Objects-normal/arm64/Dependencies.swiftmodule /Users/admin/builder/spi-builder-workspace/.derivedData/Build/Products/Debug-xros/Dependencies.swiftmodule/arm64-apple-xros.swiftmodule
Copy /Users/admin/builder/spi-builder-workspace/.derivedData/Build/Products/Debug-xros/Dependencies.swiftmodule/arm64-apple-xros.swiftdoc /Users/admin/builder/spi-builder-workspace/.derivedData/Build/Intermediates.noindex/swift-dependencies.build/Debug-xros/Dependencies-t.build/Objects-normal/arm64/Dependencies.swiftdoc (in target 'Dependencies' from project 'swift-dependencies')
cd /Users/admin/builder/spi-builder-workspace/.dependencies/checkouts/swift-dependencies
builtin-copy -exclude .DS_Store -exclude CVS -exclude .svn -exclude .git -exclude .hg -resolve-src-symlinks -rename /Users/admin/builder/spi-builder-workspace/.derivedData/Build/Intermediates.noindex/swift-dependencies.build/Debug-xros/Dependencies-t.build/Objects-normal/arm64/Dependencies.swiftdoc /Users/admin/builder/spi-builder-workspace/.derivedData/Build/Products/Debug-xros/Dependencies.swiftmodule/arm64-apple-xros.swiftdoc
Copy /Users/admin/builder/spi-builder-workspace/.derivedData/Build/Products/Debug-xros/Dependencies.swiftmodule/arm64-apple-xros.abi.json /Users/admin/builder/spi-builder-workspace/.derivedData/Build/Intermediates.noindex/swift-dependencies.build/Debug-xros/Dependencies-t.build/Objects-normal/arm64/Dependencies.abi.json (in target 'Dependencies' from project 'swift-dependencies')
cd /Users/admin/builder/spi-builder-workspace/.dependencies/checkouts/swift-dependencies
builtin-copy -exclude .DS_Store -exclude CVS -exclude .svn -exclude .git -exclude .hg -resolve-src-symlinks -rename /Users/admin/builder/spi-builder-workspace/.derivedData/Build/Intermediates.noindex/swift-dependencies.build/Debug-xros/Dependencies-t.build/Objects-normal/arm64/Dependencies.abi.json /Users/admin/builder/spi-builder-workspace/.derivedData/Build/Products/Debug-xros/Dependencies.swiftmodule/arm64-apple-xros.abi.json
Copy /Users/admin/builder/spi-builder-workspace/.derivedData/Build/Products/Debug-xros/Dependencies.swiftmodule/Project/arm64-apple-xros.swiftsourceinfo /Users/admin/builder/spi-builder-workspace/.derivedData/Build/Intermediates.noindex/swift-dependencies.build/Debug-xros/Dependencies-t.build/Objects-normal/arm64/Dependencies.swiftsourceinfo (in target 'Dependencies' from project 'swift-dependencies')
cd /Users/admin/builder/spi-builder-workspace/.dependencies/checkouts/swift-dependencies
builtin-copy -exclude .DS_Store -exclude CVS -exclude .svn -exclude .git -exclude .hg -resolve-src-symlinks -rename /Users/admin/builder/spi-builder-workspace/.derivedData/Build/Intermediates.noindex/swift-dependencies.build/Debug-xros/Dependencies-t.build/Objects-normal/arm64/Dependencies.swiftsourceinfo /Users/admin/builder/spi-builder-workspace/.derivedData/Build/Products/Debug-xros/Dependencies.swiftmodule/Project/arm64-apple-xros.swiftsourceinfo
SwiftDriver ComposableUserNotifications normal arm64 com.apple.xcode.tools.swift.compiler (in target 'ComposableUserNotifications' from project 'composable-user-notifications')
cd /Users/admin/builder/spi-builder-workspace/.swiftpm/xcode
builtin-SwiftDriver -- /Applications/Xcode-27.0.0-Release.Candidate.app/Contents/Developer/Toolchains/XcodeDefault.xctoolchain/usr/bin/swiftc -parse-as-library -module-name ComposableUserNotifications -Onone @/Users/admin/builder/spi-builder-workspace/.derivedData/Build/Intermediates.noindex/composable-user-notifications.build/Debug-xros/ComposableUserNotifications-t.build/Objects-normal/arm64/ComposableUserNotifications.SwiftFileList -DSWIFT_PACKAGE -DDEBUG -DSWIFT_MODULE_RESOURCE_BUNDLE_UNAVAILABLE -DXcode -plugin-path /Applications/Xcode-27.0.0-Release.Candidate.app/Contents/Developer/Toolchains/XcodeDefault.xctoolchain/usr/lib/swift/host/plugins/testing -enable-experimental-feature DebugDescriptionMacro -sdk /Applications/Xcode-27.0.0-Release.Candidate.app/Contents/Developer/Platforms/XROS.platform/Developer/SDKs/XROS27.0.sdk -target arm64-apple-xros1.0 -g -module-cache-path /Users/admin/builder/spi-builder-workspace/.derivedData/ModuleCache.noindex -Xfrontend -serialize-debugging-options -profile-coverage-mapping -profile-generate -enable-testing -index-store-path /Users/admin/builder/spi-builder-workspace/.derivedData/Index.noindex/DataStore -Xcc -D_LIBCPP_HARDENING_MODE\=_LIBCPP_HARDENING_MODE_DEBUG -swift-version 5 -I /Users/admin/builder/spi-builder-workspace/.derivedData/Build/Products/Debug-xros -Isystem /Applications/Xcode-27.0.0-Release.Candidate.app/Contents/Developer/Platforms/XROS.platform/Developer/usr/lib -F /Users/admin/builder/spi-builder-workspace/.derivedData/Build/Products/Debug-xros/PackageFrameworks -F /Users/admin/builder/spi-builder-workspace/.derivedData/Build/Products/Debug-xros -F /Applications/Xcode-27.0.0-Release.Candidate.app/Contents/Developer/Platforms/XROS.platform/Developer/Library/Frameworks -F /Applications/Xcode-27.0.0-Release.Candidate.app/Contents/Developer/Platforms/XROS.platform/Developer/SDKs/XROS27.0.sdk/Developer/Library/Frameworks -c -j10 -enable-batch-mode -incremental -Xcc -ivfsstatcache -Xcc /Users/admin/builder/spi-builder-workspace/.derivedData/SDKStatCaches.noindex/xros27.0-24M361-e829b21a6f8c9b70876ba0858053c044735bd543db762f57723cac368afd1ce4.sdkstatcache -output-file-map /Users/admin/builder/spi-builder-workspace/.derivedData/Build/Intermediates.noindex/composable-user-notifications.build/Debug-xros/ComposableUserNotifications-t.build/Objects-normal/arm64/ComposableUserNotifications-OutputFileMap.json -save-temps -no-color-diagnostics -explicit-module-build -module-cache-path /Users/admin/builder/spi-builder-workspace/.derivedData/Build/Intermediates.noindex/SwiftExplicitPrecompiledModules -clang-scanner-module-cache-path /Users/admin/builder/spi-builder-workspace/.derivedData/ModuleCache.noindex -sdk-module-cache-path /Users/admin/builder/spi-builder-workspace/.derivedData/SDKExplicitPrecompiledModules -emit-dependencies -emit-module -emit-module-path /Users/admin/builder/spi-builder-workspace/.derivedData/Build/Intermediates.noindex/composable-user-notifications.build/Debug-xros/ComposableUserNotifications-t.build/Objects-normal/arm64/ComposableUserNotifications.swiftmodule -serialize-diagnostics -dependency-scan-serialize-diagnostics-path /Users/admin/builder/spi-builder-workspace/.derivedData/Build/Intermediates.noindex/composable-user-notifications.build/Debug-xros/ComposableUserNotifications-t.build/Objects-normal/arm64/ComposableUserNotifications-dependency-scan.dia -validate-clang-modules-once -clang-build-session-file /Users/admin/builder/spi-builder-workspace/.derivedData/ModuleCache.noindex/Session.modulevalidation -Xcc -fmodules-prune-interval\=86400 -Xcc -fmodules-prune-after\=345600 -emit-const-values -const-gather-protocols-list /Users/admin/builder/spi-builder-workspace/.derivedData/Build/Intermediates.noindex/composable-user-notifications.build/Debug-xros/ComposableUserNotifications-t.build/Objects-normal/arm64/ComposableUserNotifications_const_extract_protocols.json -Xcc -I/Users/admin/builder/spi-builder-workspace/.derivedData/Build/Products/Debug-xros/include -Xcc -I/Users/admin/builder/spi-builder-workspace/.derivedData/Build/Intermediates.noindex/composable-user-notifications.build/Debug-xros/ComposableUserNotifications-t.build/DerivedSources-normal/arm64 -Xcc -I/Users/admin/builder/spi-builder-workspace/.derivedData/Build/Intermediates.noindex/composable-user-notifications.build/Debug-xros/ComposableUserNotifications-t.build/DerivedSources/arm64 -Xcc -I/Users/admin/builder/spi-builder-workspace/.derivedData/Build/Intermediates.noindex/composable-user-notifications.build/Debug-xros/ComposableUserNotifications-t.build/DerivedSources -Xcc -DSWIFT_PACKAGE -Xcc -DDEBUG\=1 -emit-objc-header -emit-objc-header-path /Users/admin/builder/spi-builder-workspace/.derivedData/Build/Intermediates.noindex/composable-user-notifications.build/Debug-xros/ComposableUserNotifications-t.build/Objects-normal/arm64/ComposableUserNotifications-Swift.h -working-directory /Users/admin/builder/spi-builder-workspace/.swiftpm/xcode -experimental-emit-module-separately -disable-cmo
SwiftDriverJobDiscovery normal arm64 Compiling DependencyValues.swift, Calendar.swift, Clocks.swift (in target 'Dependencies' from project 'swift-dependencies')
SwiftDriverJobDiscovery normal arm64 Compiling Locale.swift, MainQueue.swift (in target 'Dependencies' from project 'swift-dependencies')
SwiftDriverJobDiscovery normal arm64 Compiling OpenExistential.swift, RuntimeWarnings.swift (in target 'Dependencies' from project 'swift-dependencies')
SwiftDriverJobDiscovery normal arm64 Compiling Deprecations.swift, Exports.swift (in target 'Dependencies' from project 'swift-dependencies')
SwiftDriverJobDiscovery normal arm64 Compiling UIKit.swift (in target 'CombineSchedulers' from project 'combine-schedulers')
SwiftDriverJobDiscovery normal arm64 Compiling Context.swift, Date.swift, FireAndForget.swift (in target 'Dependencies' from project 'swift-dependencies')
SwiftCompile normal arm64 Compiling\ Interface.swift /Users/admin/builder/spi-builder-workspace/Sources/ComposableUserNotifications/Interface.swift (in target 'ComposableUserNotifications' from project 'composable-user-notifications')
SwiftCompile normal arm64 /Users/admin/builder/spi-builder-workspace/Sources/ComposableUserNotifications/Interface.swift (in target 'ComposableUserNotifications' from project 'composable-user-notifications')
cd /Users/admin/builder/spi-builder-workspace/.swiftpm/xcode
builtin-SwiftPerFileCompile Interface.swift
SwiftCompile normal arm64 Compiling\ LiveKey.swift /Users/admin/builder/spi-builder-workspace/Sources/ComposableUserNotifications/LiveKey.swift (in target 'ComposableUserNotifications' from project 'composable-user-notifications')
SwiftCompile normal arm64 /Users/admin/builder/spi-builder-workspace/Sources/ComposableUserNotifications/LiveKey.swift (in target 'ComposableUserNotifications' from project 'composable-user-notifications')
cd /Users/admin/builder/spi-builder-workspace/.swiftpm/xcode
builtin-SwiftPerFileCompile LiveKey.swift
SwiftCompile normal arm64 Compiling\ Model.swift /Users/admin/builder/spi-builder-workspace/Sources/ComposableUserNotifications/Model.swift (in target 'ComposableUserNotifications' from project 'composable-user-notifications')
/Users/admin/builder/spi-builder-workspace/Sources/ComposableUserNotifications/Model.swift:212:26: error: 'UNLocationNotificationTrigger' is unavailable in visionOS
210 | @available(tvOS, unavailable)
211 | public struct Location: Equatable {
212 | public let rawValue: UNLocationNotificationTrigger?
| `- error: 'UNLocationNotificationTrigger' is unavailable in visionOS
213 |
214 | public var repeats: Bool
/Applications/Xcode-27.0.0-Release.Candidate.app/Contents/Developer/Platforms/XROS.platform/Developer/SDKs/XROS27.0.sdk/System/Library/Frameworks/UserNotifications.framework/Headers/UNNotificationTrigger.h:56:12: note: 'UNLocationNotificationTrigger' has been explicitly marked unavailable here
54 | // UNLocationNotificationTrigger can be scheduled on the device to notify when the user enters or leaves a geographic region. The identifier on CLRegion must be unique. Scheduling multiple UNNotificationRequests with different regions containing the same identifier will result in undefined behavior. The number of UNLocationNotificationTriggers that may be scheduled by an application at any one time is limited by the system. Applications must have "when-in-use" authorization through CoreLocation. See the CoreLocation documentation for more information.
55 | API_AVAILABLE(ios(10.0), watchos(3.0)) API_UNAVAILABLE(macos, tvos, macCatalyst, visionos)
56 | @interface UNLocationNotificationTrigger : UNNotificationTrigger
| `- note: 'UNLocationNotificationTrigger' has been explicitly marked unavailable here
57 |
58 | @property (NS_NONATOMIC_IOSONLY, readonly, copy) CLRegion *region;
/Users/admin/builder/spi-builder-workspace/Sources/ComposableUserNotifications/Model.swift:217:27: error: 'UNLocationNotificationTrigger' is unavailable in visionOS
215 | public var region: Region
216 |
217 | public init(rawValue: UNLocationNotificationTrigger) {
| `- error: 'UNLocationNotificationTrigger' is unavailable in visionOS
218 | self.rawValue = rawValue
219 |
/Applications/Xcode-27.0.0-Release.Candidate.app/Contents/Developer/Platforms/XROS.platform/Developer/SDKs/XROS27.0.sdk/System/Library/Frameworks/UserNotifications.framework/Headers/UNNotificationTrigger.h:56:12: note: 'UNLocationNotificationTrigger' has been explicitly marked unavailable here
54 | // UNLocationNotificationTrigger can be scheduled on the device to notify when the user enters or leaves a geographic region. The identifier on CLRegion must be unique. Scheduling multiple UNNotificationRequests with different regions containing the same identifier will result in undefined behavior. The number of UNLocationNotificationTriggers that may be scheduled by an application at any one time is limited by the system. Applications must have "when-in-use" authorization through CoreLocation. See the CoreLocation documentation for more information.
55 | API_AVAILABLE(ios(10.0), watchos(3.0)) API_UNAVAILABLE(macos, tvos, macCatalyst, visionos)
56 | @interface UNLocationNotificationTrigger : UNNotificationTrigger
| `- note: 'UNLocationNotificationTrigger' has been explicitly marked unavailable here
57 |
58 | @property (NS_NONATOMIC_IOSONLY, readonly, copy) CLRegion *region;
/Users/admin/builder/spi-builder-workspace/Sources/ComposableUserNotifications/Model.swift:477:24: error: 'CLRegion' is unavailable in visionOS
475 | // see https://github.com/pointfreeco/swift-composable-architecture/blob/767e1d9553fcee5a95af10e0352f20fb03b98352/Sources/ComposableCoreLocation/Models/Region.swift#L5
476 | public struct Region: Hashable {
477 | public let rawValue: CLRegion?
| `- error: 'CLRegion' is unavailable in visionOS
478 | public var identifier: String
479 | public var notifyOnEntry: Bool
/Applications/Xcode-27.0.0-Release.Candidate.app/Contents/Developer/Platforms/XROS.platform/Developer/SDKs/XROS27.0.sdk/System/Library/Frameworks/CoreLocation.framework/Headers/CLRegion.h:50:12: note: 'CLRegion' has been explicitly marked unavailable here
48 | CL_EXTERN
49 | API_AVAILABLE(macos(10.7), ios(4.0)) API_UNAVAILABLE(visionos)
50 | @interface CLRegion : NSObject <NSCopying, NSSecureCoding>
| `- note: 'CLRegion' has been explicitly marked unavailable here
51 | /*
52 | * initCircularRegionWithCenter:radius:identifier:
/Users/admin/builder/spi-builder-workspace/Sources/ComposableUserNotifications/Model.swift:482:18: error: 'CLRegion' is unavailable in visionOS
480 | public var notifyOnExit: Bool
481 |
482 | init(rawValue: CLRegion) {
| `- error: 'CLRegion' is unavailable in visionOS
483 | self.rawValue = rawValue
484 | self.identifier = rawValue.identifier
/Applications/Xcode-27.0.0-Release.Candidate.app/Contents/Developer/Platforms/XROS.platform/Developer/SDKs/XROS27.0.sdk/System/Library/Frameworks/CoreLocation.framework/Headers/CLRegion.h:50:12: note: 'CLRegion' has been explicitly marked unavailable here
48 | CL_EXTERN
49 | API_AVAILABLE(macos(10.7), ios(4.0)) API_UNAVAILABLE(visionos)
50 | @interface CLRegion : NSObject <NSCopying, NSSecureCoding>
| `- note: 'CLRegion' has been explicitly marked unavailable here
51 | /*
52 | * initCircularRegionWithCenter:radius:identifier:
SwiftCompile normal arm64 /Users/admin/builder/spi-builder-workspace/Sources/ComposableUserNotifications/Model.swift (in target 'ComposableUserNotifications' from project 'composable-user-notifications')
cd /Users/admin/builder/spi-builder-workspace/.swiftpm/xcode
builtin-SwiftPerFileCompile Model.swift
SwiftEmitModule normal arm64 Emitting\ module\ for\ ComposableUserNotifications (in target 'ComposableUserNotifications' from project 'composable-user-notifications')
/Users/admin/builder/spi-builder-workspace/Sources/ComposableUserNotifications/Model.swift:212:26: error: 'UNLocationNotificationTrigger' is unavailable in visionOS
210 | @available(tvOS, unavailable)
211 | public struct Location: Equatable {
212 | public let rawValue: UNLocationNotificationTrigger?
| `- error: 'UNLocationNotificationTrigger' is unavailable in visionOS
213 |
214 | public var repeats: Bool
/Applications/Xcode-27.0.0-Release.Candidate.app/Contents/Developer/Platforms/XROS.platform/Developer/SDKs/XROS27.0.sdk/System/Library/Frameworks/UserNotifications.framework/Headers/UNNotificationTrigger.h:56:12: note: 'UNLocationNotificationTrigger' has been explicitly marked unavailable here
54 | // UNLocationNotificationTrigger can be scheduled on the device to notify when the user enters or leaves a geographic region. The identifier on CLRegion must be unique. Scheduling multiple UNNotificationRequests with different regions containing the same identifier will result in undefined behavior. The number of UNLocationNotificationTriggers that may be scheduled by an application at any one time is limited by the system. Applications must have "when-in-use" authorization through CoreLocation. See the CoreLocation documentation for more information.
55 | API_AVAILABLE(ios(10.0), watchos(3.0)) API_UNAVAILABLE(macos, tvos, macCatalyst, visionos)
56 | @interface UNLocationNotificationTrigger : UNNotificationTrigger
| `- note: 'UNLocationNotificationTrigger' has been explicitly marked unavailable here
57 |
58 | @property (NS_NONATOMIC_IOSONLY, readonly, copy) CLRegion *region;
/Users/admin/builder/spi-builder-workspace/Sources/ComposableUserNotifications/Model.swift:217:27: error: 'UNLocationNotificationTrigger' is unavailable in visionOS
215 | public var region: Region
216 |
217 | public init(rawValue: UNLocationNotificationTrigger) {
| `- error: 'UNLocationNotificationTrigger' is unavailable in visionOS
218 | self.rawValue = rawValue
219 |
/Applications/Xcode-27.0.0-Release.Candidate.app/Contents/Developer/Platforms/XROS.platform/Developer/SDKs/XROS27.0.sdk/System/Library/Frameworks/UserNotifications.framework/Headers/UNNotificationTrigger.h:56:12: note: 'UNLocationNotificationTrigger' has been explicitly marked unavailable here
54 | // UNLocationNotificationTrigger can be scheduled on the device to notify when the user enters or leaves a geographic region. The identifier on CLRegion must be unique. Scheduling multiple UNNotificationRequests with different regions containing the same identifier will result in undefined behavior. The number of UNLocationNotificationTriggers that may be scheduled by an application at any one time is limited by the system. Applications must have "when-in-use" authorization through CoreLocation. See the CoreLocation documentation for more information.
55 | API_AVAILABLE(ios(10.0), watchos(3.0)) API_UNAVAILABLE(macos, tvos, macCatalyst, visionos)
56 | @interface UNLocationNotificationTrigger : UNNotificationTrigger
| `- note: 'UNLocationNotificationTrigger' has been explicitly marked unavailable here
57 |
58 | @property (NS_NONATOMIC_IOSONLY, readonly, copy) CLRegion *region;
/Users/admin/builder/spi-builder-workspace/Sources/ComposableUserNotifications/Model.swift:477:24: error: 'CLRegion' is unavailable in visionOS
475 | // see https://github.com/pointfreeco/swift-composable-architecture/blob/767e1d9553fcee5a95af10e0352f20fb03b98352/Sources/ComposableCoreLocation/Models/Region.swift#L5
476 | public struct Region: Hashable {
477 | public let rawValue: CLRegion?
| `- error: 'CLRegion' is unavailable in visionOS
478 | public var identifier: String
479 | public var notifyOnEntry: Bool
/Applications/Xcode-27.0.0-Release.Candidate.app/Contents/Developer/Platforms/XROS.platform/Developer/SDKs/XROS27.0.sdk/System/Library/Frameworks/CoreLocation.framework/Headers/CLRegion.h:50:12: note: 'CLRegion' has been explicitly marked unavailable here
48 | CL_EXTERN
49 | API_AVAILABLE(macos(10.7), ios(4.0)) API_UNAVAILABLE(visionos)
50 | @interface CLRegion : NSObject <NSCopying, NSSecureCoding>
| `- note: 'CLRegion' has been explicitly marked unavailable here
51 | /*
52 | * initCircularRegionWithCenter:radius:identifier:
/Users/admin/builder/spi-builder-workspace/Sources/ComposableUserNotifications/Model.swift:482:18: error: 'CLRegion' is unavailable in visionOS
480 | public var notifyOnExit: Bool
481 |
482 | init(rawValue: CLRegion) {
| `- error: 'CLRegion' is unavailable in visionOS
483 | self.rawValue = rawValue
484 | self.identifier = rawValue.identifier
/Applications/Xcode-27.0.0-Release.Candidate.app/Contents/Developer/Platforms/XROS.platform/Developer/SDKs/XROS27.0.sdk/System/Library/Frameworks/CoreLocation.framework/Headers/CLRegion.h:50:12: note: 'CLRegion' has been explicitly marked unavailable here
48 | CL_EXTERN
49 | API_AVAILABLE(macos(10.7), ios(4.0)) API_UNAVAILABLE(visionos)
50 | @interface CLRegion : NSObject <NSCopying, NSSecureCoding>
| `- note: 'CLRegion' has been explicitly marked unavailable here
51 | /*
52 | * initCircularRegionWithCenter:radius:identifier:
Failed frontend command:
/Applications/Xcode-27.0.0-Release.Candidate.app/Contents/Developer/Toolchains/XcodeDefault.xctoolchain/usr/bin/swift-frontend -frontend -emit-module -experimental-skip-non-inlinable-function-bodies-without-types /Users/admin/builder/spi-builder-workspace/Sources/ComposableUserNotifications/Interface.swift /Users/admin/builder/spi-builder-workspace/Sources/ComposableUserNotifications/LiveKey.swift /Users/admin/builder/spi-builder-workspace/Sources/ComposableUserNotifications/Model.swift /Users/admin/builder/spi-builder-workspace/Sources/ComposableUserNotifications/TestKey.swift -target arm64-apple-xros1.0 -disable-cross-import-overlay-search -swift-module-cross-import UserNotifications /Applications/Xcode-27.0.0-Release.Candidate.app/Contents/Developer/Platforms/XROS.platform/Developer/SDKs/XROS.sdk/System/Library/Frameworks/UserNotifications.framework/Modules/UserNotifications.swiftcrossimport/AppIntents.swiftoverlay -load-resolved-plugin /Applications/Xcode-27.0.0-Release.Candidate.app/Contents/Developer/Platforms/XROS.platform/Developer/usr/lib/swift/host/plugins/libFoundationMacros.dylib\#/Applications/Xcode-27.0.0-Release.Candidate.app/Contents/Developer/Platforms/XROS.platform/Developer/usr/bin/swift-plugin-server\#FoundationMacros -load-resolved-plugin /Applications/Xcode-27.0.0-Release.Candidate.app/Contents/Developer/Platforms/XROS.platform/Developer/usr/lib/swift/host/plugins/libObservationMacros.dylib\#/Applications/Xcode-27.0.0-Release.Candidate.app/Contents/Developer/Platforms/XROS.platform/Developer/usr/bin/swift-plugin-server\#ObservationMacros -load-resolved-plugin /Applications/Xcode-27.0.0-Release.Candidate.app/Contents/Developer/Platforms/XROS.platform/Developer/usr/lib/swift/host/plugins/libPreviewsMacros.dylib\#/Applications/Xcode-27.0.0-Release.Candidate.app/Contents/Developer/Platforms/XROS.platform/Developer/usr/bin/swift-plugin-server\#PreviewsMacros -load-resolved-plugin /Applications/Xcode-27.0.0-Release.Candidate.app/Contents/Developer/Platforms/XROS.platform/Developer/usr/lib/swift/host/plugins/libSwiftMacros.dylib\#/Applications/Xcode-27.0.0-Release.Candidate.app/Contents/Developer/Platforms/XROS.platform/Developer/usr/bin/swift-plugin-server\#SwiftMacros -load-resolved-plugin /Applications/Xcode-27.0.0-Release.Candidate.app/Contents/Developer/Platforms/XROS.platform/Developer/usr/lib/swift/host/plugins/libSwiftUIMacros.dylib\#/Applications/Xcode-27.0.0-Release.Candidate.app/Contents/Developer/Platforms/XROS.platform/Developer/usr/bin/swift-plugin-server\#SwiftUIMacros -disable-implicit-swift-modules -Xcc -fno-implicit-modules -Xcc -fno-implicit-module-maps -explicit-swift-module-map-file /Users/admin/builder/spi-builder-workspace/.derivedData/Build/Intermediates.noindex/composable-user-notifications.build/Debug-xros/ComposableUserNotifications-t.build/Objects-normal/arm64/ComposableUserNotifications-dependencies-1.json -Xllvm -aarch64-use-tbi -enable-objc-interop -stack-check -sdk /Applications/Xcode-27.0.0-Release.Candidate.app/Contents/Developer/Platforms/XROS.platform/Developer/SDKs/XROS27.0.sdk -I /Users/admin/builder/spi-builder-workspace/.derivedData/Build/Products/Debug-xros -Isystem /Applications/Xcode-27.0.0-Release.Candidate.app/Contents/Developer/Platforms/XROS.platform/Developer/usr/lib -F /Users/admin/builder/spi-builder-workspace/.derivedData/Build/Products/Debug-xros/PackageFrameworks -F /Users/admin/builder/spi-builder-workspace/.derivedData/Build/Products/Debug-xros -F /Applications/Xcode-27.0.0-Release.Candidate.app/Contents/Developer/Platforms/XROS.platform/Developer/Library/Frameworks -F /Applications/Xcode-27.0.0-Release.Candidate.app/Contents/Developer/Platforms/XROS.platform/Developer/SDKs/XROS27.0.sdk/Developer/Library/Frameworks -module-cache-path /Users/admin/builder/spi-builder-workspace/.derivedData/Build/Intermediates.noindex/SwiftExplicitPrecompiledModules -no-color-diagnostics -Xcc -fno-color-diagnostics -enable-testing -g -debug-info-format\=dwarf -dwarf-version\=4 -profile-generate -profile-coverage-mapping -swift-version 5 -Onone -D SWIFT_PACKAGE -D DEBUG -D SWIFT_MODULE_RESOURCE_BUNDLE_UNAVAILABLE -D Xcode -serialize-debugging-options -enable-experimental-feature DebugDescriptionMacro -empty-abi-descriptor -validate-clang-modules-once -clang-build-session-file /Users/admin/builder/spi-builder-workspace/.derivedData/ModuleCache.noindex/Session.modulevalidation -Xcc -working-directory -Xcc /Users/admin/builder/spi-builder-workspace/.swiftpm/xcode -enable-anonymous-context-mangled-names -file-compilation-dir /Users/admin/builder/spi-builder-workspace/.swiftpm/xcode -Xcc -D_LIBCPP_HARDENING_MODE\=_LIBCPP_HARDENING_MODE_DEBUG -Xcc -ivfsstatcache -Xcc /Users/admin/builder/spi-builder-workspace/.derivedData/SDKStatCaches.noindex/xros27.0-24M361-e829b21a6f8c9b70876ba0858053c044735bd543db762f57723cac368afd1ce4.sdkstatcache -Xcc -fmodules-prune-interval\=86400 -Xcc -fmodules-prune-after\=345600 -Xcc -I/Users/admin/builder/spi-builder-workspace/.derivedData/Build/Products/Debug-xros/include -Xcc -I/Users/admin/builder/spi-builder-workspace/.derivedData/Build/Intermediates.noindex/composable-user-notifications.build/Debug-xros/ComposableUserNotifications-t.build/DerivedSources-normal/arm64 -Xcc -I/Users/admin/builder/spi-builder-workspace/.derivedData/Build/Intermediates.noindex/composable-user-notifications.build/Debug-xros/ComposableUserNotifications-t.build/DerivedSources/arm64 -Xcc -I/Users/admin/builder/spi-builder-workspace/.derivedData/Build/Intermediates.noindex/composable-user-notifications.build/Debug-xros/ComposableUserNotifications-t.build/DerivedSources -Xcc -DSWIFT_PACKAGE -Xcc -DDEBUG\=1 -no-auto-bridging-header-chaining -module-name ComposableUserNotifications -const-gather-protocols-file /Users/admin/builder/spi-builder-workspace/.derivedData/Build/Intermediates.noindex/composable-user-notifications.build/Debug-xros/ComposableUserNotifications-t.build/Objects-normal/arm64/ComposableUserNotifications_const_extract_protocols.json -disable-clang-spi -clang-target arm64-apple-xros27.0 -target-sdk-version 27.0 -target-sdk-name xros27.0 -in-process-plugin-server-path /Applications/Xcode-27.0.0-Release.Candidate.app/Contents/Developer/Toolchains/XcodeDefault.xctoolchain/usr/lib/swift/host/libSwiftInProcPluginServer.dylib -emit-module-doc-path /Users/admin/builder/spi-builder-workspace/.derivedData/Build/Intermediates.noindex/composable-user-notifications.build/Debug-xros/ComposableUserNotifications-t.build/Objects-normal/arm64/ComposableUserNotifications.swiftdoc -emit-module-source-info-path /Users/admin/builder/spi-builder-workspace/.derivedData/Build/Intermediates.noindex/composable-user-notifications.build/Debug-xros/ComposableUserNotifications-t.build/Objects-normal/arm64/ComposableUserNotifications.swiftsourceinfo -emit-objc-header-path /Users/admin/builder/spi-builder-workspace/.derivedData/Build/Intermediates.noindex/composable-user-notifications.build/Debug-xros/ComposableUserNotifications-t.build/Objects-normal/arm64/ComposableUserNotifications-Swift.h -serialize-diagnostics-path /Users/admin/builder/spi-builder-workspace/.derivedData/Build/Intermediates.noindex/composable-user-notifications.build/Debug-xros/ComposableUserNotifications-t.build/Objects-normal/arm64/ComposableUserNotifications-primary-emit-module.dia -emit-dependencies-path /Users/admin/builder/spi-builder-workspace/.derivedData/Build/Intermediates.noindex/composable-user-notifications.build/Debug-xros/ComposableUserNotifications-t.build/Objects-normal/arm64/ComposableUserNotifications-primary-emit-module.d -parse-as-library -o /Users/admin/builder/spi-builder-workspace/.derivedData/Build/Intermediates.noindex/composable-user-notifications.build/Debug-xros/ComposableUserNotifications-t.build/Objects-normal/arm64/ComposableUserNotifications.swiftmodule -emit-abi-descriptor-path /Users/admin/builder/spi-builder-workspace/.derivedData/Build/Intermediates.noindex/composable-user-notifications.build/Debug-xros/ComposableUserNotifications-t.build/Objects-normal/arm64/ComposableUserNotifications.abi.json
SwiftCompile normal arm64 (in target 'ComposableUserNotifications' from project 'composable-user-notifications')
cd /Users/admin/builder/spi-builder-workspace/.swiftpm/xcode
SwiftCompile normal arm64 Compiling\ TestKey.swift /Users/admin/builder/spi-builder-workspace/Sources/ComposableUserNotifications/TestKey.swift (in target 'ComposableUserNotifications' from project 'composable-user-notifications')
SwiftCompile normal arm64 /Users/admin/builder/spi-builder-workspace/Sources/ComposableUserNotifications/TestKey.swift (in target 'ComposableUserNotifications' from project 'composable-user-notifications')
cd /Users/admin/builder/spi-builder-workspace/.swiftpm/xcode
builtin-SwiftPerFileCompile TestKey.swift
PruneExplicitPrecompiledModules /Users/admin/builder/spi-builder-workspace/.derivedData/Build/Intermediates.noindex/ExplicitPrecompiledModules
PruneExplicitPrecompiledModules /Users/admin/builder/spi-builder-workspace/.derivedData/Build/Intermediates.noindex/SwiftExplicitPrecompiledModules
PruneExplicitPrecompiledModules /Users/admin/builder/spi-builder-workspace/.derivedData/SDKExplicitPrecompiledModules
2026-09-19 12:24:13.439 xcodebuild[1063:6040] [MT] IDERunDestination: Supported platforms for the buildables in the current scheme is empty.
2026-09-19 12:24:13.539 xcodebuild[1063:6040] [MT] IDERunDestination: Supported platforms for the buildables in the current scheme is empty.
** BUILD FAILED **
The following build commands failed:
SwiftEmitModule normal arm64 Emitting\ module\ for\ ComposableUserNotifications (in target 'ComposableUserNotifications' from project 'composable-user-notifications')
SwiftCompile normal arm64 (in target 'ComposableUserNotifications' from project 'composable-user-notifications')
Building workspace composable-user-notifications with scheme composable-user-notifications
(3 failures)
Command line invocation:
/Applications/Xcode-27.0.0-Release.Candidate.app/Contents/Developer/usr/bin/xcodebuild -IDEClonedSourcePackagesDirPathOverride=/Users/admin/builder/spi-builder-workspace/.dependencies -resolvePackageDependencies
Resolve Package Graph
Resolved source packages:
xctest-dynamic-overlay: https://github.com/pointfreeco/xctest-dynamic-overlay @ 1.0.2
swift-clocks: https://github.com/pointfreeco/swift-clocks @ 1.0.0
combine-schedulers: https://github.com/pointfreeco/combine-schedulers @ 1.0.0
swift-dependencies: https://github.com/pointfreeco/swift-dependencies @ 1.0.0
swift-concurrency-extras: https://github.com/pointfreeco/swift-concurrency-extras @ 1.0.0
composable-user-notifications: /Users/admin/builder/spi-builder-workspace
resolved source packages: xctest-dynamic-overlay, swift-clocks, combine-schedulers, swift-dependencies, swift-concurrency-extras, composable-user-notifications
2026-09-19 12:24:27.827 xcodebuild[1314:7301] [MT] IDERunDestination: Supported platforms for the buildables in the current scheme is empty.
2026-09-19 12:24:27.934 xcodebuild[1314:7301] [MT] IDERunDestination: Supported platforms for the buildables in the current scheme is empty.
{
"dependencies" : [
{
"identity" : "swift-dependencies",
"requirement" : {
"range" : [
{
"lower_bound" : "1.0.0",
"upper_bound" : "2.0.0"
}
]
},
"type" : "sourceControl",
"url" : "https://github.com/pointfreeco/swift-dependencies"
}
],
"manifest_display_name" : "composable-user-notifications",
"name" : "composable-user-notifications",
"path" : "/Users/admin/builder/spi-builder-workspace",
"platforms" : [
{
"name" : "ios",
"version" : "13.0"
},
{
"name" : "macos",
"version" : "10.15"
},
{
"name" : "tvos",
"version" : "13.0"
},
{
"name" : "watchos",
"version" : "6.0"
}
],
"products" : [
{
"name" : "ComposableUserNotifications",
"targets" : [
"ComposableUserNotifications"
],
"type" : {
"library" : [
"automatic"
]
}
}
],
"targets" : [
{
"c99name" : "ComposableUserNotificationsTests",
"module_type" : "SwiftTarget",
"name" : "ComposableUserNotificationsTests",
"path" : "Tests/ComposableUserNotificationsTests",
"sources" : [
"ComposableUserNotificationsTests.swift",
"XCTestManifests.swift"
],
"target_dependencies" : [
"ComposableUserNotifications"
],
"type" : "test"
},
{
"c99name" : "ComposableUserNotifications",
"module_type" : "SwiftTarget",
"name" : "ComposableUserNotifications",
"path" : "Sources/ComposableUserNotifications",
"product_dependencies" : [
"Dependencies"
],
"product_memberships" : [
"ComposableUserNotifications"
],
"sources" : [
"Interface.swift",
"LiveKey.swift",
"Model.swift",
"TestKey.swift"
],
"type" : "library"
}
],
"tools_version" : "5.6"
}
{
"workspace" : {
"name" : "composable-user-notifications",
"schemes" : [
"composable-user-notifications",
"ComposableUserNotifications"
]
}
}
2026-09-19 12:24:29.150 xcodebuild[1322:7375] [MT] IDERunDestination: Supported platforms for the buildables in the current scheme is empty.
2026-09-19 12:24:29.251 xcodebuild[1322:7375] [MT] IDERunDestination: Supported platforms for the buildables in the current scheme is empty.
{
"workspace" : {
"name" : "composable-user-notifications",
"schemes" : [
"composable-user-notifications",
"ComposableUserNotifications"
]
}
}
2026-09-19 12:24:30.196 xcodebuild[1324:7406] [MT] IDERunDestination: Supported platforms for the buildables in the current scheme is empty.
2026-09-19 12:24:30.298 xcodebuild[1324:7406] [MT] IDERunDestination: Supported platforms for the buildables in the current scheme is empty.
Running build ...
env DEVELOPER_DIR=/Applications/Xcode-27.0.0-Release.Candidate.app xcrun xcodebuild -IDEClonedSourcePackagesDirPathOverride=$PWD/.dependencies -skipMacroValidation -skipPackagePluginValidation -derivedDataPath $PWD/.derivedData build -scheme composable-user-notifications -destination generic/platform=xrOS
Command line invocation:
/Applications/Xcode-27.0.0-Release.Candidate.app/Contents/Developer/usr/bin/xcodebuild -IDEClonedSourcePackagesDirPathOverride=/Users/admin/builder/spi-builder-workspace/.dependencies -skipMacroValidation -skipPackagePluginValidation -derivedDataPath /Users/admin/builder/spi-builder-workspace/.derivedData build -scheme composable-user-notifications -destination generic/platform=xrOS
Resolve Package Graph
Resolved source packages:
swift-concurrency-extras: https://github.com/pointfreeco/swift-concurrency-extras @ 1.0.0
composable-user-notifications: /Users/admin/builder/spi-builder-workspace
swift-clocks: https://github.com/pointfreeco/swift-clocks @ 1.0.0
combine-schedulers: https://github.com/pointfreeco/combine-schedulers @ 1.0.0
swift-dependencies: https://github.com/pointfreeco/swift-dependencies @ 1.0.0
xctest-dynamic-overlay: https://github.com/pointfreeco/xctest-dynamic-overlay @ 1.0.2
ComputePackagePrebuildTargetDependencyGraph
Prepare packages
CreateBuildRequest
SendProjectDescription
CreateBuildOperation
ComputeTargetDependencyGraph
note: Building targets in dependency order
note: Target dependency graph (12 targets)
Target 'ComposableUserNotifications-product' in project 'composable-user-notifications'
➜ Explicit dependency on target 'ComposableUserNotifications' in project 'composable-user-notifications'
➜ Explicit dependency on target 'Dependencies-product' in project 'swift-dependencies'
Target 'ComposableUserNotifications' in project 'composable-user-notifications'
➜ Explicit dependency on target 'Dependencies-product' in project 'swift-dependencies'
Target 'Dependencies-product' in project 'swift-dependencies'
➜ Explicit dependency on target 'Dependencies' in project 'swift-dependencies'
➜ Explicit dependency on target 'Clocks-product' in project 'swift-clocks'
➜ Explicit dependency on target 'CombineSchedulers-product' in project 'combine-schedulers'
➜ Explicit dependency on target 'ConcurrencyExtras-product' in project 'swift-concurrency-extras'
➜ Explicit dependency on target 'XCTestDynamicOverlay-product' in project 'xctest-dynamic-overlay'
Target 'Dependencies' in project 'swift-dependencies'
➜ Explicit dependency on target 'Clocks-product' in project 'swift-clocks'
➜ Explicit dependency on target 'CombineSchedulers-product' in project 'combine-schedulers'
➜ Explicit dependency on target 'ConcurrencyExtras-product' in project 'swift-concurrency-extras'
➜ Explicit dependency on target 'XCTestDynamicOverlay-product' in project 'xctest-dynamic-overlay'
Target 'CombineSchedulers-product' in project 'combine-schedulers'
➜ Explicit dependency on target 'CombineSchedulers' in project 'combine-schedulers'
➜ Explicit dependency on target 'ConcurrencyExtras-product' in project 'swift-concurrency-extras'
➜ Explicit dependency on target 'XCTestDynamicOverlay-product' in project 'xctest-dynamic-overlay'
Target 'CombineSchedulers' in project 'combine-schedulers'
➜ Explicit dependency on target 'ConcurrencyExtras-product' in project 'swift-concurrency-extras'
➜ Explicit dependency on target 'XCTestDynamicOverlay-product' in project 'xctest-dynamic-overlay'
Target 'Clocks-product' in project 'swift-clocks'
➜ Explicit dependency on target 'Clocks' in project 'swift-clocks'
➜ Explicit dependency on target 'ConcurrencyExtras-product' in project 'swift-concurrency-extras'
➜ Explicit dependency on target 'XCTestDynamicOverlay-product' in project 'xctest-dynamic-overlay'
Target 'Clocks' in project 'swift-clocks'
➜ Explicit dependency on target 'ConcurrencyExtras-product' in project 'swift-concurrency-extras'
➜ Explicit dependency on target 'XCTestDynamicOverlay-product' in project 'xctest-dynamic-overlay'
Target 'XCTestDynamicOverlay-product' in project 'xctest-dynamic-overlay'
➜ Explicit dependency on target 'XCTestDynamicOverlay' in project 'xctest-dynamic-overlay'
Target 'XCTestDynamicOverlay' in project 'xctest-dynamic-overlay' (no dependencies)
Target 'ConcurrencyExtras-product' in project 'swift-concurrency-extras'
➜ Explicit dependency on target 'ConcurrencyExtras' in project 'swift-concurrency-extras'
Target 'ConcurrencyExtras' in project 'swift-concurrency-extras' (no dependencies)
GatherProvisioningInputs
CreateBuildDescription
ClangStatCache /Applications/Xcode-27.0.0-Release.Candidate.app/Contents/Developer/Toolchains/XcodeDefault.xctoolchain/usr/bin/clang-stat-cache /Applications/Xcode-27.0.0-Release.Candidate.app/Contents/Developer/Platforms/XROS.platform/Developer/SDKs/XROS27.0.sdk /Users/admin/builder/spi-builder-workspace/.derivedData/SDKStatCaches.noindex/xros27.0-24M361-e829b21a6f8c9b70876ba0858053c044735bd543db762f57723cac368afd1ce4.sdkstatcache
cd /Users/admin/builder/spi-builder-workspace/.swiftpm/xcode
/Applications/Xcode-27.0.0-Release.Candidate.app/Contents/Developer/Toolchains/XcodeDefault.xctoolchain/usr/bin/clang-stat-cache /Applications/Xcode-27.0.0-Release.Candidate.app/Contents/Developer/Platforms/XROS.platform/Developer/SDKs/XROS27.0.sdk -o /Users/admin/builder/spi-builder-workspace/.derivedData/SDKStatCaches.noindex/xros27.0-24M361-e829b21a6f8c9b70876ba0858053c044735bd543db762f57723cac368afd1ce4.sdkstatcache
SwiftDriver Dependencies normal arm64 com.apple.xcode.tools.swift.compiler (in target 'Dependencies' from project 'swift-dependencies')
cd /Users/admin/builder/spi-builder-workspace/.swiftpm/xcode
builtin-SwiftDriver -- /Applications/Xcode-27.0.0-Release.Candidate.app/Contents/Developer/Toolchains/XcodeDefault.xctoolchain/usr/bin/swiftc -parse-as-library -module-name Dependencies -Onone @/Users/admin/builder/spi-builder-workspace/.derivedData/Build/Intermediates.noindex/swift-dependencies.build/Debug-xros/Dependencies-t.build/Objects-normal/arm64/Dependencies.SwiftFileList -DSWIFT_PACKAGE -DDEBUG -DSWIFT_MODULE_RESOURCE_BUNDLE_UNAVAILABLE -DXcode -plugin-path /Applications/Xcode-27.0.0-Release.Candidate.app/Contents/Developer/Toolchains/XcodeDefault.xctoolchain/usr/lib/swift/host/plugins/testing -enable-experimental-feature DebugDescriptionMacro -sdk /Applications/Xcode-27.0.0-Release.Candidate.app/Contents/Developer/Platforms/XROS.platform/Developer/SDKs/XROS27.0.sdk -target arm64-apple-xros1.0 -g -module-cache-path /Users/admin/builder/spi-builder-workspace/.derivedData/ModuleCache.noindex -Xfrontend -serialize-debugging-options -profile-coverage-mapping -profile-generate -enable-testing -suppress-warnings -index-store-path /Users/admin/builder/spi-builder-workspace/.derivedData/Index.noindex/DataStore -Xcc -D_LIBCPP_HARDENING_MODE\=_LIBCPP_HARDENING_MODE_DEBUG -swift-version 5 -I /Users/admin/builder/spi-builder-workspace/.derivedData/Build/Products/Debug-xros -Isystem /Applications/Xcode-27.0.0-Release.Candidate.app/Contents/Developer/Platforms/XROS.platform/Developer/usr/lib -F /Users/admin/builder/spi-builder-workspace/.derivedData/Build/Products/Debug-xros/PackageFrameworks -F /Users/admin/builder/spi-builder-workspace/.derivedData/Build/Products/Debug-xros -F /Applications/Xcode-27.0.0-Release.Candidate.app/Contents/Developer/Platforms/XROS.platform/Developer/Library/Frameworks -F /Applications/Xcode-27.0.0-Release.Candidate.app/Contents/Developer/Platforms/XROS.platform/Developer/SDKs/XROS27.0.sdk/Developer/Library/Frameworks -c -j10 -enable-batch-mode -incremental -Xcc -ivfsstatcache -Xcc /Users/admin/builder/spi-builder-workspace/.derivedData/SDKStatCaches.noindex/xros27.0-24M361-e829b21a6f8c9b70876ba0858053c044735bd543db762f57723cac368afd1ce4.sdkstatcache -output-file-map /Users/admin/builder/spi-builder-workspace/.derivedData/Build/Intermediates.noindex/swift-dependencies.build/Debug-xros/Dependencies-t.build/Objects-normal/arm64/Dependencies-OutputFileMap.json -save-temps -no-color-diagnostics -explicit-module-build -module-cache-path /Users/admin/builder/spi-builder-workspace/.derivedData/Build/Intermediates.noindex/SwiftExplicitPrecompiledModules -clang-scanner-module-cache-path /Users/admin/builder/spi-builder-workspace/.derivedData/ModuleCache.noindex -sdk-module-cache-path /Users/admin/builder/spi-builder-workspace/.derivedData/SDKExplicitPrecompiledModules -emit-dependencies -emit-module -emit-module-path /Users/admin/builder/spi-builder-workspace/.derivedData/Build/Intermediates.noindex/swift-dependencies.build/Debug-xros/Dependencies-t.build/Objects-normal/arm64/Dependencies.swiftmodule -serialize-diagnostics -dependency-scan-serialize-diagnostics-path /Users/admin/builder/spi-builder-workspace/.derivedData/Build/Intermediates.noindex/swift-dependencies.build/Debug-xros/Dependencies-t.build/Objects-normal/arm64/Dependencies-dependency-scan.dia -validate-clang-modules-once -clang-build-session-file /Users/admin/builder/spi-builder-workspace/.derivedData/ModuleCache.noindex/Session.modulevalidation -Xcc -fmodules-prune-interval\=86400 -Xcc -fmodules-prune-after\=345600 -emit-const-values -const-gather-protocols-list /Users/admin/builder/spi-builder-workspace/.derivedData/Build/Intermediates.noindex/swift-dependencies.build/Debug-xros/Dependencies-t.build/Objects-normal/arm64/Dependencies_const_extract_protocols.json -Xcc -I/Users/admin/builder/spi-builder-workspace/.derivedData/Build/Products/Debug-xros/include -Xcc -I/Users/admin/builder/spi-builder-workspace/.derivedData/Build/Intermediates.noindex/swift-dependencies.build/Debug-xros/Dependencies-t.build/DerivedSources-normal/arm64 -Xcc -I/Users/admin/builder/spi-builder-workspace/.derivedData/Build/Intermediates.noindex/swift-dependencies.build/Debug-xros/Dependencies-t.build/DerivedSources/arm64 -Xcc -I/Users/admin/builder/spi-builder-workspace/.derivedData/Build/Intermediates.noindex/swift-dependencies.build/Debug-xros/Dependencies-t.build/DerivedSources -Xcc -DSWIFT_PACKAGE -Xcc -DDEBUG\=1 -emit-objc-header -emit-objc-header-path /Users/admin/builder/spi-builder-workspace/.derivedData/Build/Intermediates.noindex/swift-dependencies.build/Debug-xros/Dependencies-t.build/Objects-normal/arm64/Dependencies-Swift.h -working-directory /Users/admin/builder/spi-builder-workspace/.swiftpm/xcode -experimental-emit-module-separately -disable-cmo
SwiftDriver CombineSchedulers normal arm64 com.apple.xcode.tools.swift.compiler (in target 'CombineSchedulers' from project 'combine-schedulers')
cd /Users/admin/builder/spi-builder-workspace/.swiftpm/xcode
builtin-SwiftDriver -- /Applications/Xcode-27.0.0-Release.Candidate.app/Contents/Developer/Toolchains/XcodeDefault.xctoolchain/usr/bin/swiftc -parse-as-library -module-name CombineSchedulers -Onone @/Users/admin/builder/spi-builder-workspace/.derivedData/Build/Intermediates.noindex/combine-schedulers.build/Debug-xros/CombineSchedulers-t.build/Objects-normal/arm64/CombineSchedulers.SwiftFileList -DSWIFT_PACKAGE -DDEBUG -DSWIFT_MODULE_RESOURCE_BUNDLE_UNAVAILABLE -DXcode -plugin-path /Applications/Xcode-27.0.0-Release.Candidate.app/Contents/Developer/Toolchains/XcodeDefault.xctoolchain/usr/lib/swift/host/plugins/testing -enable-experimental-feature DebugDescriptionMacro -sdk /Applications/Xcode-27.0.0-Release.Candidate.app/Contents/Developer/Platforms/XROS.platform/Developer/SDKs/XROS27.0.sdk -target arm64-apple-xros1.0 -g -module-cache-path /Users/admin/builder/spi-builder-workspace/.derivedData/ModuleCache.noindex -Xfrontend -serialize-debugging-options -profile-coverage-mapping -profile-generate -enable-testing -suppress-warnings -index-store-path /Users/admin/builder/spi-builder-workspace/.derivedData/Index.noindex/DataStore -Xcc -D_LIBCPP_HARDENING_MODE\=_LIBCPP_HARDENING_MODE_DEBUG -swift-version 5 -I /Users/admin/builder/spi-builder-workspace/.derivedData/Build/Products/Debug-xros -Isystem /Applications/Xcode-27.0.0-Release.Candidate.app/Contents/Developer/Platforms/XROS.platform/Developer/usr/lib -F /Users/admin/builder/spi-builder-workspace/.derivedData/Build/Products/Debug-xros/PackageFrameworks -F /Users/admin/builder/spi-builder-workspace/.derivedData/Build/Products/Debug-xros -F /Applications/Xcode-27.0.0-Release.Candidate.app/Contents/Developer/Platforms/XROS.platform/Developer/Library/Frameworks -F /Applications/Xcode-27.0.0-Release.Candidate.app/Contents/Developer/Platforms/XROS.platform/Developer/SDKs/XROS27.0.sdk/Developer/Library/Frameworks -c -j10 -enable-batch-mode -incremental -Xcc -ivfsstatcache -Xcc /Users/admin/builder/spi-builder-workspace/.derivedData/SDKStatCaches.noindex/xros27.0-24M361-e829b21a6f8c9b70876ba0858053c044735bd543db762f57723cac368afd1ce4.sdkstatcache -output-file-map /Users/admin/builder/spi-builder-workspace/.derivedData/Build/Intermediates.noindex/combine-schedulers.build/Debug-xros/CombineSchedulers-t.build/Objects-normal/arm64/CombineSchedulers-OutputFileMap.json -save-temps -no-color-diagnostics -explicit-module-build -module-cache-path /Users/admin/builder/spi-builder-workspace/.derivedData/Build/Intermediates.noindex/SwiftExplicitPrecompiledModules -clang-scanner-module-cache-path /Users/admin/builder/spi-builder-workspace/.derivedData/ModuleCache.noindex -sdk-module-cache-path /Users/admin/builder/spi-builder-workspace/.derivedData/SDKExplicitPrecompiledModules -emit-dependencies -emit-module -emit-module-path /Users/admin/builder/spi-builder-workspace/.derivedData/Build/Intermediates.noindex/combine-schedulers.build/Debug-xros/CombineSchedulers-t.build/Objects-normal/arm64/CombineSchedulers.swiftmodule -serialize-diagnostics -dependency-scan-serialize-diagnostics-path /Users/admin/builder/spi-builder-workspace/.derivedData/Build/Intermediates.noindex/combine-schedulers.build/Debug-xros/CombineSchedulers-t.build/Objects-normal/arm64/CombineSchedulers-dependency-scan.dia -validate-clang-modules-once -clang-build-session-file /Users/admin/builder/spi-builder-workspace/.derivedData/ModuleCache.noindex/Session.modulevalidation -Xcc -fmodules-prune-interval\=86400 -Xcc -fmodules-prune-after\=345600 -emit-const-values -const-gather-protocols-list /Users/admin/builder/spi-builder-workspace/.derivedData/Build/Intermediates.noindex/combine-schedulers.build/Debug-xros/CombineSchedulers-t.build/Objects-normal/arm64/CombineSchedulers_const_extract_protocols.json -Xcc -I/Users/admin/builder/spi-builder-workspace/.derivedData/Build/Products/Debug-xros/include -Xcc -I/Users/admin/builder/spi-builder-workspace/.derivedData/Build/Intermediates.noindex/combine-schedulers.build/Debug-xros/CombineSchedulers-t.build/DerivedSources-normal/arm64 -Xcc -I/Users/admin/builder/spi-builder-workspace/.derivedData/Build/Intermediates.noindex/combine-schedulers.build/Debug-xros/CombineSchedulers-t.build/DerivedSources/arm64 -Xcc -I/Users/admin/builder/spi-builder-workspace/.derivedData/Build/Intermediates.noindex/combine-schedulers.build/Debug-xros/CombineSchedulers-t.build/DerivedSources -Xcc -DSWIFT_PACKAGE -Xcc -DDEBUG\=1 -emit-objc-header -emit-objc-header-path /Users/admin/builder/spi-builder-workspace/.derivedData/Build/Intermediates.noindex/combine-schedulers.build/Debug-xros/CombineSchedulers-t.build/Objects-normal/arm64/CombineSchedulers-Swift.h -working-directory /Users/admin/builder/spi-builder-workspace/.swiftpm/xcode -experimental-emit-module-separately -disable-cmo
SwiftDriver ComposableUserNotifications normal arm64 com.apple.xcode.tools.swift.compiler (in target 'ComposableUserNotifications' from project 'composable-user-notifications')
cd /Users/admin/builder/spi-builder-workspace/.swiftpm/xcode
builtin-SwiftDriver -- /Applications/Xcode-27.0.0-Release.Candidate.app/Contents/Developer/Toolchains/XcodeDefault.xctoolchain/usr/bin/swiftc -parse-as-library -module-name ComposableUserNotifications -Onone @/Users/admin/builder/spi-builder-workspace/.derivedData/Build/Intermediates.noindex/composable-user-notifications.build/Debug-xros/ComposableUserNotifications-t.build/Objects-normal/arm64/ComposableUserNotifications.SwiftFileList -DSWIFT_PACKAGE -DDEBUG -DSWIFT_MODULE_RESOURCE_BUNDLE_UNAVAILABLE -DXcode -plugin-path /Applications/Xcode-27.0.0-Release.Candidate.app/Contents/Developer/Toolchains/XcodeDefault.xctoolchain/usr/lib/swift/host/plugins/testing -enable-experimental-feature DebugDescriptionMacro -sdk /Applications/Xcode-27.0.0-Release.Candidate.app/Contents/Developer/Platforms/XROS.platform/Developer/SDKs/XROS27.0.sdk -target arm64-apple-xros1.0 -g -module-cache-path /Users/admin/builder/spi-builder-workspace/.derivedData/ModuleCache.noindex -Xfrontend -serialize-debugging-options -profile-coverage-mapping -profile-generate -enable-testing -index-store-path /Users/admin/builder/spi-builder-workspace/.derivedData/Index.noindex/DataStore -Xcc -D_LIBCPP_HARDENING_MODE\=_LIBCPP_HARDENING_MODE_DEBUG -swift-version 5 -I /Users/admin/builder/spi-builder-workspace/.derivedData/Build/Products/Debug-xros -Isystem /Applications/Xcode-27.0.0-Release.Candidate.app/Contents/Developer/Platforms/XROS.platform/Developer/usr/lib -F /Users/admin/builder/spi-builder-workspace/.derivedData/Build/Products/Debug-xros/PackageFrameworks -F /Users/admin/builder/spi-builder-workspace/.derivedData/Build/Products/Debug-xros -F /Applications/Xcode-27.0.0-Release.Candidate.app/Contents/Developer/Platforms/XROS.platform/Developer/Library/Frameworks -F /Applications/Xcode-27.0.0-Release.Candidate.app/Contents/Developer/Platforms/XROS.platform/Developer/SDKs/XROS27.0.sdk/Developer/Library/Frameworks -c -j10 -enable-batch-mode -incremental -Xcc -ivfsstatcache -Xcc /Users/admin/builder/spi-builder-workspace/.derivedData/SDKStatCaches.noindex/xros27.0-24M361-e829b21a6f8c9b70876ba0858053c044735bd543db762f57723cac368afd1ce4.sdkstatcache -output-file-map /Users/admin/builder/spi-builder-workspace/.derivedData/Build/Intermediates.noindex/composable-user-notifications.build/Debug-xros/ComposableUserNotifications-t.build/Objects-normal/arm64/ComposableUserNotifications-OutputFileMap.json -save-temps -no-color-diagnostics -explicit-module-build -module-cache-path /Users/admin/builder/spi-builder-workspace/.derivedData/Build/Intermediates.noindex/SwiftExplicitPrecompiledModules -clang-scanner-module-cache-path /Users/admin/builder/spi-builder-workspace/.derivedData/ModuleCache.noindex -sdk-module-cache-path /Users/admin/builder/spi-builder-workspace/.derivedData/SDKExplicitPrecompiledModules -emit-dependencies -emit-module -emit-module-path /Users/admin/builder/spi-builder-workspace/.derivedData/Build/Intermediates.noindex/composable-user-notifications.build/Debug-xros/ComposableUserNotifications-t.build/Objects-normal/arm64/ComposableUserNotifications.swiftmodule -serialize-diagnostics -dependency-scan-serialize-diagnostics-path /Users/admin/builder/spi-builder-workspace/.derivedData/Build/Intermediates.noindex/composable-user-notifications.build/Debug-xros/ComposableUserNotifications-t.build/Objects-normal/arm64/ComposableUserNotifications-dependency-scan.dia -validate-clang-modules-once -clang-build-session-file /Users/admin/builder/spi-builder-workspace/.derivedData/ModuleCache.noindex/Session.modulevalidation -Xcc -fmodules-prune-interval\=86400 -Xcc -fmodules-prune-after\=345600 -emit-const-values -const-gather-protocols-list /Users/admin/builder/spi-builder-workspace/.derivedData/Build/Intermediates.noindex/composable-user-notifications.build/Debug-xros/ComposableUserNotifications-t.build/Objects-normal/arm64/ComposableUserNotifications_const_extract_protocols.json -Xcc -I/Users/admin/builder/spi-builder-workspace/.derivedData/Build/Products/Debug-xros/include -Xcc -I/Users/admin/builder/spi-builder-workspace/.derivedData/Build/Intermediates.noindex/composable-user-notifications.build/Debug-xros/ComposableUserNotifications-t.build/DerivedSources-normal/arm64 -Xcc -I/Users/admin/builder/spi-builder-workspace/.derivedData/Build/Intermediates.noindex/composable-user-notifications.build/Debug-xros/ComposableUserNotifications-t.build/DerivedSources/arm64 -Xcc -I/Users/admin/builder/spi-builder-workspace/.derivedData/Build/Intermediates.noindex/composable-user-notifications.build/Debug-xros/ComposableUserNotifications-t.build/DerivedSources -Xcc -DSWIFT_PACKAGE -Xcc -DDEBUG\=1 -emit-objc-header -emit-objc-header-path /Users/admin/builder/spi-builder-workspace/.derivedData/Build/Intermediates.noindex/composable-user-notifications.build/Debug-xros/ComposableUserNotifications-t.build/Objects-normal/arm64/ComposableUserNotifications-Swift.h -working-directory /Users/admin/builder/spi-builder-workspace/.swiftpm/xcode -experimental-emit-module-separately -disable-cmo
SwiftDriver Clocks normal arm64 com.apple.xcode.tools.swift.compiler (in target 'Clocks' from project 'swift-clocks')
cd /Users/admin/builder/spi-builder-workspace/.swiftpm/xcode
builtin-SwiftDriver -- /Applications/Xcode-27.0.0-Release.Candidate.app/Contents/Developer/Toolchains/XcodeDefault.xctoolchain/usr/bin/swiftc -parse-as-library -module-name Clocks -Onone @/Users/admin/builder/spi-builder-workspace/.derivedData/Build/Intermediates.noindex/swift-clocks.build/Debug-xros/Clocks-t.build/Objects-normal/arm64/Clocks.SwiftFileList -DSWIFT_PACKAGE -DDEBUG -DSWIFT_MODULE_RESOURCE_BUNDLE_UNAVAILABLE -DXcode -plugin-path /Applications/Xcode-27.0.0-Release.Candidate.app/Contents/Developer/Toolchains/XcodeDefault.xctoolchain/usr/lib/swift/host/plugins/testing -enable-experimental-feature DebugDescriptionMacro -sdk /Applications/Xcode-27.0.0-Release.Candidate.app/Contents/Developer/Platforms/XROS.platform/Developer/SDKs/XROS27.0.sdk -target arm64-apple-xros1.0 -g -module-cache-path /Users/admin/builder/spi-builder-workspace/.derivedData/ModuleCache.noindex -Xfrontend -serialize-debugging-options -profile-coverage-mapping -profile-generate -enable-testing -suppress-warnings -index-store-path /Users/admin/builder/spi-builder-workspace/.derivedData/Index.noindex/DataStore -Xcc -D_LIBCPP_HARDENING_MODE\=_LIBCPP_HARDENING_MODE_DEBUG -swift-version 5 -I /Users/admin/builder/spi-builder-workspace/.derivedData/Build/Products/Debug-xros -Isystem /Applications/Xcode-27.0.0-Release.Candidate.app/Contents/Developer/Platforms/XROS.platform/Developer/usr/lib -F /Users/admin/builder/spi-builder-workspace/.derivedData/Build/Products/Debug-xros/PackageFrameworks -F /Users/admin/builder/spi-builder-workspace/.derivedData/Build/Products/Debug-xros -F /Applications/Xcode-27.0.0-Release.Candidate.app/Contents/Developer/Platforms/XROS.platform/Developer/Library/Frameworks -F /Applications/Xcode-27.0.0-Release.Candidate.app/Contents/Developer/Platforms/XROS.platform/Developer/SDKs/XROS27.0.sdk/Developer/Library/Frameworks -c -j10 -enable-batch-mode -incremental -Xcc -ivfsstatcache -Xcc /Users/admin/builder/spi-builder-workspace/.derivedData/SDKStatCaches.noindex/xros27.0-24M361-e829b21a6f8c9b70876ba0858053c044735bd543db762f57723cac368afd1ce4.sdkstatcache -output-file-map /Users/admin/builder/spi-builder-workspace/.derivedData/Build/Intermediates.noindex/swift-clocks.build/Debug-xros/Clocks-t.build/Objects-normal/arm64/Clocks-OutputFileMap.json -save-temps -no-color-diagnostics -explicit-module-build -module-cache-path /Users/admin/builder/spi-builder-workspace/.derivedData/Build/Intermediates.noindex/SwiftExplicitPrecompiledModules -clang-scanner-module-cache-path /Users/admin/builder/spi-builder-workspace/.derivedData/ModuleCache.noindex -sdk-module-cache-path /Users/admin/builder/spi-builder-workspace/.derivedData/SDKExplicitPrecompiledModules -emit-dependencies -emit-module -emit-module-path /Users/admin/builder/spi-builder-workspace/.derivedData/Build/Intermediates.noindex/swift-clocks.build/Debug-xros/Clocks-t.build/Objects-normal/arm64/Clocks.swiftmodule -serialize-diagnostics -dependency-scan-serialize-diagnostics-path /Users/admin/builder/spi-builder-workspace/.derivedData/Build/Intermediates.noindex/swift-clocks.build/Debug-xros/Clocks-t.build/Objects-normal/arm64/Clocks-dependency-scan.dia -validate-clang-modules-once -clang-build-session-file /Users/admin/builder/spi-builder-workspace/.derivedData/ModuleCache.noindex/Session.modulevalidation -Xcc -fmodules-prune-interval\=86400 -Xcc -fmodules-prune-after\=345600 -emit-const-values -const-gather-protocols-list /Users/admin/builder/spi-builder-workspace/.derivedData/Build/Intermediates.noindex/swift-clocks.build/Debug-xros/Clocks-t.build/Objects-normal/arm64/Clocks_const_extract_protocols.json -Xcc -I/Users/admin/builder/spi-builder-workspace/.derivedData/Build/Products/Debug-xros/include -Xcc -I/Users/admin/builder/spi-builder-workspace/.derivedData/Build/Intermediates.noindex/swift-clocks.build/Debug-xros/Clocks-t.build/DerivedSources-normal/arm64 -Xcc -I/Users/admin/builder/spi-builder-workspace/.derivedData/Build/Intermediates.noindex/swift-clocks.build/Debug-xros/Clocks-t.build/DerivedSources/arm64 -Xcc -I/Users/admin/builder/spi-builder-workspace/.derivedData/Build/Intermediates.noindex/swift-clocks.build/Debug-xros/Clocks-t.build/DerivedSources -Xcc -DSWIFT_PACKAGE -Xcc -DDEBUG\=1 -emit-objc-header -emit-objc-header-path /Users/admin/builder/spi-builder-workspace/.derivedData/Build/Intermediates.noindex/swift-clocks.build/Debug-xros/Clocks-t.build/Objects-normal/arm64/Clocks-Swift.h -working-directory /Users/admin/builder/spi-builder-workspace/.swiftpm/xcode -experimental-emit-module-separately -disable-cmo
SwiftCompile normal arm64 Compiling\ Interface.swift /Users/admin/builder/spi-builder-workspace/Sources/ComposableUserNotifications/Interface.swift (in target 'ComposableUserNotifications' from project 'composable-user-notifications')
SwiftCompile normal arm64 /Users/admin/builder/spi-builder-workspace/Sources/ComposableUserNotifications/Interface.swift (in target 'ComposableUserNotifications' from project 'composable-user-notifications')
cd /Users/admin/builder/spi-builder-workspace/.swiftpm/xcode
builtin-SwiftPerFileCompile Interface.swift
SwiftEmitModule normal arm64 Emitting\ module\ for\ ComposableUserNotifications (in target 'ComposableUserNotifications' from project 'composable-user-notifications')
/Users/admin/builder/spi-builder-workspace/Sources/ComposableUserNotifications/Model.swift:212:26: error: 'UNLocationNotificationTrigger' is unavailable in visionOS
210 | @available(tvOS, unavailable)
211 | public struct Location: Equatable {
212 | public let rawValue: UNLocationNotificationTrigger?
| `- error: 'UNLocationNotificationTrigger' is unavailable in visionOS
213 |
214 | public var repeats: Bool
/Applications/Xcode-27.0.0-Release.Candidate.app/Contents/Developer/Platforms/XROS.platform/Developer/SDKs/XROS27.0.sdk/System/Library/Frameworks/UserNotifications.framework/Headers/UNNotificationTrigger.h:56:12: note: 'UNLocationNotificationTrigger' has been explicitly marked unavailable here
54 | // UNLocationNotificationTrigger can be scheduled on the device to notify when the user enters or leaves a geographic region. The identifier on CLRegion must be unique. Scheduling multiple UNNotificationRequests with different regions containing the same identifier will result in undefined behavior. The number of UNLocationNotificationTriggers that may be scheduled by an application at any one time is limited by the system. Applications must have "when-in-use" authorization through CoreLocation. See the CoreLocation documentation for more information.
55 | API_AVAILABLE(ios(10.0), watchos(3.0)) API_UNAVAILABLE(macos, tvos, macCatalyst, visionos)
56 | @interface UNLocationNotificationTrigger : UNNotificationTrigger
| `- note: 'UNLocationNotificationTrigger' has been explicitly marked unavailable here
57 |
58 | @property (NS_NONATOMIC_IOSONLY, readonly, copy) CLRegion *region;
/Users/admin/builder/spi-builder-workspace/Sources/ComposableUserNotifications/Model.swift:217:27: error: 'UNLocationNotificationTrigger' is unavailable in visionOS
215 | public var region: Region
216 |
217 | public init(rawValue: UNLocationNotificationTrigger) {
| `- error: 'UNLocationNotificationTrigger' is unavailable in visionOS
218 | self.rawValue = rawValue
219 |
/Applications/Xcode-27.0.0-Release.Candidate.app/Contents/Developer/Platforms/XROS.platform/Developer/SDKs/XROS27.0.sdk/System/Library/Frameworks/UserNotifications.framework/Headers/UNNotificationTrigger.h:56:12: note: 'UNLocationNotificationTrigger' has been explicitly marked unavailable here
54 | // UNLocationNotificationTrigger can be scheduled on the device to notify when the user enters or leaves a geographic region. The identifier on CLRegion must be unique. Scheduling multiple UNNotificationRequests with different regions containing the same identifier will result in undefined behavior. The number of UNLocationNotificationTriggers that may be scheduled by an application at any one time is limited by the system. Applications must have "when-in-use" authorization through CoreLocation. See the CoreLocation documentation for more information.
55 | API_AVAILABLE(ios(10.0), watchos(3.0)) API_UNAVAILABLE(macos, tvos, macCatalyst, visionos)
56 | @interface UNLocationNotificationTrigger : UNNotificationTrigger
| `- note: 'UNLocationNotificationTrigger' has been explicitly marked unavailable here
57 |
58 | @property (NS_NONATOMIC_IOSONLY, readonly, copy) CLRegion *region;
/Users/admin/builder/spi-builder-workspace/Sources/ComposableUserNotifications/Model.swift:477:24: error: 'CLRegion' is unavailable in visionOS
475 | // see https://github.com/pointfreeco/swift-composable-architecture/blob/767e1d9553fcee5a95af10e0352f20fb03b98352/Sources/ComposableCoreLocation/Models/Region.swift#L5
476 | public struct Region: Hashable {
477 | public let rawValue: CLRegion?
| `- error: 'CLRegion' is unavailable in visionOS
478 | public var identifier: String
479 | public var notifyOnEntry: Bool
/Applications/Xcode-27.0.0-Release.Candidate.app/Contents/Developer/Platforms/XROS.platform/Developer/SDKs/XROS27.0.sdk/System/Library/Frameworks/CoreLocation.framework/Headers/CLRegion.h:50:12: note: 'CLRegion' has been explicitly marked unavailable here
48 | CL_EXTERN
49 | API_AVAILABLE(macos(10.7), ios(4.0)) API_UNAVAILABLE(visionos)
50 | @interface CLRegion : NSObject <NSCopying, NSSecureCoding>
| `- note: 'CLRegion' has been explicitly marked unavailable here
51 | /*
52 | * initCircularRegionWithCenter:radius:identifier:
/Users/admin/builder/spi-builder-workspace/Sources/ComposableUserNotifications/Model.swift:482:18: error: 'CLRegion' is unavailable in visionOS
480 | public var notifyOnExit: Bool
481 |
482 | init(rawValue: CLRegion) {
| `- error: 'CLRegion' is unavailable in visionOS
483 | self.rawValue = rawValue
484 | self.identifier = rawValue.identifier
/Applications/Xcode-27.0.0-Release.Candidate.app/Contents/Developer/Platforms/XROS.platform/Developer/SDKs/XROS27.0.sdk/System/Library/Frameworks/CoreLocation.framework/Headers/CLRegion.h:50:12: note: 'CLRegion' has been explicitly marked unavailable here
48 | CL_EXTERN
49 | API_AVAILABLE(macos(10.7), ios(4.0)) API_UNAVAILABLE(visionos)
50 | @interface CLRegion : NSObject <NSCopying, NSSecureCoding>
| `- note: 'CLRegion' has been explicitly marked unavailable here
51 | /*
52 | * initCircularRegionWithCenter:radius:identifier:
Failed frontend command:
/Applications/Xcode-27.0.0-Release.Candidate.app/Contents/Developer/Toolchains/XcodeDefault.xctoolchain/usr/bin/swift-frontend -frontend -emit-module -experimental-skip-non-inlinable-function-bodies-without-types /Users/admin/builder/spi-builder-workspace/Sources/ComposableUserNotifications/Interface.swift /Users/admin/builder/spi-builder-workspace/Sources/ComposableUserNotifications/LiveKey.swift /Users/admin/builder/spi-builder-workspace/Sources/ComposableUserNotifications/Model.swift /Users/admin/builder/spi-builder-workspace/Sources/ComposableUserNotifications/TestKey.swift -target arm64-apple-xros1.0 -disable-cross-import-overlay-search -swift-module-cross-import UserNotifications /Applications/Xcode-27.0.0-Release.Candidate.app/Contents/Developer/Platforms/XROS.platform/Developer/SDKs/XROS.sdk/System/Library/Frameworks/UserNotifications.framework/Modules/UserNotifications.swiftcrossimport/AppIntents.swiftoverlay -load-resolved-plugin /Applications/Xcode-27.0.0-Release.Candidate.app/Contents/Developer/Platforms/XROS.platform/Developer/usr/lib/swift/host/plugins/libFoundationMacros.dylib\#/Applications/Xcode-27.0.0-Release.Candidate.app/Contents/Developer/Platforms/XROS.platform/Developer/usr/bin/swift-plugin-server\#FoundationMacros -load-resolved-plugin /Applications/Xcode-27.0.0-Release.Candidate.app/Contents/Developer/Platforms/XROS.platform/Developer/usr/lib/swift/host/plugins/libObservationMacros.dylib\#/Applications/Xcode-27.0.0-Release.Candidate.app/Contents/Developer/Platforms/XROS.platform/Developer/usr/bin/swift-plugin-server\#ObservationMacros -load-resolved-plugin /Applications/Xcode-27.0.0-Release.Candidate.app/Contents/Developer/Platforms/XROS.platform/Developer/usr/lib/swift/host/plugins/libPreviewsMacros.dylib\#/Applications/Xcode-27.0.0-Release.Candidate.app/Contents/Developer/Platforms/XROS.platform/Developer/usr/bin/swift-plugin-server\#PreviewsMacros -load-resolved-plugin /Applications/Xcode-27.0.0-Release.Candidate.app/Contents/Developer/Platforms/XROS.platform/Developer/usr/lib/swift/host/plugins/libSwiftMacros.dylib\#/Applications/Xcode-27.0.0-Release.Candidate.app/Contents/Developer/Platforms/XROS.platform/Developer/usr/bin/swift-plugin-server\#SwiftMacros -load-resolved-plugin /Applications/Xcode-27.0.0-Release.Candidate.app/Contents/Developer/Platforms/XROS.platform/Developer/usr/lib/swift/host/plugins/libSwiftUIMacros.dylib\#/Applications/Xcode-27.0.0-Release.Candidate.app/Contents/Developer/Platforms/XROS.platform/Developer/usr/bin/swift-plugin-server\#SwiftUIMacros -disable-implicit-swift-modules -Xcc -fno-implicit-modules -Xcc -fno-implicit-module-maps -explicit-swift-module-map-file /Users/admin/builder/spi-builder-workspace/.derivedData/Build/Intermediates.noindex/composable-user-notifications.build/Debug-xros/ComposableUserNotifications-t.build/Objects-normal/arm64/ComposableUserNotifications-dependencies-1.json -Xllvm -aarch64-use-tbi -enable-objc-interop -stack-check -sdk /Applications/Xcode-27.0.0-Release.Candidate.app/Contents/Developer/Platforms/XROS.platform/Developer/SDKs/XROS27.0.sdk -I /Users/admin/builder/spi-builder-workspace/.derivedData/Build/Products/Debug-xros -Isystem /Applications/Xcode-27.0.0-Release.Candidate.app/Contents/Developer/Platforms/XROS.platform/Developer/usr/lib -F /Users/admin/builder/spi-builder-workspace/.derivedData/Build/Products/Debug-xros/PackageFrameworks -F /Users/admin/builder/spi-builder-workspace/.derivedData/Build/Products/Debug-xros -F /Applications/Xcode-27.0.0-Release.Candidate.app/Contents/Developer/Platforms/XROS.platform/Developer/Library/Frameworks -F /Applications/Xcode-27.0.0-Release.Candidate.app/Contents/Developer/Platforms/XROS.platform/Developer/SDKs/XROS27.0.sdk/Developer/Library/Frameworks -module-cache-path /Users/admin/builder/spi-builder-workspace/.derivedData/Build/Intermediates.noindex/SwiftExplicitPrecompiledModules -no-color-diagnostics -Xcc -fno-color-diagnostics -enable-testing -g -debug-info-format\=dwarf -dwarf-version\=4 -profile-generate -profile-coverage-mapping -swift-version 5 -Onone -D SWIFT_PACKAGE -D DEBUG -D SWIFT_MODULE_RESOURCE_BUNDLE_UNAVAILABLE -D Xcode -serialize-debugging-options -enable-experimental-feature DebugDescriptionMacro -empty-abi-descriptor -validate-clang-modules-once -clang-build-session-file /Users/admin/builder/spi-builder-workspace/.derivedData/ModuleCache.noindex/Session.modulevalidation -Xcc -working-directory -Xcc /Users/admin/builder/spi-builder-workspace/.swiftpm/xcode -enable-anonymous-context-mangled-names -file-compilation-dir /Users/admin/builder/spi-builder-workspace/.swiftpm/xcode -Xcc -D_LIBCPP_HARDENING_MODE\=_LIBCPP_HARDENING_MODE_DEBUG -Xcc -ivfsstatcache -Xcc /Users/admin/builder/spi-builder-workspace/.derivedData/SDKStatCaches.noindex/xros27.0-24M361-e829b21a6f8c9b70876ba0858053c044735bd543db762f57723cac368afd1ce4.sdkstatcache -Xcc -fmodules-prune-interval\=86400 -Xcc -fmodules-prune-after\=345600 -Xcc -I/Users/admin/builder/spi-builder-workspace/.derivedData/Build/Products/Debug-xros/include -Xcc -I/Users/admin/builder/spi-builder-workspace/.derivedData/Build/Intermediates.noindex/composable-user-notifications.build/Debug-xros/ComposableUserNotifications-t.build/DerivedSources-normal/arm64 -Xcc -I/Users/admin/builder/spi-builder-workspace/.derivedData/Build/Intermediates.noindex/composable-user-notifications.build/Debug-xros/ComposableUserNotifications-t.build/DerivedSources/arm64 -Xcc -I/Users/admin/builder/spi-builder-workspace/.derivedData/Build/Intermediates.noindex/composable-user-notifications.build/Debug-xros/ComposableUserNotifications-t.build/DerivedSources -Xcc -DSWIFT_PACKAGE -Xcc -DDEBUG\=1 -no-auto-bridging-header-chaining -module-name ComposableUserNotifications -const-gather-protocols-file /Users/admin/builder/spi-builder-workspace/.derivedData/Build/Intermediates.noindex/composable-user-notifications.build/Debug-xros/ComposableUserNotifications-t.build/Objects-normal/arm64/ComposableUserNotifications_const_extract_protocols.json -disable-clang-spi -clang-target arm64-apple-xros27.0 -target-sdk-version 27.0 -target-sdk-name xros27.0 -in-process-plugin-server-path /Applications/Xcode-27.0.0-Release.Candidate.app/Contents/Developer/Toolchains/XcodeDefault.xctoolchain/usr/lib/swift/host/libSwiftInProcPluginServer.dylib -emit-module-doc-path /Users/admin/builder/spi-builder-workspace/.derivedData/Build/Intermediates.noindex/composable-user-notifications.build/Debug-xros/ComposableUserNotifications-t.build/Objects-normal/arm64/ComposableUserNotifications.swiftdoc -emit-module-source-info-path /Users/admin/builder/spi-builder-workspace/.derivedData/Build/Intermediates.noindex/composable-user-notifications.build/Debug-xros/ComposableUserNotifications-t.build/Objects-normal/arm64/ComposableUserNotifications.swiftsourceinfo -emit-objc-header-path /Users/admin/builder/spi-builder-workspace/.derivedData/Build/Intermediates.noindex/composable-user-notifications.build/Debug-xros/ComposableUserNotifications-t.build/Objects-normal/arm64/ComposableUserNotifications-Swift.h -serialize-diagnostics-path /Users/admin/builder/spi-builder-workspace/.derivedData/Build/Intermediates.noindex/composable-user-notifications.build/Debug-xros/ComposableUserNotifications-t.build/Objects-normal/arm64/ComposableUserNotifications-primary-emit-module.dia -emit-dependencies-path /Users/admin/builder/spi-builder-workspace/.derivedData/Build/Intermediates.noindex/composable-user-notifications.build/Debug-xros/ComposableUserNotifications-t.build/Objects-normal/arm64/ComposableUserNotifications-primary-emit-module.d -parse-as-library -o /Users/admin/builder/spi-builder-workspace/.derivedData/Build/Intermediates.noindex/composable-user-notifications.build/Debug-xros/ComposableUserNotifications-t.build/Objects-normal/arm64/ComposableUserNotifications.swiftmodule -emit-abi-descriptor-path /Users/admin/builder/spi-builder-workspace/.derivedData/Build/Intermediates.noindex/composable-user-notifications.build/Debug-xros/ComposableUserNotifications-t.build/Objects-normal/arm64/ComposableUserNotifications.abi.json
SwiftCompile normal arm64 (in target 'ComposableUserNotifications' from project 'composable-user-notifications')
cd /Users/admin/builder/spi-builder-workspace/.swiftpm/xcode
SwiftCompile normal arm64 Compiling\ TestKey.swift /Users/admin/builder/spi-builder-workspace/Sources/ComposableUserNotifications/TestKey.swift (in target 'ComposableUserNotifications' from project 'composable-user-notifications')
SwiftCompile normal arm64 /Users/admin/builder/spi-builder-workspace/Sources/ComposableUserNotifications/TestKey.swift (in target 'ComposableUserNotifications' from project 'composable-user-notifications')
cd /Users/admin/builder/spi-builder-workspace/.swiftpm/xcode
builtin-SwiftPerFileCompile TestKey.swift
SwiftCompile normal arm64 Compiling\ LiveKey.swift /Users/admin/builder/spi-builder-workspace/Sources/ComposableUserNotifications/LiveKey.swift (in target 'ComposableUserNotifications' from project 'composable-user-notifications')
SwiftCompile normal arm64 /Users/admin/builder/spi-builder-workspace/Sources/ComposableUserNotifications/LiveKey.swift (in target 'ComposableUserNotifications' from project 'composable-user-notifications')
cd /Users/admin/builder/spi-builder-workspace/.swiftpm/xcode
builtin-SwiftPerFileCompile LiveKey.swift
SwiftCompile normal arm64 Compiling\ Model.swift /Users/admin/builder/spi-builder-workspace/Sources/ComposableUserNotifications/Model.swift (in target 'ComposableUserNotifications' from project 'composable-user-notifications')
SwiftCompile normal arm64 /Users/admin/builder/spi-builder-workspace/Sources/ComposableUserNotifications/Model.swift (in target 'ComposableUserNotifications' from project 'composable-user-notifications')
cd /Users/admin/builder/spi-builder-workspace/.swiftpm/xcode
builtin-SwiftPerFileCompile Model.swift
/Users/admin/builder/spi-builder-workspace/Sources/ComposableUserNotifications/Model.swift:212:26: error: 'UNLocationNotificationTrigger' is unavailable in visionOS
210 | @available(tvOS, unavailable)
211 | public struct Location: Equatable {
212 | public let rawValue: UNLocationNotificationTrigger?
| `- error: 'UNLocationNotificationTrigger' is unavailable in visionOS
213 |
214 | public var repeats: Bool
/Applications/Xcode-27.0.0-Release.Candidate.app/Contents/Developer/Platforms/XROS.platform/Developer/SDKs/XROS27.0.sdk/System/Library/Frameworks/UserNotifications.framework/Headers/UNNotificationTrigger.h:56:12: note: 'UNLocationNotificationTrigger' has been explicitly marked unavailable here
54 | // UNLocationNotificationTrigger can be scheduled on the device to notify when the user enters or leaves a geographic region. The identifier on CLRegion must be unique. Scheduling multiple UNNotificationRequests with different regions containing the same identifier will result in undefined behavior. The number of UNLocationNotificationTriggers that may be scheduled by an application at any one time is limited by the system. Applications must have "when-in-use" authorization through CoreLocation. See the CoreLocation documentation for more information.
55 | API_AVAILABLE(ios(10.0), watchos(3.0)) API_UNAVAILABLE(macos, tvos, macCatalyst, visionos)
56 | @interface UNLocationNotificationTrigger : UNNotificationTrigger
| `- note: 'UNLocationNotificationTrigger' has been explicitly marked unavailable here
57 |
58 | @property (NS_NONATOMIC_IOSONLY, readonly, copy) CLRegion *region;
/Users/admin/builder/spi-builder-workspace/Sources/ComposableUserNotifications/Model.swift:217:27: error: 'UNLocationNotificationTrigger' is unavailable in visionOS
215 | public var region: Region
216 |
217 | public init(rawValue: UNLocationNotificationTrigger) {
| `- error: 'UNLocationNotificationTrigger' is unavailable in visionOS
218 | self.rawValue = rawValue
219 |
/Applications/Xcode-27.0.0-Release.Candidate.app/Contents/Developer/Platforms/XROS.platform/Developer/SDKs/XROS27.0.sdk/System/Library/Frameworks/UserNotifications.framework/Headers/UNNotificationTrigger.h:56:12: note: 'UNLocationNotificationTrigger' has been explicitly marked unavailable here
54 | // UNLocationNotificationTrigger can be scheduled on the device to notify when the user enters or leaves a geographic region. The identifier on CLRegion must be unique. Scheduling multiple UNNotificationRequests with different regions containing the same identifier will result in undefined behavior. The number of UNLocationNotificationTriggers that may be scheduled by an application at any one time is limited by the system. Applications must have "when-in-use" authorization through CoreLocation. See the CoreLocation documentation for more information.
55 | API_AVAILABLE(ios(10.0), watchos(3.0)) API_UNAVAILABLE(macos, tvos, macCatalyst, visionos)
56 | @interface UNLocationNotificationTrigger : UNNotificationTrigger
| `- note: 'UNLocationNotificationTrigger' has been explicitly marked unavailable here
57 |
58 | @property (NS_NONATOMIC_IOSONLY, readonly, copy) CLRegion *region;
/Users/admin/builder/spi-builder-workspace/Sources/ComposableUserNotifications/Model.swift:477:24: error: 'CLRegion' is unavailable in visionOS
475 | // see https://github.com/pointfreeco/swift-composable-architecture/blob/767e1d9553fcee5a95af10e0352f20fb03b98352/Sources/ComposableCoreLocation/Models/Region.swift#L5
476 | public struct Region: Hashable {
477 | public let rawValue: CLRegion?
| `- error: 'CLRegion' is unavailable in visionOS
478 | public var identifier: String
479 | public var notifyOnEntry: Bool
/Applications/Xcode-27.0.0-Release.Candidate.app/Contents/Developer/Platforms/XROS.platform/Developer/SDKs/XROS27.0.sdk/System/Library/Frameworks/CoreLocation.framework/Headers/CLRegion.h:50:12: note: 'CLRegion' has been explicitly marked unavailable here
48 | CL_EXTERN
49 | API_AVAILABLE(macos(10.7), ios(4.0)) API_UNAVAILABLE(visionos)
50 | @interface CLRegion : NSObject <NSCopying, NSSecureCoding>
| `- note: 'CLRegion' has been explicitly marked unavailable here
51 | /*
52 | * initCircularRegionWithCenter:radius:identifier:
/Users/admin/builder/spi-builder-workspace/Sources/ComposableUserNotifications/Model.swift:482:18: error: 'CLRegion' is unavailable in visionOS
480 | public var notifyOnExit: Bool
481 |
482 | init(rawValue: CLRegion) {
| `- error: 'CLRegion' is unavailable in visionOS
483 | self.rawValue = rawValue
484 | self.identifier = rawValue.identifier
/Applications/Xcode-27.0.0-Release.Candidate.app/Contents/Developer/Platforms/XROS.platform/Developer/SDKs/XROS27.0.sdk/System/Library/Frameworks/CoreLocation.framework/Headers/CLRegion.h:50:12: note: 'CLRegion' has been explicitly marked unavailable here
48 | CL_EXTERN
49 | API_AVAILABLE(macos(10.7), ios(4.0)) API_UNAVAILABLE(visionos)
50 | @interface CLRegion : NSObject <NSCopying, NSSecureCoding>
| `- note: 'CLRegion' has been explicitly marked unavailable here
51 | /*
52 | * initCircularRegionWithCenter:radius:identifier:
/Users/admin/builder/spi-builder-workspace/Sources/ComposableUserNotifications/Model.swift:112:5: error: switch must be exhaustive
110 | extension Notification.Trigger {
111 | public var repeats: Bool {
112 | switch self {
| |- error: switch must be exhaustive
| `- note: add missing case: '.location(_)'
113 | case let .push(value):
114 | return value.repeats
SwiftCompile normal arm64 Compiling\ SwiftUI.swift /Users/admin/builder/spi-builder-workspace/.dependencies/checkouts/swift-clocks/Sources/Clocks/SwiftUI.swift (in target 'Clocks' from project 'swift-clocks')
SwiftCompile normal arm64 /Users/admin/builder/spi-builder-workspace/.dependencies/checkouts/swift-clocks/Sources/Clocks/SwiftUI.swift (in target 'Clocks' from project 'swift-clocks')
cd /Users/admin/builder/spi-builder-workspace/.swiftpm/xcode
builtin-SwiftPerFileCompile SwiftUI.swift
SwiftEmitModule normal arm64 Emitting\ module\ for\ Clocks (in target 'Clocks' from project 'swift-clocks')
SwiftCompile normal arm64 (in target 'Clocks' from project 'swift-clocks')
cd /Users/admin/builder/spi-builder-workspace/.swiftpm/xcode
SwiftEmitModule normal arm64 Emitting\ module\ for\ CombineSchedulers (in target 'CombineSchedulers' from project 'combine-schedulers')
SwiftCompile normal arm64 (in target 'CombineSchedulers' from project 'combine-schedulers')
cd /Users/admin/builder/spi-builder-workspace/.swiftpm/xcode
SwiftCompile normal arm64 Compiling\ SwiftUI.swift /Users/admin/builder/spi-builder-workspace/.dependencies/checkouts/combine-schedulers/Sources/CombineSchedulers/SwiftUI.swift (in target 'CombineSchedulers' from project 'combine-schedulers')
SwiftCompile normal arm64 /Users/admin/builder/spi-builder-workspace/.dependencies/checkouts/combine-schedulers/Sources/CombineSchedulers/SwiftUI.swift (in target 'CombineSchedulers' from project 'combine-schedulers')
cd /Users/admin/builder/spi-builder-workspace/.swiftpm/xcode
builtin-SwiftPerFileCompile SwiftUI.swift
SwiftEmitModule normal arm64 Emitting\ module\ for\ Dependencies (in target 'Dependencies' from project 'swift-dependencies')
SwiftCompile normal arm64 (in target 'Dependencies' from project 'swift-dependencies')
cd /Users/admin/builder/spi-builder-workspace/.swiftpm/xcode
PruneExplicitPrecompiledModules /Users/admin/builder/spi-builder-workspace/.derivedData/Build/Intermediates.noindex/SwiftExplicitPrecompiledModules
PruneExplicitPrecompiledModules /Users/admin/builder/spi-builder-workspace/.derivedData/Build/Intermediates.noindex/ExplicitPrecompiledModules
PruneExplicitPrecompiledModules /Users/admin/builder/spi-builder-workspace/.derivedData/SDKExplicitPrecompiledModules
2026-09-19 12:24:31.257 xcodebuild[1325:7430] [MT] IDERunDestination: Supported platforms for the buildables in the current scheme is empty.
2026-09-19 12:24:31.362 xcodebuild[1325:7430] [MT] IDERunDestination: Supported platforms for the buildables in the current scheme is empty.
** BUILD FAILED **
The following build commands failed:
SwiftEmitModule normal arm64 Emitting\ module\ for\ ComposableUserNotifications (in target 'ComposableUserNotifications' from project 'composable-user-notifications')
SwiftCompile normal arm64 (in target 'ComposableUserNotifications' from project 'composable-user-notifications')
Building workspace composable-user-notifications with scheme composable-user-notifications
(3 failures)
BUILD FAILURE 6.4 visionOS