Build Information
Failed to build FluentTestModels, reference 0.1.3 (ccf350), with Swift 6.4 for iOS using Xcode 27.0 on 17 Sep 2026 03:40:14 UTC.
Build Command
No build command. This typically means the build failed at an early stage where we determine the build command.Build Log
========================================
RunAll
========================================
Builder version: 5.1.0
Interrupt handler set up.
========================================
Checkout
========================================
Clone URL: https://github.com/Appsaurus/FluentTestModels.git
Reference: 0.1.3
Initialized empty Git repository in /Users/admin/builder/spi-builder-workspace/.git/
From https://github.com/Appsaurus/FluentTestModels
* tag 0.1.3 -> FETCH_HEAD
HEAD is now at ccf3508 Bumping deployment target
Cloned https://github.com/Appsaurus/FluentTestModels.git
Revision (git rev-parse @):
ccf350874d108b2c4bd05e2ccd7485037b6e00aa
SUCCESS checkout https://github.com/Appsaurus/FluentTestModels.git at 0.1.3
========================================
Build
========================================
Selected platform: iOS
Swift version: 6.4
Building package at path: $PWD
https://github.com/Appsaurus/FluentTestModels.git
Command line invocation:
/Applications/Xcode-27.0.0-Release.Candidate.app/Contents/Developer/usr/bin/xcodebuild -IDEClonedSourcePackagesDirPathOverride=/Users/admin/builder/spi-builder-workspace/.dependencies -resolvePackageDependencies
Resolve Package Graph
Fetching from https://github.com/vapor/vapor.git
Fetching from https://github.com/Appsaurus/FluentSeeder
Fetching from https://github.com/vapor/fluent-sqlite.git
Fetching from https://github.com/vapor/fluent.git
Fetching from https://github.com/vapor/core.git
Fetching from https://github.com/vapor/service.git
Fetching from https://github.com/vapor/sqlite.git
Fetching from https://github.com/vapor/database-kit.git
Fetching from https://github.com/vapor/sql.git
Fetching from https://github.com/Appsaurus/FluentTestUtils
Fetching from https://github.com/Appsaurus/RandomFactory
Fetching from https://github.com/Appsaurus/FluentExtensions
Fetching from https://github.com/Appsaurus/PlaceholderImages
Fetching from https://github.com/Appsaurus/Avatars
Fetching from https://github.com/Appsaurus/CodableExtensions
Fetching from https://github.com/vadymmarkov/Fakery
Fetching from https://github.com/Appsaurus/SwiftTestUtils
Fetching from https://github.com/Appsaurus/VaporTestUtils
Fetching from https://github.com/vapor/console.git
Fetching from https://github.com/Appsaurus/RuntimeExtensions
Fetching from https://github.com/yonaskolb/Codability.git
Fetching from https://github.com/wickwirew/Runtime
Invalid manifest (compiled with: ["/Applications/Xcode-27.0.0-Release.Candidate.app/Contents/Developer/Toolchains/XcodeDefault.xctoolchain/usr/bin/swiftc", "-vfsoverlay", "/var/folders/xq/y_g06wb113726d38xsyx71_h0000gn/T/TemporaryDirectory.N3hBMj/vfs.yaml", "-L", "/Applications/Xcode-27.0.0-Release.Candidate.app/Contents/SharedFrameworks/SwiftPM.framework/SharedSupport/ManifestAPI", "-lPackageDescription", "-Xlinker", "-rpath", "-Xlinker", "/Applications/Xcode-27.0.0-Release.Candidate.app/Contents/SharedFrameworks/SwiftPM.framework/SharedSupport/ManifestAPI", "-target", "arm64-apple-macos14.0", "-plugin-path", "/Applications/Xcode-27.0.0-Release.Candidate.app/Contents/Developer/Toolchains/XcodeDefault.xctoolchain/usr/lib/swift/host/plugins/testing", "-sdk", "/Applications/Xcode-27.0.0-Release.Candidate.app/Contents/Developer/Platforms/MacOSX.platform/Developer/SDKs/MacOSX27.0.sdk", "-swift-version", "5", "-I", "/Applications/Xcode-27.0.0-Release.Candidate.app/Contents/SharedFrameworks/SwiftPM.framework/SharedSupport/ManifestAPI", "-sdk", "/Applications/Xcode-27.0.0-Release.Candidate.app/Contents/Developer/Platforms/MacOSX.platform/Developer/SDKs/MacOSX27.0.sdk", "-package-description-version", "5.0.0", "-Xfrontend", "-serialize-diagnostics-path", "-Xfrontend", "/Users/admin/Library/Caches/org.swift.swiftpm/manifests/ManifestLoading/fluentextensions.dia", "/Package.swift", "-o", "/var/folders/xq/y_g06wb113726d38xsyx71_h0000gn/T/TemporaryDirectory.Zs2Vee/fluentextensions-manifest"])
/Package.swift:20:15: error: cannot find 'Ç' in scope
18 | .package(url: "https://github.com/Appsaurus/FluentTestUtils", .upToNextMajor(from: "0.1.0")),
19 | ],
20 | targets: [Ç
| `- error: cannot find 'Ç' in scope
21 | .target(
22 | name: "FluentExtensions", in https://github.com/Appsaurus/FluentExtensionsResolve Package Graph
Updating from https://github.com/vapor/fluent.git
Updating from https://github.com/Appsaurus/FluentSeeder
Updating from https://github.com/vapor/vapor.git
Updating from https://github.com/vapor/fluent-sqlite.git
Updating from https://github.com/vapor/core.git
Updating from https://github.com/vapor/service.git
Updating from https://github.com/vapor/sqlite.git
Updating from https://github.com/vapor/sql.git
Updating from https://github.com/vapor/database-kit.git
Updating from https://github.com/Appsaurus/FluentTestUtils
Updating from https://github.com/Appsaurus/RandomFactory
Updating from https://github.com/Appsaurus/FluentExtensions
Updating from https://github.com/Appsaurus/PlaceholderImages
Updating from https://github.com/vadymmarkov/Fakery
Updating from https://github.com/Appsaurus/CodableExtensions
Updating from https://github.com/Appsaurus/Avatars
Updating from https://github.com/Appsaurus/SwiftTestUtils
Updating from https://github.com/Appsaurus/VaporTestUtils
Updating from https://github.com/vapor/console.git
Updating from https://github.com/yonaskolb/Codability.git
Updating from https://github.com/Appsaurus/RuntimeExtensions
Updating from https://github.com/wickwirew/Runtime
Invalid manifest (compiled with: ["/Applications/Xcode-27.0.0-Release.Candidate.app/Contents/Developer/Toolchains/XcodeDefault.xctoolchain/usr/bin/swiftc", "-vfsoverlay", "/var/folders/xq/y_g06wb113726d38xsyx71_h0000gn/T/TemporaryDirectory.Jqfg8u/vfs.yaml", "-L", "/Applications/Xcode-27.0.0-Release.Candidate.app/Contents/SharedFrameworks/SwiftPM.framework/SharedSupport/ManifestAPI", "-lPackageDescription", "-Xlinker", "-rpath", "-Xlinker", "/Applications/Xcode-27.0.0-Release.Candidate.app/Contents/SharedFrameworks/SwiftPM.framework/SharedSupport/ManifestAPI", "-target", "arm64-apple-macos14.0", "-plugin-path", "/Applications/Xcode-27.0.0-Release.Candidate.app/Contents/Developer/Toolchains/XcodeDefault.xctoolchain/usr/lib/swift/host/plugins/testing", "-sdk", "/Applications/Xcode-27.0.0-Release.Candidate.app/Contents/Developer/Platforms/MacOSX.platform/Developer/SDKs/MacOSX27.0.sdk", "-swift-version", "5", "-I", "/Applications/Xcode-27.0.0-Release.Candidate.app/Contents/SharedFrameworks/SwiftPM.framework/SharedSupport/ManifestAPI", "-sdk", "/Applications/Xcode-27.0.0-Release.Candidate.app/Contents/Developer/Platforms/MacOSX.platform/Developer/SDKs/MacOSX27.0.sdk", "-package-description-version", "5.0.0", "-Xfrontend", "-serialize-diagnostics-path", "-Xfrontend", "/Users/admin/Library/Caches/org.swift.swiftpm/manifests/ManifestLoading/fluentextensions.dia", "/Package.swift", "-o", "/var/folders/xq/y_g06wb113726d38xsyx71_h0000gn/T/TemporaryDirectory.w3ZhK8/fluentextensions-manifest"])
/Package.swift:20:15: error: cannot find 'Ç' in scope
18 | .package(url: "https://github.com/Appsaurus/FluentTestUtils", .upToNextMajor(from: "0.1.0")),
19 | ],
20 | targets: [Ç
| `- error: cannot find 'Ç' in scope
21 | .target(
22 | name: "FluentExtensions", in https://github.com/Appsaurus/FluentExtensionsResolve Package Graph
Updating from https://github.com/vapor/fluent-sqlite.git
Updating from https://github.com/vapor/fluent.git
Updating from https://github.com/vapor/vapor.git
Updating from https://github.com/Appsaurus/FluentSeeder
Updating from https://github.com/vapor/service.git
Updating from https://github.com/vapor/core.git
Updating from https://github.com/vapor/sqlite.git
Updating from https://github.com/vapor/database-kit.git
Updating from https://github.com/vapor/sql.git
Updating from https://github.com/Appsaurus/RandomFactory
Updating from https://github.com/Appsaurus/FluentTestUtils
Updating from https://github.com/Appsaurus/FluentExtensions
Updating from https://github.com/vadymmarkov/Fakery
Updating from https://github.com/Appsaurus/PlaceholderImages
Updating from https://github.com/Appsaurus/Avatars
Updating from https://github.com/Appsaurus/CodableExtensions
Updating from https://github.com/Appsaurus/SwiftTestUtils
Updating from https://github.com/Appsaurus/VaporTestUtils
Updating from https://github.com/vapor/console.git
Updating from https://github.com/Appsaurus/RuntimeExtensions
Updating from https://github.com/yonaskolb/Codability.git
Updating from https://github.com/wickwirew/Runtime
Invalid manifest (compiled with: ["/Applications/Xcode-27.0.0-Release.Candidate.app/Contents/Developer/Toolchains/XcodeDefault.xctoolchain/usr/bin/swiftc", "-vfsoverlay", "/var/folders/xq/y_g06wb113726d38xsyx71_h0000gn/T/TemporaryDirectory.UAlbQf/vfs.yaml", "-L", "/Applications/Xcode-27.0.0-Release.Candidate.app/Contents/SharedFrameworks/SwiftPM.framework/SharedSupport/ManifestAPI", "-lPackageDescription", "-Xlinker", "-rpath", "-Xlinker", "/Applications/Xcode-27.0.0-Release.Candidate.app/Contents/SharedFrameworks/SwiftPM.framework/SharedSupport/ManifestAPI", "-target", "arm64-apple-macos14.0", "-plugin-path", "/Applications/Xcode-27.0.0-Release.Candidate.app/Contents/Developer/Toolchains/XcodeDefault.xctoolchain/usr/lib/swift/host/plugins/testing", "-sdk", "/Applications/Xcode-27.0.0-Release.Candidate.app/Contents/Developer/Platforms/MacOSX.platform/Developer/SDKs/MacOSX27.0.sdk", "-swift-version", "5", "-I", "/Applications/Xcode-27.0.0-Release.Candidate.app/Contents/SharedFrameworks/SwiftPM.framework/SharedSupport/ManifestAPI", "-sdk", "/Applications/Xcode-27.0.0-Release.Candidate.app/Contents/Developer/Platforms/MacOSX.platform/Developer/SDKs/MacOSX27.0.sdk", "-package-description-version", "5.0.0", "-Xfrontend", "-serialize-diagnostics-path", "-Xfrontend", "/Users/admin/Library/Caches/org.swift.swiftpm/manifests/ManifestLoading/fluentextensions.dia", "/Package.swift", "-o", "/var/folders/xq/y_g06wb113726d38xsyx71_h0000gn/T/TemporaryDirectory.zNGl6H/fluentextensions-manifest"])
/Package.swift:20:15: error: cannot find 'Ç' in scope
18 | .package(url: "https://github.com/Appsaurus/FluentTestUtils", .upToNextMajor(from: "0.1.0")),
19 | ],
20 | targets: [Ç
| `- error: cannot find 'Ç' in scope
21 | .target(
22 | name: "FluentExtensions", in https://github.com/Appsaurus/FluentExtensionsResolve Package Graph
Updating from https://github.com/vapor/fluent-sqlite.git
Updating from https://github.com/vapor/fluent.git
Updating from https://github.com/Appsaurus/FluentSeeder
Updating from https://github.com/vapor/vapor.git
Updating from https://github.com/vapor/service.git
Updating from https://github.com/vapor/core.git
Updating from https://github.com/vapor/sqlite.git
Updating from https://github.com/vapor/sql.git
Updating from https://github.com/vapor/database-kit.git
Updating from https://github.com/Appsaurus/FluentTestUtils
Updating from https://github.com/Appsaurus/FluentExtensions
Updating from https://github.com/Appsaurus/RandomFactory
Updating from https://github.com/Appsaurus/Avatars
Updating from https://github.com/Appsaurus/CodableExtensions
Updating from https://github.com/Appsaurus/PlaceholderImages
Updating from https://github.com/vadymmarkov/Fakery
Updating from https://github.com/Appsaurus/SwiftTestUtils
Updating from https://github.com/Appsaurus/VaporTestUtils
Updating from https://github.com/vapor/console.git
Updating from https://github.com/Appsaurus/RuntimeExtensions
Updating from https://github.com/yonaskolb/Codability.git
Updating from https://github.com/wickwirew/Runtime
Invalid manifest (compiled with: ["/Applications/Xcode-27.0.0-Release.Candidate.app/Contents/Developer/Toolchains/XcodeDefault.xctoolchain/usr/bin/swiftc", "-vfsoverlay", "/var/folders/xq/y_g06wb113726d38xsyx71_h0000gn/T/TemporaryDirectory.K4PUKR/vfs.yaml", "-L", "/Applications/Xcode-27.0.0-Release.Candidate.app/Contents/SharedFrameworks/SwiftPM.framework/SharedSupport/ManifestAPI", "-lPackageDescription", "-Xlinker", "-rpath", "-Xlinker", "/Applications/Xcode-27.0.0-Release.Candidate.app/Contents/SharedFrameworks/SwiftPM.framework/SharedSupport/ManifestAPI", "-target", "arm64-apple-macos14.0", "-plugin-path", "/Applications/Xcode-27.0.0-Release.Candidate.app/Contents/Developer/Toolchains/XcodeDefault.xctoolchain/usr/lib/swift/host/plugins/testing", "-sdk", "/Applications/Xcode-27.0.0-Release.Candidate.app/Contents/Developer/Platforms/MacOSX.platform/Developer/SDKs/MacOSX27.0.sdk", "-swift-version", "5", "-I", "/Applications/Xcode-27.0.0-Release.Candidate.app/Contents/SharedFrameworks/SwiftPM.framework/SharedSupport/ManifestAPI", "-sdk", "/Applications/Xcode-27.0.0-Release.Candidate.app/Contents/Developer/Platforms/MacOSX.platform/Developer/SDKs/MacOSX27.0.sdk", "-package-description-version", "5.0.0", "-Xfrontend", "-serialize-diagnostics-path", "-Xfrontend", "/Users/admin/Library/Caches/org.swift.swiftpm/manifests/ManifestLoading/fluentextensions.dia", "/Package.swift", "-o", "/var/folders/xq/y_g06wb113726d38xsyx71_h0000gn/T/TemporaryDirectory.9fXLdT/fluentextensions-manifest"])
/Package.swift:20:15: error: cannot find 'Ç' in scope
18 | .package(url: "https://github.com/Appsaurus/FluentTestUtils", .upToNextMajor(from: "0.1.0")),
19 | ],
20 | targets: [Ç
| `- error: cannot find 'Ç' in scope
21 | .target(
22 | name: "FluentExtensions", in https://github.com/Appsaurus/FluentExtensions
Resolved source packages:
spi-builder-workspace: (null)
2026-09-16 23:40:06.219 xcodebuild[529:3039] Writing error result bundle to /var/folders/xq/y_g06wb113726d38xsyx71_h0000gn/T/ResultBundle_2026-16-09_23-40-0006.xcresult
xcodebuild: error: Could not resolve package dependencies:
Invalid manifest (compiled with: ["/Applications/Xcode-27.0.0-Release.Candidate.app/Contents/Developer/Toolchains/XcodeDefault.xctoolchain/usr/bin/swiftc", "-vfsoverlay", "/var/folders/xq/y_g06wb113726d38xsyx71_h0000gn/T/TemporaryDirectory.K4PUKR/vfs.yaml", "-L", "/Applications/Xcode-27.0.0-Release.Candidate.app/Contents/SharedFrameworks/SwiftPM.framework/SharedSupport/ManifestAPI", "-lPackageDescription", "-Xlinker", "-rpath", "-Xlinker", "/Applications/Xcode-27.0.0-Release.Candidate.app/Contents/SharedFrameworks/SwiftPM.framework/SharedSupport/ManifestAPI", "-target", "arm64-apple-macos14.0", "-plugin-path", "/Applications/Xcode-27.0.0-Release.Candidate.app/Contents/Developer/Toolchains/XcodeDefault.xctoolchain/usr/lib/swift/host/plugins/testing", "-sdk", "/Applications/Xcode-27.0.0-Release.Candidate.app/Contents/Developer/Platforms/MacOSX.platform/Developer/SDKs/MacOSX27.0.sdk", "-swift-version", "5", "-I", "/Applications/Xcode-27.0.0-Release.Candidate.app/Contents/SharedFrameworks/SwiftPM.framework/SharedSupport/ManifestAPI", "-sdk", "/Applications/Xcode-27.0.0-Release.Candidate.app/Contents/Developer/Platforms/MacOSX.platform/Developer/SDKs/MacOSX27.0.sdk", "-package-description-version", "5.0.0", "-Xfrontend", "-serialize-diagnostics-path", "-Xfrontend", "/Users/admin/Library/Caches/org.swift.swiftpm/manifests/ManifestLoading/fluentextensions.dia", "/Package.swift", "-o", "/var/folders/xq/y_g06wb113726d38xsyx71_h0000gn/T/TemporaryDirectory.9fXLdT/fluentextensions-manifest"])
Command line invocation:
/Applications/Xcode-27.0.0-Release.Candidate.app/Contents/Developer/usr/bin/xcodebuild -IDEClonedSourcePackagesDirPathOverride=/Users/admin/builder/spi-builder-workspace/.dependencies -resolvePackageDependencies
Resolve Package Graph
Updating from https://github.com/Appsaurus/FluentSeeder
Updating from https://github.com/vapor/fluent-sqlite.git
Updating from https://github.com/vapor/fluent.git
Updating from https://github.com/vapor/vapor.git
Updating from https://github.com/vapor/service.git
Updating from https://github.com/vapor/sqlite.git
Updating from https://github.com/vapor/core.git
Updating from https://github.com/vapor/sql.git
Updating from https://github.com/vapor/database-kit.git
Updating from https://github.com/Appsaurus/FluentTestUtils
Updating from https://github.com/Appsaurus/RandomFactory
Updating from https://github.com/Appsaurus/FluentExtensions
Updating from https://github.com/Appsaurus/PlaceholderImages
Updating from https://github.com/Appsaurus/CodableExtensions
Updating from https://github.com/vadymmarkov/Fakery
Updating from https://github.com/Appsaurus/Avatars
Updating from https://github.com/Appsaurus/SwiftTestUtils
Updating from https://github.com/Appsaurus/VaporTestUtils
Updating from https://github.com/vapor/console.git
Updating from https://github.com/Appsaurus/RuntimeExtensions
Updating from https://github.com/yonaskolb/Codability.git
Updating from https://github.com/wickwirew/Runtime
Invalid manifest (compiled with: ["/Applications/Xcode-27.0.0-Release.Candidate.app/Contents/Developer/Toolchains/XcodeDefault.xctoolchain/usr/bin/swiftc", "-vfsoverlay", "/var/folders/xq/y_g06wb113726d38xsyx71_h0000gn/T/TemporaryDirectory.ywZY86/vfs.yaml", "-L", "/Applications/Xcode-27.0.0-Release.Candidate.app/Contents/SharedFrameworks/SwiftPM.framework/SharedSupport/ManifestAPI", "-lPackageDescription", "-Xlinker", "-rpath", "-Xlinker", "/Applications/Xcode-27.0.0-Release.Candidate.app/Contents/SharedFrameworks/SwiftPM.framework/SharedSupport/ManifestAPI", "-target", "arm64-apple-macos14.0", "-plugin-path", "/Applications/Xcode-27.0.0-Release.Candidate.app/Contents/Developer/Toolchains/XcodeDefault.xctoolchain/usr/lib/swift/host/plugins/testing", "-sdk", "/Applications/Xcode-27.0.0-Release.Candidate.app/Contents/Developer/Platforms/MacOSX.platform/Developer/SDKs/MacOSX27.0.sdk", "-swift-version", "5", "-I", "/Applications/Xcode-27.0.0-Release.Candidate.app/Contents/SharedFrameworks/SwiftPM.framework/SharedSupport/ManifestAPI", "-sdk", "/Applications/Xcode-27.0.0-Release.Candidate.app/Contents/Developer/Platforms/MacOSX.platform/Developer/SDKs/MacOSX27.0.sdk", "-package-description-version", "5.0.0", "-Xfrontend", "-serialize-diagnostics-path", "-Xfrontend", "/Users/admin/Library/Caches/org.swift.swiftpm/manifests/ManifestLoading/fluentextensions.dia", "/Package.swift", "-o", "/var/folders/xq/y_g06wb113726d38xsyx71_h0000gn/T/TemporaryDirectory.3xgN0x/fluentextensions-manifest"])
/Package.swift:20:15: error: cannot find 'Ç' in scope
18 | .package(url: "https://github.com/Appsaurus/FluentTestUtils", .upToNextMajor(from: "0.1.0")),
19 | ],
20 | targets: [Ç
| `- error: cannot find 'Ç' in scope
21 | .target(
22 | name: "FluentExtensions", in https://github.com/Appsaurus/FluentExtensions
Resolved source packages:
spi-builder-workspace: (null)
2026-09-16 23:40:14.195 xcodebuild[1815:7929] Writing error result bundle to /var/folders/xq/y_g06wb113726d38xsyx71_h0000gn/T/ResultBundle_2026-16-09_23-40-0014.xcresult
xcodebuild: error: Could not resolve package dependencies:
Invalid manifest (compiled with: ["/Applications/Xcode-27.0.0-Release.Candidate.app/Contents/Developer/Toolchains/XcodeDefault.xctoolchain/usr/bin/swiftc", "-vfsoverlay", "/var/folders/xq/y_g06wb113726d38xsyx71_h0000gn/T/TemporaryDirectory.ywZY86/vfs.yaml", "-L", "/Applications/Xcode-27.0.0-Release.Candidate.app/Contents/SharedFrameworks/SwiftPM.framework/SharedSupport/ManifestAPI", "-lPackageDescription", "-Xlinker", "-rpath", "-Xlinker", "/Applications/Xcode-27.0.0-Release.Candidate.app/Contents/SharedFrameworks/SwiftPM.framework/SharedSupport/ManifestAPI", "-target", "arm64-apple-macos14.0", "-plugin-path", "/Applications/Xcode-27.0.0-Release.Candidate.app/Contents/Developer/Toolchains/XcodeDefault.xctoolchain/usr/lib/swift/host/plugins/testing", "-sdk", "/Applications/Xcode-27.0.0-Release.Candidate.app/Contents/Developer/Platforms/MacOSX.platform/Developer/SDKs/MacOSX27.0.sdk", "-swift-version", "5", "-I", "/Applications/Xcode-27.0.0-Release.Candidate.app/Contents/SharedFrameworks/SwiftPM.framework/SharedSupport/ManifestAPI", "-sdk", "/Applications/Xcode-27.0.0-Release.Candidate.app/Contents/Developer/Platforms/MacOSX.platform/Developer/SDKs/MacOSX27.0.sdk", "-package-description-version", "5.0.0", "-Xfrontend", "-serialize-diagnostics-path", "-Xfrontend", "/Users/admin/Library/Caches/org.swift.swiftpm/manifests/ManifestLoading/fluentextensions.dia", "/Package.swift", "-o", "/var/folders/xq/y_g06wb113726d38xsyx71_h0000gn/T/TemporaryDirectory.3xgN0x/fluentextensions-manifest"])
BUILD FAILURE 6.4 iOS