Build Information
Failed to build PrivacySurakshaConsent, reference 0.2.0 (65ee34), with Swift 6.3 for macOS (SPM) on 9 Sep 2026 11:45:55 UTC.
Build Command
env DEVELOPER_DIR=/Applications/Xcode-26.5.0.app xcrun swift build --arch arm64Build Log
========================================
RunAll
========================================
Builder version: 5.0.2
Interrupt handler set up.
========================================
Checkout
========================================
Clone URL: https://github.com/CloudZent-Technology-Services/PrivacySurakshaConsent.git
Reference: 0.2.0
Initialized empty Git repository in /Users/admin/builder/spi-builder-workspace/.git/
From https://github.com/CloudZent-Technology-Services/PrivacySurakshaConsent
* tag 0.2.0 -> FETCH_HEAD
HEAD is now at 65ee341 Sync from CloudZent-Technology-Services/CTS_dpdp_compliance@e12835c4
Cloned https://github.com/CloudZent-Technology-Services/PrivacySurakshaConsent.git
Revision (git rev-parse @):
65ee341124e678c0d354b50097ab774313baa837
SUCCESS checkout https://github.com/CloudZent-Technology-Services/PrivacySurakshaConsent.git at 0.2.0
========================================
ResolveProductDependencies
========================================
Resolving dependencies ...
{
"identity": ".resolve-product-dependencies",
"name": "resolve-dependencies",
"url": "/Users/admin/builder/spi-builder-workspace/.resolve-product-dependencies",
"version": "unspecified",
"path": "/Users/admin/builder/spi-builder-workspace/.resolve-product-dependencies",
"traits": [
"default"
],
"dependencies": [
{
"identity": "privacysurakshaconsent",
"name": "PrivacySurakshaConsent",
"url": "https://github.com/CloudZent-Technology-Services/PrivacySurakshaConsent.git",
"version": "unspecified",
"path": "/Users/admin/builder/spi-builder-workspace/.resolve-product-dependencies/.build/checkouts/PrivacySurakshaConsent",
"traits": [
"default"
],
"dependencies": [
]
}
]
}
Fetching https://github.com/CloudZent-Technology-Services/PrivacySurakshaConsent.git
[1/114] Fetching privacysurakshaconsent
Fetched https://github.com/CloudZent-Technology-Services/PrivacySurakshaConsent.git from cache (1.42s)
Creating working copy for https://github.com/CloudZent-Technology-Services/PrivacySurakshaConsent.git
Working copy of https://github.com/CloudZent-Technology-Services/PrivacySurakshaConsent.git resolved at 0.2.0 (65ee341)
warning: '.resolve-product-dependencies': dependency 'privacysurakshaconsent' is not used by any target
Found 0 product dependencies
========================================
Build
========================================
Selected platform: macosSpm
Swift version: 6.3
Building package at path: $PWD
https://github.com/CloudZent-Technology-Services/PrivacySurakshaConsent.git
Running build ...
env DEVELOPER_DIR=/Applications/Xcode-26.5.0.app xcrun swift build --arch arm64
Building for debugging...
[0/3] Write sources
[1/3] Copying Resources
[2/3] Write swift-version-69A768CDF2A0BEE1.txt
[4/17] Compiling PrivacySurakshaConsent WebViewHost.swift
/Users/admin/builder/spi-builder-workspace/Sources/PrivacySurakshaConsent/CompliantConsent.swift:2:8: error: no such module 'UIKit'
1 | import Foundation
2 | import UIKit
| `- error: no such module 'UIKit'
3 |
4 | /// The SDK's public entry point.
[5/17] Compiling PrivacySurakshaConsent HTTPBridge.swift
/Users/admin/builder/spi-builder-workspace/Sources/PrivacySurakshaConsent/CompliantConsent.swift:2:8: error: no such module 'UIKit'
1 | import Foundation
2 | import UIKit
| `- error: no such module 'UIKit'
3 |
4 | /// The SDK's public entry point.
[6/17] Compiling PrivacySurakshaConsent DeviceIdentifier.swift
/Users/admin/builder/spi-builder-workspace/Sources/PrivacySurakshaConsent/CompliantConsent.swift:2:8: error: no such module 'UIKit'
1 | import Foundation
2 | import UIKit
| `- error: no such module 'UIKit'
3 |
4 | /// The SDK's public entry point.
[7/17] Compiling PrivacySurakshaConsent DownloadBridge.swift
/Users/admin/builder/spi-builder-workspace/Sources/PrivacySurakshaConsent/CompliantConsent.swift:2:8: error: no such module 'UIKit'
1 | import Foundation
2 | import UIKit
| `- error: no such module 'UIKit'
3 |
4 | /// The SDK's public entry point.
[8/17] Compiling PrivacySurakshaConsent PrefsStore.swift
/Users/admin/builder/spi-builder-workspace/Sources/PrivacySurakshaConsent/CompliantConsent.swift:2:8: error: no such module 'UIKit'
1 | import Foundation
2 | import UIKit
| `- error: no such module 'UIKit'
3 |
4 | /// The SDK's public entry point.
[9/17] Compiling PrivacySurakshaConsent SignalWriter.swift
/Users/admin/builder/spi-builder-workspace/Sources/PrivacySurakshaConsent/CompliantConsent.swift:2:8: error: no such module 'UIKit'
1 | import Foundation
2 | import UIKit
| `- error: no such module 'UIKit'
3 |
4 | /// The SDK's public entry point.
[10/17] Compiling PrivacySurakshaConsent Protocol.swift
/Users/admin/builder/spi-builder-workspace/Sources/PrivacySurakshaConsent/CompliantConsent.swift:2:8: error: no such module 'UIKit'
1 | import Foundation
2 | import UIKit
| `- error: no such module 'UIKit'
3 |
4 | /// The SDK's public entry point.
error: emit-module command failed with exit code 1 (use -v to see invocation)
[11/18] Emitting module PrivacySurakshaConsent
/Users/admin/builder/spi-builder-workspace/Sources/PrivacySurakshaConsent/CompliantConsent.swift:2:8: error: no such module 'UIKit'
1 | import Foundation
2 | import UIKit
| `- error: no such module 'UIKit'
3 |
4 | /// The SDK's public entry point.
[12/18] Compiling PrivacySurakshaConsent Bridge.swift
/Users/admin/builder/spi-builder-workspace/Sources/PrivacySurakshaConsent/CompliantConsent.swift:2:8: error: no such module 'UIKit'
1 | import Foundation
2 | import UIKit
| `- error: no such module 'UIKit'
3 |
4 | /// The SDK's public entry point.
[13/18] Compiling PrivacySurakshaConsent CatalogReader.swift
/Users/admin/builder/spi-builder-workspace/Sources/PrivacySurakshaConsent/CompliantConsent.swift:2:8: error: no such module 'UIKit'
1 | import Foundation
2 | import UIKit
| `- error: no such module 'UIKit'
3 |
4 | /// The SDK's public entry point.
[14/18] Compiling PrivacySurakshaConsent Configuration.swift
/Users/admin/builder/spi-builder-workspace/Sources/PrivacySurakshaConsent/CompliantConsent.swift:2:8: error: no such module 'UIKit'
1 | import Foundation
2 | import UIKit
| `- error: no such module 'UIKit'
3 |
4 | /// The SDK's public entry point.
[15/18] Compiling PrivacySurakshaConsent ConsentGate.swift
/Users/admin/builder/spi-builder-workspace/Sources/PrivacySurakshaConsent/CompliantConsent.swift:2:8: error: no such module 'UIKit'
1 | import Foundation
2 | import UIKit
| `- error: no such module 'UIKit'
3 |
4 | /// The SDK's public entry point.
[16/18] Compiling PrivacySurakshaConsent CompliantConsent.swift
/Users/admin/builder/spi-builder-workspace/Sources/PrivacySurakshaConsent/CompliantConsent.swift:2:8: error: no such module 'UIKit'
1 | import Foundation
2 | import UIKit
| `- error: no such module 'UIKit'
3 |
4 | /// The SDK's public entry point.
[17/18] Compiling PrivacySurakshaConsent ConfigCache.swift
/Users/admin/builder/spi-builder-workspace/Sources/PrivacySurakshaConsent/CompliantConsent.swift:2:8: error: no such module 'UIKit'
1 | import Foundation
2 | import UIKit
| `- error: no such module 'UIKit'
3 |
4 | /// The SDK's public entry point.
[18/18] Compiling PrivacySurakshaConsent resource_bundle_accessor.swift
/Users/admin/builder/spi-builder-workspace/Sources/PrivacySurakshaConsent/CompliantConsent.swift:2:8: error: no such module 'UIKit'
1 | import Foundation
2 | import UIKit
| `- error: no such module 'UIKit'
3 |
4 | /// The SDK's public entry point.
BUILD FAILURE 6.3 macosSpm