Build Information
Failed to build SwiftUICoreImage, reference main (9b1b38), with Swift 6.4 for tvOS using Xcode 27.0 on 20 Sep 2026 21:57:55 UTC.
Build Command
env DEVELOPER_DIR=/Applications/Xcode-27.0.0-Release.Candidate.app xcrun xcodebuild -IDEClonedSourcePackagesDirPathOverride=$PWD/.dependencies -skipMacroValidation -skipPackagePluginValidation -derivedDataPath $PWD/.derivedData build -scheme SwiftUICoreImage -destination generic/platform=tvOSBuild Log
========================================
RunAll
========================================
Builder version: 5.1.0
Interrupt handler set up.
========================================
Checkout
========================================
Clone URL: https://github.com/danwood/SwiftUICoreImage.git
Reference: main
Initialized empty Git repository in /Users/admin/builder/spi-builder-workspace/.git/
From https://github.com/danwood/SwiftUICoreImage
* branch main -> FETCH_HEAD
* [new branch] main -> origin/main
HEAD is now at 9b1b38a Note that the abstracts override file is based on the older documentation
Cloned https://github.com/danwood/SwiftUICoreImage.git
Revision (git rev-parse @):
9b1b38ad99ffc1e9e153e75213474980364710dc
SUCCESS checkout https://github.com/danwood/SwiftUICoreImage.git at main
========================================
Build
========================================
Selected platform: tvOS
Swift version: 6.4
Building package at path: $PWD
https://github.com/danwood/SwiftUICoreImage.git
Command line invocation:
/Applications/Xcode-27.0.0-Release.Candidate.app/Contents/Developer/usr/bin/xcodebuild -IDEClonedSourcePackagesDirPathOverride=/Users/admin/builder/spi-builder-workspace/.dependencies -resolvePackageDependencies
Resolve Package Graph
Resolve Package Graph
Resolved source packages:
SwiftUICoreImage: /Users/admin/builder/spi-builder-workspace
resolved source packages: SwiftUICoreImage
2026-09-20 17:57:01.229 xcodebuild[529:3032] [MT] IDERunDestination: Supported platforms for the buildables in the current scheme is empty.
{
"dependencies" : [
],
"manifest_display_name" : "SwiftUICoreImage",
"name" : "SwiftUICoreImage",
"path" : "/Users/admin/builder/spi-builder-workspace",
"platforms" : [
{
"name" : "macos",
"version" : "10.15"
},
{
"name" : "ios",
"version" : "13.0"
}
],
"products" : [
{
"name" : "SwiftUICoreImage",
"targets" : [
"SwiftUICoreImage"
],
"type" : {
"library" : [
"automatic"
]
}
}
],
"targets" : [
{
"c99name" : "SwiftUICoreImage",
"module_type" : "SwiftTarget",
"name" : "SwiftUICoreImage",
"path" : "Sources",
"product_memberships" : [
"SwiftUICoreImage"
],
"sources" : [
"CIImage-Extensions.swift",
"CIImage-Filters.swift",
"Image-Extensions.swift"
],
"type" : "library"
}
],
"tools_version" : "5.7"
}
{
"workspace" : {
"name" : "SwiftUICoreImage",
"schemes" : [
"SwiftUICoreImage"
]
}
}
2026-09-20 17:57:42.283 xcodebuild[652:4171] [MT] IDERunDestination: Supported platforms for the buildables in the current scheme is empty.
Running build ...
env DEVELOPER_DIR=/Applications/Xcode-27.0.0-Release.Candidate.app xcrun xcodebuild -IDEClonedSourcePackagesDirPathOverride=$PWD/.dependencies -skipMacroValidation -skipPackagePluginValidation -derivedDataPath $PWD/.derivedData build -scheme SwiftUICoreImage -destination generic/platform=tvOS
Command line invocation:
/Applications/Xcode-27.0.0-Release.Candidate.app/Contents/Developer/usr/bin/xcodebuild -IDEClonedSourcePackagesDirPathOverride=/Users/admin/builder/spi-builder-workspace/.dependencies -skipMacroValidation -skipPackagePluginValidation -derivedDataPath /Users/admin/builder/spi-builder-workspace/.derivedData build -scheme SwiftUICoreImage -destination generic/platform=tvOS
Resolve Package Graph
Resolved source packages:
SwiftUICoreImage: /Users/admin/builder/spi-builder-workspace
ComputePackagePrebuildTargetDependencyGraph
Prepare packages
CreateBuildRequest
SendProjectDescription
CreateBuildOperation
ComputeTargetDependencyGraph
note: Building targets in dependency order
note: Target dependency graph (2 targets)
Target 'SwiftUICoreImage-product' in project 'SwiftUICoreImage'
➜ Explicit dependency on target 'SwiftUICoreImage' in project 'SwiftUICoreImage'
Target 'SwiftUICoreImage' in project 'SwiftUICoreImage' (no dependencies)
GatherProvisioningInputs
CreateBuildDescription
ExecuteExternalTool /Applications/Xcode-27.0.0-Release.Candidate.app/Contents/Developer/Toolchains/XcodeDefault.xctoolchain/usr/bin/clang -v -E -dM -isysroot /Applications/Xcode-27.0.0-Release.Candidate.app/Contents/Developer/Platforms/AppleTVOS.platform/Developer/SDKs/AppleTVOS27.0.sdk -x c -c /dev/null
ExecuteExternalTool /Applications/Xcode-27.0.0-Release.Candidate.app/Contents/Developer/Toolchains/XcodeDefault.xctoolchain/usr/bin/swiftc --version
ExecuteExternalTool /Applications/Xcode-27.0.0-Release.Candidate.app/Contents/Developer/Toolchains/XcodeDefault.xctoolchain/usr/bin/ld -version_details
Build description signature: 8708e796b448e1fc97ab5bf40a319a9f
Build description path: /Users/admin/builder/spi-builder-workspace/.derivedData/Build/Intermediates.noindex/XCBuildData/8708e796b448e1fc97ab5bf40a319a9f.xcbuilddata
CreateBuildDirectory /Users/admin/builder/spi-builder-workspace/.derivedData/SDKExplicitPrecompiledModules
cd /Users/admin/builder/spi-builder-workspace/.swiftpm/xcode
builtin-create-build-directory /Users/admin/builder/spi-builder-workspace/.derivedData/SDKExplicitPrecompiledModules
CreateBuildDirectory /Users/admin/builder/spi-builder-workspace/.derivedData/ModuleCache.noindex
cd /Users/admin/builder/spi-builder-workspace/.swiftpm/xcode
builtin-create-build-directory /Users/admin/builder/spi-builder-workspace/.derivedData/ModuleCache.noindex
CreateBuildDirectory /Users/admin/builder/spi-builder-workspace/.derivedData/Build/Products
cd /Users/admin/builder/spi-builder-workspace/.swiftpm/xcode
builtin-create-build-directory /Users/admin/builder/spi-builder-workspace/.derivedData/Build/Products
CreateBuildDirectory /Users/admin/builder/spi-builder-workspace/.derivedData/CompilationCache.noindex
cd /Users/admin/builder/spi-builder-workspace/.swiftpm/xcode
builtin-create-build-directory /Users/admin/builder/spi-builder-workspace/.derivedData/CompilationCache.noindex
CreateBuildDirectory /Users/admin/builder/spi-builder-workspace/.derivedData/Build/Intermediates.noindex
cd /Users/admin/builder/spi-builder-workspace/.swiftpm/xcode
builtin-create-build-directory /Users/admin/builder/spi-builder-workspace/.derivedData/Build/Intermediates.noindex
ClangStatCache /Applications/Xcode-27.0.0-Release.Candidate.app/Contents/Developer/Toolchains/XcodeDefault.xctoolchain/usr/bin/clang-stat-cache /Applications/Xcode-27.0.0-Release.Candidate.app/Contents/Developer/Platforms/AppleTVOS.platform/Developer/SDKs/AppleTVOS27.0.sdk /Users/admin/builder/spi-builder-workspace/.derivedData/SDKStatCaches.noindex/appletvos27.0-24J360-e829b21a6f8c9b70876ba0858053c044b32bfd8d43560033f8d89884cdb90028.sdkstatcache
cd /Users/admin/builder/spi-builder-workspace/.swiftpm/xcode
/Applications/Xcode-27.0.0-Release.Candidate.app/Contents/Developer/Toolchains/XcodeDefault.xctoolchain/usr/bin/clang-stat-cache /Applications/Xcode-27.0.0-Release.Candidate.app/Contents/Developer/Platforms/AppleTVOS.platform/Developer/SDKs/AppleTVOS27.0.sdk -o /Users/admin/builder/spi-builder-workspace/.derivedData/SDKStatCaches.noindex/appletvos27.0-24J360-e829b21a6f8c9b70876ba0858053c044b32bfd8d43560033f8d89884cdb90028.sdkstatcache
CreateBuildDirectory /Users/admin/builder/spi-builder-workspace/.derivedData/Build/Intermediates.noindex/SwiftExplicitPrecompiledModules
cd /Users/admin/builder/spi-builder-workspace/.swiftpm/xcode
builtin-create-build-directory /Users/admin/builder/spi-builder-workspace/.derivedData/Build/Intermediates.noindex/SwiftExplicitPrecompiledModules
CreateBuildDirectory /Users/admin/builder/spi-builder-workspace/.derivedData/Build/Products/Debug-appletvos
cd /Users/admin/builder/spi-builder-workspace/.swiftpm/xcode
builtin-create-build-directory /Users/admin/builder/spi-builder-workspace/.derivedData/Build/Products/Debug-appletvos
CreateBuildDirectory /Users/admin/builder/spi-builder-workspace/.derivedData/Build/Intermediates.noindex/PrecompiledHeaders
cd /Users/admin/builder/spi-builder-workspace/.swiftpm/xcode
builtin-create-build-directory /Users/admin/builder/spi-builder-workspace/.derivedData/Build/Intermediates.noindex/PrecompiledHeaders
CreateBuildDirectory /Users/admin/builder/spi-builder-workspace/.derivedData/Build/Intermediates.noindex/ExplicitPrecompiledModules
cd /Users/admin/builder/spi-builder-workspace/.swiftpm/xcode
builtin-create-build-directory /Users/admin/builder/spi-builder-workspace/.derivedData/Build/Intermediates.noindex/ExplicitPrecompiledModules
CreateBuildDirectory /Users/admin/builder/spi-builder-workspace/.derivedData/Build/Intermediates.noindex/EagerLinkingTBDs/Debug-appletvos
cd /Users/admin/builder/spi-builder-workspace/.swiftpm/xcode
builtin-create-build-directory /Users/admin/builder/spi-builder-workspace/.derivedData/Build/Intermediates.noindex/EagerLinkingTBDs/Debug-appletvos
CreateBuildDirectory /Users/admin/builder/spi-builder-workspace/.derivedData/Build/Products/Debug-appletvos/PackageFrameworks
cd /Users/admin/builder/spi-builder-workspace/.swiftpm/xcode
builtin-create-build-directory /Users/admin/builder/spi-builder-workspace/.derivedData/Build/Products/Debug-appletvos/PackageFrameworks
WriteAuxiliaryFile /Users/admin/builder/spi-builder-workspace/.derivedData/Build/Intermediates.noindex/SwiftUICoreImage.build/Debug-appletvos/SwiftUICoreImage-t.build/SwiftUICoreImage.modulemap (in target 'SwiftUICoreImage' from project 'SwiftUICoreImage')
cd /Users/admin/builder/spi-builder-workspace
write-file /Users/admin/builder/spi-builder-workspace/.derivedData/Build/Intermediates.noindex/SwiftUICoreImage.build/Debug-appletvos/SwiftUICoreImage-t.build/SwiftUICoreImage.modulemap
WriteAuxiliaryFile /Users/admin/builder/spi-builder-workspace/.derivedData/Build/Intermediates.noindex/SwiftUICoreImage.build/Debug-appletvos/SwiftUICoreImage-t.build/SwiftUICoreImage.DependencyMetadataFileList (in target 'SwiftUICoreImage' from project 'SwiftUICoreImage')
cd /Users/admin/builder/spi-builder-workspace
write-file /Users/admin/builder/spi-builder-workspace/.derivedData/Build/Intermediates.noindex/SwiftUICoreImage.build/Debug-appletvos/SwiftUICoreImage-t.build/SwiftUICoreImage.DependencyMetadataFileList
WriteAuxiliaryFile /Users/admin/builder/spi-builder-workspace/.derivedData/Build/Intermediates.noindex/SwiftUICoreImage.build/Debug-appletvos/SwiftUICoreImage-t.build/SwiftUICoreImage.DependencyStaticMetadataFileList (in target 'SwiftUICoreImage' from project 'SwiftUICoreImage')
cd /Users/admin/builder/spi-builder-workspace
write-file /Users/admin/builder/spi-builder-workspace/.derivedData/Build/Intermediates.noindex/SwiftUICoreImage.build/Debug-appletvos/SwiftUICoreImage-t.build/SwiftUICoreImage.DependencyStaticMetadataFileList
WriteAuxiliaryFile /Users/admin/builder/spi-builder-workspace/.derivedData/Build/Intermediates.noindex/SwiftUICoreImage.build/Debug-appletvos/SwiftUICoreImage-t.build/Objects-normal/arm64/SwiftUICoreImage-OutputFileMap.json (in target 'SwiftUICoreImage' from project 'SwiftUICoreImage')
cd /Users/admin/builder/spi-builder-workspace
write-file /Users/admin/builder/spi-builder-workspace/.derivedData/Build/Intermediates.noindex/SwiftUICoreImage.build/Debug-appletvos/SwiftUICoreImage-t.build/Objects-normal/arm64/SwiftUICoreImage-OutputFileMap.json
WriteAuxiliaryFile /Users/admin/builder/spi-builder-workspace/.derivedData/Build/Intermediates.noindex/SwiftUICoreImage.build/Debug-appletvos/SwiftUICoreImage-t.build/Objects-normal/arm64/SwiftUICoreImage.SwiftFileList (in target 'SwiftUICoreImage' from project 'SwiftUICoreImage')
cd /Users/admin/builder/spi-builder-workspace
write-file /Users/admin/builder/spi-builder-workspace/.derivedData/Build/Intermediates.noindex/SwiftUICoreImage.build/Debug-appletvos/SwiftUICoreImage-t.build/Objects-normal/arm64/SwiftUICoreImage.SwiftFileList
WriteAuxiliaryFile /Users/admin/builder/spi-builder-workspace/.derivedData/Build/Intermediates.noindex/SwiftUICoreImage.build/Debug-appletvos/SwiftUICoreImage-t.build/Objects-normal/arm64/SwiftUICoreImage.LinkFileList (in target 'SwiftUICoreImage' from project 'SwiftUICoreImage')
cd /Users/admin/builder/spi-builder-workspace
write-file /Users/admin/builder/spi-builder-workspace/.derivedData/Build/Intermediates.noindex/SwiftUICoreImage.build/Debug-appletvos/SwiftUICoreImage-t.build/Objects-normal/arm64/SwiftUICoreImage.LinkFileList
WriteAuxiliaryFile /Users/admin/builder/spi-builder-workspace/.derivedData/Build/Intermediates.noindex/SwiftUICoreImage.build/Debug-appletvos/SwiftUICoreImage-t.build/Objects-normal/arm64/SwiftUICoreImage.SwiftConstValuesFileList (in target 'SwiftUICoreImage' from project 'SwiftUICoreImage')
cd /Users/admin/builder/spi-builder-workspace
write-file /Users/admin/builder/spi-builder-workspace/.derivedData/Build/Intermediates.noindex/SwiftUICoreImage.build/Debug-appletvos/SwiftUICoreImage-t.build/Objects-normal/arm64/SwiftUICoreImage.SwiftConstValuesFileList
WriteAuxiliaryFile /Users/admin/builder/spi-builder-workspace/.derivedData/Build/Intermediates.noindex/SwiftUICoreImage.build/Debug-appletvos/SwiftUICoreImage-t.build/Objects-normal/arm64/SwiftUICoreImage_const_extract_protocols.json (in target 'SwiftUICoreImage' from project 'SwiftUICoreImage')
cd /Users/admin/builder/spi-builder-workspace
write-file /Users/admin/builder/spi-builder-workspace/.derivedData/Build/Intermediates.noindex/SwiftUICoreImage.build/Debug-appletvos/SwiftUICoreImage-t.build/Objects-normal/arm64/SwiftUICoreImage_const_extract_protocols.json
Copy /Users/admin/builder/spi-builder-workspace/.derivedData/Build/Intermediates.noindex/GeneratedModuleMaps-appletvos/SwiftUICoreImage.modulemap /Users/admin/builder/spi-builder-workspace/.derivedData/Build/Intermediates.noindex/SwiftUICoreImage.build/Debug-appletvos/SwiftUICoreImage-t.build/SwiftUICoreImage.modulemap (in target 'SwiftUICoreImage' from project 'SwiftUICoreImage')
cd /Users/admin/builder/spi-builder-workspace
builtin-copy -exclude .DS_Store -exclude CVS -exclude .svn -exclude .git -exclude .hg -resolve-src-symlinks /Users/admin/builder/spi-builder-workspace/.derivedData/Build/Intermediates.noindex/SwiftUICoreImage.build/Debug-appletvos/SwiftUICoreImage-t.build/SwiftUICoreImage.modulemap /Users/admin/builder/spi-builder-workspace/.derivedData/Build/Intermediates.noindex/GeneratedModuleMaps-appletvos
SwiftDriver SwiftUICoreImage normal arm64 com.apple.xcode.tools.swift.compiler (in target 'SwiftUICoreImage' from project 'SwiftUICoreImage')
cd /Users/admin/builder/spi-builder-workspace/.swiftpm/xcode
builtin-SwiftDriver -- /Applications/Xcode-27.0.0-Release.Candidate.app/Contents/Developer/Toolchains/XcodeDefault.xctoolchain/usr/bin/swiftc -parse-as-library -module-name SwiftUICoreImage -Onone @/Users/admin/builder/spi-builder-workspace/.derivedData/Build/Intermediates.noindex/SwiftUICoreImage.build/Debug-appletvos/SwiftUICoreImage-t.build/Objects-normal/arm64/SwiftUICoreImage.SwiftFileList -DSWIFT_PACKAGE -DDEBUG -DSWIFT_MODULE_RESOURCE_BUNDLE_UNAVAILABLE -DXcode -plugin-path /Applications/Xcode-27.0.0-Release.Candidate.app/Contents/Developer/Toolchains/XcodeDefault.xctoolchain/usr/lib/swift/host/plugins/testing -enable-experimental-feature DebugDescriptionMacro -sdk /Applications/Xcode-27.0.0-Release.Candidate.app/Contents/Developer/Platforms/AppleTVOS.platform/Developer/SDKs/AppleTVOS27.0.sdk -target arm64-apple-tvos15.0 -g -module-cache-path /Users/admin/builder/spi-builder-workspace/.derivedData/ModuleCache.noindex -Xfrontend -serialize-debugging-options -enable-testing -index-store-path /Users/admin/builder/spi-builder-workspace/.derivedData/Index.noindex/DataStore -Xcc -D_LIBCPP_HARDENING_MODE\=_LIBCPP_HARDENING_MODE_DEBUG -swift-version 5 -I /Users/admin/builder/spi-builder-workspace/.derivedData/Build/Products/Debug-appletvos -Isystem /Applications/Xcode-27.0.0-Release.Candidate.app/Contents/Developer/Platforms/AppleTVOS.platform/Developer/usr/lib -F /Users/admin/builder/spi-builder-workspace/.derivedData/Build/Products/Debug-appletvos -F /Applications/Xcode-27.0.0-Release.Candidate.app/Contents/Developer/Platforms/AppleTVOS.platform/Developer/Library/Frameworks -F /Applications/Xcode-27.0.0-Release.Candidate.app/Contents/Developer/Platforms/AppleTVOS.platform/Developer/SDKs/AppleTVOS27.0.sdk/Developer/Library/Frameworks -c -j10 -enable-batch-mode -incremental -Xcc -ivfsstatcache -Xcc /Users/admin/builder/spi-builder-workspace/.derivedData/SDKStatCaches.noindex/appletvos27.0-24J360-e829b21a6f8c9b70876ba0858053c044b32bfd8d43560033f8d89884cdb90028.sdkstatcache -output-file-map /Users/admin/builder/spi-builder-workspace/.derivedData/Build/Intermediates.noindex/SwiftUICoreImage.build/Debug-appletvos/SwiftUICoreImage-t.build/Objects-normal/arm64/SwiftUICoreImage-OutputFileMap.json -save-temps -no-color-diagnostics -explicit-module-build -module-cache-path /Users/admin/builder/spi-builder-workspace/.derivedData/Build/Intermediates.noindex/SwiftExplicitPrecompiledModules -clang-scanner-module-cache-path /Users/admin/builder/spi-builder-workspace/.derivedData/ModuleCache.noindex -sdk-module-cache-path /Users/admin/builder/spi-builder-workspace/.derivedData/SDKExplicitPrecompiledModules -emit-dependencies -emit-module -emit-module-path /Users/admin/builder/spi-builder-workspace/.derivedData/Build/Intermediates.noindex/SwiftUICoreImage.build/Debug-appletvos/SwiftUICoreImage-t.build/Objects-normal/arm64/SwiftUICoreImage.swiftmodule -serialize-diagnostics -dependency-scan-serialize-diagnostics-path /Users/admin/builder/spi-builder-workspace/.derivedData/Build/Intermediates.noindex/SwiftUICoreImage.build/Debug-appletvos/SwiftUICoreImage-t.build/Objects-normal/arm64/SwiftUICoreImage-dependency-scan.dia -validate-clang-modules-once -clang-build-session-file /Users/admin/builder/spi-builder-workspace/.derivedData/ModuleCache.noindex/Session.modulevalidation -Xcc -fmodules-prune-interval\=86400 -Xcc -fmodules-prune-after\=345600 -emit-const-values -const-gather-protocols-list /Users/admin/builder/spi-builder-workspace/.derivedData/Build/Intermediates.noindex/SwiftUICoreImage.build/Debug-appletvos/SwiftUICoreImage-t.build/Objects-normal/arm64/SwiftUICoreImage_const_extract_protocols.json -Xcc -I/Users/admin/builder/spi-builder-workspace/.derivedData/Build/Products/Debug-appletvos/include -Xcc -I/Users/admin/builder/spi-builder-workspace/.derivedData/Build/Intermediates.noindex/SwiftUICoreImage.build/Debug-appletvos/SwiftUICoreImage-t.build/DerivedSources-normal/arm64 -Xcc -I/Users/admin/builder/spi-builder-workspace/.derivedData/Build/Intermediates.noindex/SwiftUICoreImage.build/Debug-appletvos/SwiftUICoreImage-t.build/DerivedSources/arm64 -Xcc -I/Users/admin/builder/spi-builder-workspace/.derivedData/Build/Intermediates.noindex/SwiftUICoreImage.build/Debug-appletvos/SwiftUICoreImage-t.build/DerivedSources -Xcc -DSWIFT_PACKAGE -Xcc -DDEBUG\=1 -emit-objc-header -emit-objc-header-path /Users/admin/builder/spi-builder-workspace/.derivedData/Build/Intermediates.noindex/SwiftUICoreImage.build/Debug-appletvos/SwiftUICoreImage-t.build/Objects-normal/arm64/SwiftUICoreImage-Swift.h -working-directory /Users/admin/builder/spi-builder-workspace/.swiftpm/xcode -experimental-emit-module-separately -disable-cmo
SwiftExplicitDependencyGeneratePcm arm64 /Users/admin/builder/spi-builder-workspace/.derivedData/SDKExplicitPrecompiledModules/_Builtin_float-8ZJAYZ85YBOAOP52Y9H6IUNP3.pcm
SwiftExplicitDependencyGeneratePcm arm64 /Users/admin/builder/spi-builder-workspace/.derivedData/SDKExplicitPrecompiledModules/SwiftShims-8N4EXJ4RUJTR8K9OO3CMOH1EP.pcm
SwiftExplicitDependencyGeneratePcm arm64 /Users/admin/builder/spi-builder-workspace/.derivedData/SDKExplicitPrecompiledModules/_Builtin_stdbool-AHRDH5EKLY6D04C5E42F3VCQI.pcm
SwiftExplicitDependencyGeneratePcm arm64 /Users/admin/builder/spi-builder-workspace/.derivedData/SDKExplicitPrecompiledModules/ptrcheck-2AZ6B5IBYD3RRRTFWN2ONASY3.pcm
SwiftExplicitDependencyGeneratePcm arm64 /Users/admin/builder/spi-builder-workspace/.derivedData/SDKExplicitPrecompiledModules/_Builtin_stdarg-BO2OCAUYVAXDRVQWQ8ISKGNUQ.pcm
SwiftExplicitDependencyGeneratePcm arm64 /Users/admin/builder/spi-builder-workspace/.derivedData/SDKExplicitPrecompiledModules/_SwiftConcurrencyShims-BY5PD8KF1L5KF6F4Q69HE3TJ4.pcm
SwiftExplicitDependencyGeneratePcm arm64 /Users/admin/builder/spi-builder-workspace/.derivedData/SDKExplicitPrecompiledModules/DeveloperToolsSupport-B1X8RI63V48AJRTH2RK6JAARV.pcm
SwiftExplicitDependencyGeneratePcm arm64 /Users/admin/builder/spi-builder-workspace/.derivedData/SDKExplicitPrecompiledModules/ptrauth-8X2KEPL7CTRPS40TUB9APHPK6.pcm
SwiftExplicitDependencyGeneratePcm arm64 /Users/admin/builder/spi-builder-workspace/.derivedData/SDKExplicitPrecompiledModules/_AvailabilityInternal-BV2EDDP0MI5QJDDPEEV4D9D3V.pcm
SwiftExplicitDependencyGeneratePcm arm64 /Users/admin/builder/spi-builder-workspace/.derivedData/SDKExplicitPrecompiledModules/_Builtin_stddef-9ZJZ6FDEZNKTZU8YLPMFT9RAQ.pcm
SwiftExplicitDependencyGeneratePcm arm64 /Users/admin/builder/spi-builder-workspace/.derivedData/SDKExplicitPrecompiledModules/_DarwinFoundation1-JOTYMOA1YZCIJ2NON6FQ848O.pcm
SwiftExplicitDependencyGeneratePcm arm64 /Users/admin/builder/spi-builder-workspace/.derivedData/SDKExplicitPrecompiledModules/_DarwinFoundation2-AOGAN1O02NKXRJN5V73AV3V3M.pcm
SwiftExplicitDependencyGeneratePcm arm64 /Users/admin/builder/spi-builder-workspace/.derivedData/SDKExplicitPrecompiledModules/_Builtin_limits-7JU2HP127LIT1X9E2V3D8WZ1.pcm
SwiftExplicitDependencyGeneratePcm arm64 /Users/admin/builder/spi-builder-workspace/.derivedData/SDKExplicitPrecompiledModules/_Builtin_stdint-6NFTB6IBKS143IVPGT1EKB7HO.pcm
SwiftExplicitDependencyGeneratePcm arm64 /Users/admin/builder/spi-builder-workspace/.derivedData/SDKExplicitPrecompiledModules/string_h-6EVHP7A717OUS5DMC78F79HWO.pcm
SwiftExplicitDependencyGeneratePcm arm64 /Users/admin/builder/spi-builder-workspace/.derivedData/SDKExplicitPrecompiledModules/_Builtin_tgmath-7ULT1EUHDHW4OZPSTT33H6QGE.pcm
SwiftExplicitDependencyGeneratePcm arm64 /Users/admin/builder/spi-builder-workspace/.derivedData/SDKExplicitPrecompiledModules/sys_types-8GCAV1YMG5UUGHUID3CA20TCH.pcm
SwiftExplicitDependencyGeneratePcm arm64 /Users/admin/builder/spi-builder-workspace/.derivedData/SDKExplicitPrecompiledModules/_Builtin_stdatomic-3YXHN678NGYM3NL9POJ2HVEIF.pcm
SwiftExplicitDependencyGeneratePcm arm64 /Users/admin/builder/spi-builder-workspace/.derivedData/SDKExplicitPrecompiledModules/_Builtin_intrinsics-437O2R2NID4WAQVENR63GR82C.pcm
SwiftExplicitDependencyGeneratePcm arm64 /Users/admin/builder/spi-builder-workspace/.derivedData/SDKExplicitPrecompiledModules/_DarwinFoundation3-8SR3855WDFHQPR6G9GHOI2C07.pcm
SwiftExplicitDependencyGeneratePcm arm64 /Users/admin/builder/spi-builder-workspace/.derivedData/SDKExplicitPrecompiledModules/_Builtin_inttypes-6X1IQ3QK9KEVKXOK9Y79EW7J3.pcm
SwiftExplicitDependencyGeneratePcm arm64 /Users/admin/builder/spi-builder-workspace/.derivedData/SDKExplicitPrecompiledModules/Darwin-DBSQAVBBPC3D2OMU5ZI2RXMST.pcm
SwiftExplicitDependencyGeneratePcm arm64 /Users/admin/builder/spi-builder-workspace/.derivedData/SDKExplicitPrecompiledModules/simd-117QUXEUT3Z7UQCUYWV2UA228.pcm
SwiftExplicitDependencyGeneratePcm arm64 /Users/admin/builder/spi-builder-workspace/.derivedData/SDKExplicitPrecompiledModules/MachO-EH3F5PJCIZG05NO51CEFSZYPW.pcm
SwiftExplicitDependencyGeneratePcm arm64 /Users/admin/builder/spi-builder-workspace/.derivedData/SDKExplicitPrecompiledModules/ObjectiveC-5250FDCE56N8508OR6XUYDKZM.pcm
SwiftExplicitDependencyGeneratePcm arm64 /Users/admin/builder/spi-builder-workspace/.derivedData/SDKExplicitPrecompiledModules/os_object-E2DGZ0SX0TULQHULZRPO6OKNW.pcm
SwiftExplicitDependencyGeneratePcm arm64 /Users/admin/builder/spi-builder-workspace/.derivedData/SDKExplicitPrecompiledModules/os_workgroup-DBUFF7811DKMX7VPBOJPGGF1U.pcm
SwiftExplicitDependencyGeneratePcm arm64 /Users/admin/builder/spi-builder-workspace/.derivedData/SDKExplicitPrecompiledModules/Spatial-7U8NLEFXSB8BR7PJQGVMF5A4Q.pcm
SwiftExplicitDependencyGeneratePcm arm64 /Users/admin/builder/spi-builder-workspace/.derivedData/SDKExplicitPrecompiledModules/Dispatch-1QL58A0V50C39KVAIC6C38SHL.pcm
SwiftExplicitDependencyGeneratePcm arm64 /Users/admin/builder/spi-builder-workspace/.derivedData/SDKExplicitPrecompiledModules/CoreFoundation-7TPJ7ENDC4L1A1ESHYI9TXS0D.pcm
SwiftExplicitDependencyGeneratePcm arm64 /Users/admin/builder/spi-builder-workspace/.derivedData/SDKExplicitPrecompiledModules/XPC-6O2DJFT3QUJ7QKTD3SNUB6PCR.pcm
SwiftExplicitDependencyGeneratePcm arm64 /Users/admin/builder/spi-builder-workspace/.derivedData/SDKExplicitPrecompiledModules/os-3GJI8H0BNAEZPQPQ1V0VVY3FY.pcm
SwiftExplicitDependencyGeneratePcm arm64 /Users/admin/builder/spi-builder-workspace/.derivedData/SDKExplicitPrecompiledModules/Security-8VMXEKVDA3MHUH9AOTP905DID.pcm
SwiftExplicitDependencyGeneratePcm arm64 /Users/admin/builder/spi-builder-workspace/.derivedData/SDKExplicitPrecompiledModules/CFNetwork-2CUR2VK9S3S3WPFXPNXNUWYGN.pcm
SwiftExplicitDependencyGeneratePcm arm64 /Users/admin/builder/spi-builder-workspace/.derivedData/SDKExplicitPrecompiledModules/CoreGraphics-CWSP3J98S2658BYCVL6RP99T3.pcm
SwiftExplicitDependencyGeneratePcm arm64 /Users/admin/builder/spi-builder-workspace/.derivedData/SDKExplicitPrecompiledModules/CoreAudioTypes-E7EH96HAL3G83QSWLT7VWYIP4.pcm
SwiftExplicitDependencyGeneratePcm arm64 /Users/admin/builder/spi-builder-workspace/.derivedData/SDKExplicitPrecompiledModules/CoreAudio-6IR1XRM0Q9YQZMFW89F3H4V3X.pcm
SwiftExplicitDependencyGeneratePcm arm64 /Users/admin/builder/spi-builder-workspace/.derivedData/SDKExplicitPrecompiledModules/Foundation-BSSIP64DIGUKMAYJOG1WPQ78X.pcm
SwiftExplicitDependencyGeneratePcm arm64 /Users/admin/builder/spi-builder-workspace/.derivedData/SDKExplicitPrecompiledModules/ImageIO-88D4CLEBD4CLWQKT78PZ6H1O8.pcm
SwiftExplicitDependencyGeneratePcm arm64 /Users/admin/builder/spi-builder-workspace/.derivedData/SDKExplicitPrecompiledModules/CoreText-59NY7PABM0I4V978161FOC04A.pcm
SwiftExplicitDependencyGeneratePcm arm64 /Users/admin/builder/spi-builder-workspace/.derivedData/SDKExplicitPrecompiledModules/_LocationEssentials-ETSJ65FELPWR8WH8G49R1DF2E.pcm
SwiftExplicitDependencyGeneratePcm arm64 /Users/admin/builder/spi-builder-workspace/.derivedData/SDKExplicitPrecompiledModules/UIUtilities-6ZFJ1AK4H8IBGEBMYQBWGBYLK.pcm
SwiftExplicitDependencyGeneratePcm arm64 /Users/admin/builder/spi-builder-workspace/.derivedData/SDKExplicitPrecompiledModules/Symbols-B5AU9VM9Y7NU79RLMH13Z4IFM.pcm
SwiftExplicitDependencyGeneratePcm arm64 /Users/admin/builder/spi-builder-workspace/.derivedData/SDKExplicitPrecompiledModules/CoreTransferable-7V4O8DATEQ9F7SDNTCW8YWLG3.pcm
SwiftExplicitDependencyGeneratePcm arm64 /Users/admin/builder/spi-builder-workspace/.derivedData/SDKExplicitPrecompiledModules/IOSurface-38FJ1CKX9FV2RD97O64Z7QB17.pcm
SwiftExplicitDependencyGeneratePcm arm64 /Users/admin/builder/spi-builder-workspace/.derivedData/SDKExplicitPrecompiledModules/UserNotifications-E9ZW5TH066WIJWH9080RC5NG4.pcm
SwiftExplicitDependencyGeneratePcm arm64 /Users/admin/builder/spi-builder-workspace/.derivedData/SDKExplicitPrecompiledModules/DataDetection-37JIYZ2GWDA1L166PP1D9JKAF.pcm
SwiftExplicitDependencyGeneratePcm arm64 /Users/admin/builder/spi-builder-workspace/.derivedData/SDKExplicitPrecompiledModules/UniformTypeIdentifiers-95CC8U42ZA9STP5K6GP9ZVJS5.pcm
SwiftExplicitDependencyGeneratePcm arm64 /Users/admin/builder/spi-builder-workspace/.derivedData/SDKExplicitPrecompiledModules/CoreMIDI-23HL6T8YUJM8DF3NKDJAU0CM7.pcm
SwiftExplicitDependencyGeneratePcm arm64 /Users/admin/builder/spi-builder-workspace/.derivedData/SDKExplicitPrecompiledModules/AVRouting-53KTSRU06N7KHZMUFWVUAHAVC.pcm
SwiftExplicitDependencyGeneratePcm arm64 /Users/admin/builder/spi-builder-workspace/.derivedData/SDKExplicitPrecompiledModules/Accessibility-B6BODGZ4MQQTY0PBC4SHRP009.pcm
SwiftExplicitDependencyGeneratePcm arm64 /Users/admin/builder/spi-builder-workspace/.derivedData/SDKExplicitPrecompiledModules/OSLog-7OT6HHTMY0ZFEQJ095LJZ6NLC.pcm
SwiftExplicitDependencyGeneratePcm arm64 /Users/admin/builder/spi-builder-workspace/.derivedData/SDKExplicitPrecompiledModules/CoreData-DYMPHH3PH8AX9I1FHA4VFJ675.pcm
SwiftExplicitDependencyGeneratePcm arm64 /Users/admin/builder/spi-builder-workspace/.derivedData/SDKExplicitPrecompiledModules/CoreLocation-YVXXAOMVX0JH2KO1XTTKTY51.pcm
SwiftExplicitDependencyGeneratePcm arm64 /Users/admin/builder/spi-builder-workspace/.derivedData/SDKExplicitPrecompiledModules/Metal-2KYBS7IML1SD788M91YV7Q0CC.pcm
SwiftExplicitDependencyGeneratePcm arm64 /Users/admin/builder/spi-builder-workspace/.derivedData/SDKExplicitPrecompiledModules/OpenGLES-4NY99CNDU9WUNUYEIXSS1QFGE.pcm
SwiftExplicitDependencyGeneratePcm arm64 /Users/admin/builder/spi-builder-workspace/.derivedData/SDKExplicitPrecompiledModules/AudioToolbox-BFZSY3NS10U8E5FG2JHTQ7SO8.pcm
SwiftExplicitDependencyGeneratePcm arm64 /Users/admin/builder/spi-builder-workspace/.derivedData/SDKExplicitPrecompiledModules/CoreVideo-DPU0PB5X0XLSVA2ETRGI6FJBM.pcm
SwiftExplicitDependencyGeneratePcm arm64 /Users/admin/builder/spi-builder-workspace/.derivedData/SDKExplicitPrecompiledModules/CoreML-75C4WKKUFEDFO82HFICNMOQN0.pcm
SwiftExplicitDependencyGeneratePcm arm64 /Users/admin/builder/spi-builder-workspace/.derivedData/SDKExplicitPrecompiledModules/CoreImage-7S2AFJ8EIY3DUFYLEAX1JR1QV.pcm
SwiftExplicitDependencyGeneratePcm arm64 /Users/admin/builder/spi-builder-workspace/.derivedData/SDKExplicitPrecompiledModules/CoreMedia-4OUKVT03LV547KZJDPPJRJ4F8.pcm
SwiftExplicitDependencyGeneratePcm arm64 /Users/admin/builder/spi-builder-workspace/.derivedData/SDKExplicitPrecompiledModules/QuartzCore-DJSYAWKXFGVSAK5CQMOB3JSR.pcm
SwiftExplicitDependencyGeneratePcm arm64 /Users/admin/builder/spi-builder-workspace/.derivedData/SDKExplicitPrecompiledModules/SwiftUICore-543QU5V2NHKUFCYFJDKUJ7NYG.pcm
SwiftExplicitDependencyGeneratePcm arm64 /Users/admin/builder/spi-builder-workspace/.derivedData/SDKExplicitPrecompiledModules/VideoToolbox-9D68N9ZVOUSE0ZFYNU39RYT33.pcm
SwiftExplicitDependencyGeneratePcm arm64 /Users/admin/builder/spi-builder-workspace/.derivedData/SDKExplicitPrecompiledModules/MediaToolbox-4OQJAKJ1UOGLVUHH8TJFAFUX8.pcm
SwiftExplicitDependencyGeneratePcm arm64 /Users/admin/builder/spi-builder-workspace/.derivedData/SDKExplicitPrecompiledModules/AVFAudio-I2OUXVW3JAJP9H9YYQSK67OC.pcm
SwiftExplicitDependencyGeneratePcm arm64 /Users/admin/builder/spi-builder-workspace/.derivedData/SDKExplicitPrecompiledModules/UIKit-1TKWN7VC2X6N3ITMRVA2G0EB2.pcm
SwiftExplicitDependencyGeneratePcm arm64 /Users/admin/builder/spi-builder-workspace/.derivedData/SDKExplicitPrecompiledModules/AVFoundation-4DKPNMYIKC5WBJ7VZILY1MMIU.pcm
SwiftExplicitDependencyGeneratePcm arm64 /Users/admin/builder/spi-builder-workspace/.derivedData/SDKExplicitPrecompiledModules/SwiftUI-7BV1YDT6IZWW6B8OC6ENV0Y0F.pcm
SwiftEmitModule normal arm64 Emitting\ module\ for\ SwiftUICoreImage (in target 'SwiftUICoreImage' from project 'SwiftUICoreImage')
SwiftCompile normal arm64 (in target 'SwiftUICoreImage' from project 'SwiftUICoreImage')
cd /Users/admin/builder/spi-builder-workspace/.swiftpm/xcode
SwiftCompile normal arm64 Compiling\ CIImage-Filters.swift /Users/admin/builder/spi-builder-workspace/Sources/CIImage-Filters.swift (in target 'SwiftUICoreImage' from project 'SwiftUICoreImage')
/Users/admin/builder/spi-builder-workspace/Sources/CIImage-Filters.swift:145:25: error: 'areaAlphaWeightedHistogram()' is only available in tvOS 18.0 or newer
9 | import AVFoundation
10 |
11 | public extension CIImage {
| `- note: add '@available' attribute to enclosing extension
12 |
13 | //
:
140 | /// - Returns: processed new `CIImage`, or identity if `active` is false
141 | @available(iOS 18, macOS 15.0, *)
142 | func areaAlphaWeightedHistogram(extent: CGRect, scale: Float = 1, count: Int = 64, active: Bool = true) -> CIImage {
| `- note: add '@available' attribute to enclosing instance method
143 | guard active else { return self }
144 |
145 | let filter = CIFilter.areaAlphaWeightedHistogram() // CIAreaAlphaWeightedHistogram
| |- error: 'areaAlphaWeightedHistogram()' is only available in tvOS 18.0 or newer
| `- note: add 'if #available' version check
146 | filter.inputImage = self
147 | filter.extent = extent
/Users/admin/builder/spi-builder-workspace/Sources/CIImage-Filters.swift:194:25: error: 'areaBoundsRed()' is only available in tvOS 18.0 or newer
9 | import AVFoundation
10 |
11 | public extension CIImage {
| `- note: add '@available' attribute to enclosing extension
12 |
13 | //
:
189 | /// - Returns: processed new `CIImage`, or identity if `active` is false
190 | @available(iOS 18, macOS 15.0, *)
191 | func areaBoundsRed(extent: CGRect, active: Bool = true) -> CIImage {
| `- note: add '@available' attribute to enclosing instance method
192 | guard active else { return self }
193 |
194 | let filter = CIFilter.areaBoundsRed() // CIAreaBoundsRed
| |- error: 'areaBoundsRed()' is only available in tvOS 18.0 or newer
| `- note: add 'if #available' version check
195 | filter.inputImage = self
196 | filter.extent = extent
/Users/admin/builder/spi-builder-workspace/Sources/CIImage-Filters.swift:254:25: error: 'areaLogarithmicHistogram()' is only available in tvOS 16.0 or newer
9 | import AVFoundation
10 |
11 | public extension CIImage {
| `- note: add '@available' attribute to enclosing extension
12 |
13 | //
:
244 | /// - Returns: processed new `CIImage`, or identity if `active` is false
245 | @available(iOS 16, macOS 13.0, *)
246 | func areaLogarithmicHistogram(extent: CGRect,
| `- note: add '@available' attribute to enclosing instance method
247 | scale: Float = 1,
248 | count: Int = 64,
:
252 | guard active else { return self }
253 |
254 | let filter = CIFilter.areaLogarithmicHistogram() // CIAreaLogarithmicHistogram
| |- error: 'areaLogarithmicHistogram()' is only available in tvOS 16.0 or newer
| `- note: add 'if #available' version check
255 | filter.inputImage = self
256 | filter.extent = extent
/Users/admin/builder/spi-builder-workspace/Sources/CIImage-Filters.swift:801:25: error: 'cannyEdgeDetector()' is only available in tvOS 17.0 or newer
9 | import AVFoundation
10 |
11 | public extension CIImage {
| `- note: add '@available' attribute to enclosing extension
12 |
13 | //
:
791 | /// - Returns: processed new `CIImage`, or identity if `active` is false
792 | @available(iOS 17, macOS 14.0, *)
793 | func cannyEdgeDetector(gaussianSigma: Float = 1.6,
| `- note: add '@available' attribute to enclosing instance method
794 | perceptual: Bool = false,
795 | thresholdHigh: Float = 0.05,
:
799 | guard active else { return self }
800 |
801 | let filter = CIFilter.cannyEdgeDetector() // CICannyEdgeDetector
| |- error: 'cannyEdgeDetector()' is only available in tvOS 17.0 or newer
| `- note: add 'if #available' version check
802 | filter.inputImage = self
803 | filter.gaussianSigma = gaussianSigma
/Users/admin/builder/spi-builder-workspace/Sources/CIImage-Filters.swift:1072:10: error: 'extrapolate' is only available in tvOS 16.0 or newer
9 | import AVFoundation
10 |
11 | public extension CIImage {
| `- note: add '@available' attribute to enclosing extension
12 |
13 | //
:
1063 | /// - Returns: processed new `CIImage`, or identity if `active` is false
1064 | @available(iOS 16, macOS 13.0, *)
1065 | func colorCube(cubeDimension: Int, cubeData: Data, extrapolate: Bool = false, active: Bool = true) -> CIImage {
| `- note: add '@available' attribute to enclosing instance method
1066 | guard active else { return self }
1067 |
:
1070 | filter.cubeDimension = Float(cubeDimension)
1071 | filter.cubeData = cubeData
1072 | filter.extrapolate = extrapolate
| |- error: 'extrapolate' is only available in tvOS 16.0 or newer
| `- note: add 'if #available' version check
1073 | return filter.outputImage ?? CIImage.empty()
1074 | }
/Users/admin/builder/spi-builder-workspace/Sources/CIImage-Filters.swift:1105:10: error: 'extrapolate' is only available in tvOS 16.0 or newer
9 | import AVFoundation
10 |
11 | public extension CIImage {
| `- note: add '@available' attribute to enclosing extension
12 |
13 | //
:
1092 | /// - Returns: processed new `CIImage`, or identity if `active` is false
1093 | @available(iOS 16, macOS 13.0, *)
1094 | func colorCubeWithColorSpace(cubeDimension: Int,
| `- note: add '@available' attribute to enclosing instance method
1095 | cubeData: Data,
1096 | extrapolate: Bool,
:
1103 | filter.cubeDimension = Float(cubeDimension)
1104 | filter.cubeData = cubeData
1105 | filter.extrapolate = extrapolate
| |- error: 'extrapolate' is only available in tvOS 16.0 or newer
| `- note: add 'if #available' version check
1106 | filter.colorSpace = colorSpace
1107 | return filter.outputImage ?? CIImage.empty()
/Users/admin/builder/spi-builder-workspace/Sources/CIImage-Filters.swift:1145:10: error: 'extrapolate' is only available in tvOS 16.0 or newer
9 | import AVFoundation
10 |
11 | public extension CIImage {
| `- note: add '@available' attribute to enclosing extension
12 |
13 | //
:
1127 | /// - Returns: processed new `CIImage`, or identity if `active` is false
1128 | @available(iOS 16, macOS 13.0, *)
1129 | func colorCubesMixedWithMask(maskImage: CIImage,
| `- note: add '@available' attribute to enclosing instance method
1130 | cubeDimension: Int,
1131 | cube0Data: Data,
:
1143 | filter.cube1Data = cube1Data
1144 | filter.colorSpace = colorSpace
1145 | filter.extrapolate = extrapolate
| |- error: 'extrapolate' is only available in tvOS 16.0 or newer
| `- note: add 'if #available' version check
1146 | return filter.outputImage ?? CIImage.empty()
1147 | }
/Users/admin/builder/spi-builder-workspace/Sources/CIImage-Filters.swift:1474:25: error: 'convertLabToRGB()' is only available in tvOS 16.0 or newer
9 | import AVFoundation
10 |
11 | public extension CIImage {
| `- note: add '@available' attribute to enclosing extension
12 |
13 | //
:
1469 | /// - Returns: processed new `CIImage`, or identity if `active` is false
1470 | @available(iOS 16, macOS 13.0, *)
1471 | func convertLabToRGB(normalize: Bool = false, active: Bool = true) -> CIImage {
| `- note: add '@available' attribute to enclosing instance method
1472 | guard active else { return self }
1473 |
1474 | let filter = CIFilter.convertLabToRGB() // CIConvertLabToRGB
| |- error: 'convertLabToRGB()' is only available in tvOS 16.0 or newer
| `- note: add 'if #available' version check
1475 | filter.inputImage = self
1476 | filter.normalize = normalize
/Users/admin/builder/spi-builder-workspace/Sources/CIImage-Filters.swift:1497:25: error: 'convertRGBtoLab()' is only available in tvOS 16.0 or newer
9 | import AVFoundation
10 |
11 | public extension CIImage {
| `- note: add '@available' attribute to enclosing extension
12 |
13 | //
:
1492 | /// - Returns: processed new `CIImage`, or identity if `active` is false
1493 | @available(iOS 16, macOS 13.0, *)
1494 | func convertRGBtoLab(normalize: Bool = false, active: Bool = true) -> CIImage {
| `- note: add '@available' attribute to enclosing instance method
1495 | guard active else { return self }
1496 |
1497 | let filter = CIFilter.convertRGBtoLab() // CIConvertRGBtoLab
| |- error: 'convertRGBtoLab()' is only available in tvOS 16.0 or newer
| `- note: add 'if #available' version check
1498 | filter.inputImage = self
1499 | filter.normalize = normalize
/Users/admin/builder/spi-builder-workspace/Sources/CIImage-Filters.swift:3535:25: error: 'maximumScaleTransform()' is only available in tvOS 18.0 or newer
9 | import AVFoundation
10 |
11 | public extension CIImage {
| `- note: add '@available' attribute to enclosing extension
12 |
13 | //
:
3530 | /// - Returns: processed new `CIImage` or identity if parameters result in no operation applied
3531 | @available(iOS 18, macOS 15.0, *)
3532 | func maximumScaleTransform(scale: Float = 1, aspectRatio: Float = 1) -> CIImage {
| `- note: add '@available' attribute to enclosing instance method
3533 | guard scale != 1 || aspectRatio != 1 else { return self }
3534 |
3535 | let filter = CIFilter.maximumScaleTransform() // CIMaximumScaleTransform
| |- error: 'maximumScaleTransform()' is only available in tvOS 18.0 or newer
| `- note: add 'if #available' version check
3536 | filter.inputImage = self
3537 | filter.scale = scale
/Users/admin/builder/spi-builder-workspace/Sources/CIImage-Filters.swift:4380:10: error: 'extrapolate' is only available in tvOS 17.0 or newer
9 | import AVFoundation
10 |
11 | public extension CIImage {
| `- note: add '@available' attribute to enclosing extension
12 |
13 | //
:
4373 | /// - Returns: processed new `CIImage`, or identity if `active` is false
4374 | @available(iOS 13, macOS 10.15, *)
4375 | func photoEffectChrome(extrapolate: Bool = false, active: Bool = true) -> CIImage {
| `- note: add '@available' attribute to enclosing instance method
4376 | guard active else { return self }
4377 |
4378 | let filter = CIFilter.photoEffectChrome() // CIPhotoEffectChrome
4379 | filter.inputImage = self
4380 | filter.extrapolate = extrapolate
| |- error: 'extrapolate' is only available in tvOS 17.0 or newer
| `- note: add 'if #available' version check
4381 | return filter.outputImage ?? CIImage.empty()
4382 | }
/Users/admin/builder/spi-builder-workspace/Sources/CIImage-Filters.swift:4404:10: error: 'extrapolate' is only available in tvOS 17.0 or newer
9 | import AVFoundation
10 |
11 | public extension CIImage {
| `- note: add '@available' attribute to enclosing extension
12 |
13 | //
:
4397 | /// - Returns: processed new `CIImage`, or identity if `active` is false
4398 | @available(iOS 13, macOS 10.15, *)
4399 | func photoEffectFade(extrapolate: Bool = false, active: Bool = true) -> CIImage {
| `- note: add '@available' attribute to enclosing instance method
4400 | guard active else { return self }
4401 |
4402 | let filter = CIFilter.photoEffectFade() // CIPhotoEffectFade
4403 | filter.inputImage = self
4404 | filter.extrapolate = extrapolate
| |- error: 'extrapolate' is only available in tvOS 17.0 or newer
| `- note: add 'if #available' version check
4405 | return filter.outputImage ?? CIImage.empty()
4406 | }
/Users/admin/builder/spi-builder-workspace/Sources/CIImage-Filters.swift:4428:10: error: 'extrapolate' is only available in tvOS 17.0 or newer
9 | import AVFoundation
10 |
11 | public extension CIImage {
| `- note: add '@available' attribute to enclosing extension
12 |
13 | //
:
4421 | /// - Returns: processed new `CIImage`, or identity if `active` is false
4422 | @available(iOS 13, macOS 10.15, *)
4423 | func photoEffectInstant(extrapolate: Bool = false, active: Bool = true) -> CIImage {
| `- note: add '@available' attribute to enclosing instance method
4424 | guard active else { return self }
4425 |
4426 | let filter = CIFilter.photoEffectInstant() // CIPhotoEffectInstant
4427 | filter.inputImage = self
4428 | filter.extrapolate = extrapolate
| |- error: 'extrapolate' is only available in tvOS 17.0 or newer
| `- note: add 'if #available' version check
4429 | return filter.outputImage ?? CIImage.empty()
4430 | }
/Users/admin/builder/spi-builder-workspace/Sources/CIImage-Filters.swift:4452:10: error: 'extrapolate' is only available in tvOS 17.0 or newer
9 | import AVFoundation
10 |
11 | public extension CIImage {
| `- note: add '@available' attribute to enclosing extension
12 |
13 | //
:
4445 | /// - Returns: processed new `CIImage`, or identity if `active` is false
4446 | @available(iOS 13, macOS 10.15, *)
4447 | func photoEffectMono(extrapolate: Bool = false, active: Bool = true) -> CIImage {
| `- note: add '@available' attribute to enclosing instance method
4448 | guard active else { return self }
4449 |
4450 | let filter = CIFilter.photoEffectMono() // CIPhotoEffectMono
4451 | filter.inputImage = self
4452 | filter.extrapolate = extrapolate
| |- error: 'extrapolate' is only available in tvOS 17.0 or newer
| `- note: add 'if #available' version check
4453 | return filter.outputImage ?? CIImage.empty()
4454 | }
/Users/admin/builder/spi-builder-workspace/Sources/CIImage-Filters.swift:4476:10: error: 'extrapolate' is only available in tvOS 17.0 or newer
9 | import AVFoundation
10 |
11 | public extension CIImage {
| `- note: add '@available' attribute to enclosing extension
12 |
13 | //
:
4469 | /// - Returns: processed new `CIImage`, or identity if `active` is false
4470 | @available(iOS 13, macOS 10.15, *)
4471 | func photoEffectNoir(extrapolate: Bool = false, active: Bool = true) -> CIImage {
| `- note: add '@available' attribute to enclosing instance method
4472 | guard active else { return self }
4473 |
4474 | let filter = CIFilter.photoEffectNoir() // CIPhotoEffectNoir
4475 | filter.inputImage = self
4476 | filter.extrapolate = extrapolate
| |- error: 'extrapolate' is only available in tvOS 17.0 or newer
| `- note: add 'if #available' version check
4477 | return filter.outputImage ?? CIImage.empty()
4478 | }
/Users/admin/builder/spi-builder-workspace/Sources/CIImage-Filters.swift:4500:10: error: 'extrapolate' is only available in tvOS 17.0 or newer
9 | import AVFoundation
10 |
11 | public extension CIImage {
| `- note: add '@available' attribute to enclosing extension
12 |
13 | //
:
4493 | /// - Returns: processed new `CIImage`, or identity if `active` is false
4494 | @available(iOS 13, macOS 10.15, *)
4495 | func photoEffectProcess(extrapolate: Bool = false, active: Bool = true) -> CIImage {
| `- note: add '@available' attribute to enclosing instance method
4496 | guard active else { return self }
4497 |
4498 | let filter = CIFilter.photoEffectProcess() // CIPhotoEffectProcess
4499 | filter.inputImage = self
4500 | filter.extrapolate = extrapolate
| |- error: 'extrapolate' is only available in tvOS 17.0 or newer
| `- note: add 'if #available' version check
4501 | return filter.outputImage ?? CIImage.empty()
4502 | }
/Users/admin/builder/spi-builder-workspace/Sources/CIImage-Filters.swift:4524:10: error: 'extrapolate' is only available in tvOS 17.0 or newer
9 | import AVFoundation
10 |
11 | public extension CIImage {
| `- note: add '@available' attribute to enclosing extension
12 |
13 | //
:
4517 | /// - Returns: processed new `CIImage`, or identity if `active` is false
4518 | @available(iOS 13, macOS 10.15, *)
4519 | func photoEffectTonal(extrapolate: Bool = false, active: Bool = true) -> CIImage {
| `- note: add '@available' attribute to enclosing instance method
4520 | guard active else { return self }
4521 |
4522 | let filter = CIFilter.photoEffectTonal() // CIPhotoEffectTonal
4523 | filter.inputImage = self
4524 | filter.extrapolate = extrapolate
| |- error: 'extrapolate' is only available in tvOS 17.0 or newer
| `- note: add 'if #available' version check
4525 | return filter.outputImage ?? CIImage.empty()
4526 | }
/Users/admin/builder/spi-builder-workspace/Sources/CIImage-Filters.swift:4548:10: error: 'extrapolate' is only available in tvOS 17.0 or newer
9 | import AVFoundation
10 |
11 | public extension CIImage {
| `- note: add '@available' attribute to enclosing extension
12 |
13 | //
:
4541 | /// - Returns: processed new `CIImage`, or identity if `active` is false
4542 | @available(iOS 13, macOS 10.15, *)
4543 | func photoEffectTransfer(extrapolate: Bool = false, active: Bool = true) -> CIImage {
| `- note: add '@available' attribute to enclosing instance method
4544 | guard active else { return self }
4545 |
4546 | let filter = CIFilter.photoEffectTransfer() // CIPhotoEffectTransfer
4547 | filter.inputImage = self
4548 | filter.extrapolate = extrapolate
| |- error: 'extrapolate' is only available in tvOS 17.0 or newer
| `- note: add 'if #available' version check
4549 | return filter.outputImage ?? CIImage.empty()
4550 | }
/Users/admin/builder/spi-builder-workspace/Sources/CIImage-Filters.swift:4958:25: error: 'sobelGradients()' is only available in tvOS 17.0 or newer
9 | import AVFoundation
10 |
11 | public extension CIImage {
| `- note: add '@available' attribute to enclosing extension
12 |
13 | //
:
4953 | /// - Returns: processed new `CIImage`, or identity if `active` is false
4954 | @available(iOS 17, macOS 14.0, *)
4955 | func sobelGradients(active: Bool = true) -> CIImage {
| `- note: add '@available' attribute to enclosing instance method
4956 | guard active else { return self }
4957 |
4958 | let filter = CIFilter.sobelGradients() // CISobelGradients
| |- error: 'sobelGradients()' is only available in tvOS 17.0 or newer
| `- note: add 'if #available' version check
4959 | filter.inputImage = self
4960 |
/Users/admin/builder/spi-builder-workspace/Sources/CIImage-Filters.swift:5391:25: error: 'toneMapHeadroom()' is only available in tvOS 18.0 or newer
9 | import AVFoundation
10 |
11 | public extension CIImage {
| `- note: add '@available' attribute to enclosing extension
12 |
13 | //
:
5386 | /// - Returns: processed new `CIImage`, or identity if `active` is false
5387 | @available(iOS 18, macOS 15.0, *)
5388 | func toneMapHeadroom(sourceHeadroom: Float, targetHeadroom: Float = 1, active: Bool = true) -> CIImage {
| `- note: add '@available' attribute to enclosing instance method
5389 | guard active else { return self }
5390 |
5391 | let filter = CIFilter.toneMapHeadroom() // CIToneMapHeadroom
| |- error: 'toneMapHeadroom()' is only available in tvOS 18.0 or newer
| `- note: add 'if #available' version check
5392 | filter.inputImage = self
5393 | filter.sourceHeadroom = sourceHeadroom
/Users/admin/builder/spi-builder-workspace/Sources/CIImage-Filters.swift:5786:10: error: 'padding' is only available in tvOS 16.0 or newer
9 | import AVFoundation
10 |
11 | public extension CIImage {
| `- note: add '@available' attribute to enclosing extension
12 |
13 | //
:
5780 | /// - Returns: an image attributed string
5781 | @available(iOS 16, macOS 13.0, *)
5782 | static func attributedTextImageGenerator(text: NSAttributedString, scaleFactor: Float = 1, padding: Int) -> CIImage {
| `- note: add '@available' attribute to enclosing static method
5783 | let filter = CIFilter.attributedTextImageGenerator() // CIAttributedTextImageGenerator
5784 | filter.text = text
5785 | filter.scaleFactor = scaleFactor
5786 | filter.padding = Float(padding)
| |- error: 'padding' is only available in tvOS 16.0 or newer
| `- note: add 'if #available' version check
5787 | return filter.outputImage ?? CIImage.empty()
5788 | }
/Users/admin/builder/spi-builder-workspace/Sources/CIImage-Filters.swift:5851:25: error: 'blurredRectangleGenerator()' is only available in tvOS 17.0 or newer
9 | import AVFoundation
10 |
11 | public extension CIImage {
| `- note: add '@available' attribute to enclosing extension
12 |
13 | //
:
5848 | /// - Returns: a blurred rectangle image with the specified extent, blur sigma, and color
5849 | @available(iOS 17, macOS 14.0, *)
5850 | static func blurredRectangleGenerator(extent: CGRect, sigma: Float, color: CIColor = CIColor.white) -> CIImage {
| `- note: add '@available' attribute to enclosing static method
5851 | let filter = CIFilter.blurredRectangleGenerator() // CIBlurredRectangleGenerator
| |- error: 'blurredRectangleGenerator()' is only available in tvOS 17.0 or newer
| `- note: add 'if #available' version check
5852 | filter.extent = extent
5853 | filter.sigma = sigma
/Users/admin/builder/spi-builder-workspace/Sources/CIImage-Filters.swift:6237:25: error: 'roundedRectangleStrokeGenerator()' is only available in tvOS 17.0 or newer
9 | import AVFoundation
10 |
11 | public extension CIImage {
| `- note: add '@available' attribute to enclosing extension
12 |
13 | //
:
6231 | /// - Returns: a rounded rectangle stroke image with the specified extent, corner radius, stroke width, and color
6232 | @available(iOS 17, macOS 14.0, *)
6233 | static func roundedRectangleStrokeGenerator(extent: CGRect,
| `- note: add '@available' attribute to enclosing static method
6234 | radius: Float,
6235 | color: CIColor = CIColor.white,
6236 | width: Float) -> CIImage {
6237 | let filter = CIFilter.roundedRectangleStrokeGenerator() // CIRoundedRectangleStrokeGenerator
| |- error: 'roundedRectangleStrokeGenerator()' is only available in tvOS 17.0 or newer
| `- note: add 'if #available' version check
6238 | filter.extent = extent
6239 | filter.radius = radius
/Users/admin/builder/spi-builder-workspace/Sources/CIImage-Filters.swift:6412:10: error: 'padding' is only available in tvOS 16.0 or newer
9 | import AVFoundation
10 |
11 | public extension CIImage {
| `- note: add '@available' attribute to enclosing extension
12 |
13 | //
:
6400 | /// - Returns: an image from a string and font information
6401 | @available(iOS 16, macOS 13.0, *)
6402 | static func textImageGenerator(text: String,
| `- note: add '@available' attribute to enclosing static method
6403 | fontName: String = "HelveticaNeue",
6404 | fontSize: Float = 12,
:
6410 | filter.fontSize = fontSize
6411 | filter.scaleFactor = scaleFactor
6412 | filter.padding = Float(padding)
| |- error: 'padding' is only available in tvOS 16.0 or newer
| `- note: add 'if #available' version check
6413 | return filter.outputImage ?? CIImage.empty()
6414 | }
Failed frontend command:
SwiftCompile normal arm64 /Users/admin/builder/spi-builder-workspace/Sources/CIImage-Filters.swift (in target 'SwiftUICoreImage' from project 'SwiftUICoreImage')
cd /Users/admin/builder/spi-builder-workspace/.swiftpm/xcode
builtin-SwiftPerFileCompile CIImage-Filters.swift
/Applications/Xcode-27.0.0-Release.Candidate.app/Contents/Developer/Toolchains/XcodeDefault.xctoolchain/usr/bin/swift-frontend -frontend -c /Users/admin/builder/spi-builder-workspace/Sources/CIImage-Extensions.swift -primary-file /Users/admin/builder/spi-builder-workspace/Sources/CIImage-Filters.swift /Users/admin/builder/spi-builder-workspace/Sources/Image-Extensions.swift -emit-dependencies-path /Users/admin/builder/spi-builder-workspace/.derivedData/Build/Intermediates.noindex/SwiftUICoreImage.build/Debug-appletvos/SwiftUICoreImage-t.build/Objects-normal/arm64/CIImage-Filters.d -emit-const-values-path /Users/admin/builder/spi-builder-workspace/.derivedData/Build/Intermediates.noindex/SwiftUICoreImage.build/Debug-appletvos/SwiftUICoreImage-t.build/Objects-normal/arm64/CIImage-Filters.swiftconstvalues -emit-reference-dependencies-path /Users/admin/builder/spi-builder-workspace/.derivedData/Build/Intermediates.noindex/SwiftUICoreImage.build/Debug-appletvos/SwiftUICoreImage-t.build/Objects-normal/arm64/CIImage-Filters.swiftdeps -serialize-diagnostics-path /Users/admin/builder/spi-builder-workspace/.derivedData/Build/Intermediates.noindex/SwiftUICoreImage.build/Debug-appletvos/SwiftUICoreImage-t.build/Objects-normal/arm64/CIImage-Filters.dia -target arm64-apple-tvos15.0 -module-can-import-version UIKit 9127.0.84.1 9127.0.84 -disable-cross-import-overlay-search -load-resolved-plugin /Applications/Xcode-27.0.0-Release.Candidate.app/Contents/Developer/Platforms/AppleTVOS.platform/Developer/usr/lib/swift/host/plugins/libFoundationMacros.dylib\#/Applications/Xcode-27.0.0-Release.Candidate.app/Contents/Developer/Platforms/AppleTVOS.platform/Developer/usr/bin/swift-plugin-server\#FoundationMacros -load-resolved-plugin /Applications/Xcode-27.0.0-Release.Candidate.app/Contents/Developer/Platforms/AppleTVOS.platform/Developer/usr/lib/swift/host/plugins/libObservationMacros.dylib\#/Applications/Xcode-27.0.0-Release.Candidate.app/Contents/Developer/Platforms/AppleTVOS.platform/Developer/usr/bin/swift-plugin-server\#ObservationMacros -load-resolved-plugin /Applications/Xcode-27.0.0-Release.Candidate.app/Contents/Developer/Platforms/AppleTVOS.platform/Developer/usr/lib/swift/host/plugins/libPreviewsMacros.dylib\#/Applications/Xcode-27.0.0-Release.Candidate.app/Contents/Developer/Platforms/AppleTVOS.platform/Developer/usr/bin/swift-plugin-server\#PreviewsMacros -load-resolved-plugin /Applications/Xcode-27.0.0-Release.Candidate.app/Contents/Developer/Platforms/AppleTVOS.platform/Developer/usr/lib/swift/host/plugins/libSwiftMacros.dylib\#/Applications/Xcode-27.0.0-Release.Candidate.app/Contents/Developer/Platforms/AppleTVOS.platform/Developer/usr/bin/swift-plugin-server\#SwiftMacros -load-resolved-plugin /Applications/Xcode-27.0.0-Release.Candidate.app/Contents/Developer/Platforms/AppleTVOS.platform/Developer/usr/lib/swift/host/plugins/libSwiftUIMacros.dylib\#/Applications/Xcode-27.0.0-Release.Candidate.app/Contents/Developer/Platforms/AppleTVOS.platform/Developer/usr/bin/swift-plugin-server\#SwiftUIMacros -disable-implicit-swift-modules -Xcc -fno-implicit-modules -Xcc -fno-implicit-module-maps -explicit-swift-module-map-file /Users/admin/builder/spi-builder-workspace/.derivedData/Build/Intermediates.noindex/SwiftUICoreImage.build/Debug-appletvos/SwiftUICoreImage-t.build/Objects-normal/arm64/SwiftUICoreImage-dependencies-1.json -Xllvm -aarch64-use-tbi -enable-objc-interop -stack-check -sdk /Applications/Xcode-27.0.0-Release.Candidate.app/Contents/Developer/Platforms/AppleTVOS.platform/Developer/SDKs/AppleTVOS27.0.sdk -I /Users/admin/builder/spi-builder-workspace/.derivedData/Build/Products/Debug-appletvos -Isystem /Applications/Xcode-27.0.0-Release.Candidate.app/Contents/Developer/Platforms/AppleTVOS.platform/Developer/usr/lib -F /Users/admin/builder/spi-builder-workspace/.derivedData/Build/Products/Debug-appletvos -F /Applications/Xcode-27.0.0-Release.Candidate.app/Contents/Developer/Platforms/AppleTVOS.platform/Developer/Library/Frameworks -F /Applications/Xcode-27.0.0-Release.Candidate.app/Contents/Developer/Platforms/AppleTVOS.platform/Developer/SDKs/AppleTVOS27.0.sdk/Developer/Library/Frameworks -module-cache-path /Users/admin/builder/spi-builder-workspace/.derivedData/Build/Intermediates.noindex/SwiftExplicitPrecompiledModules -no-color-diagnostics -Xcc -fno-color-diagnostics -enable-testing -g -debug-info-format\=dwarf -dwarf-version\=4 -swift-version 5 -Onone -D SWIFT_PACKAGE -D DEBUG -D SWIFT_MODULE_RESOURCE_BUNDLE_UNAVAILABLE -D Xcode -serialize-debugging-options -enable-experimental-feature DebugDescriptionMacro -empty-abi-descriptor -validate-clang-modules-once -clang-build-session-file /Users/admin/builder/spi-builder-workspace/.derivedData/ModuleCache.noindex/Session.modulevalidation -Xcc -working-directory -Xcc /Users/admin/builder/spi-builder-workspace/.swiftpm/xcode -enable-anonymous-context-mangled-names -file-compilation-dir /Users/admin/builder/spi-builder-workspace/.swiftpm/xcode -Xcc -D_LIBCPP_HARDENING_MODE\=_LIBCPP_HARDENING_MODE_DEBUG -Xcc -ivfsstatcache -Xcc /Users/admin/builder/spi-builder-workspace/.derivedData/SDKStatCaches.noindex/appletvos27.0-24J360-e829b21a6f8c9b70876ba0858053c044b32bfd8d43560033f8d89884cdb90028.sdkstatcache -Xcc -fmodules-prune-interval\=86400 -Xcc -fmodules-prune-after\=345600 -Xcc -I/Users/admin/builder/spi-builder-workspace/.derivedData/Build/Products/Debug-appletvos/include -Xcc -I/Users/admin/builder/spi-builder-workspace/.derivedData/Build/Intermediates.noindex/SwiftUICoreImage.build/Debug-appletvos/SwiftUICoreImage-t.build/DerivedSources-normal/arm64 -Xcc -I/Users/admin/builder/spi-builder-workspace/.derivedData/Build/Intermediates.noindex/SwiftUICoreImage.build/Debug-appletvos/SwiftUICoreImage-t.build/DerivedSources/arm64 -Xcc -I/Users/admin/builder/spi-builder-workspace/.derivedData/Build/Intermediates.noindex/SwiftUICoreImage.build/Debug-appletvos/SwiftUICoreImage-t.build/DerivedSources -Xcc -DSWIFT_PACKAGE -Xcc -DDEBUG\=1 -no-auto-bridging-header-chaining -module-name SwiftUICoreImage -const-gather-protocols-file /Users/admin/builder/spi-builder-workspace/.derivedData/Build/Intermediates.noindex/SwiftUICoreImage.build/Debug-appletvos/SwiftUICoreImage-t.build/Objects-normal/arm64/SwiftUICoreImage_const_extract_protocols.json -disable-clang-spi -clang-target arm64-apple-tvos27.0 -target-sdk-version 27.0 -target-sdk-name appletvos27.0 -in-process-plugin-server-path /Applications/Xcode-27.0.0-Release.Candidate.app/Contents/Developer/Toolchains/XcodeDefault.xctoolchain/usr/lib/swift/host/libSwiftInProcPluginServer.dylib -parse-as-library -o /Users/admin/builder/spi-builder-workspace/.derivedData/Build/Intermediates.noindex/SwiftUICoreImage.build/Debug-appletvos/SwiftUICoreImage-t.build/Objects-normal/arm64/CIImage-Filters.o -debug-module-path /Users/admin/builder/spi-builder-workspace/.derivedData/Build/Intermediates.noindex/SwiftUICoreImage.build/Debug-appletvos/SwiftUICoreImage-t.build/Objects-normal/arm64/SwiftUICoreImage.swiftmodule -index-unit-output-path /SwiftUICoreImage.build/Debug-appletvos/SwiftUICoreImage-t.build/Objects-normal/arm64/CIImage-Filters.o -index-store-path /Users/admin/builder/spi-builder-workspace/.derivedData/Index.noindex/DataStore -index-system-modules
SwiftCompile normal arm64 Compiling\ CIImage-Extensions.swift /Users/admin/builder/spi-builder-workspace/Sources/CIImage-Extensions.swift (in target 'SwiftUICoreImage' from project 'SwiftUICoreImage')
SwiftCompile normal arm64 /Users/admin/builder/spi-builder-workspace/Sources/CIImage-Extensions.swift (in target 'SwiftUICoreImage' from project 'SwiftUICoreImage')
cd /Users/admin/builder/spi-builder-workspace/.swiftpm/xcode
builtin-SwiftPerFileCompile CIImage-Extensions.swift
SwiftCompile normal arm64 Compiling\ Image-Extensions.swift /Users/admin/builder/spi-builder-workspace/Sources/Image-Extensions.swift (in target 'SwiftUICoreImage' from project 'SwiftUICoreImage')
SwiftCompile normal arm64 /Users/admin/builder/spi-builder-workspace/Sources/Image-Extensions.swift (in target 'SwiftUICoreImage' from project 'SwiftUICoreImage')
cd /Users/admin/builder/spi-builder-workspace/.swiftpm/xcode
builtin-SwiftPerFileCompile Image-Extensions.swift
SwiftDriverJobDiscovery normal arm64 Emitting module for SwiftUICoreImage (in target 'SwiftUICoreImage' from project 'SwiftUICoreImage')
SwiftDriver\ Compilation\ Requirements SwiftUICoreImage normal arm64 com.apple.xcode.tools.swift.compiler (in target 'SwiftUICoreImage' from project 'SwiftUICoreImage')
cd /Users/admin/builder/spi-builder-workspace/.swiftpm/xcode
builtin-Swift-Compilation-Requirements -- /Applications/Xcode-27.0.0-Release.Candidate.app/Contents/Developer/Toolchains/XcodeDefault.xctoolchain/usr/bin/swiftc -parse-as-library -module-name SwiftUICoreImage -Onone @/Users/admin/builder/spi-builder-workspace/.derivedData/Build/Intermediates.noindex/SwiftUICoreImage.build/Debug-appletvos/SwiftUICoreImage-t.build/Objects-normal/arm64/SwiftUICoreImage.SwiftFileList -DSWIFT_PACKAGE -DDEBUG -DSWIFT_MODULE_RESOURCE_BUNDLE_UNAVAILABLE -DXcode -plugin-path /Applications/Xcode-27.0.0-Release.Candidate.app/Contents/Developer/Toolchains/XcodeDefault.xctoolchain/usr/lib/swift/host/plugins/testing -enable-experimental-feature DebugDescriptionMacro -sdk /Applications/Xcode-27.0.0-Release.Candidate.app/Contents/Developer/Platforms/AppleTVOS.platform/Developer/SDKs/AppleTVOS27.0.sdk -target arm64-apple-tvos15.0 -g -module-cache-path /Users/admin/builder/spi-builder-workspace/.derivedData/ModuleCache.noindex -Xfrontend -serialize-debugging-options -enable-testing -index-store-path /Users/admin/builder/spi-builder-workspace/.derivedData/Index.noindex/DataStore -Xcc -D_LIBCPP_HARDENING_MODE\=_LIBCPP_HARDENING_MODE_DEBUG -swift-version 5 -I /Users/admin/builder/spi-builder-workspace/.derivedData/Build/Products/Debug-appletvos -Isystem /Applications/Xcode-27.0.0-Release.Candidate.app/Contents/Developer/Platforms/AppleTVOS.platform/Developer/usr/lib -F /Users/admin/builder/spi-builder-workspace/.derivedData/Build/Products/Debug-appletvos -F /Applications/Xcode-27.0.0-Release.Candidate.app/Contents/Developer/Platforms/AppleTVOS.platform/Developer/Library/Frameworks -F /Applications/Xcode-27.0.0-Release.Candidate.app/Contents/Developer/Platforms/AppleTVOS.platform/Developer/SDKs/AppleTVOS27.0.sdk/Developer/Library/Frameworks -c -j10 -enable-batch-mode -incremental -Xcc -ivfsstatcache -Xcc /Users/admin/builder/spi-builder-workspace/.derivedData/SDKStatCaches.noindex/appletvos27.0-24J360-e829b21a6f8c9b70876ba0858053c044b32bfd8d43560033f8d89884cdb90028.sdkstatcache -output-file-map /Users/admin/builder/spi-builder-workspace/.derivedData/Build/Intermediates.noindex/SwiftUICoreImage.build/Debug-appletvos/SwiftUICoreImage-t.build/Objects-normal/arm64/SwiftUICoreImage-OutputFileMap.json -save-temps -no-color-diagnostics -explicit-module-build -module-cache-path /Users/admin/builder/spi-builder-workspace/.derivedData/Build/Intermediates.noindex/SwiftExplicitPrecompiledModules -clang-scanner-module-cache-path /Users/admin/builder/spi-builder-workspace/.derivedData/ModuleCache.noindex -sdk-module-cache-path /Users/admin/builder/spi-builder-workspace/.derivedData/SDKExplicitPrecompiledModules -emit-dependencies -emit-module -emit-module-path /Users/admin/builder/spi-builder-workspace/.derivedData/Build/Intermediates.noindex/SwiftUICoreImage.build/Debug-appletvos/SwiftUICoreImage-t.build/Objects-normal/arm64/SwiftUICoreImage.swiftmodule -serialize-diagnostics -dependency-scan-serialize-diagnostics-path /Users/admin/builder/spi-builder-workspace/.derivedData/Build/Intermediates.noindex/SwiftUICoreImage.build/Debug-appletvos/SwiftUICoreImage-t.build/Objects-normal/arm64/SwiftUICoreImage-dependency-scan.dia -validate-clang-modules-once -clang-build-session-file /Users/admin/builder/spi-builder-workspace/.derivedData/ModuleCache.noindex/Session.modulevalidation -Xcc -fmodules-prune-interval\=86400 -Xcc -fmodules-prune-after\=345600 -emit-const-values -const-gather-protocols-list /Users/admin/builder/spi-builder-workspace/.derivedData/Build/Intermediates.noindex/SwiftUICoreImage.build/Debug-appletvos/SwiftUICoreImage-t.build/Objects-normal/arm64/SwiftUICoreImage_const_extract_protocols.json -Xcc -I/Users/admin/builder/spi-builder-workspace/.derivedData/Build/Products/Debug-appletvos/include -Xcc -I/Users/admin/builder/spi-builder-workspace/.derivedData/Build/Intermediates.noindex/SwiftUICoreImage.build/Debug-appletvos/SwiftUICoreImage-t.build/DerivedSources-normal/arm64 -Xcc -I/Users/admin/builder/spi-builder-workspace/.derivedData/Build/Intermediates.noindex/SwiftUICoreImage.build/Debug-appletvos/SwiftUICoreImage-t.build/DerivedSources/arm64 -Xcc -I/Users/admin/builder/spi-builder-workspace/.derivedData/Build/Intermediates.noindex/SwiftUICoreImage.build/Debug-appletvos/SwiftUICoreImage-t.build/DerivedSources -Xcc -DSWIFT_PACKAGE -Xcc -DDEBUG\=1 -emit-objc-header -emit-objc-header-path /Users/admin/builder/spi-builder-workspace/.derivedData/Build/Intermediates.noindex/SwiftUICoreImage.build/Debug-appletvos/SwiftUICoreImage-t.build/Objects-normal/arm64/SwiftUICoreImage-Swift.h -working-directory /Users/admin/builder/spi-builder-workspace/.swiftpm/xcode -experimental-emit-module-separately -disable-cmo
SwiftMergeGeneratedHeaders /Users/admin/builder/spi-builder-workspace/.derivedData/Build/Intermediates.noindex/GeneratedModuleMaps-appletvos/SwiftUICoreImage-Swift.h /Users/admin/builder/spi-builder-workspace/.derivedData/Build/Intermediates.noindex/SwiftUICoreImage.build/Debug-appletvos/SwiftUICoreImage-t.build/Objects-normal/arm64/SwiftUICoreImage-Swift.h (in target 'SwiftUICoreImage' from project 'SwiftUICoreImage')
cd /Users/admin/builder/spi-builder-workspace
builtin-swiftHeaderTool -arch arm64 /Users/admin/builder/spi-builder-workspace/.derivedData/Build/Intermediates.noindex/SwiftUICoreImage.build/Debug-appletvos/SwiftUICoreImage-t.build/Objects-normal/arm64/SwiftUICoreImage-Swift.h -o /Users/admin/builder/spi-builder-workspace/.derivedData/Build/Intermediates.noindex/GeneratedModuleMaps-appletvos/SwiftUICoreImage-Swift.h
Copy /Users/admin/builder/spi-builder-workspace/.derivedData/Build/Products/Debug-appletvos/SwiftUICoreImage.swiftmodule/arm64-apple-tvos.swiftmodule /Users/admin/builder/spi-builder-workspace/.derivedData/Build/Intermediates.noindex/SwiftUICoreImage.build/Debug-appletvos/SwiftUICoreImage-t.build/Objects-normal/arm64/SwiftUICoreImage.swiftmodule (in target 'SwiftUICoreImage' from project 'SwiftUICoreImage')
cd /Users/admin/builder/spi-builder-workspace
builtin-copy -exclude .DS_Store -exclude CVS -exclude .svn -exclude .git -exclude .hg -resolve-src-symlinks -rename /Users/admin/builder/spi-builder-workspace/.derivedData/Build/Intermediates.noindex/SwiftUICoreImage.build/Debug-appletvos/SwiftUICoreImage-t.build/Objects-normal/arm64/SwiftUICoreImage.swiftmodule /Users/admin/builder/spi-builder-workspace/.derivedData/Build/Products/Debug-appletvos/SwiftUICoreImage.swiftmodule/arm64-apple-tvos.swiftmodule
Copy /Users/admin/builder/spi-builder-workspace/.derivedData/Build/Products/Debug-appletvos/SwiftUICoreImage.swiftmodule/arm64-apple-tvos.swiftdoc /Users/admin/builder/spi-builder-workspace/.derivedData/Build/Intermediates.noindex/SwiftUICoreImage.build/Debug-appletvos/SwiftUICoreImage-t.build/Objects-normal/arm64/SwiftUICoreImage.swiftdoc (in target 'SwiftUICoreImage' from project 'SwiftUICoreImage')
cd /Users/admin/builder/spi-builder-workspace
builtin-copy -exclude .DS_Store -exclude CVS -exclude .svn -exclude .git -exclude .hg -resolve-src-symlinks -rename /Users/admin/builder/spi-builder-workspace/.derivedData/Build/Intermediates.noindex/SwiftUICoreImage.build/Debug-appletvos/SwiftUICoreImage-t.build/Objects-normal/arm64/SwiftUICoreImage.swiftdoc /Users/admin/builder/spi-builder-workspace/.derivedData/Build/Products/Debug-appletvos/SwiftUICoreImage.swiftmodule/arm64-apple-tvos.swiftdoc
Copy /Users/admin/builder/spi-builder-workspace/.derivedData/Build/Products/Debug-appletvos/SwiftUICoreImage.swiftmodule/arm64-apple-tvos.abi.json /Users/admin/builder/spi-builder-workspace/.derivedData/Build/Intermediates.noindex/SwiftUICoreImage.build/Debug-appletvos/SwiftUICoreImage-t.build/Objects-normal/arm64/SwiftUICoreImage.abi.json (in target 'SwiftUICoreImage' from project 'SwiftUICoreImage')
cd /Users/admin/builder/spi-builder-workspace
builtin-copy -exclude .DS_Store -exclude CVS -exclude .svn -exclude .git -exclude .hg -resolve-src-symlinks -rename /Users/admin/builder/spi-builder-workspace/.derivedData/Build/Intermediates.noindex/SwiftUICoreImage.build/Debug-appletvos/SwiftUICoreImage-t.build/Objects-normal/arm64/SwiftUICoreImage.abi.json /Users/admin/builder/spi-builder-workspace/.derivedData/Build/Products/Debug-appletvos/SwiftUICoreImage.swiftmodule/arm64-apple-tvos.abi.json
Copy /Users/admin/builder/spi-builder-workspace/.derivedData/Build/Products/Debug-appletvos/SwiftUICoreImage.swiftmodule/Project/arm64-apple-tvos.swiftsourceinfo /Users/admin/builder/spi-builder-workspace/.derivedData/Build/Intermediates.noindex/SwiftUICoreImage.build/Debug-appletvos/SwiftUICoreImage-t.build/Objects-normal/arm64/SwiftUICoreImage.swiftsourceinfo (in target 'SwiftUICoreImage' from project 'SwiftUICoreImage')
cd /Users/admin/builder/spi-builder-workspace
builtin-copy -exclude .DS_Store -exclude CVS -exclude .svn -exclude .git -exclude .hg -resolve-src-symlinks -rename /Users/admin/builder/spi-builder-workspace/.derivedData/Build/Intermediates.noindex/SwiftUICoreImage.build/Debug-appletvos/SwiftUICoreImage-t.build/Objects-normal/arm64/SwiftUICoreImage.swiftsourceinfo /Users/admin/builder/spi-builder-workspace/.derivedData/Build/Products/Debug-appletvos/SwiftUICoreImage.swiftmodule/Project/arm64-apple-tvos.swiftsourceinfo
PruneExplicitPrecompiledModules /Users/admin/builder/spi-builder-workspace/.derivedData/SDKExplicitPrecompiledModules
PruneExplicitPrecompiledModules /Users/admin/builder/spi-builder-workspace/.derivedData/Build/Intermediates.noindex/ExplicitPrecompiledModules
PruneExplicitPrecompiledModules /Users/admin/builder/spi-builder-workspace/.derivedData/Build/Intermediates.noindex/SwiftExplicitPrecompiledModules
2026-09-20 17:57:43.847 xcodebuild[653:4218] [MT] IDERunDestination: Supported platforms for the buildables in the current scheme is empty.
** BUILD FAILED **
The following build commands failed:
SwiftCompile normal arm64 /Users/admin/builder/spi-builder-workspace/Sources/CIImage-Filters.swift (in target 'SwiftUICoreImage' from project 'SwiftUICoreImage')
SwiftCompile normal arm64 Compiling\ CIImage-Filters.swift /Users/admin/builder/spi-builder-workspace/Sources/CIImage-Filters.swift (in target 'SwiftUICoreImage' from project 'SwiftUICoreImage')
Building workspace SwiftUICoreImage with scheme SwiftUICoreImage
(3 failures)
Command line invocation:
/Applications/Xcode-27.0.0-Release.Candidate.app/Contents/Developer/usr/bin/xcodebuild -IDEClonedSourcePackagesDirPathOverride=/Users/admin/builder/spi-builder-workspace/.dependencies -resolvePackageDependencies
Resolve Package Graph
Resolved source packages:
SwiftUICoreImage: /Users/admin/builder/spi-builder-workspace
resolved source packages: SwiftUICoreImage
2026-09-20 17:57:51.621 xcodebuild[741:4598] [MT] IDERunDestination: Supported platforms for the buildables in the current scheme is empty.
{
"dependencies" : [
],
"manifest_display_name" : "SwiftUICoreImage",
"name" : "SwiftUICoreImage",
"path" : "/Users/admin/builder/spi-builder-workspace",
"platforms" : [
{
"name" : "macos",
"version" : "10.15"
},
{
"name" : "ios",
"version" : "13.0"
}
],
"products" : [
{
"name" : "SwiftUICoreImage",
"targets" : [
"SwiftUICoreImage"
],
"type" : {
"library" : [
"automatic"
]
}
}
],
"targets" : [
{
"c99name" : "SwiftUICoreImage",
"module_type" : "SwiftTarget",
"name" : "SwiftUICoreImage",
"path" : "Sources",
"product_memberships" : [
"SwiftUICoreImage"
],
"sources" : [
"CIImage-Extensions.swift",
"CIImage-Filters.swift",
"Image-Extensions.swift"
],
"type" : "library"
}
],
"tools_version" : "5.7"
}
{
"workspace" : {
"name" : "SwiftUICoreImage",
"schemes" : [
"SwiftUICoreImage"
]
}
}
2026-09-20 17:57:52.720 xcodebuild[749:4668] [MT] IDERunDestination: Supported platforms for the buildables in the current scheme is empty.
Running build ...
env DEVELOPER_DIR=/Applications/Xcode-27.0.0-Release.Candidate.app xcrun xcodebuild -IDEClonedSourcePackagesDirPathOverride=$PWD/.dependencies -skipMacroValidation -skipPackagePluginValidation -derivedDataPath $PWD/.derivedData build -scheme SwiftUICoreImage -destination generic/platform=tvOS
Command line invocation:
/Applications/Xcode-27.0.0-Release.Candidate.app/Contents/Developer/usr/bin/xcodebuild -IDEClonedSourcePackagesDirPathOverride=/Users/admin/builder/spi-builder-workspace/.dependencies -skipMacroValidation -skipPackagePluginValidation -derivedDataPath /Users/admin/builder/spi-builder-workspace/.derivedData build -scheme SwiftUICoreImage -destination generic/platform=tvOS
Resolve Package Graph
Resolved source packages:
SwiftUICoreImage: /Users/admin/builder/spi-builder-workspace
ComputePackagePrebuildTargetDependencyGraph
Prepare packages
CreateBuildRequest
SendProjectDescription
CreateBuildOperation
ComputeTargetDependencyGraph
note: Building targets in dependency order
note: Target dependency graph (2 targets)
Target 'SwiftUICoreImage-product' in project 'SwiftUICoreImage'
➜ Explicit dependency on target 'SwiftUICoreImage' in project 'SwiftUICoreImage'
Target 'SwiftUICoreImage' in project 'SwiftUICoreImage' (no dependencies)
GatherProvisioningInputs
CreateBuildDescription
ClangStatCache /Applications/Xcode-27.0.0-Release.Candidate.app/Contents/Developer/Toolchains/XcodeDefault.xctoolchain/usr/bin/clang-stat-cache /Applications/Xcode-27.0.0-Release.Candidate.app/Contents/Developer/Platforms/AppleTVOS.platform/Developer/SDKs/AppleTVOS27.0.sdk /Users/admin/builder/spi-builder-workspace/.derivedData/SDKStatCaches.noindex/appletvos27.0-24J360-e829b21a6f8c9b70876ba0858053c044b32bfd8d43560033f8d89884cdb90028.sdkstatcache
cd /Users/admin/builder/spi-builder-workspace/.swiftpm/xcode
/Applications/Xcode-27.0.0-Release.Candidate.app/Contents/Developer/Toolchains/XcodeDefault.xctoolchain/usr/bin/clang-stat-cache /Applications/Xcode-27.0.0-Release.Candidate.app/Contents/Developer/Platforms/AppleTVOS.platform/Developer/SDKs/AppleTVOS27.0.sdk -o /Users/admin/builder/spi-builder-workspace/.derivedData/SDKStatCaches.noindex/appletvos27.0-24J360-e829b21a6f8c9b70876ba0858053c044b32bfd8d43560033f8d89884cdb90028.sdkstatcache
SwiftDriver SwiftUICoreImage normal arm64 com.apple.xcode.tools.swift.compiler (in target 'SwiftUICoreImage' from project 'SwiftUICoreImage')
cd /Users/admin/builder/spi-builder-workspace/.swiftpm/xcode
builtin-SwiftDriver -- /Applications/Xcode-27.0.0-Release.Candidate.app/Contents/Developer/Toolchains/XcodeDefault.xctoolchain/usr/bin/swiftc -parse-as-library -module-name SwiftUICoreImage -Onone @/Users/admin/builder/spi-builder-workspace/.derivedData/Build/Intermediates.noindex/SwiftUICoreImage.build/Debug-appletvos/SwiftUICoreImage-t.build/Objects-normal/arm64/SwiftUICoreImage.SwiftFileList -DSWIFT_PACKAGE -DDEBUG -DSWIFT_MODULE_RESOURCE_BUNDLE_UNAVAILABLE -DXcode -plugin-path /Applications/Xcode-27.0.0-Release.Candidate.app/Contents/Developer/Toolchains/XcodeDefault.xctoolchain/usr/lib/swift/host/plugins/testing -enable-experimental-feature DebugDescriptionMacro -sdk /Applications/Xcode-27.0.0-Release.Candidate.app/Contents/Developer/Platforms/AppleTVOS.platform/Developer/SDKs/AppleTVOS27.0.sdk -target arm64-apple-tvos15.0 -g -module-cache-path /Users/admin/builder/spi-builder-workspace/.derivedData/ModuleCache.noindex -Xfrontend -serialize-debugging-options -enable-testing -index-store-path /Users/admin/builder/spi-builder-workspace/.derivedData/Index.noindex/DataStore -Xcc -D_LIBCPP_HARDENING_MODE\=_LIBCPP_HARDENING_MODE_DEBUG -swift-version 5 -I /Users/admin/builder/spi-builder-workspace/.derivedData/Build/Products/Debug-appletvos -Isystem /Applications/Xcode-27.0.0-Release.Candidate.app/Contents/Developer/Platforms/AppleTVOS.platform/Developer/usr/lib -F /Users/admin/builder/spi-builder-workspace/.derivedData/Build/Products/Debug-appletvos -F /Applications/Xcode-27.0.0-Release.Candidate.app/Contents/Developer/Platforms/AppleTVOS.platform/Developer/Library/Frameworks -F /Applications/Xcode-27.0.0-Release.Candidate.app/Contents/Developer/Platforms/AppleTVOS.platform/Developer/SDKs/AppleTVOS27.0.sdk/Developer/Library/Frameworks -c -j10 -enable-batch-mode -incremental -Xcc -ivfsstatcache -Xcc /Users/admin/builder/spi-builder-workspace/.derivedData/SDKStatCaches.noindex/appletvos27.0-24J360-e829b21a6f8c9b70876ba0858053c044b32bfd8d43560033f8d89884cdb90028.sdkstatcache -output-file-map /Users/admin/builder/spi-builder-workspace/.derivedData/Build/Intermediates.noindex/SwiftUICoreImage.build/Debug-appletvos/SwiftUICoreImage-t.build/Objects-normal/arm64/SwiftUICoreImage-OutputFileMap.json -save-temps -no-color-diagnostics -explicit-module-build -module-cache-path /Users/admin/builder/spi-builder-workspace/.derivedData/Build/Intermediates.noindex/SwiftExplicitPrecompiledModules -clang-scanner-module-cache-path /Users/admin/builder/spi-builder-workspace/.derivedData/ModuleCache.noindex -sdk-module-cache-path /Users/admin/builder/spi-builder-workspace/.derivedData/SDKExplicitPrecompiledModules -emit-dependencies -emit-module -emit-module-path /Users/admin/builder/spi-builder-workspace/.derivedData/Build/Intermediates.noindex/SwiftUICoreImage.build/Debug-appletvos/SwiftUICoreImage-t.build/Objects-normal/arm64/SwiftUICoreImage.swiftmodule -serialize-diagnostics -dependency-scan-serialize-diagnostics-path /Users/admin/builder/spi-builder-workspace/.derivedData/Build/Intermediates.noindex/SwiftUICoreImage.build/Debug-appletvos/SwiftUICoreImage-t.build/Objects-normal/arm64/SwiftUICoreImage-dependency-scan.dia -validate-clang-modules-once -clang-build-session-file /Users/admin/builder/spi-builder-workspace/.derivedData/ModuleCache.noindex/Session.modulevalidation -Xcc -fmodules-prune-interval\=86400 -Xcc -fmodules-prune-after\=345600 -emit-const-values -const-gather-protocols-list /Users/admin/builder/spi-builder-workspace/.derivedData/Build/Intermediates.noindex/SwiftUICoreImage.build/Debug-appletvos/SwiftUICoreImage-t.build/Objects-normal/arm64/SwiftUICoreImage_const_extract_protocols.json -Xcc -I/Users/admin/builder/spi-builder-workspace/.derivedData/Build/Products/Debug-appletvos/include -Xcc -I/Users/admin/builder/spi-builder-workspace/.derivedData/Build/Intermediates.noindex/SwiftUICoreImage.build/Debug-appletvos/SwiftUICoreImage-t.build/DerivedSources-normal/arm64 -Xcc -I/Users/admin/builder/spi-builder-workspace/.derivedData/Build/Intermediates.noindex/SwiftUICoreImage.build/Debug-appletvos/SwiftUICoreImage-t.build/DerivedSources/arm64 -Xcc -I/Users/admin/builder/spi-builder-workspace/.derivedData/Build/Intermediates.noindex/SwiftUICoreImage.build/Debug-appletvos/SwiftUICoreImage-t.build/DerivedSources -Xcc -DSWIFT_PACKAGE -Xcc -DDEBUG\=1 -emit-objc-header -emit-objc-header-path /Users/admin/builder/spi-builder-workspace/.derivedData/Build/Intermediates.noindex/SwiftUICoreImage.build/Debug-appletvos/SwiftUICoreImage-t.build/Objects-normal/arm64/SwiftUICoreImage-Swift.h -working-directory /Users/admin/builder/spi-builder-workspace/.swiftpm/xcode -experimental-emit-module-separately -disable-cmo
SwiftCompile normal arm64 Compiling\ CIImage-Extensions.swift /Users/admin/builder/spi-builder-workspace/Sources/CIImage-Extensions.swift (in target 'SwiftUICoreImage' from project 'SwiftUICoreImage')
SwiftCompile normal arm64 /Users/admin/builder/spi-builder-workspace/Sources/CIImage-Extensions.swift (in target 'SwiftUICoreImage' from project 'SwiftUICoreImage')
cd /Users/admin/builder/spi-builder-workspace/.swiftpm/xcode
builtin-SwiftPerFileCompile CIImage-Extensions.swift
SwiftCompile normal arm64 Compiling\ Image-Extensions.swift /Users/admin/builder/spi-builder-workspace/Sources/Image-Extensions.swift (in target 'SwiftUICoreImage' from project 'SwiftUICoreImage')
SwiftCompile normal arm64 /Users/admin/builder/spi-builder-workspace/Sources/Image-Extensions.swift (in target 'SwiftUICoreImage' from project 'SwiftUICoreImage')
cd /Users/admin/builder/spi-builder-workspace/.swiftpm/xcode
builtin-SwiftPerFileCompile Image-Extensions.swift
SwiftCompile normal arm64 Compiling\ CIImage-Filters.swift /Users/admin/builder/spi-builder-workspace/Sources/CIImage-Filters.swift (in target 'SwiftUICoreImage' from project 'SwiftUICoreImage')
/Users/admin/builder/spi-builder-workspace/Sources/CIImage-Filters.swift:145:25: error: 'areaAlphaWeightedHistogram()' is only available in tvOS 18.0 or newer
9 | import AVFoundation
10 |
11 | public extension CIImage {
| `- note: add '@available' attribute to enclosing extension
12 |
13 | //
:
140 | /// - Returns: processed new `CIImage`, or identity if `active` is false
141 | @available(iOS 18, macOS 15.0, *)
142 | func areaAlphaWeightedHistogram(extent: CGRect, scale: Float = 1, count: Int = 64, active: Bool = true) -> CIImage {
| `- note: add '@available' attribute to enclosing instance method
143 | guard active else { return self }
144 |
145 | let filter = CIFilter.areaAlphaWeightedHistogram() // CIAreaAlphaWeightedHistogram
| |- error: 'areaAlphaWeightedHistogram()' is only available in tvOS 18.0 or newer
| `- note: add 'if #available' version check
146 | filter.inputImage = self
147 | filter.extent = extent
/Users/admin/builder/spi-builder-workspace/Sources/CIImage-Filters.swift:194:25: error: 'areaBoundsRed()' is only available in tvOS 18.0 or newer
9 | import AVFoundation
10 |
11 | public extension CIImage {
| `- note: add '@available' attribute to enclosing extension
12 |
13 | //
:
189 | /// - Returns: processed new `CIImage`, or identity if `active` is false
190 | @available(iOS 18, macOS 15.0, *)
191 | func areaBoundsRed(extent: CGRect, active: Bool = true) -> CIImage {
| `- note: add '@available' attribute to enclosing instance method
192 | guard active else { return self }
193 |
194 | let filter = CIFilter.areaBoundsRed() // CIAreaBoundsRed
| |- error: 'areaBoundsRed()' is only available in tvOS 18.0 or newer
| `- note: add 'if #available' version check
195 | filter.inputImage = self
196 | filter.extent = extent
/Users/admin/builder/spi-builder-workspace/Sources/CIImage-Filters.swift:254:25: error: 'areaLogarithmicHistogram()' is only available in tvOS 16.0 or newer
9 | import AVFoundation
10 |
11 | public extension CIImage {
| `- note: add '@available' attribute to enclosing extension
12 |
13 | //
:
244 | /// - Returns: processed new `CIImage`, or identity if `active` is false
245 | @available(iOS 16, macOS 13.0, *)
246 | func areaLogarithmicHistogram(extent: CGRect,
| `- note: add '@available' attribute to enclosing instance method
247 | scale: Float = 1,
248 | count: Int = 64,
:
252 | guard active else { return self }
253 |
254 | let filter = CIFilter.areaLogarithmicHistogram() // CIAreaLogarithmicHistogram
| |- error: 'areaLogarithmicHistogram()' is only available in tvOS 16.0 or newer
| `- note: add 'if #available' version check
255 | filter.inputImage = self
256 | filter.extent = extent
/Users/admin/builder/spi-builder-workspace/Sources/CIImage-Filters.swift:801:25: error: 'cannyEdgeDetector()' is only available in tvOS 17.0 or newer
9 | import AVFoundation
10 |
11 | public extension CIImage {
| `- note: add '@available' attribute to enclosing extension
12 |
13 | //
:
791 | /// - Returns: processed new `CIImage`, or identity if `active` is false
792 | @available(iOS 17, macOS 14.0, *)
793 | func cannyEdgeDetector(gaussianSigma: Float = 1.6,
| `- note: add '@available' attribute to enclosing instance method
794 | perceptual: Bool = false,
795 | thresholdHigh: Float = 0.05,
:
799 | guard active else { return self }
800 |
801 | let filter = CIFilter.cannyEdgeDetector() // CICannyEdgeDetector
| |- error: 'cannyEdgeDetector()' is only available in tvOS 17.0 or newer
| `- note: add 'if #available' version check
802 | filter.inputImage = self
803 | filter.gaussianSigma = gaussianSigma
/Users/admin/builder/spi-builder-workspace/Sources/CIImage-Filters.swift:1072:10: error: 'extrapolate' is only available in tvOS 16.0 or newer
9 | import AVFoundation
10 |
11 | public extension CIImage {
| `- note: add '@available' attribute to enclosing extension
12 |
13 | //
:
1063 | /// - Returns: processed new `CIImage`, or identity if `active` is false
1064 | @available(iOS 16, macOS 13.0, *)
1065 | func colorCube(cubeDimension: Int, cubeData: Data, extrapolate: Bool = false, active: Bool = true) -> CIImage {
| `- note: add '@available' attribute to enclosing instance method
1066 | guard active else { return self }
1067 |
:
1070 | filter.cubeDimension = Float(cubeDimension)
1071 | filter.cubeData = cubeData
1072 | filter.extrapolate = extrapolate
| |- error: 'extrapolate' is only available in tvOS 16.0 or newer
| `- note: add 'if #available' version check
1073 | return filter.outputImage ?? CIImage.empty()
1074 | }
/Users/admin/builder/spi-builder-workspace/Sources/CIImage-Filters.swift:1105:10: error: 'extrapolate' is only available in tvOS 16.0 or newer
9 | import AVFoundation
10 |
11 | public extension CIImage {
| `- note: add '@available' attribute to enclosing extension
12 |
13 | //
:
1092 | /// - Returns: processed new `CIImage`, or identity if `active` is false
1093 | @available(iOS 16, macOS 13.0, *)
1094 | func colorCubeWithColorSpace(cubeDimension: Int,
| `- note: add '@available' attribute to enclosing instance method
1095 | cubeData: Data,
1096 | extrapolate: Bool,
:
1103 | filter.cubeDimension = Float(cubeDimension)
1104 | filter.cubeData = cubeData
1105 | filter.extrapolate = extrapolate
| |- error: 'extrapolate' is only available in tvOS 16.0 or newer
| `- note: add 'if #available' version check
1106 | filter.colorSpace = colorSpace
1107 | return filter.outputImage ?? CIImage.empty()
/Users/admin/builder/spi-builder-workspace/Sources/CIImage-Filters.swift:1145:10: error: 'extrapolate' is only available in tvOS 16.0 or newer
9 | import AVFoundation
10 |
11 | public extension CIImage {
| `- note: add '@available' attribute to enclosing extension
12 |
13 | //
:
1127 | /// - Returns: processed new `CIImage`, or identity if `active` is false
1128 | @available(iOS 16, macOS 13.0, *)
1129 | func colorCubesMixedWithMask(maskImage: CIImage,
| `- note: add '@available' attribute to enclosing instance method
1130 | cubeDimension: Int,
1131 | cube0Data: Data,
:
1143 | filter.cube1Data = cube1Data
1144 | filter.colorSpace = colorSpace
1145 | filter.extrapolate = extrapolate
| |- error: 'extrapolate' is only available in tvOS 16.0 or newer
| `- note: add 'if #available' version check
1146 | return filter.outputImage ?? CIImage.empty()
1147 | }
/Users/admin/builder/spi-builder-workspace/Sources/CIImage-Filters.swift:1474:25: error: 'convertLabToRGB()' is only available in tvOS 16.0 or newer
9 | import AVFoundation
10 |
11 | public extension CIImage {
| `- note: add '@available' attribute to enclosing extension
12 |
13 | //
:
1469 | /// - Returns: processed new `CIImage`, or identity if `active` is false
1470 | @available(iOS 16, macOS 13.0, *)
1471 | func convertLabToRGB(normalize: Bool = false, active: Bool = true) -> CIImage {
| `- note: add '@available' attribute to enclosing instance method
1472 | guard active else { return self }
1473 |
1474 | let filter = CIFilter.convertLabToRGB() // CIConvertLabToRGB
| |- error: 'convertLabToRGB()' is only available in tvOS 16.0 or newer
| `- note: add 'if #available' version check
1475 | filter.inputImage = self
1476 | filter.normalize = normalize
/Users/admin/builder/spi-builder-workspace/Sources/CIImage-Filters.swift:1497:25: error: 'convertRGBtoLab()' is only available in tvOS 16.0 or newer
9 | import AVFoundation
10 |
11 | public extension CIImage {
| `- note: add '@available' attribute to enclosing extension
12 |
13 | //
:
1492 | /// - Returns: processed new `CIImage`, or identity if `active` is false
1493 | @available(iOS 16, macOS 13.0, *)
1494 | func convertRGBtoLab(normalize: Bool = false, active: Bool = true) -> CIImage {
| `- note: add '@available' attribute to enclosing instance method
1495 | guard active else { return self }
1496 |
1497 | let filter = CIFilter.convertRGBtoLab() // CIConvertRGBtoLab
| |- error: 'convertRGBtoLab()' is only available in tvOS 16.0 or newer
| `- note: add 'if #available' version check
1498 | filter.inputImage = self
1499 | filter.normalize = normalize
/Users/admin/builder/spi-builder-workspace/Sources/CIImage-Filters.swift:3535:25: error: 'maximumScaleTransform()' is only available in tvOS 18.0 or newer
9 | import AVFoundation
10 |
11 | public extension CIImage {
| `- note: add '@available' attribute to enclosing extension
12 |
13 | //
:
3530 | /// - Returns: processed new `CIImage` or identity if parameters result in no operation applied
3531 | @available(iOS 18, macOS 15.0, *)
3532 | func maximumScaleTransform(scale: Float = 1, aspectRatio: Float = 1) -> CIImage {
| `- note: add '@available' attribute to enclosing instance method
3533 | guard scale != 1 || aspectRatio != 1 else { return self }
3534 |
3535 | let filter = CIFilter.maximumScaleTransform() // CIMaximumScaleTransform
| |- error: 'maximumScaleTransform()' is only available in tvOS 18.0 or newer
| `- note: add 'if #available' version check
3536 | filter.inputImage = self
3537 | filter.scale = scale
/Users/admin/builder/spi-builder-workspace/Sources/CIImage-Filters.swift:4380:10: error: 'extrapolate' is only available in tvOS 17.0 or newer
9 | import AVFoundation
10 |
11 | public extension CIImage {
| `- note: add '@available' attribute to enclosing extension
12 |
13 | //
:
4373 | /// - Returns: processed new `CIImage`, or identity if `active` is false
4374 | @available(iOS 13, macOS 10.15, *)
4375 | func photoEffectChrome(extrapolate: Bool = false, active: Bool = true) -> CIImage {
| `- note: add '@available' attribute to enclosing instance method
4376 | guard active else { return self }
4377 |
4378 | let filter = CIFilter.photoEffectChrome() // CIPhotoEffectChrome
4379 | filter.inputImage = self
4380 | filter.extrapolate = extrapolate
| |- error: 'extrapolate' is only available in tvOS 17.0 or newer
| `- note: add 'if #available' version check
4381 | return filter.outputImage ?? CIImage.empty()
4382 | }
/Users/admin/builder/spi-builder-workspace/Sources/CIImage-Filters.swift:4404:10: error: 'extrapolate' is only available in tvOS 17.0 or newer
9 | import AVFoundation
10 |
11 | public extension CIImage {
| `- note: add '@available' attribute to enclosing extension
12 |
13 | //
:
4397 | /// - Returns: processed new `CIImage`, or identity if `active` is false
4398 | @available(iOS 13, macOS 10.15, *)
4399 | func photoEffectFade(extrapolate: Bool = false, active: Bool = true) -> CIImage {
| `- note: add '@available' attribute to enclosing instance method
4400 | guard active else { return self }
4401 |
4402 | let filter = CIFilter.photoEffectFade() // CIPhotoEffectFade
4403 | filter.inputImage = self
4404 | filter.extrapolate = extrapolate
| |- error: 'extrapolate' is only available in tvOS 17.0 or newer
| `- note: add 'if #available' version check
4405 | return filter.outputImage ?? CIImage.empty()
4406 | }
/Users/admin/builder/spi-builder-workspace/Sources/CIImage-Filters.swift:4428:10: error: 'extrapolate' is only available in tvOS 17.0 or newer
9 | import AVFoundation
10 |
11 | public extension CIImage {
| `- note: add '@available' attribute to enclosing extension
12 |
13 | //
:
4421 | /// - Returns: processed new `CIImage`, or identity if `active` is false
4422 | @available(iOS 13, macOS 10.15, *)
4423 | func photoEffectInstant(extrapolate: Bool = false, active: Bool = true) -> CIImage {
| `- note: add '@available' attribute to enclosing instance method
4424 | guard active else { return self }
4425 |
4426 | let filter = CIFilter.photoEffectInstant() // CIPhotoEffectInstant
4427 | filter.inputImage = self
4428 | filter.extrapolate = extrapolate
| |- error: 'extrapolate' is only available in tvOS 17.0 or newer
| `- note: add 'if #available' version check
4429 | return filter.outputImage ?? CIImage.empty()
4430 | }
/Users/admin/builder/spi-builder-workspace/Sources/CIImage-Filters.swift:4452:10: error: 'extrapolate' is only available in tvOS 17.0 or newer
9 | import AVFoundation
10 |
11 | public extension CIImage {
| `- note: add '@available' attribute to enclosing extension
12 |
13 | //
:
4445 | /// - Returns: processed new `CIImage`, or identity if `active` is false
4446 | @available(iOS 13, macOS 10.15, *)
4447 | func photoEffectMono(extrapolate: Bool = false, active: Bool = true) -> CIImage {
| `- note: add '@available' attribute to enclosing instance method
4448 | guard active else { return self }
4449 |
4450 | let filter = CIFilter.photoEffectMono() // CIPhotoEffectMono
4451 | filter.inputImage = self
4452 | filter.extrapolate = extrapolate
| |- error: 'extrapolate' is only available in tvOS 17.0 or newer
| `- note: add 'if #available' version check
4453 | return filter.outputImage ?? CIImage.empty()
4454 | }
/Users/admin/builder/spi-builder-workspace/Sources/CIImage-Filters.swift:4476:10: error: 'extrapolate' is only available in tvOS 17.0 or newer
9 | import AVFoundation
10 |
11 | public extension CIImage {
| `- note: add '@available' attribute to enclosing extension
12 |
13 | //
:
4469 | /// - Returns: processed new `CIImage`, or identity if `active` is false
4470 | @available(iOS 13, macOS 10.15, *)
4471 | func photoEffectNoir(extrapolate: Bool = false, active: Bool = true) -> CIImage {
| `- note: add '@available' attribute to enclosing instance method
4472 | guard active else { return self }
4473 |
4474 | let filter = CIFilter.photoEffectNoir() // CIPhotoEffectNoir
4475 | filter.inputImage = self
4476 | filter.extrapolate = extrapolate
| |- error: 'extrapolate' is only available in tvOS 17.0 or newer
| `- note: add 'if #available' version check
4477 | return filter.outputImage ?? CIImage.empty()
4478 | }
/Users/admin/builder/spi-builder-workspace/Sources/CIImage-Filters.swift:4500:10: error: 'extrapolate' is only available in tvOS 17.0 or newer
9 | import AVFoundation
10 |
11 | public extension CIImage {
| `- note: add '@available' attribute to enclosing extension
12 |
13 | //
:
4493 | /// - Returns: processed new `CIImage`, or identity if `active` is false
4494 | @available(iOS 13, macOS 10.15, *)
4495 | func photoEffectProcess(extrapolate: Bool = false, active: Bool = true) -> CIImage {
| `- note: add '@available' attribute to enclosing instance method
4496 | guard active else { return self }
4497 |
4498 | let filter = CIFilter.photoEffectProcess() // CIPhotoEffectProcess
4499 | filter.inputImage = self
4500 | filter.extrapolate = extrapolate
| |- error: 'extrapolate' is only available in tvOS 17.0 or newer
| `- note: add 'if #available' version check
4501 | return filter.outputImage ?? CIImage.empty()
4502 | }
/Users/admin/builder/spi-builder-workspace/Sources/CIImage-Filters.swift:4524:10: error: 'extrapolate' is only available in tvOS 17.0 or newer
9 | import AVFoundation
10 |
11 | public extension CIImage {
| `- note: add '@available' attribute to enclosing extension
12 |
13 | //
:
4517 | /// - Returns: processed new `CIImage`, or identity if `active` is false
4518 | @available(iOS 13, macOS 10.15, *)
4519 | func photoEffectTonal(extrapolate: Bool = false, active: Bool = true) -> CIImage {
| `- note: add '@available' attribute to enclosing instance method
4520 | guard active else { return self }
4521 |
4522 | let filter = CIFilter.photoEffectTonal() // CIPhotoEffectTonal
4523 | filter.inputImage = self
4524 | filter.extrapolate = extrapolate
| |- error: 'extrapolate' is only available in tvOS 17.0 or newer
| `- note: add 'if #available' version check
4525 | return filter.outputImage ?? CIImage.empty()
4526 | }
/Users/admin/builder/spi-builder-workspace/Sources/CIImage-Filters.swift:4548:10: error: 'extrapolate' is only available in tvOS 17.0 or newer
9 | import AVFoundation
10 |
11 | public extension CIImage {
| `- note: add '@available' attribute to enclosing extension
12 |
13 | //
:
4541 | /// - Returns: processed new `CIImage`, or identity if `active` is false
4542 | @available(iOS 13, macOS 10.15, *)
4543 | func photoEffectTransfer(extrapolate: Bool = false, active: Bool = true) -> CIImage {
| `- note: add '@available' attribute to enclosing instance method
4544 | guard active else { return self }
4545 |
4546 | let filter = CIFilter.photoEffectTransfer() // CIPhotoEffectTransfer
4547 | filter.inputImage = self
4548 | filter.extrapolate = extrapolate
| |- error: 'extrapolate' is only available in tvOS 17.0 or newer
| `- note: add 'if #available' version check
4549 | return filter.outputImage ?? CIImage.empty()
4550 | }
/Users/admin/builder/spi-builder-workspace/Sources/CIImage-Filters.swift:4958:25: error: 'sobelGradients()' is only available in tvOS 17.0 or newer
9 | import AVFoundation
10 |
11 | public extension CIImage {
| `- note: add '@available' attribute to enclosing extension
12 |
13 | //
:
4953 | /// - Returns: processed new `CIImage`, or identity if `active` is false
4954 | @available(iOS 17, macOS 14.0, *)
4955 | func sobelGradients(active: Bool = true) -> CIImage {
| `- note: add '@available' attribute to enclosing instance method
4956 | guard active else { return self }
4957 |
4958 | let filter = CIFilter.sobelGradients() // CISobelGradients
| |- error: 'sobelGradients()' is only available in tvOS 17.0 or newer
| `- note: add 'if #available' version check
4959 | filter.inputImage = self
4960 |
/Users/admin/builder/spi-builder-workspace/Sources/CIImage-Filters.swift:5391:25: error: 'toneMapHeadroom()' is only available in tvOS 18.0 or newer
9 | import AVFoundation
10 |
11 | public extension CIImage {
| `- note: add '@available' attribute to enclosing extension
12 |
13 | //
:
5386 | /// - Returns: processed new `CIImage`, or identity if `active` is false
5387 | @available(iOS 18, macOS 15.0, *)
5388 | func toneMapHeadroom(sourceHeadroom: Float, targetHeadroom: Float = 1, active: Bool = true) -> CIImage {
| `- note: add '@available' attribute to enclosing instance method
5389 | guard active else { return self }
5390 |
5391 | let filter = CIFilter.toneMapHeadroom() // CIToneMapHeadroom
| |- error: 'toneMapHeadroom()' is only available in tvOS 18.0 or newer
| `- note: add 'if #available' version check
5392 | filter.inputImage = self
5393 | filter.sourceHeadroom = sourceHeadroom
/Users/admin/builder/spi-builder-workspace/Sources/CIImage-Filters.swift:5786:10: error: 'padding' is only available in tvOS 16.0 or newer
9 | import AVFoundation
10 |
11 | public extension CIImage {
| `- note: add '@available' attribute to enclosing extension
12 |
13 | //
:
5780 | /// - Returns: an image attributed string
5781 | @available(iOS 16, macOS 13.0, *)
5782 | static func attributedTextImageGenerator(text: NSAttributedString, scaleFactor: Float = 1, padding: Int) -> CIImage {
| `- note: add '@available' attribute to enclosing static method
5783 | let filter = CIFilter.attributedTextImageGenerator() // CIAttributedTextImageGenerator
5784 | filter.text = text
5785 | filter.scaleFactor = scaleFactor
5786 | filter.padding = Float(padding)
| |- error: 'padding' is only available in tvOS 16.0 or newer
| `- note: add 'if #available' version check
5787 | return filter.outputImage ?? CIImage.empty()
5788 | }
/Users/admin/builder/spi-builder-workspace/Sources/CIImage-Filters.swift:5851:25: error: 'blurredRectangleGenerator()' is only available in tvOS 17.0 or newer
9 | import AVFoundation
10 |
11 | public extension CIImage {
| `- note: add '@available' attribute to enclosing extension
12 |
13 | //
:
5848 | /// - Returns: a blurred rectangle image with the specified extent, blur sigma, and color
5849 | @available(iOS 17, macOS 14.0, *)
5850 | static func blurredRectangleGenerator(extent: CGRect, sigma: Float, color: CIColor = CIColor.white) -> CIImage {
| `- note: add '@available' attribute to enclosing static method
5851 | let filter = CIFilter.blurredRectangleGenerator() // CIBlurredRectangleGenerator
| |- error: 'blurredRectangleGenerator()' is only available in tvOS 17.0 or newer
| `- note: add 'if #available' version check
5852 | filter.extent = extent
5853 | filter.sigma = sigma
/Users/admin/builder/spi-builder-workspace/Sources/CIImage-Filters.swift:6237:25: error: 'roundedRectangleStrokeGenerator()' is only available in tvOS 17.0 or newer
9 | import AVFoundation
10 |
11 | public extension CIImage {
| `- note: add '@available' attribute to enclosing extension
12 |
13 | //
:
6231 | /// - Returns: a rounded rectangle stroke image with the specified extent, corner radius, stroke width, and color
6232 | @available(iOS 17, macOS 14.0, *)
6233 | static func roundedRectangleStrokeGenerator(extent: CGRect,
| `- note: add '@available' attribute to enclosing static method
6234 | radius: Float,
6235 | color: CIColor = CIColor.white,
6236 | width: Float) -> CIImage {
6237 | let filter = CIFilter.roundedRectangleStrokeGenerator() // CIRoundedRectangleStrokeGenerator
| |- error: 'roundedRectangleStrokeGenerator()' is only available in tvOS 17.0 or newer
| `- note: add 'if #available' version check
6238 | filter.extent = extent
6239 | filter.radius = radius
/Users/admin/builder/spi-builder-workspace/Sources/CIImage-Filters.swift:6412:10: error: 'padding' is only available in tvOS 16.0 or newer
9 | import AVFoundation
10 |
11 | public extension CIImage {
| `- note: add '@available' attribute to enclosing extension
12 |
13 | //
:
6400 | /// - Returns: an image from a string and font information
6401 | @available(iOS 16, macOS 13.0, *)
6402 | static func textImageGenerator(text: String,
| `- note: add '@available' attribute to enclosing static method
6403 | fontName: String = "HelveticaNeue",
6404 | fontSize: Float = 12,
:
6410 | filter.fontSize = fontSize
6411 | filter.scaleFactor = scaleFactor
6412 | filter.padding = Float(padding)
| |- error: 'padding' is only available in tvOS 16.0 or newer
| `- note: add 'if #available' version check
6413 | return filter.outputImage ?? CIImage.empty()
6414 | }
Failed frontend command:
/Applications/Xcode-27.0.0-Release.Candidate.app/Contents/Developer/Toolchains/XcodeDefault.xctoolchain/usr/bin/swift-frontend -frontend -c /Users/admin/builder/spi-builder-workspace/Sources/CIImage-Extensions.swift -primary-file /Users/admin/builder/spi-builder-workspace/Sources/CIImage-Filters.swift /Users/admin/builder/spi-builder-workspace/Sources/Image-Extensions.swift -emit-dependencies-path /Users/admin/builder/spi-builder-workspace/.derivedData/Build/Intermediates.noindex/SwiftUICoreImage.build/Debug-appletvos/SwiftUICoreImage-t.build/Objects-normal/arm64/CIImage-Filters.d -emit-const-values-path /Users/admin/builder/spi-builder-workspace/.derivedData/Build/Intermediates.noindex/SwiftUICoreImage.build/Debug-appletvos/SwiftUICoreImage-t.build/Objects-normal/arm64/CIImage-Filters.swiftconstvalues -emit-reference-dependencies-path /Users/admin/builder/spi-builder-workspace/.derivedData/Build/Intermediates.noindex/SwiftUICoreImage.build/Debug-appletvos/SwiftUICoreImage-t.build/Objects-normal/arm64/CIImage-Filters.swiftdeps -serialize-diagnostics-path /Users/admin/builder/spi-builder-workspace/.derivedData/Build/Intermediates.noindex/SwiftUICoreImage.build/Debug-appletvos/SwiftUICoreImage-t.build/Objects-normal/arm64/CIImage-Filters.dia -target arm64-apple-tvos15.0 -module-can-import-version UIKit 9127.0.84.1 9127.0.84 -disable-cross-import-overlay-search -load-resolved-plugin /Applications/Xcode-27.0.0-Release.Candidate.app/Contents/Developer/Platforms/AppleTVOS.platform/Developer/usr/lib/swift/host/plugins/libFoundationMacros.dylib\#/Applications/Xcode-27.0.0-Release.Candidate.app/Contents/Developer/Platforms/AppleTVOS.platform/Developer/usr/bin/swift-plugin-server\#FoundationMacros -load-resolved-plugin /Applications/Xcode-27.0.0-Release.Candidate.app/Contents/Developer/Platforms/AppleTVOS.platform/Developer/usr/lib/swift/host/plugins/libObservationMacros.dylib\#/Applications/Xcode-27.0.0-Release.Candidate.app/Contents/Developer/Platforms/AppleTVOS.platform/Developer/usr/bin/swift-plugin-server\#ObservationMacros -load-resolved-plugin /Applications/Xcode-27.0.0-Release.Candidate.app/Contents/Developer/Platforms/AppleTVOS.platform/Developer/usr/lib/swift/host/plugins/libPreviewsMacros.dylib\#/Applications/Xcode-27.0.0-Release.Candidate.app/Contents/Developer/Platforms/AppleTVOS.platform/Developer/usr/bin/swift-plugin-server\#PreviewsMacros -load-resolved-plugin /Applications/Xcode-27.0.0-Release.Candidate.app/Contents/Developer/Platforms/AppleTVOS.platform/Developer/usr/lib/swift/host/plugins/libSwiftMacros.dylib\#/Applications/Xcode-27.0.0-Release.Candidate.app/Contents/Developer/Platforms/AppleTVOS.platform/Developer/usr/bin/swift-plugin-server\#SwiftMacros -load-resolved-plugin /Applications/Xcode-27.0.0-Release.Candidate.app/Contents/Developer/Platforms/AppleTVOS.platform/Developer/usr/lib/swift/host/plugins/libSwiftUIMacros.dylib\#/Applications/Xcode-27.0.0-Release.Candidate.app/Contents/Developer/Platforms/AppleTVOS.platform/Developer/usr/bin/swift-plugin-server\#SwiftUIMacros -disable-implicit-swift-modules -Xcc -fno-implicit-modules -Xcc -fno-implicit-module-maps -explicit-swift-module-map-file /Users/admin/builder/spi-builder-workspace/.derivedData/Build/Intermediates.noindex/SwiftUICoreImage.build/Debug-appletvos/SwiftUICoreImage-t.build/Objects-normal/arm64/SwiftUICoreImage-dependencies-1.json -Xllvm -aarch64-use-tbi -enable-objc-interop -stack-check -sdk /Applications/Xcode-27.0.0-Release.Candidate.app/Contents/Developer/Platforms/AppleTVOS.platform/Developer/SDKs/AppleTVOS27.0.sdk -I /Users/admin/builder/spi-builder-workspace/.derivedData/Build/Products/Debug-appletvos -Isystem /Applications/Xcode-27.0.0-Release.Candidate.app/Contents/Developer/Platforms/AppleTVOS.platform/Developer/usr/lib -F /Users/admin/builder/spi-builder-workspace/.derivedData/Build/Products/Debug-appletvos -F /Applications/Xcode-27.0.0-Release.Candidate.app/Contents/Developer/Platforms/AppleTVOS.platform/Developer/Library/Frameworks -F /Applications/Xcode-27.0.0-Release.Candidate.app/Contents/Developer/Platforms/AppleTVOS.platform/Developer/SDKs/AppleTVOS27.0.sdk/Developer/Library/Frameworks -module-cache-path /Users/admin/builder/spi-builder-workspace/.derivedData/Build/Intermediates.noindex/SwiftExplicitPrecompiledModules -no-color-diagnostics -Xcc -fno-color-diagnostics -enable-testing -g -debug-info-format\=dwarf -dwarf-version\=4 -swift-version 5 -Onone -D SWIFT_PACKAGE -D DEBUG -D SWIFT_MODULE_RESOURCE_BUNDLE_UNAVAILABLE -D Xcode -serialize-debugging-options -enable-experimental-feature DebugDescriptionMacro -empty-abi-descriptor -validate-clang-modules-once -clang-build-session-file /Users/admin/builder/spi-builder-workspace/.derivedData/ModuleCache.noindex/Session.modulevalidation -Xcc -working-directory -Xcc /Users/admin/builder/spi-builder-workspace/.swiftpm/xcode -enable-anonymous-context-mangled-names -file-compilation-dir /Users/admin/builder/spi-builder-workspace/.swiftpm/xcode -Xcc -D_LIBCPP_HARDENING_MODE\=_LIBCPP_HARDENING_MODE_DEBUG -Xcc -ivfsstatcache -Xcc /Users/admin/builder/spi-builder-workspace/.derivedData/SDKStatCaches.noindex/appletvos27.0-24J360-e829b21a6f8c9b70876ba0858053c044b32bfd8d43560033f8d89884cdb90028.sdkstatcache -Xcc -fmodules-prune-interval\=86400 -Xcc -fmodules-prune-after\=345600 -Xcc -I/Users/admin/builder/spi-builder-workspace/.derivedData/Build/Products/Debug-appletvos/include -Xcc -I/Users/admin/builder/spi-builder-workspace/.derivedData/Build/Intermediates.noindex/SwiftUICoreImage.build/Debug-appletvos/SwiftUICoreImage-t.build/DerivedSources-normal/arm64 -Xcc -I/Users/admin/builder/spi-builder-workspace/.derivedData/Build/Intermediates.noindex/SwiftUICoreImage.build/Debug-appletvos/SwiftUICoreImage-t.build/DerivedSources/arm64 -Xcc -I/Users/admin/builder/spi-builder-workspace/.derivedData/Build/Intermediates.noindex/SwiftUICoreImage.build/Debug-appletvos/SwiftUICoreImage-t.build/DerivedSources -Xcc -DSWIFT_PACKAGE -Xcc -DDEBUG\=1 -no-auto-bridging-header-chaining -module-name SwiftUICoreImage -const-gather-protocols-file /Users/admin/builder/spi-builder-workspace/.derivedData/Build/Intermediates.noindex/SwiftUICoreImage.build/Debug-appletvos/SwiftUICoreImage-t.build/Objects-normal/arm64/SwiftUICoreImage_const_extract_protocols.json -disable-clang-spi -clang-target arm64-apple-tvos27.0 -target-sdk-version 27.0 -target-sdk-name appletvos27.0 -in-process-plugin-server-path /Applications/Xcode-27.0.0-Release.Candidate.app/Contents/Developer/Toolchains/XcodeDefault.xctoolchain/usr/lib/swift/host/libSwiftInProcPluginServer.dylib -parse-as-library -o /Users/admin/builder/spi-builder-workspace/.derivedData/Build/Intermediates.noindex/SwiftUICoreImage.build/Debug-appletvos/SwiftUICoreImage-t.build/Objects-normal/arm64/CIImage-Filters.o -debug-module-path /Users/admin/builder/spi-builder-workspace/.derivedData/Build/Intermediates.noindex/SwiftUICoreImage.build/Debug-appletvos/SwiftUICoreImage-t.build/Objects-normal/arm64/SwiftUICoreImage.swiftmodule -index-unit-output-path /SwiftUICoreImage.build/Debug-appletvos/SwiftUICoreImage-t.build/Objects-normal/arm64/CIImage-Filters.o -index-store-path /Users/admin/builder/spi-builder-workspace/.derivedData/Index.noindex/DataStore -index-system-modules
SwiftCompile normal arm64 /Users/admin/builder/spi-builder-workspace/Sources/CIImage-Filters.swift (in target 'SwiftUICoreImage' from project 'SwiftUICoreImage')
cd /Users/admin/builder/spi-builder-workspace/.swiftpm/xcode
builtin-SwiftPerFileCompile CIImage-Filters.swift
SwiftEmitModule normal arm64 Emitting\ module\ for\ SwiftUICoreImage (in target 'SwiftUICoreImage' from project 'SwiftUICoreImage')
SwiftCompile normal arm64 (in target 'SwiftUICoreImage' from project 'SwiftUICoreImage')
cd /Users/admin/builder/spi-builder-workspace/.swiftpm/xcode
PruneExplicitPrecompiledModules /Users/admin/builder/spi-builder-workspace/.derivedData/Build/Intermediates.noindex/SwiftExplicitPrecompiledModules
PruneExplicitPrecompiledModules /Users/admin/builder/spi-builder-workspace/.derivedData/SDKExplicitPrecompiledModules
PruneExplicitPrecompiledModules /Users/admin/builder/spi-builder-workspace/.derivedData/Build/Intermediates.noindex/ExplicitPrecompiledModules
2026-09-20 17:57:53.626 xcodebuild[750:4691] [MT] IDERunDestination: Supported platforms for the buildables in the current scheme is empty.
** BUILD FAILED **
The following build commands failed:
SwiftCompile normal arm64 Compiling\ CIImage-Filters.swift /Users/admin/builder/spi-builder-workspace/Sources/CIImage-Filters.swift (in target 'SwiftUICoreImage' from project 'SwiftUICoreImage')
SwiftCompile normal arm64 /Users/admin/builder/spi-builder-workspace/Sources/CIImage-Filters.swift (in target 'SwiftUICoreImage' from project 'SwiftUICoreImage')
Building workspace SwiftUICoreImage with scheme SwiftUICoreImage
(3 failures)
BUILD FAILURE 6.4 tvOS