Build Information
Failed to build fx-upscale, reference 1.3.2 (46601b), with Swift 6.1 for Android on 24 Jul 2026 00:12:14 UTC.
Build Command
bash -c docker run --pull=always --rm -v "checkouts-54344849-0":/host -w "$PWD" -e JAVA_HOME="/root/.sdkman/candidates/java/current" -e SPI_BUILD="1" -e SPI_PROCESSING="1" registry.gitlab.com/saguaro1/spi-images:android-6.1-latest swift build --swift-sdk aarch64-unknown-linux-android24 2>&1Build Log
========================================
RunAll
========================================
Builder version: 333316120c8b89ed7d21f1b34865290794301d91
Interrupt handler set up.
========================================
Checkout
========================================
Clone URL: https://github.com/finnvoor/fx-upscale.git
Reference: 1.3.2
Initialized empty Git repository in /host/spi-builder-workspace/.git/
hint: Using 'master' as the name for the initial branch. This default branch name
hint: is subject to change. To configure the initial branch name to use in all
hint: of your new repositories, which will suppress this warning, call:
hint:
hint: git config --global init.defaultBranch <name>
hint:
hint: Names commonly chosen instead of 'master' are 'main', 'trunk' and
hint: 'development'. The just-created branch can be renamed via this command:
hint:
hint: git branch -m <name>
From https://github.com/finnvoor/fx-upscale
* tag 1.3.2 -> FETCH_HEAD
HEAD is now at 46601bd Preserve HDR when upscaling instead of crushing to SDR (#36)
Cloned https://github.com/finnvoor/fx-upscale.git
Revision (git rev-parse @):
46601bdcd5c8c62f9735210e9245efab2da4a5c9
SUCCESS checkout https://github.com/finnvoor/fx-upscale.git at 1.3.2
========================================
Build
========================================
Selected platform: android
Swift version: 6.1
Building package at path: $PWD
https://github.com/finnvoor/fx-upscale.git
https://github.com/finnvoor/fx-upscale.git
WARNING: environment variable SUPPRESS_SWIFT_6_FLAGS is not set
Running build ...
bash -c docker run --pull=always --rm -v "checkouts-54344849-0":/host -w "$PWD" -e JAVA_HOME="/root/.sdkman/candidates/java/current" -e SPI_BUILD="1" -e SPI_PROCESSING="1" registry.gitlab.com/saguaro1/spi-images:android-6.1-latest swift build --swift-sdk aarch64-unknown-linux-android24 -Xswiftc -Xfrontend -Xswiftc -stats-output-dir -Xswiftc -Xfrontend -Xswiftc .stats -Xswiftc -strict-concurrency=complete -Xswiftc -enable-upcoming-feature -Xswiftc StrictConcurrency -Xswiftc -enable-upcoming-feature -Xswiftc DisableOutwardActorInference -Xswiftc -enable-upcoming-feature -Xswiftc GlobalActorIsolatedTypesUsability -Xswiftc -enable-upcoming-feature -Xswiftc InferSendableFromCaptures 2>&1
android-6.1-latest: Pulling from saguaro1/spi-images
Digest: sha256:365d9b14669f92fea0572234887def10439445c91d7e524c78a6579ad7294f11
Status: Image is up to date for registry.gitlab.com/saguaro1/spi-images:android-6.1-latest
Fetching https://github.com/Finnvoor/SwiftTUI.git
Fetching https://github.com/apple/swift-argument-parser.git
[1/80] Fetching swifttui
[81/18295] Fetching swifttui, swift-argument-parser
Fetched https://github.com/Finnvoor/SwiftTUI.git from cache (0.84s)
Fetched https://github.com/apple/swift-argument-parser.git from cache (0.85s)
Computing version for https://github.com/Finnvoor/SwiftTUI.git
Computed https://github.com/Finnvoor/SwiftTUI.git at 1.0.4 (1.05s)
Computing version for https://github.com/apple/swift-argument-parser.git
Computed https://github.com/apple/swift-argument-parser.git at 1.8.2 (0.23s)
Creating working copy for https://github.com/apple/swift-argument-parser.git
Working copy of https://github.com/apple/swift-argument-parser.git resolved at 1.8.2
Creating working copy for https://github.com/Finnvoor/SwiftTUI.git
Working copy of https://github.com/Finnvoor/SwiftTUI.git resolved at 1.0.4
[1/1] Compiling plugin GenerateManual
[2/2] Compiling plugin GenerateDoccReference
Building for debugging...
[2/15] Write sources
[7/15] Write swift-version-24593BA9C3E375BF.txt
[9/37] Emitting module ArgumentParserToolInfo
<unknown>:0: warning: upcoming feature 'InferSendableFromCaptures' is already enabled as of Swift version 6
<unknown>:0: warning: upcoming feature 'GlobalActorIsolatedTypesUsability' is already enabled as of Swift version 6
<unknown>:0: warning: upcoming feature 'DisableOutwardActorInference' is already enabled as of Swift version 6
[10/37] Compiling ArgumentParserToolInfo ToolInfo.swift
<unknown>:0: warning: upcoming feature 'InferSendableFromCaptures' is already enabled as of Swift version 6
<unknown>:0: warning: upcoming feature 'GlobalActorIsolatedTypesUsability' is already enabled as of Swift version 6
<unknown>:0: warning: upcoming feature 'DisableOutwardActorInference' is already enabled as of Swift version 6
[11/38] Wrapping AST for ArgumentParserToolInfo for debugging
[13/85] Compiling Upscaling Upscaler.swift
/host/spi-builder-workspace/Sources/Upscaling/CoreImage/UpscalingFilter.swift:1:8: error: no such module 'CoreImage'
1 | import CoreImage
| `- error: no such module 'CoreImage'
2 | import Foundation
3 | #if canImport(MetalFX)
[14/85] Compiling SwiftTUI ProgressBar.swift
/host/spi-builder-workspace/.build/checkouts/SwiftTUI/Sources/SwiftTUI/Termios.swift:1:8: error: no such module 'Darwin'
1 | import Darwin
| `- error: no such module 'Darwin'
2 | import Foundation
3 |
[15/87] Compiling SwiftTUI Termios.swift
/host/spi-builder-workspace/.build/checkouts/SwiftTUI/Sources/SwiftTUI/Termios.swift:1:8: error: no such module 'Darwin'
1 | import Darwin
| `- error: no such module 'Darwin'
2 | import Foundation
3 |
[16/87] Compiling SwiftTUI Cursor.swift
/host/spi-builder-workspace/.build/checkouts/SwiftTUI/Sources/SwiftTUI/Termios.swift:1:8: error: no such module 'Darwin'
1 | import Darwin
| `- error: no such module 'Darwin'
2 | import Foundation
3 |
[17/87] Compiling SwiftTUI Key.swift
/host/spi-builder-workspace/.build/checkouts/SwiftTUI/Sources/SwiftTUI/Termios.swift:1:8: error: no such module 'Darwin'
1 | import Darwin
| `- error: no such module 'Darwin'
2 | import Foundation
3 |
[18/87] Compiling ArgumentParser ParsableArguments.swift
/host/spi-builder-workspace/Sources/Upscaling/CoreImage/UpscalingFilter.swift:1:8: error: no such module 'CoreImage'
1 | import CoreImage
| `- error: no such module 'CoreImage'
2 | import Foundation
3 | #if canImport(MetalFX)
[19/87] Compiling ArgumentParser BashCompletionsGenerator.swift
/host/spi-builder-workspace/Sources/Upscaling/CoreImage/UpscalingFilter.swift:1:8: error: no such module 'CoreImage'
1 | import CoreImage
| `- error: no such module 'CoreImage'
2 | import Foundation
3 | #if canImport(MetalFX)
[20/87] Compiling ArgumentParser EnumerableFlag.swift
/host/spi-builder-workspace/Sources/Upscaling/CoreImage/UpscalingFilter.swift:1:8: error: no such module 'CoreImage'
1 | import CoreImage
| `- error: no such module 'CoreImage'
2 | import Foundation
3 | #if canImport(MetalFX)
[21/87] Compiling ArgumentParser ExpressibleByArgument.swift
/host/spi-builder-workspace/Sources/Upscaling/CoreImage/UpscalingFilter.swift:1:8: error: no such module 'CoreImage'
1 | import CoreImage
| `- error: no such module 'CoreImage'
2 | import Foundation
3 | #if canImport(MetalFX)
[22/87] Compiling Upscaling URL+Extensions.swift
/host/spi-builder-workspace/Sources/Upscaling/CoreImage/UpscalingFilter.swift:1:8: error: no such module 'CoreImage'
1 | import CoreImage
| `- error: no such module 'CoreImage'
2 | import Foundation
3 | #if canImport(MetalFX)
[23/87] Compiling ArgumentParser ParentCommand.swift
/host/spi-builder-workspace/Sources/Upscaling/CoreImage/UpscalingFilter.swift:1:8: error: no such module 'CoreImage'
1 | import CoreImage
| `- error: no such module 'CoreImage'
2 | import Foundation
3 | #if canImport(MetalFX)
[24/87] Compiling ArgumentParser AsyncParsableCommand.swift
/host/spi-builder-workspace/Sources/Upscaling/CoreImage/UpscalingFilter.swift:1:8: error: no such module 'CoreImage'
1 | import CoreImage
| `- error: no such module 'CoreImage'
2 | import Foundation
3 | #if canImport(MetalFX)
[25/87] Compiling Upscaling FrameChannel.swift
/host/spi-builder-workspace/Sources/Upscaling/CoreImage/UpscalingFilter.swift:1:8: error: no such module 'CoreImage'
1 | import CoreImage
| `- error: no such module 'CoreImage'
2 | import Foundation
3 | #if canImport(MetalFX)
error: emit-module command failed with exit code 1 (use -v to see invocation)
[26/87] Compiling SwiftTUI CommandLine.swift
/host/spi-builder-workspace/.build/checkouts/SwiftTUI/Sources/SwiftTUI/Termios.swift:1:8: error: no such module 'Darwin'
1 | import Darwin
| `- error: no such module 'Darwin'
2 | import Foundation
3 |
[27/87] Compiling SwiftTUI ActivityIndicator.swift
/host/spi-builder-workspace/.build/checkouts/SwiftTUI/Sources/SwiftTUI/Termios.swift:1:8: error: no such module 'Darwin'
1 | import Darwin
| `- error: no such module 'Darwin'
2 | import Foundation
3 |
[28/87] Emitting module SwiftTUI
/host/spi-builder-workspace/.build/checkouts/SwiftTUI/Sources/SwiftTUI/Termios.swift:1:8: error: no such module 'Darwin'
1 | import Darwin
| `- error: no such module 'Darwin'
2 | import Foundation
3 |
[29/87] Compiling SwiftTUI String+ANSI.swift
/host/spi-builder-workspace/.build/checkouts/SwiftTUI/Sources/SwiftTUI/Termios.swift:1:8: error: no such module 'Darwin'
1 | import Darwin
| `- error: no such module 'Darwin'
2 | import Foundation
3 |
[30/87] Compiling SwiftTUI Window.swift
/host/spi-builder-workspace/.build/checkouts/SwiftTUI/Sources/SwiftTUI/Termios.swift:1:8: error: no such module 'Darwin'
1 | import Darwin
| `- error: no such module 'Darwin'
2 | import Foundation
3 |
<unknown>:0: warning: upcoming feature 'InferSendableFromCaptures' is already enabled as of Swift version 6
<unknown>:0: warning: upcoming feature 'GlobalActorIsolatedTypesUsability' is already enabled as of Swift version 6
<unknown>:0: warning: upcoming feature 'DisableOutwardActorInference' is already enabled as of Swift version 6
Running build ...
bash -c docker run --pull=always --rm -v "checkouts-54344849-0":/host -w "$PWD" -e JAVA_HOME="/root/.sdkman/candidates/java/current" -e SPI_BUILD="1" -e SPI_PROCESSING="1" registry.gitlab.com/saguaro1/spi-images:android-6.1-latest swift build --swift-sdk aarch64-unknown-linux-android24 2>&1
android-6.1-latest: Pulling from saguaro1/spi-images
Digest: sha256:365d9b14669f92fea0572234887def10439445c91d7e524c78a6579ad7294f11
Status: Image is up to date for registry.gitlab.com/saguaro1/spi-images:android-6.1-latest
[0/1] Planning build
[1/1] Compiling plugin GenerateManual
[2/2] Compiling plugin GenerateDoccReference
Building for debugging...
[2/10] Write swift-version-24593BA9C3E375BF.txt
[4/32] Compiling SwiftTUI Termios.swift
/host/spi-builder-workspace/.build/checkouts/SwiftTUI/Sources/SwiftTUI/Termios.swift:1:8: error: no such module 'Darwin'
1 | import Darwin
| `- error: no such module 'Darwin'
2 | import Foundation
3 |
[5/33] Compiling Upscaling URL+Extensions.swift
/host/spi-builder-workspace/Sources/Upscaling/CoreImage/UpscalingFilter.swift:1:8: error: no such module 'CoreImage'
1 | import CoreImage
| `- error: no such module 'CoreImage'
2 | import Foundation
3 | #if canImport(MetalFX)
[6/33] Compiling Upscaling Upscaler.swift
/host/spi-builder-workspace/Sources/Upscaling/CoreImage/UpscalingFilter.swift:1:8: error: no such module 'CoreImage'
1 | import CoreImage
| `- error: no such module 'CoreImage'
2 | import Foundation
3 | #if canImport(MetalFX)
[7/33] Compiling Upscaling FrameChannel.swift
/host/spi-builder-workspace/Sources/Upscaling/CoreImage/UpscalingFilter.swift:1:8: error: no such module 'CoreImage'
1 | import CoreImage
| `- error: no such module 'CoreImage'
2 | import Foundation
3 | #if canImport(MetalFX)
[8/34] Compiling Upscaling UpscalingFilter.swift
/host/spi-builder-workspace/Sources/Upscaling/CoreImage/UpscalingFilter.swift:1:8: error: no such module 'CoreImage'
1 | import CoreImage
| `- error: no such module 'CoreImage'
2 | import Foundation
3 | #if canImport(MetalFX)
[9/34] Compiling Upscaling UpscalingImageProcessorKernel.swift
/host/spi-builder-workspace/Sources/Upscaling/CoreImage/UpscalingFilter.swift:1:8: error: no such module 'CoreImage'
1 | import CoreImage
| `- error: no such module 'CoreImage'
2 | import Foundation
3 | #if canImport(MetalFX)
error: emit-module command failed with exit code 1 (use -v to see invocation)
[10/34] Emitting module Upscaling
/host/spi-builder-workspace/Sources/Upscaling/CoreImage/UpscalingFilter.swift:1:8: error: no such module 'CoreImage'
1 | import CoreImage
| `- error: no such module 'CoreImage'
2 | import Foundation
3 | #if canImport(MetalFX)
[11/34] Compiling Upscaling CVPixelBuffer+Extensions.swift
/host/spi-builder-workspace/Sources/Upscaling/CoreImage/UpscalingFilter.swift:1:8: error: no such module 'CoreImage'
1 | import CoreImage
| `- error: no such module 'CoreImage'
2 | import Foundation
3 | #if canImport(MetalFX)
[12/34] Compiling Upscaling MTLFXSpatialScaler+Extensions.swift
/host/spi-builder-workspace/Sources/Upscaling/CoreImage/UpscalingFilter.swift:1:8: error: no such module 'CoreImage'
1 | import CoreImage
| `- error: no such module 'CoreImage'
2 | import Foundation
3 | #if canImport(MetalFX)
[13/34] Compiling Upscaling AVVideoCodecType+Extensions.swift
/host/spi-builder-workspace/Sources/Upscaling/CoreImage/UpscalingFilter.swift:1:8: error: no such module 'CoreImage'
1 | import CoreImage
| `- error: no such module 'CoreImage'
2 | import Foundation
3 | #if canImport(MetalFX)
[14/34] Compiling Upscaling CMFormatDescription+Extensions.swift
/host/spi-builder-workspace/Sources/Upscaling/CoreImage/UpscalingFilter.swift:1:8: error: no such module 'CoreImage'
1 | import CoreImage
| `- error: no such module 'CoreImage'
2 | import Foundation
3 | #if canImport(MetalFX)
[15/34] Compiling Upscaling MTLFXSpatialScalerDescriptor+Extensions.swift
/host/spi-builder-workspace/Sources/Upscaling/CoreImage/UpscalingFilter.swift:1:8: error: no such module 'CoreImage'
1 | import CoreImage
| `- error: no such module 'CoreImage'
2 | import Foundation
3 | #if canImport(MetalFX)
[16/34] Compiling Upscaling MTLTexture+Extensions.swift
/host/spi-builder-workspace/Sources/Upscaling/CoreImage/UpscalingFilter.swift:1:8: error: no such module 'CoreImage'
1 | import CoreImage
| `- error: no such module 'CoreImage'
2 | import Foundation
3 | #if canImport(MetalFX)
[17/34] Compiling SwiftTUI ProgressBar.swift
/host/spi-builder-workspace/.build/checkouts/SwiftTUI/Sources/SwiftTUI/Termios.swift:1:8: error: no such module 'Darwin'
1 | import Darwin
| `- error: no such module 'Darwin'
2 | import Foundation
3 |
[18/34] Compiling SwiftTUI Cursor.swift
/host/spi-builder-workspace/.build/checkouts/SwiftTUI/Sources/SwiftTUI/Termios.swift:1:8: error: no such module 'Darwin'
1 | import Darwin
| `- error: no such module 'Darwin'
2 | import Foundation
3 |
[19/34] Compiling SwiftTUI Key.swift
/host/spi-builder-workspace/.build/checkouts/SwiftTUI/Sources/SwiftTUI/Termios.swift:1:8: error: no such module 'Darwin'
1 | import Darwin
| `- error: no such module 'Darwin'
2 | import Foundation
3 |
[20/34] Compiling SwiftTUI String+ANSI.swift
/host/spi-builder-workspace/.build/checkouts/SwiftTUI/Sources/SwiftTUI/Termios.swift:1:8: error: no such module 'Darwin'
1 | import Darwin
| `- error: no such module 'Darwin'
2 | import Foundation
3 |
error: emit-module command failed with exit code 1 (use -v to see invocation)
[21/34] Emitting module SwiftTUI
/host/spi-builder-workspace/.build/checkouts/SwiftTUI/Sources/SwiftTUI/Termios.swift:1:8: error: no such module 'Darwin'
1 | import Darwin
| `- error: no such module 'Darwin'
2 | import Foundation
3 |
[22/34] Compiling SwiftTUI ActivityIndicator.swift
/host/spi-builder-workspace/.build/checkouts/SwiftTUI/Sources/SwiftTUI/Termios.swift:1:8: error: no such module 'Darwin'
1 | import Darwin
| `- error: no such module 'Darwin'
2 | import Foundation
3 |
[23/34] Compiling SwiftTUI CommandLine.swift
/host/spi-builder-workspace/.build/checkouts/SwiftTUI/Sources/SwiftTUI/Termios.swift:1:8: error: no such module 'Darwin'
1 | import Darwin
| `- error: no such module 'Darwin'
2 | import Foundation
3 |
[24/34] Compiling SwiftTUI Window.swift
/host/spi-builder-workspace/.build/checkouts/SwiftTUI/Sources/SwiftTUI/Termios.swift:1:8: error: no such module 'Darwin'
1 | import Darwin
| `- error: no such module 'Darwin'
2 | import Foundation
3 |
[25/34] Emitting module ArgumentParserToolInfo
BUILD FAILURE 6.1 android