Build Information
Failed to build ATResolve, reference 1.1.0 (3ec4b8), with Swift 6.2 for Wasm on 3 Sep 2026 23:54:14 UTC.
Build Command
bash -c docker run --pull=always --rm -v "checkouts-54344845-0":/host -w "$PWD" -e JAVA_HOME="/root/.sdkman/candidates/java/current" -e SPI_BUILD="1" -e SPI_PROCESSING="1" registry.gitlab.com/saguaro1/spi-images:wasm-6.2-latest swift build --swift-sdk swift-6.2-RELEASE_wasm 2>&1Build Log
========================================
RunAll
========================================
Builder version: 5.0.2
Interrupt handler set up.
========================================
Checkout
========================================
Clone URL: https://github.com/ATProtoKit/ATResolve.git
Reference: 1.1.0
Initialized empty Git repository in /host/spi-builder-workspace/.git/
hint: Using 'master' as the name for the initial branch. This default branch name
hint: is subject to change. To configure the initial branch name to use in all
hint: of your new repositories, which will suppress this warning, call:
hint:
hint: git config --global init.defaultBranch <name>
hint:
hint: Names commonly chosen instead of 'master' are 'main', 'trunk' and
hint: 'development'. The just-created branch can be renamed via this command:
hint:
hint: git branch -m <name>
From https://github.com/ATProtoKit/ATResolve
* tag 1.1.0 -> FETCH_HEAD
HEAD is now at 3ec4b85 Try to update CI
Cloned https://github.com/ATProtoKit/ATResolve.git
Revision (git rev-parse @):
3ec4b8509b018c9b0da791c74355c58eb83dcd24
SPI manifest file found: $PWD/.spi.yml
SUCCESS checkout https://github.com/ATProtoKit/ATResolve.git at 1.1.0
========================================
Build
========================================
Selected platform: wasm
Swift version: 6.2
Building package at path: $PWD
https://github.com/ATProtoKit/ATResolve.git
Running build ...
bash -c docker run --pull=always --rm -v "checkouts-54344845-0":/host -w "$PWD" -e JAVA_HOME="/root/.sdkman/candidates/java/current" -e SPI_BUILD="1" -e SPI_PROCESSING="1" registry.gitlab.com/saguaro1/spi-images:wasm-6.2-latest swift build --swift-sdk swift-6.2-RELEASE_wasm 2>&1
wasm-6.2-latest: Pulling from saguaro1/spi-images
Digest: sha256:70428a4f4110aef5b17a27427e965f31cf3855e8cf1dfdc416ed61c780337965
Status: Image is up to date for registry.gitlab.com/saguaro1/spi-images:wasm-6.2-latest
Fetching https://github.com/apple/swift-async-dns-resolver.git
[1/1113] Fetching swift-async-dns-resolver
Fetched https://github.com/apple/swift-async-dns-resolver.git from cache (0.52s)
Computing version for https://github.com/apple/swift-async-dns-resolver.git
Computed https://github.com/apple/swift-async-dns-resolver.git at 0.8.0 (1.45s)
Creating working copy for https://github.com/apple/swift-async-dns-resolver.git
Working copy of https://github.com/apple/swift-async-dns-resolver.git resolved at 0.8.0
Building for debugging...
[0/94] Write sources
[1/94] Compiling windows_port.c
/host/spi-builder-workspace/.build/checkouts/swift-async-dns-resolver/Sources/CAsyncDNSResolver/c-ares/src/lib/ares_addrinfo2hostent.c:36:12: fatal error: 'netdb.h' file not found
36 | # include <netdb.h>
| ^~~~~~~~~
1 error generated.
[2/94] Compiling ares_addrinfo2hostent.c
[2/94] Compiling ares_threads.c
/host/spi-builder-workspace/.build/checkouts/swift-async-dns-resolver/Sources/CAsyncDNSResolver/c-ares/src/lib/ares_sysconfig_files.c:39:12: fatal error: 'netdb.h' file not found
39 | # include <netdb.h>
| ^~~~~~~~~
1 error generated.
[2/94] Compiling ares_sysconfig_files.c
/host/spi-builder-workspace/.build/checkouts/swift-async-dns-resolver/Sources/CAsyncDNSResolver/c-ares/src/lib/ares_sysconfig.c:39:12: fatal error: 'netdb.h' file not found
39 | # include <netdb.h>
| ^~~~~~~~~
[2/94] Compiling ares_sysconfig.c
[2/94] Compiling ares_uri.c
[2/94] Compiling ares_timeval.c
/host/spi-builder-workspace/.build/checkouts/swift-async-dns-resolver/Sources/CAsyncDNSResolver/c-ares/src/lib/ares_addrinfo_localhost.c:34:12: fatal error: 'netdb.h' file not found
34 | # include <netdb.h>
| ^~~~~~~~~
[2/94] Compiling ares_addrinfo_localhost.c
[2/94] Write swift-version-24593BA9C3E375BF.txt
BUILD FAILURE 6.2 wasm