Build Information
Failed to build Featureflip, reference v3.4.0 (7bf7a3), with Swift 6.3 for Linux on 23 Oct 2026 00:21:59 UTC.
Build Command
bash -c docker run --pull=always --rm -v "checkouts-54344845-1":/host -w "$PWD" -e JAVA_HOME="/root/.sdkman/candidates/java/current" -e SPI_BUILD="1" -e SPI_PROCESSING="1" registry.gitlab.com/saguaro1/spi-images:linux-6.3-latest swift build --triple x86_64-unknown-linux-gnu 2>&1Build Log
========================================
RunAll
========================================
Builder version: 5.1.3
Interrupt handler set up.
========================================
Checkout
========================================
Clone URL: https://github.com/canopy-labs/featureflip-swift.git
Reference: v3.4.0
Initialized empty Git repository in /host/spi-builder-workspace/.git/
hint: Using 'master' as the name for the initial branch. This default branch name
hint: is subject to change. To configure the initial branch name to use in all
hint: of your new repositories, which will suppress this warning, call:
hint:
hint: git config --global init.defaultBranch <name>
hint:
hint: Names commonly chosen instead of 'master' are 'main', 'trunk' and
hint: 'development'. The just-created branch can be renamed via this command:
hint:
hint: git branch -m <name>
From https://github.com/canopy-labs/featureflip-swift
* tag v3.4.0 -> FETCH_HEAD
HEAD is now at 7bf7a3a Release v3.4.0
Cloned https://github.com/canopy-labs/featureflip-swift.git
Revision (git rev-parse @):
7bf7a3ab45969716da1c6c4a5f35ff3fb62e2975
SUCCESS checkout https://github.com/canopy-labs/featureflip-swift.git at v3.4.0
========================================
Build
========================================
Selected platform: linux
Swift version: 6.3
Building package at path: $PWD
https://github.com/canopy-labs/featureflip-swift.git
Running build ...
bash -c docker run --pull=always --rm -v "checkouts-54344845-1":/host -w "$PWD" -e JAVA_HOME="/root/.sdkman/candidates/java/current" -e SPI_BUILD="1" -e SPI_PROCESSING="1" registry.gitlab.com/saguaro1/spi-images:linux-6.3-latest swift build --triple x86_64-unknown-linux-gnu 2>&1
linux-6.3-latest: Pulling from saguaro1/spi-images
Digest: sha256:1b75f3338690e1611bd07d393b988f1cb6c72bd2655b61306c710afc67bb9c44
Status: Image is up to date for registry.gitlab.com/saguaro1/spi-images:linux-6.3-latest
Building for debugging...
[0/2] Write sources
[1/2] Write swift-version-24593BA9C3E375BF.txt
error: emit-module command failed with exit code 1 (use -v to see invocation)
[3/18] Emitting module Featureflip
/host/spi-builder-workspace/Sources/Featureflip/Diagnostics.swift:1:8: error: no such module 'os'
1 | import os
| `- error: no such module 'os'
2 |
3 | /// The SDK's diagnostic sink.
[4/20] Compiling Featureflip LifecycleObserver.swift
/host/spi-builder-workspace/Sources/Featureflip/Diagnostics.swift:1:8: error: no such module 'os'
1 | import os
| `- error: no such module 'os'
2 |
3 | /// The SDK's diagnostic sink.
[5/20] Compiling Featureflip Models.swift
/host/spi-builder-workspace/Sources/Featureflip/Diagnostics.swift:1:8: error: no such module 'os'
1 | import os
| `- error: no such module 'os'
2 |
3 | /// The SDK's diagnostic sink.
[6/20] Compiling Featureflip SharedFeatureflipCore.swift
/host/spi-builder-workspace/Sources/Featureflip/Diagnostics.swift:1:8: error: no such module 'os'
1 | import os
| `- error: no such module 'os'
2 |
3 | /// The SDK's diagnostic sink.
[7/20] Compiling Featureflip StreamingDataSource.swift
/host/spi-builder-workspace/Sources/Featureflip/Diagnostics.swift:1:8: error: no such module 'os'
1 | import os
| `- error: no such module 'os'
2 |
3 | /// The SDK's diagnostic sink.
[8/20] Compiling Featureflip PollingDataSource.swift
/host/spi-builder-workspace/Sources/Featureflip/Diagnostics.swift:1:8: error: no such module 'os'
1 | import os
| `- error: no such module 'os'
2 |
3 | /// The SDK's diagnostic sink.
[9/20] Compiling Featureflip Protocols.swift
/host/spi-builder-workspace/Sources/Featureflip/Diagnostics.swift:1:8: error: no such module 'os'
1 | import os
| `- error: no such module 'os'
2 |
3 | /// The SDK's diagnostic sink.
[10/20] Compiling Featureflip FlagCache.swift
/host/spi-builder-workspace/Sources/Featureflip/Diagnostics.swift:1:8: error: no such module 'os'
1 | import os
| `- error: no such module 'os'
2 |
3 | /// The SDK's diagnostic sink.
[11/20] Compiling Featureflip HttpClient.swift
/host/spi-builder-workspace/Sources/Featureflip/Diagnostics.swift:1:8: error: no such module 'os'
1 | import os
| `- error: no such module 'os'
2 |
3 | /// The SDK's diagnostic sink.
[12/20] Compiling Featureflip ReadRecorder.swift
/host/spi-builder-workspace/Sources/Featureflip/Diagnostics.swift:1:8: error: no such module 'os'
1 | import os
| `- error: no such module 'os'
2 |
3 | /// The SDK's diagnostic sink.
[13/20] Compiling Featureflip SdkIdentity.swift
/host/spi-builder-workspace/Sources/Featureflip/Diagnostics.swift:1:8: error: no such module 'os'
1 | import os
| `- error: no such module 'os'
2 |
3 | /// The SDK's diagnostic sink.
[14/20] Compiling Featureflip FeatureflipClient.swift
/host/spi-builder-workspace/Sources/Featureflip/Diagnostics.swift:1:8: error: no such module 'os'
1 | import os
| `- error: no such module 'os'
2 |
3 | /// The SDK's diagnostic sink.
[15/20] Compiling Featureflip FeatureflipConfig.swift
/host/spi-builder-workspace/Sources/Featureflip/Diagnostics.swift:1:8: error: no such module 'os'
1 | import os
| `- error: no such module 'os'
2 |
3 | /// The SDK's diagnostic sink.
[16/20] Compiling Featureflip FeatureFlag.swift
/host/spi-builder-workspace/Sources/Featureflip/Diagnostics.swift:1:8: error: no such module 'os'
1 | import os
| `- error: no such module 'os'
2 |
3 | /// The SDK's diagnostic sink.
[17/20] Compiling Featureflip FeatureFlagProvider.swift
/host/spi-builder-workspace/Sources/Featureflip/Diagnostics.swift:1:8: error: no such module 'os'
1 | import os
| `- error: no such module 'os'
2 |
3 | /// The SDK's diagnostic sink.
[18/20] Compiling Featureflip AnonymousKeyStore.swift
/host/spi-builder-workspace/Sources/Featureflip/Diagnostics.swift:1:8: error: no such module 'os'
1 | import os
| `- error: no such module 'os'
2 |
3 | /// The SDK's diagnostic sink.
[19/20] Compiling Featureflip Diagnostics.swift
/host/spi-builder-workspace/Sources/Featureflip/Diagnostics.swift:1:8: error: no such module 'os'
1 | import os
| `- error: no such module 'os'
2 |
3 | /// The SDK's diagnostic sink.
[20/20] Compiling Featureflip EventProcessor.swift
/host/spi-builder-workspace/Sources/Featureflip/Diagnostics.swift:1:8: error: no such module 'os'
1 | import os
| `- error: no such module 'os'
2 |
3 | /// The SDK's diagnostic sink.
BUILD FAILURE 6.3 linux