Build Information
Failed to build WWDonutChartView, reference main (df1f2f), with Swift 6.4 for watchOS using Xcode 27.0 on 20 Sep 2026 23:02:53 UTC.
Build Command
env DEVELOPER_DIR=/Applications/Xcode-27.0.0-Release.Candidate.app xcrun xcodebuild -IDEClonedSourcePackagesDirPathOverride=$PWD/.dependencies -skipMacroValidation -skipPackagePluginValidation -derivedDataPath $PWD/.derivedData build -scheme WWDonutChartView -destination generic/platform=watchOSBuild Log
========================================
RunAll
========================================
Builder version: 5.1.0
Interrupt handler set up.
========================================
Checkout
========================================
Clone URL: https://github.com/William-Weng/WWDonutChartView.git
Reference: main
Initialized empty Git repository in /Users/admin/builder/spi-builder-workspace/.git/
From https://github.com/William-Weng/WWDonutChartView
* branch main -> FETCH_HEAD
* [new branch] main -> origin/main
HEAD is now at df1f2f4 - 更新Example
Cloned https://github.com/William-Weng/WWDonutChartView.git
Revision (git rev-parse @):
df1f2f44729d1d0496f07f0e00906a4543ae5f58
SUCCESS checkout https://github.com/William-Weng/WWDonutChartView.git at main
========================================
Build
========================================
Selected platform: watchOS
Swift version: 6.4
Building package at path: $PWD
https://github.com/William-Weng/WWDonutChartView.git
Command line invocation:
/Applications/Xcode-27.0.0-Release.Candidate.app/Contents/Developer/usr/bin/xcodebuild -IDEClonedSourcePackagesDirPathOverride=/Users/admin/builder/spi-builder-workspace/.dependencies -resolvePackageDependencies
Resolve Package Graph
Resolve Package Graph
Resolved source packages:
WWDonutChartView: /Users/admin/builder/spi-builder-workspace
resolved source packages: WWDonutChartView
2026-09-20 19:02:04.540 xcodebuild[524:3015] [MT] IDERunDestination: Supported platforms for the buildables in the current scheme is empty.
{
"dependencies" : [
],
"manifest_display_name" : "WWDonutChartView",
"name" : "WWDonutChartView",
"path" : "/Users/admin/builder/spi-builder-workspace",
"platforms" : [
{
"name" : "ios",
"version" : "14.0"
}
],
"products" : [
{
"name" : "WWDonutChartView",
"targets" : [
"WWDonutChartView"
],
"type" : {
"library" : [
"automatic"
]
}
}
],
"swift_languages_versions" : [
"5"
],
"targets" : [
{
"c99name" : "WWDonutChartView",
"module_type" : "SwiftTarget",
"name" : "WWDonutChartView",
"path" : "Sources/WWDonutChartView",
"product_memberships" : [
"WWDonutChartView"
],
"resources" : [
{
"path" : "/Users/admin/builder/spi-builder-workspace/Sources/WWDonutChartView/Privacy",
"rule" : {
"copy" : {
}
}
}
],
"sources" : [
"Constant.swift",
"Extension.swift",
"WWDonutChartView.swift"
],
"type" : "library"
}
],
"tools_version" : "5.6"
}
{
"workspace" : {
"name" : "WWDonutChartView",
"schemes" : [
"WWDonutChartView"
]
}
}
2026-09-20 19:02:45.258 xcodebuild[622:3912] [MT] IDERunDestination: Supported platforms for the buildables in the current scheme is empty.
Running build ...
env DEVELOPER_DIR=/Applications/Xcode-27.0.0-Release.Candidate.app xcrun xcodebuild -IDEClonedSourcePackagesDirPathOverride=$PWD/.dependencies -skipMacroValidation -skipPackagePluginValidation -derivedDataPath $PWD/.derivedData build -scheme WWDonutChartView -destination generic/platform=watchOS
Command line invocation:
/Applications/Xcode-27.0.0-Release.Candidate.app/Contents/Developer/usr/bin/xcodebuild -IDEClonedSourcePackagesDirPathOverride=/Users/admin/builder/spi-builder-workspace/.dependencies -skipMacroValidation -skipPackagePluginValidation -derivedDataPath /Users/admin/builder/spi-builder-workspace/.derivedData build -scheme WWDonutChartView -destination generic/platform=watchOS
Resolve Package Graph
Resolved source packages:
WWDonutChartView: /Users/admin/builder/spi-builder-workspace
ComputePackagePrebuildTargetDependencyGraph
Prepare packages
CreateBuildRequest
SendProjectDescription
CreateBuildOperation
ComputeTargetDependencyGraph
note: Building targets in dependency order
note: Target dependency graph (3 targets)
Target 'WWDonutChartView-product' in project 'WWDonutChartView'
➜ Explicit dependency on target 'WWDonutChartView' in project 'WWDonutChartView'
➜ Explicit dependency on target 'WWDonutChartView_WWDonutChartView' in project 'WWDonutChartView'
Target 'WWDonutChartView' in project 'WWDonutChartView'
➜ Explicit dependency on target 'WWDonutChartView_WWDonutChartView' in project 'WWDonutChartView'
Target 'WWDonutChartView_WWDonutChartView' in project 'WWDonutChartView' (no dependencies)
GatherProvisioningInputs
CreateBuildDescription
ExecuteExternalTool /Applications/Xcode-27.0.0-Release.Candidate.app/Contents/Developer/Toolchains/XcodeDefault.xctoolchain/usr/bin/clang -v -E -dM -isysroot /Applications/Xcode-27.0.0-Release.Candidate.app/Contents/Developer/Platforms/WatchOS.platform/Developer/SDKs/WatchOS27.0.sdk -x c -c /dev/null
ExecuteExternalTool /Applications/Xcode-27.0.0-Release.Candidate.app/Contents/Developer/Toolchains/XcodeDefault.xctoolchain/usr/bin/swiftc --version
ExecuteExternalTool /Applications/Xcode-27.0.0-Release.Candidate.app/Contents/Developer/usr/bin/ibtool --version --output-format xml1
ExecuteExternalTool /Applications/Xcode-27.0.0-Release.Candidate.app/Contents/Developer/Toolchains/XcodeDefault.xctoolchain/usr/bin/ld -version_details
Build description signature: cc68d3ba23e0a8e351c55e33530a1c8f
Build description path: /Users/admin/builder/spi-builder-workspace/.derivedData/Build/Intermediates.noindex/XCBuildData/cc68d3ba23e0a8e351c55e33530a1c8f.xcbuilddata
CreateBuildDirectory /Users/admin/builder/spi-builder-workspace/.derivedData/SDKExplicitPrecompiledModules
cd /Users/admin/builder/spi-builder-workspace/.swiftpm/xcode
builtin-create-build-directory /Users/admin/builder/spi-builder-workspace/.derivedData/SDKExplicitPrecompiledModules
CreateBuildDirectory /Users/admin/builder/spi-builder-workspace/.derivedData/ModuleCache.noindex
cd /Users/admin/builder/spi-builder-workspace/.swiftpm/xcode
builtin-create-build-directory /Users/admin/builder/spi-builder-workspace/.derivedData/ModuleCache.noindex
CreateBuildDirectory /Users/admin/builder/spi-builder-workspace/.derivedData/CompilationCache.noindex
cd /Users/admin/builder/spi-builder-workspace/.swiftpm/xcode
builtin-create-build-directory /Users/admin/builder/spi-builder-workspace/.derivedData/CompilationCache.noindex
CreateBuildDirectory /Users/admin/builder/spi-builder-workspace/.derivedData/Build/Products
cd /Users/admin/builder/spi-builder-workspace/.swiftpm/xcode
builtin-create-build-directory /Users/admin/builder/spi-builder-workspace/.derivedData/Build/Products
CreateBuildDirectory /Users/admin/builder/spi-builder-workspace/.derivedData/Build/Intermediates.noindex
cd /Users/admin/builder/spi-builder-workspace/.swiftpm/xcode
builtin-create-build-directory /Users/admin/builder/spi-builder-workspace/.derivedData/Build/Intermediates.noindex
ClangStatCache /Applications/Xcode-27.0.0-Release.Candidate.app/Contents/Developer/Toolchains/XcodeDefault.xctoolchain/usr/bin/clang-stat-cache /Applications/Xcode-27.0.0-Release.Candidate.app/Contents/Developer/Platforms/WatchOS.platform/Developer/SDKs/WatchOS27.0.sdk /Users/admin/builder/spi-builder-workspace/.derivedData/SDKStatCaches.noindex/watchos27.0-24R360-e829b21a6f8c9b70876ba0858053c04477534ef55a1706bf4c1112bbb242f0a2.sdkstatcache
cd /Users/admin/builder/spi-builder-workspace/.swiftpm/xcode
/Applications/Xcode-27.0.0-Release.Candidate.app/Contents/Developer/Toolchains/XcodeDefault.xctoolchain/usr/bin/clang-stat-cache /Applications/Xcode-27.0.0-Release.Candidate.app/Contents/Developer/Platforms/WatchOS.platform/Developer/SDKs/WatchOS27.0.sdk -o /Users/admin/builder/spi-builder-workspace/.derivedData/SDKStatCaches.noindex/watchos27.0-24R360-e829b21a6f8c9b70876ba0858053c04477534ef55a1706bf4c1112bbb242f0a2.sdkstatcache
CreateBuildDirectory /Users/admin/builder/spi-builder-workspace/.derivedData/Build/Intermediates.noindex/ExplicitPrecompiledModules
cd /Users/admin/builder/spi-builder-workspace/.swiftpm/xcode
builtin-create-build-directory /Users/admin/builder/spi-builder-workspace/.derivedData/Build/Intermediates.noindex/ExplicitPrecompiledModules
CreateBuildDirectory /Users/admin/builder/spi-builder-workspace/.derivedData/Build/Intermediates.noindex/PrecompiledHeaders
cd /Users/admin/builder/spi-builder-workspace/.swiftpm/xcode
builtin-create-build-directory /Users/admin/builder/spi-builder-workspace/.derivedData/Build/Intermediates.noindex/PrecompiledHeaders
CreateBuildDirectory /Users/admin/builder/spi-builder-workspace/.derivedData/Build/Intermediates.noindex/SwiftExplicitPrecompiledModules
cd /Users/admin/builder/spi-builder-workspace/.swiftpm/xcode
builtin-create-build-directory /Users/admin/builder/spi-builder-workspace/.derivedData/Build/Intermediates.noindex/SwiftExplicitPrecompiledModules
CreateBuildDirectory /Users/admin/builder/spi-builder-workspace/.derivedData/Build/Intermediates.noindex/EagerLinkingTBDs/Debug-watchos
cd /Users/admin/builder/spi-builder-workspace/.swiftpm/xcode
builtin-create-build-directory /Users/admin/builder/spi-builder-workspace/.derivedData/Build/Intermediates.noindex/EagerLinkingTBDs/Debug-watchos
CreateBuildDirectory /Users/admin/builder/spi-builder-workspace/.derivedData/Build/Products/Debug-watchos
cd /Users/admin/builder/spi-builder-workspace/.swiftpm/xcode
builtin-create-build-directory /Users/admin/builder/spi-builder-workspace/.derivedData/Build/Products/Debug-watchos
CreateBuildDirectory /Users/admin/builder/spi-builder-workspace/.derivedData/Build/Products/Debug-watchos/PackageFrameworks
cd /Users/admin/builder/spi-builder-workspace/.swiftpm/xcode
builtin-create-build-directory /Users/admin/builder/spi-builder-workspace/.derivedData/Build/Products/Debug-watchos/PackageFrameworks
MkDir /Users/admin/builder/spi-builder-workspace/.derivedData/Build/Products/Debug-watchos/WWDonutChartView_WWDonutChartView.bundle (in target 'WWDonutChartView_WWDonutChartView' from project 'WWDonutChartView')
cd /Users/admin/builder/spi-builder-workspace
/bin/mkdir -p /Users/admin/builder/spi-builder-workspace/.derivedData/Build/Products/Debug-watchos/WWDonutChartView_WWDonutChartView.bundle
WriteAuxiliaryFile /Users/admin/builder/spi-builder-workspace/.derivedData/Build/Intermediates.noindex/WWDonutChartView.build/Debug-watchos/WWDonutChartView_WWDonutChartView-b.build/WWDonutChartView_WWDonutChartView.DependencyMetadataFileList (in target 'WWDonutChartView_WWDonutChartView' from project 'WWDonutChartView')
cd /Users/admin/builder/spi-builder-workspace
write-file /Users/admin/builder/spi-builder-workspace/.derivedData/Build/Intermediates.noindex/WWDonutChartView.build/Debug-watchos/WWDonutChartView_WWDonutChartView-b.build/WWDonutChartView_WWDonutChartView.DependencyMetadataFileList
WriteAuxiliaryFile /Users/admin/builder/spi-builder-workspace/.derivedData/Build/Intermediates.noindex/WWDonutChartView.build/Debug-watchos/WWDonutChartView-t.build/WWDonutChartView.modulemap (in target 'WWDonutChartView' from project 'WWDonutChartView')
cd /Users/admin/builder/spi-builder-workspace
write-file /Users/admin/builder/spi-builder-workspace/.derivedData/Build/Intermediates.noindex/WWDonutChartView.build/Debug-watchos/WWDonutChartView-t.build/WWDonutChartView.modulemap
WriteAuxiliaryFile /Users/admin/builder/spi-builder-workspace/.derivedData/Build/Intermediates.noindex/WWDonutChartView.build/Debug-watchos/WWDonutChartView_WWDonutChartView-b.build/empty-WWDonutChartView_WWDonutChartView.plist (in target 'WWDonutChartView_WWDonutChartView' from project 'WWDonutChartView')
cd /Users/admin/builder/spi-builder-workspace
write-file /Users/admin/builder/spi-builder-workspace/.derivedData/Build/Intermediates.noindex/WWDonutChartView.build/Debug-watchos/WWDonutChartView_WWDonutChartView-b.build/empty-WWDonutChartView_WWDonutChartView.plist
WriteAuxiliaryFile /Users/admin/builder/spi-builder-workspace/.derivedData/Build/Intermediates.noindex/WWDonutChartView.build/Debug-watchos/WWDonutChartView_WWDonutChartView-b.build/WWDonutChartView_WWDonutChartView.DependencyStaticMetadataFileList (in target 'WWDonutChartView_WWDonutChartView' from project 'WWDonutChartView')
cd /Users/admin/builder/spi-builder-workspace
write-file /Users/admin/builder/spi-builder-workspace/.derivedData/Build/Intermediates.noindex/WWDonutChartView.build/Debug-watchos/WWDonutChartView_WWDonutChartView-b.build/WWDonutChartView_WWDonutChartView.DependencyStaticMetadataFileList
WriteAuxiliaryFile /Users/admin/builder/spi-builder-workspace/.derivedData/Build/Intermediates.noindex/WWDonutChartView.build/Debug-watchos/WWDonutChartView-t.build/Objects-normal/arm64_32/WWDonutChartView-OutputFileMap.json (in target 'WWDonutChartView' from project 'WWDonutChartView')
cd /Users/admin/builder/spi-builder-workspace
write-file /Users/admin/builder/spi-builder-workspace/.derivedData/Build/Intermediates.noindex/WWDonutChartView.build/Debug-watchos/WWDonutChartView-t.build/Objects-normal/arm64_32/WWDonutChartView-OutputFileMap.json
WriteAuxiliaryFile /Users/admin/builder/spi-builder-workspace/.derivedData/Build/Intermediates.noindex/WWDonutChartView.build/Debug-watchos/WWDonutChartView-t.build/Objects-normal/arm64_32/WWDonutChartView_const_extract_protocols.json (in target 'WWDonutChartView' from project 'WWDonutChartView')
cd /Users/admin/builder/spi-builder-workspace
write-file /Users/admin/builder/spi-builder-workspace/.derivedData/Build/Intermediates.noindex/WWDonutChartView.build/Debug-watchos/WWDonutChartView-t.build/Objects-normal/arm64_32/WWDonutChartView_const_extract_protocols.json
WriteAuxiliaryFile /Users/admin/builder/spi-builder-workspace/.derivedData/Build/Intermediates.noindex/WWDonutChartView.build/Debug-watchos/WWDonutChartView-t.build/Objects-normal/arm64/WWDonutChartView_const_extract_protocols.json (in target 'WWDonutChartView' from project 'WWDonutChartView')
cd /Users/admin/builder/spi-builder-workspace
write-file /Users/admin/builder/spi-builder-workspace/.derivedData/Build/Intermediates.noindex/WWDonutChartView.build/Debug-watchos/WWDonutChartView-t.build/Objects-normal/arm64/WWDonutChartView_const_extract_protocols.json
WriteAuxiliaryFile /Users/admin/builder/spi-builder-workspace/.derivedData/Build/Intermediates.noindex/WWDonutChartView.build/Debug-watchos/WWDonutChartView-t.build/WWDonutChartView.DependencyStaticMetadataFileList (in target 'WWDonutChartView' from project 'WWDonutChartView')
cd /Users/admin/builder/spi-builder-workspace
write-file /Users/admin/builder/spi-builder-workspace/.derivedData/Build/Intermediates.noindex/WWDonutChartView.build/Debug-watchos/WWDonutChartView-t.build/WWDonutChartView.DependencyStaticMetadataFileList
WriteAuxiliaryFile /Users/admin/builder/spi-builder-workspace/.derivedData/Build/Intermediates.noindex/WWDonutChartView.build/Debug-watchos/WWDonutChartView-t.build/WWDonutChartView.DependencyMetadataFileList (in target 'WWDonutChartView' from project 'WWDonutChartView')
cd /Users/admin/builder/spi-builder-workspace
write-file /Users/admin/builder/spi-builder-workspace/.derivedData/Build/Intermediates.noindex/WWDonutChartView.build/Debug-watchos/WWDonutChartView-t.build/WWDonutChartView.DependencyMetadataFileList
WriteAuxiliaryFile /Users/admin/builder/spi-builder-workspace/.derivedData/Build/Intermediates.noindex/WWDonutChartView.build/Debug-watchos/WWDonutChartView-t.build/Objects-normal/arm64_32/WWDonutChartView.LinkFileList (in target 'WWDonutChartView' from project 'WWDonutChartView')
cd /Users/admin/builder/spi-builder-workspace
write-file /Users/admin/builder/spi-builder-workspace/.derivedData/Build/Intermediates.noindex/WWDonutChartView.build/Debug-watchos/WWDonutChartView-t.build/Objects-normal/arm64_32/WWDonutChartView.LinkFileList
WriteAuxiliaryFile /Users/admin/builder/spi-builder-workspace/.derivedData/Build/Intermediates.noindex/WWDonutChartView.build/Debug-watchos/WWDonutChartView-t.build/Objects-normal/arm64_32/WWDonutChartView.SwiftConstValuesFileList (in target 'WWDonutChartView' from project 'WWDonutChartView')
cd /Users/admin/builder/spi-builder-workspace
write-file /Users/admin/builder/spi-builder-workspace/.derivedData/Build/Intermediates.noindex/WWDonutChartView.build/Debug-watchos/WWDonutChartView-t.build/Objects-normal/arm64_32/WWDonutChartView.SwiftConstValuesFileList
WriteAuxiliaryFile /Users/admin/builder/spi-builder-workspace/.derivedData/Build/Intermediates.noindex/WWDonutChartView.build/Debug-watchos/WWDonutChartView-t.build/Objects-normal/arm64_32/WWDonutChartView.SwiftFileList (in target 'WWDonutChartView' from project 'WWDonutChartView')
cd /Users/admin/builder/spi-builder-workspace
write-file /Users/admin/builder/spi-builder-workspace/.derivedData/Build/Intermediates.noindex/WWDonutChartView.build/Debug-watchos/WWDonutChartView-t.build/Objects-normal/arm64_32/WWDonutChartView.SwiftFileList
WriteAuxiliaryFile /Users/admin/builder/spi-builder-workspace/.derivedData/Build/Intermediates.noindex/WWDonutChartView.build/Debug-watchos/WWDonutChartView-t.build/Objects-normal/arm64/WWDonutChartView.SwiftFileList (in target 'WWDonutChartView' from project 'WWDonutChartView')
cd /Users/admin/builder/spi-builder-workspace
write-file /Users/admin/builder/spi-builder-workspace/.derivedData/Build/Intermediates.noindex/WWDonutChartView.build/Debug-watchos/WWDonutChartView-t.build/Objects-normal/arm64/WWDonutChartView.SwiftFileList
WriteAuxiliaryFile /Users/admin/builder/spi-builder-workspace/.derivedData/Build/Intermediates.noindex/WWDonutChartView.build/Debug-watchos/WWDonutChartView-t.build/Objects-normal/arm64/WWDonutChartView.SwiftConstValuesFileList (in target 'WWDonutChartView' from project 'WWDonutChartView')
cd /Users/admin/builder/spi-builder-workspace
write-file /Users/admin/builder/spi-builder-workspace/.derivedData/Build/Intermediates.noindex/WWDonutChartView.build/Debug-watchos/WWDonutChartView-t.build/Objects-normal/arm64/WWDonutChartView.SwiftConstValuesFileList
WriteAuxiliaryFile /Users/admin/builder/spi-builder-workspace/.derivedData/Build/Intermediates.noindex/WWDonutChartView.build/Debug-watchos/WWDonutChartView-t.build/Objects-normal/arm64/WWDonutChartView.LinkFileList (in target 'WWDonutChartView' from project 'WWDonutChartView')
cd /Users/admin/builder/spi-builder-workspace
write-file /Users/admin/builder/spi-builder-workspace/.derivedData/Build/Intermediates.noindex/WWDonutChartView.build/Debug-watchos/WWDonutChartView-t.build/Objects-normal/arm64/WWDonutChartView.LinkFileList
WriteAuxiliaryFile /Users/admin/builder/spi-builder-workspace/.derivedData/Build/Intermediates.noindex/WWDonutChartView.build/Debug-watchos/WWDonutChartView-t.build/Objects-normal/arm64/WWDonutChartView-OutputFileMap.json (in target 'WWDonutChartView' from project 'WWDonutChartView')
cd /Users/admin/builder/spi-builder-workspace
write-file /Users/admin/builder/spi-builder-workspace/.derivedData/Build/Intermediates.noindex/WWDonutChartView.build/Debug-watchos/WWDonutChartView-t.build/Objects-normal/arm64/WWDonutChartView-OutputFileMap.json
WriteAuxiliaryFile /Users/admin/builder/spi-builder-workspace/.derivedData/Build/Intermediates.noindex/WWDonutChartView.build/Debug-watchos/WWDonutChartView-t.build/DerivedSources/resource_bundle_accessor.swift (in target 'WWDonutChartView' from project 'WWDonutChartView')
cd /Users/admin/builder/spi-builder-workspace
write-file /Users/admin/builder/spi-builder-workspace/.derivedData/Build/Intermediates.noindex/WWDonutChartView.build/Debug-watchos/WWDonutChartView-t.build/DerivedSources/resource_bundle_accessor.swift
Copy /Users/admin/builder/spi-builder-workspace/.derivedData/Build/Intermediates.noindex/GeneratedModuleMaps-watchos/WWDonutChartView.modulemap /Users/admin/builder/spi-builder-workspace/.derivedData/Build/Intermediates.noindex/WWDonutChartView.build/Debug-watchos/WWDonutChartView-t.build/WWDonutChartView.modulemap (in target 'WWDonutChartView' from project 'WWDonutChartView')
cd /Users/admin/builder/spi-builder-workspace
builtin-copy -exclude .DS_Store -exclude CVS -exclude .svn -exclude .git -exclude .hg -resolve-src-symlinks /Users/admin/builder/spi-builder-workspace/.derivedData/Build/Intermediates.noindex/WWDonutChartView.build/Debug-watchos/WWDonutChartView-t.build/WWDonutChartView.modulemap /Users/admin/builder/spi-builder-workspace/.derivedData/Build/Intermediates.noindex/GeneratedModuleMaps-watchos
CpResource /Users/admin/builder/spi-builder-workspace/.derivedData/Build/Products/Debug-watchos/WWDonutChartView_WWDonutChartView.bundle/Privacy /Users/admin/builder/spi-builder-workspace/Sources/WWDonutChartView/Privacy (in target 'WWDonutChartView_WWDonutChartView' from project 'WWDonutChartView')
cd /Users/admin/builder/spi-builder-workspace
builtin-copy -exclude .DS_Store -exclude CVS -exclude .svn -exclude .git -exclude .hg -resolve-src-symlinks /Users/admin/builder/spi-builder-workspace/Sources/WWDonutChartView/Privacy /Users/admin/builder/spi-builder-workspace/.derivedData/Build/Products/Debug-watchos/WWDonutChartView_WWDonutChartView.bundle
CompileXIB /Users/admin/builder/spi-builder-workspace/Sources/WWDonutChartView/WWDonutChartView.xib (in target 'WWDonutChartView_WWDonutChartView' from project 'WWDonutChartView')
cd /Users/admin/builder/spi-builder-workspace
/Applications/Xcode-27.0.0-Release.Candidate.app/Contents/Developer/usr/bin/ibtool --errors --warnings --notices --module WWDonutChartView_WWDonutChartView --output-partial-info-plist /Users/admin/builder/spi-builder-workspace/.derivedData/Build/Intermediates.noindex/WWDonutChartView.build/Debug-watchos/WWDonutChartView_WWDonutChartView-b.build/WWDonutChartView-PartialInfo.plist --auto-activate-custom-fonts --target-device watch --minimum-deployment-target 9.0 --output-format human-readable-text --compile /Users/admin/builder/spi-builder-workspace/.derivedData/Build/Products/Debug-watchos/WWDonutChartView_WWDonutChartView.bundle/WWDonutChartView.nib /Users/admin/builder/spi-builder-workspace/Sources/WWDonutChartView/WWDonutChartView.xib
/* com.apple.ibtool.errors */
/Users/admin/builder/spi-builder-workspace/Sources/WWDonutChartView/WWDonutChartView.xib: error: iOS xibs do not support target device type "watch".
PruneExplicitPrecompiledModules /Users/admin/builder/spi-builder-workspace/.derivedData/SDKExplicitPrecompiledModules
PruneExplicitPrecompiledModules /Users/admin/builder/spi-builder-workspace/.derivedData/Build/Intermediates.noindex/ExplicitPrecompiledModules
PruneExplicitPrecompiledModules /Users/admin/builder/spi-builder-workspace/.derivedData/Build/Intermediates.noindex/SwiftExplicitPrecompiledModules
2026-09-20 19:02:46.995 xcodebuild[624:3973] [MT] IDERunDestination: Supported platforms for the buildables in the current scheme is empty.
** BUILD FAILED **
The following build commands failed:
CompileXIB /Users/admin/builder/spi-builder-workspace/Sources/WWDonutChartView/WWDonutChartView.xib (in target 'WWDonutChartView_WWDonutChartView' from project 'WWDonutChartView')
Building workspace WWDonutChartView with scheme WWDonutChartView
(2 failures)
Command line invocation:
/Applications/Xcode-27.0.0-Release.Candidate.app/Contents/Developer/usr/bin/xcodebuild -IDEClonedSourcePackagesDirPathOverride=/Users/admin/builder/spi-builder-workspace/.dependencies -resolvePackageDependencies
Resolve Package Graph
Resolved source packages:
WWDonutChartView: /Users/admin/builder/spi-builder-workspace
resolved source packages: WWDonutChartView
2026-09-20 19:02:50.596 xcodebuild[670:4311] [MT] IDERunDestination: Supported platforms for the buildables in the current scheme is empty.
{
"dependencies" : [
],
"manifest_display_name" : "WWDonutChartView",
"name" : "WWDonutChartView",
"path" : "/Users/admin/builder/spi-builder-workspace",
"platforms" : [
{
"name" : "ios",
"version" : "14.0"
}
],
"products" : [
{
"name" : "WWDonutChartView",
"targets" : [
"WWDonutChartView"
],
"type" : {
"library" : [
"automatic"
]
}
}
],
"swift_languages_versions" : [
"5"
],
"targets" : [
{
"c99name" : "WWDonutChartView",
"module_type" : "SwiftTarget",
"name" : "WWDonutChartView",
"path" : "Sources/WWDonutChartView",
"product_memberships" : [
"WWDonutChartView"
],
"resources" : [
{
"path" : "/Users/admin/builder/spi-builder-workspace/Sources/WWDonutChartView/Privacy",
"rule" : {
"copy" : {
}
}
}
],
"sources" : [
"Constant.swift",
"Extension.swift",
"WWDonutChartView.swift"
],
"type" : "library"
}
],
"tools_version" : "5.6"
}
{
"workspace" : {
"name" : "WWDonutChartView",
"schemes" : [
"WWDonutChartView"
]
}
}
2026-09-20 19:02:51.831 xcodebuild[678:4366] [MT] IDERunDestination: Supported platforms for the buildables in the current scheme is empty.
Running build ...
env DEVELOPER_DIR=/Applications/Xcode-27.0.0-Release.Candidate.app xcrun xcodebuild -IDEClonedSourcePackagesDirPathOverride=$PWD/.dependencies -skipMacroValidation -skipPackagePluginValidation -derivedDataPath $PWD/.derivedData build -scheme WWDonutChartView -destination generic/platform=watchOS
Command line invocation:
/Applications/Xcode-27.0.0-Release.Candidate.app/Contents/Developer/usr/bin/xcodebuild -IDEClonedSourcePackagesDirPathOverride=/Users/admin/builder/spi-builder-workspace/.dependencies -skipMacroValidation -skipPackagePluginValidation -derivedDataPath /Users/admin/builder/spi-builder-workspace/.derivedData build -scheme WWDonutChartView -destination generic/platform=watchOS
Resolve Package Graph
Resolved source packages:
WWDonutChartView: /Users/admin/builder/spi-builder-workspace
ComputePackagePrebuildTargetDependencyGraph
Prepare packages
CreateBuildRequest
SendProjectDescription
CreateBuildOperation
ComputeTargetDependencyGraph
note: Building targets in dependency order
note: Target dependency graph (3 targets)
Target 'WWDonutChartView-product' in project 'WWDonutChartView'
➜ Explicit dependency on target 'WWDonutChartView' in project 'WWDonutChartView'
➜ Explicit dependency on target 'WWDonutChartView_WWDonutChartView' in project 'WWDonutChartView'
Target 'WWDonutChartView' in project 'WWDonutChartView'
➜ Explicit dependency on target 'WWDonutChartView_WWDonutChartView' in project 'WWDonutChartView'
Target 'WWDonutChartView_WWDonutChartView' in project 'WWDonutChartView' (no dependencies)
GatherProvisioningInputs
CreateBuildDescription
ClangStatCache /Applications/Xcode-27.0.0-Release.Candidate.app/Contents/Developer/Toolchains/XcodeDefault.xctoolchain/usr/bin/clang-stat-cache /Applications/Xcode-27.0.0-Release.Candidate.app/Contents/Developer/Platforms/WatchOS.platform/Developer/SDKs/WatchOS27.0.sdk /Users/admin/builder/spi-builder-workspace/.derivedData/SDKStatCaches.noindex/watchos27.0-24R360-e829b21a6f8c9b70876ba0858053c04477534ef55a1706bf4c1112bbb242f0a2.sdkstatcache
cd /Users/admin/builder/spi-builder-workspace/.swiftpm/xcode
/Applications/Xcode-27.0.0-Release.Candidate.app/Contents/Developer/Toolchains/XcodeDefault.xctoolchain/usr/bin/clang-stat-cache /Applications/Xcode-27.0.0-Release.Candidate.app/Contents/Developer/Platforms/WatchOS.platform/Developer/SDKs/WatchOS27.0.sdk -o /Users/admin/builder/spi-builder-workspace/.derivedData/SDKStatCaches.noindex/watchos27.0-24R360-e829b21a6f8c9b70876ba0858053c04477534ef55a1706bf4c1112bbb242f0a2.sdkstatcache
CompileXIB /Users/admin/builder/spi-builder-workspace/Sources/WWDonutChartView/WWDonutChartView.xib (in target 'WWDonutChartView_WWDonutChartView' from project 'WWDonutChartView')
cd /Users/admin/builder/spi-builder-workspace
/Applications/Xcode-27.0.0-Release.Candidate.app/Contents/Developer/usr/bin/ibtool --errors --warnings --notices --module WWDonutChartView_WWDonutChartView --output-partial-info-plist /Users/admin/builder/spi-builder-workspace/.derivedData/Build/Intermediates.noindex/WWDonutChartView.build/Debug-watchos/WWDonutChartView_WWDonutChartView-b.build/WWDonutChartView-PartialInfo.plist --auto-activate-custom-fonts --target-device watch --minimum-deployment-target 9.0 --output-format human-readable-text --compile /Users/admin/builder/spi-builder-workspace/.derivedData/Build/Products/Debug-watchos/WWDonutChartView_WWDonutChartView.bundle/WWDonutChartView.nib /Users/admin/builder/spi-builder-workspace/Sources/WWDonutChartView/WWDonutChartView.xib
/* com.apple.ibtool.errors */
/Users/admin/builder/spi-builder-workspace/Sources/WWDonutChartView/WWDonutChartView.xib: error: iOS xibs do not support target device type "watch".
PruneExplicitPrecompiledModules /Users/admin/builder/spi-builder-workspace/.derivedData/Build/Intermediates.noindex/SwiftExplicitPrecompiledModules
PruneExplicitPrecompiledModules /Users/admin/builder/spi-builder-workspace/.derivedData/SDKExplicitPrecompiledModules
PruneExplicitPrecompiledModules /Users/admin/builder/spi-builder-workspace/.derivedData/Build/Intermediates.noindex/ExplicitPrecompiledModules
2026-09-20 19:02:52.774 xcodebuild[679:4391] [MT] IDERunDestination: Supported platforms for the buildables in the current scheme is empty.
** BUILD FAILED **
The following build commands failed:
CompileXIB /Users/admin/builder/spi-builder-workspace/Sources/WWDonutChartView/WWDonutChartView.xib (in target 'WWDonutChartView_WWDonutChartView' from project 'WWDonutChartView')
Building workspace WWDonutChartView with scheme WWDonutChartView
(2 failures)
BUILD FAILURE 6.4 watchOS