The Swift Package Index logo.Swift Package Index

Build Information

Failed to build WWBadgeView, reference main (f3febe), with Swift 6.4 for macOS (Xcode) using Xcode 27.0 on 21 Sep 2026 13:26:12 UTC.

Build Command

env DEVELOPER_DIR=/Applications/Xcode-27.0.0-Release.Candidate.app xcrun xcodebuild -IDEClonedSourcePackagesDirPathOverride=$PWD/.dependencies -skipMacroValidation -skipPackagePluginValidation -derivedDataPath $PWD/.derivedData build -scheme WWBadgeView -destination platform=macOS,arch=arm64

Build Log

========================================
RunAll
========================================
Builder version: 5.1.0
Interrupt handler set up.
========================================
Checkout
========================================
Clone URL: https://github.com/William-Weng/WWBadgeView.git
Reference: main
Initialized empty Git repository in /Users/admin/builder/spi-builder-workspace/.git/
From https://github.com/William-Weng/WWBadgeView
 * branch            main       -> FETCH_HEAD
 * [new branch]      main       -> origin/main
HEAD is now at f3febee - update ReadMe
Cloned https://github.com/William-Weng/WWBadgeView.git
Revision (git rev-parse @):
f3febee29525ba995b2fc5ae1d3bcb8cfcf12413
SUCCESS checkout https://github.com/William-Weng/WWBadgeView.git at main
========================================
Build
========================================
Selected platform:         macosXcodebuild
Swift version:             6.4
Building package at path:  $PWD
https://github.com/William-Weng/WWBadgeView.git
Command line invocation:
    /Applications/Xcode-27.0.0-Release.Candidate.app/Contents/Developer/usr/bin/xcodebuild -IDEClonedSourcePackagesDirPathOverride=/Users/admin/builder/spi-builder-workspace/.dependencies -resolvePackageDependencies
Resolve Package Graph
Resolve Package Graph
Resolved source packages:
  WWBadgeView: /Users/admin/builder/spi-builder-workspace
resolved source packages: WWBadgeView
2026-09-21 09:25:22.775 xcodebuild[531:3066] [MT] IDERunDestination: Supported platforms for the buildables in the current scheme is empty.
{
  "dependencies" : [
  ],
  "manifest_display_name" : "WWBadgeView",
  "name" : "WWBadgeView",
  "path" : "/Users/admin/builder/spi-builder-workspace",
  "platforms" : [
    {
      "name" : "ios",
      "version" : "14.0"
    }
  ],
  "products" : [
    {
      "name" : "WWBadgeView",
      "targets" : [
        "WWBadgeView"
      ],
      "type" : {
        "library" : [
          "automatic"
        ]
      }
    }
  ],
  "swift_languages_versions" : [
    "5"
  ],
  "targets" : [
    {
      "c99name" : "WWBadgeView",
      "module_type" : "SwiftTarget",
      "name" : "WWBadgeView",
      "path" : "Sources/WWBadgeView",
      "product_memberships" : [
        "WWBadgeView"
      ],
      "resources" : [
        {
          "path" : "/Users/admin/builder/spi-builder-workspace/Sources/WWBadgeView/Privacy",
          "rule" : {
            "copy" : {
            }
          }
        }
      ],
      "sources" : [
        "Extension.swift",
        "WWBadgeView.swift"
      ],
      "type" : "library"
    }
  ],
  "tools_version" : "5.6"
}
{
  "workspace" : {
    "name" : "WWBadgeView",
    "schemes" : [
      "WWBadgeView"
    ]
  }
}
2026-09-21 09:26:04.618 xcodebuild[653:4213] [MT] IDERunDestination: Supported platforms for the buildables in the current scheme is empty.
Running build ...
env DEVELOPER_DIR=/Applications/Xcode-27.0.0-Release.Candidate.app xcrun xcodebuild -IDEClonedSourcePackagesDirPathOverride=$PWD/.dependencies -skipMacroValidation -skipPackagePluginValidation -derivedDataPath $PWD/.derivedData build -scheme WWBadgeView -destination platform=macOS,arch=arm64
Command line invocation:
    /Applications/Xcode-27.0.0-Release.Candidate.app/Contents/Developer/usr/bin/xcodebuild -IDEClonedSourcePackagesDirPathOverride=/Users/admin/builder/spi-builder-workspace/.dependencies -skipMacroValidation -skipPackagePluginValidation -derivedDataPath /Users/admin/builder/spi-builder-workspace/.derivedData build -scheme WWBadgeView -destination platform=macOS,arch=arm64
Resolve Package Graph
Resolved source packages:
  WWBadgeView: /Users/admin/builder/spi-builder-workspace
ComputePackagePrebuildTargetDependencyGraph
Prepare packages
CreateBuildRequest
SendProjectDescription
CreateBuildOperation
ComputeTargetDependencyGraph
note: Building targets in dependency order
note: Target dependency graph (3 targets)
    Target 'WWBadgeView-product' in project 'WWBadgeView'
        ➜ Explicit dependency on target 'WWBadgeView' in project 'WWBadgeView'
        ➜ Explicit dependency on target 'WWBadgeView_WWBadgeView' in project 'WWBadgeView'
    Target 'WWBadgeView' in project 'WWBadgeView'
        ➜ Explicit dependency on target 'WWBadgeView_WWBadgeView' in project 'WWBadgeView'
    Target 'WWBadgeView_WWBadgeView' in project 'WWBadgeView' (no dependencies)
GatherProvisioningInputs
CreateBuildDescription
ExecuteExternalTool /Applications/Xcode-27.0.0-Release.Candidate.app/Contents/Developer/Toolchains/XcodeDefault.xctoolchain/usr/bin/clang -v -E -dM -isysroot /Applications/Xcode-27.0.0-Release.Candidate.app/Contents/Developer/Platforms/MacOSX.platform/Developer/SDKs/MacOSX27.0.sdk -x c -c /dev/null
ExecuteExternalTool /Applications/Xcode-27.0.0-Release.Candidate.app/Contents/Developer/usr/bin/ibtool --version --output-format xml1
ExecuteExternalTool /Applications/Xcode-27.0.0-Release.Candidate.app/Contents/Developer/Toolchains/XcodeDefault.xctoolchain/usr/bin/swiftc --version
ExecuteExternalTool /Applications/Xcode-27.0.0-Release.Candidate.app/Contents/Developer/Toolchains/XcodeDefault.xctoolchain/usr/bin/ld -version_details
Build description signature: db269fdb5bdc0c9b323ee36c5a5bc7b6
Build description path: /Users/admin/builder/spi-builder-workspace/.derivedData/Build/Intermediates.noindex/XCBuildData/db269fdb5bdc0c9b323ee36c5a5bc7b6.xcbuilddata
CreateBuildDirectory /Users/admin/builder/spi-builder-workspace/.derivedData/ModuleCache.noindex
    cd /Users/admin/builder/spi-builder-workspace/.swiftpm/xcode
    builtin-create-build-directory /Users/admin/builder/spi-builder-workspace/.derivedData/ModuleCache.noindex
CreateBuildDirectory /Users/admin/builder/spi-builder-workspace/.derivedData/SDKExplicitPrecompiledModules
    cd /Users/admin/builder/spi-builder-workspace/.swiftpm/xcode
    builtin-create-build-directory /Users/admin/builder/spi-builder-workspace/.derivedData/SDKExplicitPrecompiledModules
CreateBuildDirectory /Users/admin/builder/spi-builder-workspace/.derivedData/CompilationCache.noindex
    cd /Users/admin/builder/spi-builder-workspace/.swiftpm/xcode
    builtin-create-build-directory /Users/admin/builder/spi-builder-workspace/.derivedData/CompilationCache.noindex
CreateBuildDirectory /Users/admin/builder/spi-builder-workspace/.derivedData/Build/Products
    cd /Users/admin/builder/spi-builder-workspace/.swiftpm/xcode
    builtin-create-build-directory /Users/admin/builder/spi-builder-workspace/.derivedData/Build/Products
CreateBuildDirectory /Users/admin/builder/spi-builder-workspace/.derivedData/Build/Intermediates.noindex
    cd /Users/admin/builder/spi-builder-workspace/.swiftpm/xcode
    builtin-create-build-directory /Users/admin/builder/spi-builder-workspace/.derivedData/Build/Intermediates.noindex
ClangStatCache /Applications/Xcode-27.0.0-Release.Candidate.app/Contents/Developer/Toolchains/XcodeDefault.xctoolchain/usr/bin/clang-stat-cache /Applications/Xcode-27.0.0-Release.Candidate.app/Contents/Developer/Platforms/MacOSX.platform/Developer/SDKs/MacOSX27.0.sdk /Users/admin/builder/spi-builder-workspace/.derivedData/SDKStatCaches.noindex/macosx27.0-26A425-e829b21a6f8c9b70876ba0858053c0446a22442a12e9d48fe1a705f55a1adfc4.sdkstatcache
    cd /Users/admin/builder/spi-builder-workspace/.swiftpm/xcode
    /Applications/Xcode-27.0.0-Release.Candidate.app/Contents/Developer/Toolchains/XcodeDefault.xctoolchain/usr/bin/clang-stat-cache /Applications/Xcode-27.0.0-Release.Candidate.app/Contents/Developer/Platforms/MacOSX.platform/Developer/SDKs/MacOSX27.0.sdk -o /Users/admin/builder/spi-builder-workspace/.derivedData/SDKStatCaches.noindex/macosx27.0-26A425-e829b21a6f8c9b70876ba0858053c0446a22442a12e9d48fe1a705f55a1adfc4.sdkstatcache
CreateBuildDirectory /Users/admin/builder/spi-builder-workspace/.derivedData/Build/Intermediates.noindex/SwiftExplicitPrecompiledModules
    cd /Users/admin/builder/spi-builder-workspace/.swiftpm/xcode
    builtin-create-build-directory /Users/admin/builder/spi-builder-workspace/.derivedData/Build/Intermediates.noindex/SwiftExplicitPrecompiledModules
CreateBuildDirectory /Users/admin/builder/spi-builder-workspace/.derivedData/Build/Intermediates.noindex/ExplicitPrecompiledModules
    cd /Users/admin/builder/spi-builder-workspace/.swiftpm/xcode
    builtin-create-build-directory /Users/admin/builder/spi-builder-workspace/.derivedData/Build/Intermediates.noindex/ExplicitPrecompiledModules
CreateBuildDirectory /Users/admin/builder/spi-builder-workspace/.derivedData/Build/Intermediates.noindex/PrecompiledHeaders
    cd /Users/admin/builder/spi-builder-workspace/.swiftpm/xcode
    builtin-create-build-directory /Users/admin/builder/spi-builder-workspace/.derivedData/Build/Intermediates.noindex/PrecompiledHeaders
CreateBuildDirectory /Users/admin/builder/spi-builder-workspace/.derivedData/Build/Intermediates.noindex/EagerLinkingTBDs/Debug
    cd /Users/admin/builder/spi-builder-workspace/.swiftpm/xcode
    builtin-create-build-directory /Users/admin/builder/spi-builder-workspace/.derivedData/Build/Intermediates.noindex/EagerLinkingTBDs/Debug
CreateBuildDirectory /Users/admin/builder/spi-builder-workspace/.derivedData/Build/Products/Debug
    cd /Users/admin/builder/spi-builder-workspace/.swiftpm/xcode
    builtin-create-build-directory /Users/admin/builder/spi-builder-workspace/.derivedData/Build/Products/Debug
CreateBuildDirectory /Users/admin/builder/spi-builder-workspace/.derivedData/Build/Products/Debug/PackageFrameworks
    cd /Users/admin/builder/spi-builder-workspace/.swiftpm/xcode
    builtin-create-build-directory /Users/admin/builder/spi-builder-workspace/.derivedData/Build/Products/Debug/PackageFrameworks
WriteAuxiliaryFile /Users/admin/builder/spi-builder-workspace/.derivedData/Build/Intermediates.noindex/WWBadgeView.build/Debug/WWBadgeView-t.build/WWBadgeView.DependencyMetadataFileList (in target 'WWBadgeView' from project 'WWBadgeView')
    cd /Users/admin/builder/spi-builder-workspace
    write-file /Users/admin/builder/spi-builder-workspace/.derivedData/Build/Intermediates.noindex/WWBadgeView.build/Debug/WWBadgeView-t.build/WWBadgeView.DependencyMetadataFileList
WriteAuxiliaryFile /Users/admin/builder/spi-builder-workspace/.derivedData/Build/Intermediates.noindex/WWBadgeView.build/Debug/WWBadgeView_WWBadgeView-b.build/WWBadgeView_WWBadgeView.DependencyStaticMetadataFileList (in target 'WWBadgeView_WWBadgeView' from project 'WWBadgeView')
    cd /Users/admin/builder/spi-builder-workspace
    write-file /Users/admin/builder/spi-builder-workspace/.derivedData/Build/Intermediates.noindex/WWBadgeView.build/Debug/WWBadgeView_WWBadgeView-b.build/WWBadgeView_WWBadgeView.DependencyStaticMetadataFileList
WriteAuxiliaryFile /Users/admin/builder/spi-builder-workspace/.derivedData/Build/Intermediates.noindex/WWBadgeView.build/Debug/WWBadgeView-t.build/WWBadgeView.DependencyStaticMetadataFileList (in target 'WWBadgeView' from project 'WWBadgeView')
    cd /Users/admin/builder/spi-builder-workspace
    write-file /Users/admin/builder/spi-builder-workspace/.derivedData/Build/Intermediates.noindex/WWBadgeView.build/Debug/WWBadgeView-t.build/WWBadgeView.DependencyStaticMetadataFileList
WriteAuxiliaryFile /Users/admin/builder/spi-builder-workspace/.derivedData/Build/Intermediates.noindex/WWBadgeView.build/Debug/WWBadgeView_WWBadgeView-b.build/empty-WWBadgeView_WWBadgeView.plist (in target 'WWBadgeView_WWBadgeView' from project 'WWBadgeView')
    cd /Users/admin/builder/spi-builder-workspace
    write-file /Users/admin/builder/spi-builder-workspace/.derivedData/Build/Intermediates.noindex/WWBadgeView.build/Debug/WWBadgeView_WWBadgeView-b.build/empty-WWBadgeView_WWBadgeView.plist
WriteAuxiliaryFile /Users/admin/builder/spi-builder-workspace/.derivedData/Build/Intermediates.noindex/WWBadgeView.build/Debug/WWBadgeView-t.build/WWBadgeView.modulemap (in target 'WWBadgeView' from project 'WWBadgeView')
    cd /Users/admin/builder/spi-builder-workspace
    write-file /Users/admin/builder/spi-builder-workspace/.derivedData/Build/Intermediates.noindex/WWBadgeView.build/Debug/WWBadgeView-t.build/WWBadgeView.modulemap
WriteAuxiliaryFile /Users/admin/builder/spi-builder-workspace/.derivedData/Build/Intermediates.noindex/WWBadgeView.build/Debug/WWBadgeView_WWBadgeView-b.build/WWBadgeView_WWBadgeView.DependencyMetadataFileList (in target 'WWBadgeView_WWBadgeView' from project 'WWBadgeView')
    cd /Users/admin/builder/spi-builder-workspace
    write-file /Users/admin/builder/spi-builder-workspace/.derivedData/Build/Intermediates.noindex/WWBadgeView.build/Debug/WWBadgeView_WWBadgeView-b.build/WWBadgeView_WWBadgeView.DependencyMetadataFileList
WriteAuxiliaryFile /Users/admin/builder/spi-builder-workspace/.derivedData/Build/Intermediates.noindex/WWBadgeView.build/Debug/WWBadgeView-t.build/Objects-normal/arm64/WWBadgeView_const_extract_protocols.json (in target 'WWBadgeView' from project 'WWBadgeView')
    cd /Users/admin/builder/spi-builder-workspace
    write-file /Users/admin/builder/spi-builder-workspace/.derivedData/Build/Intermediates.noindex/WWBadgeView.build/Debug/WWBadgeView-t.build/Objects-normal/arm64/WWBadgeView_const_extract_protocols.json
WriteAuxiliaryFile /Users/admin/builder/spi-builder-workspace/.derivedData/Build/Intermediates.noindex/WWBadgeView.build/Debug/WWBadgeView-t.build/Objects-normal/arm64/WWBadgeView.SwiftFileList (in target 'WWBadgeView' from project 'WWBadgeView')
    cd /Users/admin/builder/spi-builder-workspace
    write-file /Users/admin/builder/spi-builder-workspace/.derivedData/Build/Intermediates.noindex/WWBadgeView.build/Debug/WWBadgeView-t.build/Objects-normal/arm64/WWBadgeView.SwiftFileList
WriteAuxiliaryFile /Users/admin/builder/spi-builder-workspace/.derivedData/Build/Intermediates.noindex/WWBadgeView.build/Debug/WWBadgeView-t.build/Objects-normal/arm64/WWBadgeView.SwiftConstValuesFileList (in target 'WWBadgeView' from project 'WWBadgeView')
    cd /Users/admin/builder/spi-builder-workspace
    write-file /Users/admin/builder/spi-builder-workspace/.derivedData/Build/Intermediates.noindex/WWBadgeView.build/Debug/WWBadgeView-t.build/Objects-normal/arm64/WWBadgeView.SwiftConstValuesFileList
WriteAuxiliaryFile /Users/admin/builder/spi-builder-workspace/.derivedData/Build/Intermediates.noindex/WWBadgeView.build/Debug/WWBadgeView-t.build/Objects-normal/arm64/WWBadgeView.LinkFileList (in target 'WWBadgeView' from project 'WWBadgeView')
    cd /Users/admin/builder/spi-builder-workspace
    write-file /Users/admin/builder/spi-builder-workspace/.derivedData/Build/Intermediates.noindex/WWBadgeView.build/Debug/WWBadgeView-t.build/Objects-normal/arm64/WWBadgeView.LinkFileList
WriteAuxiliaryFile /Users/admin/builder/spi-builder-workspace/.derivedData/Build/Intermediates.noindex/WWBadgeView.build/Debug/WWBadgeView-t.build/Objects-normal/arm64/WWBadgeView-OutputFileMap.json (in target 'WWBadgeView' from project 'WWBadgeView')
    cd /Users/admin/builder/spi-builder-workspace
    write-file /Users/admin/builder/spi-builder-workspace/.derivedData/Build/Intermediates.noindex/WWBadgeView.build/Debug/WWBadgeView-t.build/Objects-normal/arm64/WWBadgeView-OutputFileMap.json
MkDir /Users/admin/builder/spi-builder-workspace/.derivedData/Build/Products/Debug/WWBadgeView_WWBadgeView.bundle (in target 'WWBadgeView_WWBadgeView' from project 'WWBadgeView')
    cd /Users/admin/builder/spi-builder-workspace
    /bin/mkdir -p /Users/admin/builder/spi-builder-workspace/.derivedData/Build/Products/Debug/WWBadgeView_WWBadgeView.bundle
WriteAuxiliaryFile /Users/admin/builder/spi-builder-workspace/.derivedData/Build/Intermediates.noindex/WWBadgeView.build/Debug/WWBadgeView-t.build/DerivedSources/resource_bundle_accessor.swift (in target 'WWBadgeView' from project 'WWBadgeView')
    cd /Users/admin/builder/spi-builder-workspace
    write-file /Users/admin/builder/spi-builder-workspace/.derivedData/Build/Intermediates.noindex/WWBadgeView.build/Debug/WWBadgeView-t.build/DerivedSources/resource_bundle_accessor.swift
MkDir /Users/admin/builder/spi-builder-workspace/.derivedData/Build/Products/Debug/WWBadgeView_WWBadgeView.bundle/Contents (in target 'WWBadgeView_WWBadgeView' from project 'WWBadgeView')
    cd /Users/admin/builder/spi-builder-workspace
    /bin/mkdir -p /Users/admin/builder/spi-builder-workspace/.derivedData/Build/Products/Debug/WWBadgeView_WWBadgeView.bundle/Contents
MkDir /Users/admin/builder/spi-builder-workspace/.derivedData/Build/Products/Debug/WWBadgeView_WWBadgeView.bundle/Contents/Resources (in target 'WWBadgeView_WWBadgeView' from project 'WWBadgeView')
    cd /Users/admin/builder/spi-builder-workspace
    /bin/mkdir -p /Users/admin/builder/spi-builder-workspace/.derivedData/Build/Products/Debug/WWBadgeView_WWBadgeView.bundle/Contents/Resources
Copy /Users/admin/builder/spi-builder-workspace/.derivedData/Build/Intermediates.noindex/GeneratedModuleMaps/WWBadgeView.modulemap /Users/admin/builder/spi-builder-workspace/.derivedData/Build/Intermediates.noindex/WWBadgeView.build/Debug/WWBadgeView-t.build/WWBadgeView.modulemap (in target 'WWBadgeView' from project 'WWBadgeView')
    cd /Users/admin/builder/spi-builder-workspace
    builtin-copy -exclude .DS_Store -exclude CVS -exclude .svn -exclude .git -exclude .hg -resolve-src-symlinks /Users/admin/builder/spi-builder-workspace/.derivedData/Build/Intermediates.noindex/WWBadgeView.build/Debug/WWBadgeView-t.build/WWBadgeView.modulemap /Users/admin/builder/spi-builder-workspace/.derivedData/Build/Intermediates.noindex/GeneratedModuleMaps
CpResource /Users/admin/builder/spi-builder-workspace/.derivedData/Build/Products/Debug/WWBadgeView_WWBadgeView.bundle/Contents/Resources/Privacy /Users/admin/builder/spi-builder-workspace/Sources/WWBadgeView/Privacy (in target 'WWBadgeView_WWBadgeView' from project 'WWBadgeView')
    cd /Users/admin/builder/spi-builder-workspace
    builtin-copy -exclude .DS_Store -exclude CVS -exclude .svn -exclude .git -exclude .hg -resolve-src-symlinks /Users/admin/builder/spi-builder-workspace/Sources/WWBadgeView/Privacy /Users/admin/builder/spi-builder-workspace/.derivedData/Build/Products/Debug/WWBadgeView_WWBadgeView.bundle/Contents/Resources
CompileXIB /Users/admin/builder/spi-builder-workspace/Sources/WWBadgeView/WWBadgeView.xib (in target 'WWBadgeView_WWBadgeView' from project 'WWBadgeView')
    cd /Users/admin/builder/spi-builder-workspace
    /Applications/Xcode-27.0.0-Release.Candidate.app/Contents/Developer/usr/bin/ibtool --errors --warnings --notices --module WWBadgeView_WWBadgeView --output-partial-info-plist /Users/admin/builder/spi-builder-workspace/.derivedData/Build/Intermediates.noindex/WWBadgeView.build/Debug/WWBadgeView_WWBadgeView-b.build/WWBadgeView-PartialInfo.plist --auto-activate-custom-fonts --target-device mac --minimum-deployment-target 12.0 --output-format human-readable-text --compile /Users/admin/builder/spi-builder-workspace/.derivedData/Build/Products/Debug/WWBadgeView_WWBadgeView.bundle/Contents/Resources/WWBadgeView.nib /Users/admin/builder/spi-builder-workspace/Sources/WWBadgeView/WWBadgeView.xib
/* com.apple.ibtool.errors */
/Users/admin/builder/spi-builder-workspace/Sources/WWBadgeView/WWBadgeView.xib: error: iOS xibs do not support target device type "mac".
PruneExplicitPrecompiledModules /Users/admin/builder/spi-builder-workspace/.derivedData/SDKExplicitPrecompiledModules
PruneExplicitPrecompiledModules /Users/admin/builder/spi-builder-workspace/.derivedData/Build/Intermediates.noindex/ExplicitPrecompiledModules
PruneExplicitPrecompiledModules /Users/admin/builder/spi-builder-workspace/.derivedData/Build/Intermediates.noindex/SwiftExplicitPrecompiledModules
2026-09-21 09:26:06.185 xcodebuild[654:4262] [MT] IDERunDestination: Supported platforms for the buildables in the current scheme is empty.
--- xcodebuild: WARNING: Using the first of multiple matching destinations:
{ platform:macOS, arch:arm64, id:61857236334f05728b19ef5e5cc84649f9973e85, name:My Mac }
{ platform:macOS, arch:arm64, variant:Mac Catalyst, id:61857236334f05728b19ef5e5cc84649f9973e85, name:My Mac }
{ platform:macOS, arch:arm64, variant:DriverKit, id:61857236334f05728b19ef5e5cc84649f9973e85, name:My Mac }
{ platform:macOS, arch:arm64, variant:Designed for [iPad,iPhone], id:61857236334f05728b19ef5e5cc84649f9973e85, name:My Mac }
** BUILD FAILED **
The following build commands failed:
	CompileXIB /Users/admin/builder/spi-builder-workspace/Sources/WWBadgeView/WWBadgeView.xib (in target 'WWBadgeView_WWBadgeView' from project 'WWBadgeView')
	Building workspace WWBadgeView with scheme WWBadgeView
(2 failures)
Command line invocation:
    /Applications/Xcode-27.0.0-Release.Candidate.app/Contents/Developer/usr/bin/xcodebuild -IDEClonedSourcePackagesDirPathOverride=/Users/admin/builder/spi-builder-workspace/.dependencies -resolvePackageDependencies
Resolve Package Graph
Resolved source packages:
  WWBadgeView: /Users/admin/builder/spi-builder-workspace
resolved source packages: WWBadgeView
2026-09-21 09:26:09.720 xcodebuild[673:4408] [MT] IDERunDestination: Supported platforms for the buildables in the current scheme is empty.
{
  "dependencies" : [
  ],
  "manifest_display_name" : "WWBadgeView",
  "name" : "WWBadgeView",
  "path" : "/Users/admin/builder/spi-builder-workspace",
  "platforms" : [
    {
      "name" : "ios",
      "version" : "14.0"
    }
  ],
  "products" : [
    {
      "name" : "WWBadgeView",
      "targets" : [
        "WWBadgeView"
      ],
      "type" : {
        "library" : [
          "automatic"
        ]
      }
    }
  ],
  "swift_languages_versions" : [
    "5"
  ],
  "targets" : [
    {
      "c99name" : "WWBadgeView",
      "module_type" : "SwiftTarget",
      "name" : "WWBadgeView",
      "path" : "Sources/WWBadgeView",
      "product_memberships" : [
        "WWBadgeView"
      ],
      "resources" : [
        {
          "path" : "/Users/admin/builder/spi-builder-workspace/Sources/WWBadgeView/Privacy",
          "rule" : {
            "copy" : {
            }
          }
        }
      ],
      "sources" : [
        "Extension.swift",
        "WWBadgeView.swift"
      ],
      "type" : "library"
    }
  ],
  "tools_version" : "5.6"
}
{
  "workspace" : {
    "name" : "WWBadgeView",
    "schemes" : [
      "WWBadgeView"
    ]
  }
}
2026-09-21 09:26:10.867 xcodebuild[681:4466] [MT] IDERunDestination: Supported platforms for the buildables in the current scheme is empty.
Running build ...
env DEVELOPER_DIR=/Applications/Xcode-27.0.0-Release.Candidate.app xcrun xcodebuild -IDEClonedSourcePackagesDirPathOverride=$PWD/.dependencies -skipMacroValidation -skipPackagePluginValidation -derivedDataPath $PWD/.derivedData build -scheme WWBadgeView -destination platform=macOS,arch=arm64
Command line invocation:
    /Applications/Xcode-27.0.0-Release.Candidate.app/Contents/Developer/usr/bin/xcodebuild -IDEClonedSourcePackagesDirPathOverride=/Users/admin/builder/spi-builder-workspace/.dependencies -skipMacroValidation -skipPackagePluginValidation -derivedDataPath /Users/admin/builder/spi-builder-workspace/.derivedData build -scheme WWBadgeView -destination platform=macOS,arch=arm64
Resolve Package Graph
Resolved source packages:
  WWBadgeView: /Users/admin/builder/spi-builder-workspace
ComputePackagePrebuildTargetDependencyGraph
Prepare packages
CreateBuildRequest
SendProjectDescription
CreateBuildOperation
ComputeTargetDependencyGraph
note: Building targets in dependency order
note: Target dependency graph (3 targets)
    Target 'WWBadgeView-product' in project 'WWBadgeView'
        ➜ Explicit dependency on target 'WWBadgeView' in project 'WWBadgeView'
        ➜ Explicit dependency on target 'WWBadgeView_WWBadgeView' in project 'WWBadgeView'
    Target 'WWBadgeView' in project 'WWBadgeView'
        ➜ Explicit dependency on target 'WWBadgeView_WWBadgeView' in project 'WWBadgeView'
    Target 'WWBadgeView_WWBadgeView' in project 'WWBadgeView' (no dependencies)
GatherProvisioningInputs
CreateBuildDescription
ClangStatCache /Applications/Xcode-27.0.0-Release.Candidate.app/Contents/Developer/Toolchains/XcodeDefault.xctoolchain/usr/bin/clang-stat-cache /Applications/Xcode-27.0.0-Release.Candidate.app/Contents/Developer/Platforms/MacOSX.platform/Developer/SDKs/MacOSX27.0.sdk /Users/admin/builder/spi-builder-workspace/.derivedData/SDKStatCaches.noindex/macosx27.0-26A425-e829b21a6f8c9b70876ba0858053c0446a22442a12e9d48fe1a705f55a1adfc4.sdkstatcache
    cd /Users/admin/builder/spi-builder-workspace/.swiftpm/xcode
    /Applications/Xcode-27.0.0-Release.Candidate.app/Contents/Developer/Toolchains/XcodeDefault.xctoolchain/usr/bin/clang-stat-cache /Applications/Xcode-27.0.0-Release.Candidate.app/Contents/Developer/Platforms/MacOSX.platform/Developer/SDKs/MacOSX27.0.sdk -o /Users/admin/builder/spi-builder-workspace/.derivedData/SDKStatCaches.noindex/macosx27.0-26A425-e829b21a6f8c9b70876ba0858053c0446a22442a12e9d48fe1a705f55a1adfc4.sdkstatcache
CompileXIB /Users/admin/builder/spi-builder-workspace/Sources/WWBadgeView/WWBadgeView.xib (in target 'WWBadgeView_WWBadgeView' from project 'WWBadgeView')
    cd /Users/admin/builder/spi-builder-workspace
    /Applications/Xcode-27.0.0-Release.Candidate.app/Contents/Developer/usr/bin/ibtool --errors --warnings --notices --module WWBadgeView_WWBadgeView --output-partial-info-plist /Users/admin/builder/spi-builder-workspace/.derivedData/Build/Intermediates.noindex/WWBadgeView.build/Debug/WWBadgeView_WWBadgeView-b.build/WWBadgeView-PartialInfo.plist --auto-activate-custom-fonts --target-device mac --minimum-deployment-target 12.0 --output-format human-readable-text --compile /Users/admin/builder/spi-builder-workspace/.derivedData/Build/Products/Debug/WWBadgeView_WWBadgeView.bundle/Contents/Resources/WWBadgeView.nib /Users/admin/builder/spi-builder-workspace/Sources/WWBadgeView/WWBadgeView.xib
/* com.apple.ibtool.errors */
/Users/admin/builder/spi-builder-workspace/Sources/WWBadgeView/WWBadgeView.xib: error: iOS xibs do not support target device type "mac".
PruneExplicitPrecompiledModules /Users/admin/builder/spi-builder-workspace/.derivedData/Build/Intermediates.noindex/ExplicitPrecompiledModules
PruneExplicitPrecompiledModules /Users/admin/builder/spi-builder-workspace/.derivedData/Build/Intermediates.noindex/SwiftExplicitPrecompiledModules
PruneExplicitPrecompiledModules /Users/admin/builder/spi-builder-workspace/.derivedData/SDKExplicitPrecompiledModules
2026-09-21 09:26:11.760 xcodebuild[682:4491] [MT] IDERunDestination: Supported platforms for the buildables in the current scheme is empty.
--- xcodebuild: WARNING: Using the first of multiple matching destinations:
{ platform:macOS, arch:arm64, id:61857236334f05728b19ef5e5cc84649f9973e85, name:My Mac }
{ platform:macOS, arch:arm64, variant:Mac Catalyst, id:61857236334f05728b19ef5e5cc84649f9973e85, name:My Mac }
{ platform:macOS, arch:arm64, variant:DriverKit, id:61857236334f05728b19ef5e5cc84649f9973e85, name:My Mac }
{ platform:macOS, arch:arm64, variant:Designed for [iPad,iPhone], id:61857236334f05728b19ef5e5cc84649f9973e85, name:My Mac }
** BUILD FAILED **
The following build commands failed:
	CompileXIB /Users/admin/builder/spi-builder-workspace/Sources/WWBadgeView/WWBadgeView.xib (in target 'WWBadgeView_WWBadgeView' from project 'WWBadgeView')
	Building workspace WWBadgeView with scheme WWBadgeView
(2 failures)
BUILD FAILURE 6.4 macosXcodebuild