The Swift Package Index logo.Swift Package Index

Build Information

Failed to build Libsql, reference 0.3.2 (f2944a), with Swift 6.4 for tvOS using Xcode 27.0 on 22 Sep 2026 18:40:43 UTC.

Build Command

env DEVELOPER_DIR=/Applications/Xcode-27.0.0-Release.Candidate.app xcrun xcodebuild -IDEClonedSourcePackagesDirPathOverride=$PWD/.dependencies -skipMacroValidation -skipPackagePluginValidation -derivedDataPath $PWD/.derivedData build -scheme Libsql-Package -destination generic/platform=tvOS

Build Log

========================================
RunAll
========================================
Builder version: 5.1.0
Interrupt handler set up.
========================================
Checkout
========================================
Clone URL: https://github.com/tursodatabase/libsql-swift.git
Reference: 0.3.2
Initialized empty Git repository in /Users/admin/builder/spi-builder-workspace/.git/
From https://github.com/tursodatabase/libsql-swift
 * tag               0.3.2      -> FETCH_HEAD
HEAD is now at f2944a4 Merge pull request #8 from tursodatabase/update
Submodule path 'Sources/CLibsql/libsql-c': checked out '2b53e6d88528cf936407d68f22b57f75e9fd3fef'
Submodule 'Sources/CLibsql/libsql-c' (https://github.com/tursodatabase/libsql-c) registered for path 'Sources/CLibsql/libsql-c'
Cloning into '/Users/admin/builder/spi-builder-workspace/Sources/CLibsql/libsql-c'...
Cloned https://github.com/tursodatabase/libsql-swift.git
Revision (git rev-parse @):
f2944a4ea93a20f7d9afcf2913cd4e391e57cd79
SUCCESS checkout https://github.com/tursodatabase/libsql-swift.git at 0.3.2
========================================
Build
========================================
Selected platform:         tvOS
Swift version:             6.4
Building package at path:  $PWD
https://github.com/tursodatabase/libsql-swift.git
Command line invocation:
    /Applications/Xcode-27.0.0-Release.Candidate.app/Contents/Developer/usr/bin/xcodebuild -IDEClonedSourcePackagesDirPathOverride=/Users/admin/builder/spi-builder-workspace/.dependencies -resolvePackageDependencies
Resolve Package Graph
Invalid Exclude '/Users/admin/builder/spi-builder-workspace/Examples/Local/local.db': File not found.Invalid Exclude '/Users/admin/builder/spi-builder-workspace/Examples/Remote/local.db': File not found.Invalid Exclude '/Users/admin/builder/spi-builder-workspace/Examples/Remote/local.db-shm': File not found.Invalid Exclude '/Users/admin/builder/spi-builder-workspace/Examples/Remote/local.db-client_wal_index': File not found.Invalid Exclude '/Users/admin/builder/spi-builder-workspace/Examples/Remote/local.db-wal': File not found.Invalid Exclude '/Users/admin/builder/spi-builder-workspace/Examples/Sync/local.db': File not found.Invalid Exclude '/Users/admin/builder/spi-builder-workspace/Examples/Sync/local.db-shm': File not found.Invalid Exclude '/Users/admin/builder/spi-builder-workspace/Examples/Sync/local.db-wal': File not found.Invalid Exclude '/Users/admin/builder/spi-builder-workspace/Examples/Sync/local.db-client_wal_index': File not found.Invalid Exclude '/Users/admin/builder/spi-builder-workspace/Examples/Transactions/local.db': File not found.
Resolve Package Graph
Invalid Exclude '/Users/admin/builder/spi-builder-workspace/Examples/Local/local.db': File not found.Invalid Exclude '/Users/admin/builder/spi-builder-workspace/Examples/Remote/local.db': File not found.Invalid Exclude '/Users/admin/builder/spi-builder-workspace/Examples/Remote/local.db-shm': File not found.Invalid Exclude '/Users/admin/builder/spi-builder-workspace/Examples/Remote/local.db-client_wal_index': File not found.Invalid Exclude '/Users/admin/builder/spi-builder-workspace/Examples/Remote/local.db-wal': File not found.Invalid Exclude '/Users/admin/builder/spi-builder-workspace/Examples/Sync/local.db-shm': File not found.Invalid Exclude '/Users/admin/builder/spi-builder-workspace/Examples/Sync/local.db-client_wal_index': File not found.Invalid Exclude '/Users/admin/builder/spi-builder-workspace/Examples/Sync/local.db-wal': File not found.Invalid Exclude '/Users/admin/builder/spi-builder-workspace/Examples/Sync/local.db': File not found.Invalid Exclude '/Users/admin/builder/spi-builder-workspace/Examples/Transactions/local.db': File not found.
Resolved source packages:
  Libsql: /Users/admin/builder/spi-builder-workspace
resolved source packages: Libsql
2026-09-22 14:39:54.273 xcodebuild[535:3069] [MT] IDERunDestination: Supported platforms for the buildables in the current scheme is empty.
{
  "dependencies" : [
  ],
  "manifest_display_name" : "Libsql",
  "name" : "Libsql",
  "path" : "/Users/admin/builder/spi-builder-workspace",
  "platforms" : [
    {
      "name" : "ios",
      "version" : "12.0"
    },
    {
      "name" : "macos",
      "version" : "10.13"
    }
  ],
  "products" : [
    {
      "name" : "Libsql",
      "targets" : [
        "Libsql"
      ],
      "type" : {
        "library" : [
          "automatic"
        ]
      }
    },
    {
      "name" : "Query",
      "targets" : [
        "Query"
      ],
      "type" : {
        "executable" : null
      }
    },
    {
      "name" : "Transaction",
      "targets" : [
        "Transaction"
      ],
      "type" : {
        "executable" : null
      }
    },
    {
      "name" : "Batch",
      "targets" : [
        "Batch"
      ],
      "type" : {
        "executable" : null
      }
    },
    {
      "name" : "Vector",
      "targets" : [
        "Vector"
      ],
      "type" : {
        "executable" : null
      }
    },
    {
      "name" : "Transactions",
      "targets" : [
        "Transactions"
      ],
      "type" : {
        "executable" : null
      }
    },
    {
      "name" : "Sync",
      "targets" : [
        "Sync"
      ],
      "type" : {
        "executable" : null
      }
    },
    {
      "name" : "Remote",
      "targets" : [
        "Remote"
      ],
      "type" : {
        "executable" : null
      }
    },
    {
      "name" : "Memory",
      "targets" : [
        "Memory"
      ],
      "type" : {
        "executable" : null
      }
    },
    {
      "name" : "Local",
      "targets" : [
        "Local"
      ],
      "type" : {
        "executable" : null
      }
    }
  ],
  "targets" : [
    {
      "c99name" : "Vector",
      "module_type" : "SwiftTarget",
      "name" : "Vector",
      "path" : "Examples/Vector",
      "product_memberships" : [
        "Vector"
      ],
      "sources" : [
        "main.swift"
      ],
      "target_dependencies" : [
        "Libsql"
      ],
      "type" : "executable"
    },
    {
      "c99name" : "Transactions",
      "module_type" : "SwiftTarget",
      "name" : "Transactions",
      "path" : "Examples/Transactions",
      "product_memberships" : [
        "Transactions"
      ],
      "sources" : [
        "main.swift"
      ],
      "target_dependencies" : [
        "Libsql"
      ],
      "type" : "executable"
    },
    {
      "c99name" : "Transaction",
      "module_type" : "SwiftTarget",
      "name" : "Transaction",
      "path" : "Examples/Transaction",
      "product_memberships" : [
        "Transaction"
      ],
      "sources" : [
        "main.swift"
      ],
      "target_dependencies" : [
        "Libsql"
      ],
      "type" : "executable"
    },
    {
      "c99name" : "Sync",
      "module_type" : "SwiftTarget",
      "name" : "Sync",
      "path" : "Examples/Sync",
      "product_memberships" : [
        "Sync"
      ],
      "sources" : [
        "main.swift"
      ],
      "target_dependencies" : [
        "Libsql"
      ],
      "type" : "executable"
    },
    {
      "c99name" : "Remote",
      "module_type" : "SwiftTarget",
      "name" : "Remote",
      "path" : "Examples/Remote",
      "product_memberships" : [
        "Remote"
      ],
      "sources" : [
        "main.swift"
      ],
      "target_dependencies" : [
        "Libsql"
      ],
      "type" : "executable"
    },
    {
      "c99name" : "Query",
      "module_type" : "SwiftTarget",
      "name" : "Query",
      "path" : "Examples/Query",
      "product_memberships" : [
        "Query"
      ],
      "sources" : [
        "main.swift"
      ],
      "target_dependencies" : [
        "Libsql"
      ],
      "type" : "executable"
    },
    {
      "c99name" : "Memory",
      "module_type" : "SwiftTarget",
      "name" : "Memory",
      "path" : "Examples/Memory",
      "product_memberships" : [
        "Memory"
      ],
      "sources" : [
        "main.swift"
      ],
      "target_dependencies" : [
        "Libsql"
      ],
      "type" : "executable"
    },
    {
      "c99name" : "Local",
      "module_type" : "SwiftTarget",
      "name" : "Local",
      "path" : "Examples/Local",
      "product_memberships" : [
        "Local"
      ],
      "sources" : [
        "main.swift"
      ],
      "target_dependencies" : [
        "Libsql"
      ],
      "type" : "executable"
    },
    {
      "c99name" : "LibsqlTests",
      "module_type" : "SwiftTarget",
      "name" : "LibsqlTests",
      "path" : "Tests/LibsqlTests",
      "sources" : [
        "LibsqlTests.swift"
      ],
      "target_dependencies" : [
        "Libsql"
      ],
      "type" : "test"
    },
    {
      "c99name" : "Libsql",
      "module_type" : "SwiftTarget",
      "name" : "Libsql",
      "path" : "Sources/Libsql",
      "product_memberships" : [
        "Libsql",
        "Query",
        "Transaction",
        "Batch",
        "Vector",
        "Transactions",
        "Sync",
        "Remote",
        "Memory",
        "Local"
      ],
      "sources" : [
        "Libsql.swift"
      ],
      "target_dependencies" : [
        "CLibsql"
      ],
      "type" : "library"
    },
    {
      "c99name" : "CLibsql",
      "module_type" : "BinaryTarget",
      "name" : "CLibsql",
      "path" : "Sources/CLibsql/CLibsql.xcframework",
      "product_memberships" : [
        "Libsql",
        "Query",
        "Transaction",
        "Batch",
        "Vector",
        "Transactions",
        "Sync",
        "Remote",
        "Memory",
        "Local"
      ],
      "sources" : [
      ],
      "type" : "binary"
    },
    {
      "c99name" : "Batch",
      "module_type" : "SwiftTarget",
      "name" : "Batch",
      "path" : "Examples/Batch",
      "product_memberships" : [
        "Batch"
      ],
      "sources" : [
        "main.swift"
      ],
      "target_dependencies" : [
        "Libsql"
      ],
      "type" : "executable"
    }
  ],
  "tools_version" : "5.9"
}
warning: 'spi-builder-workspace': Invalid Exclude '/Users/admin/builder/spi-builder-workspace/Examples/Local/local.db': File not found.
warning: 'spi-builder-workspace': Invalid Exclude '/Users/admin/builder/spi-builder-workspace/Examples/Remote/local.db': File not found.
warning: 'spi-builder-workspace': Invalid Exclude '/Users/admin/builder/spi-builder-workspace/Examples/Remote/local.db-wal': File not found.
warning: 'spi-builder-workspace': Invalid Exclude '/Users/admin/builder/spi-builder-workspace/Examples/Remote/local.db-client_wal_index': File not found.
warning: 'spi-builder-workspace': Invalid Exclude '/Users/admin/builder/spi-builder-workspace/Examples/Remote/local.db-shm': File not found.
warning: 'spi-builder-workspace': Invalid Exclude '/Users/admin/builder/spi-builder-workspace/Examples/Sync/local.db-wal': File not found.
warning: 'spi-builder-workspace': Invalid Exclude '/Users/admin/builder/spi-builder-workspace/Examples/Sync/local.db': File not found.
warning: 'spi-builder-workspace': Invalid Exclude '/Users/admin/builder/spi-builder-workspace/Examples/Sync/local.db-shm': File not found.
warning: 'spi-builder-workspace': Invalid Exclude '/Users/admin/builder/spi-builder-workspace/Examples/Sync/local.db-client_wal_index': File not found.
warning: 'spi-builder-workspace': Invalid Exclude '/Users/admin/builder/spi-builder-workspace/Examples/Transactions/local.db': File not found.
{
  "workspace" : {
    "name" : "Libsql",
    "schemes" : [
      "Batch",
      "Libsql",
      "Libsql-Package",
      "Local",
      "Memory",
      "Query",
      "Remote",
      "Sync",
      "Transaction",
      "Transactions",
      "Vector"
    ]
  }
}
2026-09-22 14:40:35.858 xcodebuild[664:4247] [MT] IDERunDestination: Supported platforms for the buildables in the current scheme is empty.
Running build ...
env DEVELOPER_DIR=/Applications/Xcode-27.0.0-Release.Candidate.app xcrun xcodebuild -IDEClonedSourcePackagesDirPathOverride=$PWD/.dependencies -skipMacroValidation -skipPackagePluginValidation -derivedDataPath $PWD/.derivedData build -scheme Libsql-Package -destination generic/platform=tvOS
Command line invocation:
    /Applications/Xcode-27.0.0-Release.Candidate.app/Contents/Developer/usr/bin/xcodebuild -IDEClonedSourcePackagesDirPathOverride=/Users/admin/builder/spi-builder-workspace/.dependencies -skipMacroValidation -skipPackagePluginValidation -derivedDataPath /Users/admin/builder/spi-builder-workspace/.derivedData build -scheme Libsql-Package -destination generic/platform=tvOS
Resolve Package Graph
Invalid Exclude '/Users/admin/builder/spi-builder-workspace/Examples/Local/local.db': File not found.Invalid Exclude '/Users/admin/builder/spi-builder-workspace/Examples/Remote/local.db-shm': File not found.Invalid Exclude '/Users/admin/builder/spi-builder-workspace/Examples/Remote/local.db-wal': File not found.Invalid Exclude '/Users/admin/builder/spi-builder-workspace/Examples/Remote/local.db-client_wal_index': File not found.Invalid Exclude '/Users/admin/builder/spi-builder-workspace/Examples/Remote/local.db': File not found.Invalid Exclude '/Users/admin/builder/spi-builder-workspace/Examples/Sync/local.db': File not found.Invalid Exclude '/Users/admin/builder/spi-builder-workspace/Examples/Sync/local.db-wal': File not found.Invalid Exclude '/Users/admin/builder/spi-builder-workspace/Examples/Sync/local.db-client_wal_index': File not found.Invalid Exclude '/Users/admin/builder/spi-builder-workspace/Examples/Sync/local.db-shm': File not found.Invalid Exclude '/Users/admin/builder/spi-builder-workspace/Examples/Transactions/local.db': File not found.
Resolved source packages:
  Libsql: /Users/admin/builder/spi-builder-workspace
ComputePackagePrebuildTargetDependencyGraph
Prepare packages
CreateBuildRequest
SendProjectDescription
CreateBuildOperation
ComputeTargetDependencyGraph
note: Building targets in dependency order
note: Target dependency graph (11 targets)
    Target 'Local-product' in project 'Libsql'
        ➜ Explicit dependency on target 'Libsql' in project 'Libsql'
    Target 'Memory-product' in project 'Libsql'
        ➜ Explicit dependency on target 'Libsql' in project 'Libsql'
    Target 'Remote-product' in project 'Libsql'
        ➜ Explicit dependency on target 'Libsql' in project 'Libsql'
    Target 'Sync-product' in project 'Libsql'
        ➜ Explicit dependency on target 'Libsql' in project 'Libsql'
    Target 'Transactions-product' in project 'Libsql'
        ➜ Explicit dependency on target 'Libsql' in project 'Libsql'
    Target 'Vector-product' in project 'Libsql'
        ➜ Explicit dependency on target 'Libsql' in project 'Libsql'
    Target 'Batch-product' in project 'Libsql'
        ➜ Explicit dependency on target 'Libsql' in project 'Libsql'
    Target 'Transaction-product' in project 'Libsql'
        ➜ Explicit dependency on target 'Libsql' in project 'Libsql'
    Target 'Query-product' in project 'Libsql'
        ➜ Explicit dependency on target 'Libsql' in project 'Libsql'
    Target 'Libsql-product' in project 'Libsql'
        ➜ Explicit dependency on target 'Libsql' in project 'Libsql'
    Target 'Libsql' in project 'Libsql' (no dependencies)
GatherProvisioningInputs
CreateBuildDescription
ExecuteExternalTool /Applications/Xcode-27.0.0-Release.Candidate.app/Contents/Developer/Toolchains/XcodeDefault.xctoolchain/usr/bin/swiftc --version
ExecuteExternalTool /Applications/Xcode-27.0.0-Release.Candidate.app/Contents/Developer/Toolchains/XcodeDefault.xctoolchain/usr/bin/clang -v -E -dM -isysroot /Applications/Xcode-27.0.0-Release.Candidate.app/Contents/Developer/Platforms/AppleTVOS.platform/Developer/SDKs/AppleTVOS27.0.sdk -x c -c /dev/null
ExecuteExternalTool /Applications/Xcode-27.0.0-Release.Candidate.app/Contents/Developer/Toolchains/XcodeDefault.xctoolchain/usr/bin/ld -version_details
Build description signature: cf948dd78e7ca0a65f4536acc90cf2eb
Build description path: /Users/admin/builder/spi-builder-workspace/.derivedData/Build/Intermediates.noindex/XCBuildData/cf948dd78e7ca0a65f4536acc90cf2eb.xcbuilddata
/Users/admin/builder/spi-builder-workspace/Sources/CLibsql/CLibsql.xcframework:1:1: error: While building for tvOS, no library for this platform was found in '/Users/admin/builder/spi-builder-workspace/Sources/CLibsql/CLibsql.xcframework'. (in target 'Batch-product' from project 'Libsql')
/Users/admin/builder/spi-builder-workspace/Sources/CLibsql/CLibsql.xcframework:1:1: error: While building for tvOS, no library for this platform was found in '/Users/admin/builder/spi-builder-workspace/Sources/CLibsql/CLibsql.xcframework'. (in target 'Transactions-product' from project 'Libsql')
/Users/admin/builder/spi-builder-workspace/Sources/CLibsql/CLibsql.xcframework:1:1: error: While building for tvOS, no library for this platform was found in '/Users/admin/builder/spi-builder-workspace/Sources/CLibsql/CLibsql.xcframework'. (in target 'Memory-product' from project 'Libsql')
/Users/admin/builder/spi-builder-workspace/Sources/CLibsql/CLibsql.xcframework:1:1: error: While building for tvOS, no library for this platform was found in '/Users/admin/builder/spi-builder-workspace/Sources/CLibsql/CLibsql.xcframework'. (in target 'Sync-product' from project 'Libsql')
/Users/admin/builder/spi-builder-workspace/Sources/CLibsql/CLibsql.xcframework:1:1: error: While building for tvOS, no library for this platform was found in '/Users/admin/builder/spi-builder-workspace/Sources/CLibsql/CLibsql.xcframework'. (in target 'Libsql' from project 'Libsql')
/Users/admin/builder/spi-builder-workspace/Sources/CLibsql/CLibsql.xcframework:1:1: error: While building for tvOS, no library for this platform was found in '/Users/admin/builder/spi-builder-workspace/Sources/CLibsql/CLibsql.xcframework'. (in target 'Vector-product' from project 'Libsql')
/Users/admin/builder/spi-builder-workspace/Sources/CLibsql/CLibsql.xcframework:1:1: error: While building for tvOS, no library for this platform was found in '/Users/admin/builder/spi-builder-workspace/Sources/CLibsql/CLibsql.xcframework'. (in target 'Libsql-product' from project 'Libsql')
/Users/admin/builder/spi-builder-workspace/Sources/CLibsql/CLibsql.xcframework:1:1: error: While building for tvOS, no library for this platform was found in '/Users/admin/builder/spi-builder-workspace/Sources/CLibsql/CLibsql.xcframework'. (in target 'Query-product' from project 'Libsql')
/Users/admin/builder/spi-builder-workspace/Sources/CLibsql/CLibsql.xcframework:1:1: error: While building for tvOS, no library for this platform was found in '/Users/admin/builder/spi-builder-workspace/Sources/CLibsql/CLibsql.xcframework'. (in target 'Local-product' from project 'Libsql')
/Users/admin/builder/spi-builder-workspace/Sources/CLibsql/CLibsql.xcframework:1:1: error: While building for tvOS, no library for this platform was found in '/Users/admin/builder/spi-builder-workspace/Sources/CLibsql/CLibsql.xcframework'. (in target 'Remote-product' from project 'Libsql')
/Users/admin/builder/spi-builder-workspace/Sources/CLibsql/CLibsql.xcframework:1:1: error: While building for tvOS, no library for this platform was found in '/Users/admin/builder/spi-builder-workspace/Sources/CLibsql/CLibsql.xcframework'. (in target 'Transaction-product' from project 'Libsql')
2026-09-22 14:40:37.449 xcodebuild[665:4290] [MT] IDERunDestination: Supported platforms for the buildables in the current scheme is empty.
** BUILD FAILED **
The following build commands failed:
	Building workspace Libsql with scheme Libsql-Package
(1 failure)
Command line invocation:
    /Applications/Xcode-27.0.0-Release.Candidate.app/Contents/Developer/usr/bin/xcodebuild -IDEClonedSourcePackagesDirPathOverride=/Users/admin/builder/spi-builder-workspace/.dependencies -resolvePackageDependencies
Resolve Package Graph
Invalid Exclude '/Users/admin/builder/spi-builder-workspace/Examples/Local/local.db': File not found.Invalid Exclude '/Users/admin/builder/spi-builder-workspace/Examples/Remote/local.db-wal': File not found.Invalid Exclude '/Users/admin/builder/spi-builder-workspace/Examples/Remote/local.db': File not found.Invalid Exclude '/Users/admin/builder/spi-builder-workspace/Examples/Remote/local.db-shm': File not found.Invalid Exclude '/Users/admin/builder/spi-builder-workspace/Examples/Remote/local.db-client_wal_index': File not found.Invalid Exclude '/Users/admin/builder/spi-builder-workspace/Examples/Sync/local.db-client_wal_index': File not found.Invalid Exclude '/Users/admin/builder/spi-builder-workspace/Examples/Sync/local.db-wal': File not found.Invalid Exclude '/Users/admin/builder/spi-builder-workspace/Examples/Sync/local.db': File not found.Invalid Exclude '/Users/admin/builder/spi-builder-workspace/Examples/Sync/local.db-shm': File not found.Invalid Exclude '/Users/admin/builder/spi-builder-workspace/Examples/Transactions/local.db': File not found.
Resolved source packages:
  Libsql: /Users/admin/builder/spi-builder-workspace
resolved source packages: Libsql
2026-09-22 14:40:39.873 xcodebuild[680:4401] [MT] IDERunDestination: Supported platforms for the buildables in the current scheme is empty.
{
  "dependencies" : [
  ],
  "manifest_display_name" : "Libsql",
  "name" : "Libsql",
  "path" : "/Users/admin/builder/spi-builder-workspace",
  "platforms" : [
    {
      "name" : "ios",
      "version" : "12.0"
    },
    {
      "name" : "macos",
      "version" : "10.13"
    }
  ],
  "products" : [
    {
      "name" : "Libsql",
      "targets" : [
        "Libsql"
      ],
      "type" : {
        "library" : [
          "automatic"
        ]
      }
    },
    {
      "name" : "Query",
      "targets" : [
        "Query"
      ],
      "type" : {
        "executable" : null
      }
    },
    {
      "name" : "Transaction",
      "targets" : [
        "Transaction"
      ],
      "type" : {
        "executable" : null
      }
    },
    {
      "name" : "Batch",
      "targets" : [
        "Batch"
      ],
      "type" : {
        "executable" : null
      }
    },
    {
      "name" : "Vector",
      "targets" : [
        "Vector"
      ],
      "type" : {
        "executable" : null
      }
    },
    {
      "name" : "Transactions",
      "targets" : [
        "Transactions"
      ],
      "type" : {
        "executable" : null
      }
    },
    {
      "name" : "Sync",
      "targets" : [
        "Sync"
      ],
      "type" : {
        "executable" : null
      }
    },
    {
      "name" : "Remote",
      "targets" : [
        "Remote"
      ],
      "type" : {
        "executable" : null
      }
    },
    {
      "name" : "Memory",
      "targets" : [
        "Memory"
      ],
      "type" : {
        "executable" : null
      }
    },
    {
      "name" : "Local",
      "targets" : [
        "Local"
      ],
      "type" : {
        "executable" : null
      }
    }
  ],
  "targets" : [
    {
      "c99name" : "Vector",
      "module_type" : "SwiftTarget",
      "name" : "Vector",
      "path" : "Examples/Vector",
      "product_memberships" : [
        "Vector"
      ],
      "sources" : [
        "main.swift"
      ],
      "target_dependencies" : [
        "Libsql"
      ],
      "type" : "executable"
    },
    {
      "c99name" : "Transactions",
      "module_type" : "SwiftTarget",
      "name" : "Transactions",
      "path" : "Examples/Transactions",
      "product_memberships" : [
        "Transactions"
      ],
      "sources" : [
        "main.swift"
      ],
      "target_dependencies" : [
        "Libsql"
      ],
      "type" : "executable"
    },
    {
      "c99name" : "Transaction",
      "module_type" : "SwiftTarget",
      "name" : "Transaction",
      "path" : "Examples/Transaction",
      "product_memberships" : [
        "Transaction"
      ],
      "sources" : [
        "main.swift"
      ],
      "target_dependencies" : [
        "Libsql"
      ],
      "type" : "executable"
    },
    {
      "c99name" : "Sync",
      "module_type" : "SwiftTarget",
      "name" : "Sync",
      "path" : "Examples/Sync",
      "product_memberships" : [
        "Sync"
      ],
      "sources" : [
        "main.swift"
      ],
      "target_dependencies" : [
        "Libsql"
      ],
      "type" : "executable"
    },
    {
      "c99name" : "Remote",
      "module_type" : "SwiftTarget",
      "name" : "Remote",
      "path" : "Examples/Remote",
      "product_memberships" : [
        "Remote"
      ],
      "sources" : [
        "main.swift"
      ],
      "target_dependencies" : [
        "Libsql"
      ],
      "type" : "executable"
    },
    {
      "c99name" : "Query",
      "module_type" : "SwiftTarget",
      "name" : "Query",
      "path" : "Examples/Query",
      "product_memberships" : [
        "Query"
      ],
      "sources" : [
        "main.swift"
      ],
      "target_dependencies" : [
        "Libsql"
      ],
      "type" : "executable"
    },
    {
      "c99name" : "Memory",
      "module_type" : "SwiftTarget",
      "name" : "Memory",
      "path" : "Examples/Memory",
      "product_memberships" : [
        "Memory"
      ],
      "sources" : [
        "main.swift"
      ],
      "target_dependencies" : [
        "Libsql"
      ],
      "type" : "executable"
    },
    {
      "c99name" : "Local",
      "module_type" : "SwiftTarget",
      "name" : "Local",
      "path" : "Examples/Local",
      "product_memberships" : [
        "Local"
      ],
      "sources" : [
        "main.swift"
      ],
      "target_dependencies" : [
        "Libsql"
      ],
      "type" : "executable"
    },
    {
      "c99name" : "LibsqlTests",
      "module_type" : "SwiftTarget",
      "name" : "LibsqlTests",
      "path" : "Tests/LibsqlTests",
      "sources" : [
        "LibsqlTests.swift"
      ],
      "target_dependencies" : [
        "Libsql"
      ],
      "type" : "test"
    },
    {
      "c99name" : "Libsql",
      "module_type" : "SwiftTarget",
      "name" : "Libsql",
      "path" : "Sources/Libsql",
      "product_memberships" : [
        "Libsql",
        "Query",
        "Transaction",
        "Batch",
        "Vector",
        "Transactions",
        "Sync",
        "Remote",
        "Memory",
        "Local"
      ],
      "sources" : [
        "Libsql.swift"
      ],
      "target_dependencies" : [
        "CLibsql"
      ],
      "type" : "library"
    },
    {
      "c99name" : "CLibsql",
      "module_type" : "BinaryTarget",
      "name" : "CLibsql",
      "path" : "Sources/CLibsql/CLibsql.xcframework",
      "product_memberships" : [
        "Libsql",
        "Query",
        "Transaction",
        "Batch",
        "Vector",
        "Transactions",
        "Sync",
        "Remote",
        "Memory",
        "Local"
      ],
      "sources" : [
      ],
      "type" : "binary"
    },
    {
      "c99name" : "Batch",
      "module_type" : "SwiftTarget",
      "name" : "Batch",
      "path" : "Examples/Batch",
      "product_memberships" : [
        "Batch"
      ],
      "sources" : [
        "main.swift"
      ],
      "target_dependencies" : [
        "Libsql"
      ],
      "type" : "executable"
    }
  ],
  "tools_version" : "5.9"
}
warning: 'spi-builder-workspace': Invalid Exclude '/Users/admin/builder/spi-builder-workspace/Examples/Local/local.db': File not found.
warning: 'spi-builder-workspace': Invalid Exclude '/Users/admin/builder/spi-builder-workspace/Examples/Remote/local.db': File not found.
warning: 'spi-builder-workspace': Invalid Exclude '/Users/admin/builder/spi-builder-workspace/Examples/Remote/local.db-client_wal_index': File not found.
warning: 'spi-builder-workspace': Invalid Exclude '/Users/admin/builder/spi-builder-workspace/Examples/Remote/local.db-shm': File not found.
warning: 'spi-builder-workspace': Invalid Exclude '/Users/admin/builder/spi-builder-workspace/Examples/Remote/local.db-wal': File not found.
warning: 'spi-builder-workspace': Invalid Exclude '/Users/admin/builder/spi-builder-workspace/Examples/Sync/local.db-shm': File not found.
warning: 'spi-builder-workspace': Invalid Exclude '/Users/admin/builder/spi-builder-workspace/Examples/Sync/local.db-wal': File not found.
warning: 'spi-builder-workspace': Invalid Exclude '/Users/admin/builder/spi-builder-workspace/Examples/Sync/local.db': File not found.
warning: 'spi-builder-workspace': Invalid Exclude '/Users/admin/builder/spi-builder-workspace/Examples/Sync/local.db-client_wal_index': File not found.
warning: 'spi-builder-workspace': Invalid Exclude '/Users/admin/builder/spi-builder-workspace/Examples/Transactions/local.db': File not found.
{
  "workspace" : {
    "name" : "Libsql",
    "schemes" : [
      "Batch",
      "Libsql",
      "Libsql-Package",
      "Local",
      "Memory",
      "Query",
      "Remote",
      "Sync",
      "Transaction",
      "Transactions",
      "Vector"
    ]
  }
}
2026-09-22 14:40:41.244 xcodebuild[688:4459] [MT] IDERunDestination: Supported platforms for the buildables in the current scheme is empty.
Running build ...
env DEVELOPER_DIR=/Applications/Xcode-27.0.0-Release.Candidate.app xcrun xcodebuild -IDEClonedSourcePackagesDirPathOverride=$PWD/.dependencies -skipMacroValidation -skipPackagePluginValidation -derivedDataPath $PWD/.derivedData build -scheme Libsql-Package -destination generic/platform=tvOS
Command line invocation:
    /Applications/Xcode-27.0.0-Release.Candidate.app/Contents/Developer/usr/bin/xcodebuild -IDEClonedSourcePackagesDirPathOverride=/Users/admin/builder/spi-builder-workspace/.dependencies -skipMacroValidation -skipPackagePluginValidation -derivedDataPath /Users/admin/builder/spi-builder-workspace/.derivedData build -scheme Libsql-Package -destination generic/platform=tvOS
Resolve Package Graph
Invalid Exclude '/Users/admin/builder/spi-builder-workspace/Examples/Local/local.db': File not found.Invalid Exclude '/Users/admin/builder/spi-builder-workspace/Examples/Remote/local.db-wal': File not found.Invalid Exclude '/Users/admin/builder/spi-builder-workspace/Examples/Remote/local.db': File not found.Invalid Exclude '/Users/admin/builder/spi-builder-workspace/Examples/Remote/local.db-client_wal_index': File not found.Invalid Exclude '/Users/admin/builder/spi-builder-workspace/Examples/Remote/local.db-shm': File not found.Invalid Exclude '/Users/admin/builder/spi-builder-workspace/Examples/Sync/local.db-shm': File not found.Invalid Exclude '/Users/admin/builder/spi-builder-workspace/Examples/Sync/local.db': File not found.Invalid Exclude '/Users/admin/builder/spi-builder-workspace/Examples/Sync/local.db-wal': File not found.Invalid Exclude '/Users/admin/builder/spi-builder-workspace/Examples/Sync/local.db-client_wal_index': File not found.Invalid Exclude '/Users/admin/builder/spi-builder-workspace/Examples/Transactions/local.db': File not found.
Resolved source packages:
  Libsql: /Users/admin/builder/spi-builder-workspace
ComputePackagePrebuildTargetDependencyGraph
Prepare packages
CreateBuildRequest
SendProjectDescription
CreateBuildOperation
ComputeTargetDependencyGraph
note: Building targets in dependency order
note: Target dependency graph (11 targets)
    Target 'Local-product' in project 'Libsql'
        ➜ Explicit dependency on target 'Libsql' in project 'Libsql'
    Target 'Memory-product' in project 'Libsql'
        ➜ Explicit dependency on target 'Libsql' in project 'Libsql'
    Target 'Remote-product' in project 'Libsql'
        ➜ Explicit dependency on target 'Libsql' in project 'Libsql'
    Target 'Sync-product' in project 'Libsql'
        ➜ Explicit dependency on target 'Libsql' in project 'Libsql'
    Target 'Transactions-product' in project 'Libsql'
        ➜ Explicit dependency on target 'Libsql' in project 'Libsql'
    Target 'Vector-product' in project 'Libsql'
        ➜ Explicit dependency on target 'Libsql' in project 'Libsql'
    Target 'Batch-product' in project 'Libsql'
        ➜ Explicit dependency on target 'Libsql' in project 'Libsql'
    Target 'Transaction-product' in project 'Libsql'
        ➜ Explicit dependency on target 'Libsql' in project 'Libsql'
    Target 'Query-product' in project 'Libsql'
        ➜ Explicit dependency on target 'Libsql' in project 'Libsql'
    Target 'Libsql-product' in project 'Libsql'
        ➜ Explicit dependency on target 'Libsql' in project 'Libsql'
    Target 'Libsql' in project 'Libsql' (no dependencies)
GatherProvisioningInputs
CreateBuildDescription
/Users/admin/builder/spi-builder-workspace/Sources/CLibsql/CLibsql.xcframework:1:1: error: While building for tvOS, no library for this platform was found in '/Users/admin/builder/spi-builder-workspace/Sources/CLibsql/CLibsql.xcframework'. (in target 'Vector-product' from project 'Libsql')
/Users/admin/builder/spi-builder-workspace/Sources/CLibsql/CLibsql.xcframework:1:1: error: While building for tvOS, no library for this platform was found in '/Users/admin/builder/spi-builder-workspace/Sources/CLibsql/CLibsql.xcframework'. (in target 'Libsql-product' from project 'Libsql')
/Users/admin/builder/spi-builder-workspace/Sources/CLibsql/CLibsql.xcframework:1:1: error: While building for tvOS, no library for this platform was found in '/Users/admin/builder/spi-builder-workspace/Sources/CLibsql/CLibsql.xcframework'. (in target 'Batch-product' from project 'Libsql')
/Users/admin/builder/spi-builder-workspace/Sources/CLibsql/CLibsql.xcframework:1:1: error: While building for tvOS, no library for this platform was found in '/Users/admin/builder/spi-builder-workspace/Sources/CLibsql/CLibsql.xcframework'. (in target 'Sync-product' from project 'Libsql')
/Users/admin/builder/spi-builder-workspace/Sources/CLibsql/CLibsql.xcframework:1:1: error: While building for tvOS, no library for this platform was found in '/Users/admin/builder/spi-builder-workspace/Sources/CLibsql/CLibsql.xcframework'. (in target 'Libsql' from project 'Libsql')
/Users/admin/builder/spi-builder-workspace/Sources/CLibsql/CLibsql.xcframework:1:1: error: While building for tvOS, no library for this platform was found in '/Users/admin/builder/spi-builder-workspace/Sources/CLibsql/CLibsql.xcframework'. (in target 'Memory-product' from project 'Libsql')
/Users/admin/builder/spi-builder-workspace/Sources/CLibsql/CLibsql.xcframework:1:1: error: While building for tvOS, no library for this platform was found in '/Users/admin/builder/spi-builder-workspace/Sources/CLibsql/CLibsql.xcframework'. (in target 'Remote-product' from project 'Libsql')
/Users/admin/builder/spi-builder-workspace/Sources/CLibsql/CLibsql.xcframework:1:1: error: While building for tvOS, no library for this platform was found in '/Users/admin/builder/spi-builder-workspace/Sources/CLibsql/CLibsql.xcframework'. (in target 'Local-product' from project 'Libsql')
/Users/admin/builder/spi-builder-workspace/Sources/CLibsql/CLibsql.xcframework:1:1: error: While building for tvOS, no library for this platform was found in '/Users/admin/builder/spi-builder-workspace/Sources/CLibsql/CLibsql.xcframework'. (in target 'Query-product' from project 'Libsql')
/Users/admin/builder/spi-builder-workspace/Sources/CLibsql/CLibsql.xcframework:1:1: error: While building for tvOS, no library for this platform was found in '/Users/admin/builder/spi-builder-workspace/Sources/CLibsql/CLibsql.xcframework'. (in target 'Transactions-product' from project 'Libsql')
/Users/admin/builder/spi-builder-workspace/Sources/CLibsql/CLibsql.xcframework:1:1: error: While building for tvOS, no library for this platform was found in '/Users/admin/builder/spi-builder-workspace/Sources/CLibsql/CLibsql.xcframework'. (in target 'Transaction-product' from project 'Libsql')
2026-09-22 14:40:42.239 xcodebuild[689:4481] [MT] IDERunDestination: Supported platforms for the buildables in the current scheme is empty.
** BUILD FAILED **
The following build commands failed:
	Building workspace Libsql with scheme Libsql-Package
(1 failure)
BUILD FAILURE 6.4 tvOS