Build Information
Failed to build w3w-swift-voice-api, reference v2.0.0 (fa5849), with Swift 6.4 for tvOS using Xcode 27.0 on 21 Sep 2026 11:32:20 UTC.
Build Command
env DEVELOPER_DIR=/Applications/Xcode-27.0.0-Release.Candidate.app xcrun xcodebuild -IDEClonedSourcePackagesDirPathOverride=$PWD/.dependencies -skipMacroValidation -skipPackagePluginValidation -derivedDataPath $PWD/.derivedData build -scheme w3w-swift-voice-api -destination generic/platform=tvOSBuild Log
========================================
RunAll
========================================
Builder version: 5.1.0
Interrupt handler set up.
========================================
Checkout
========================================
Clone URL: https://github.com/what3words/w3w-swift-voice-api.git
Reference: v2.0.0
Initialized empty Git repository in /Users/admin/builder/spi-builder-workspace/.git/
From https://github.com/what3words/w3w-swift-voice-api
* tag v2.0.0 -> FETCH_HEAD
HEAD is now at fa5849a added README
Cloned https://github.com/what3words/w3w-swift-voice-api.git
Revision (git rev-parse @):
fa5849ae926e1b5f85198ca3d4d52ae2c9446cd5
SUCCESS checkout https://github.com/what3words/w3w-swift-voice-api.git at v2.0.0
========================================
Build
========================================
Selected platform: tvOS
Swift version: 6.4
Building package at path: $PWD
https://github.com/what3words/w3w-swift-voice-api.git
Command line invocation:
/Applications/Xcode-27.0.0-Release.Candidate.app/Contents/Developer/usr/bin/xcodebuild -IDEClonedSourcePackagesDirPathOverride=/Users/admin/builder/spi-builder-workspace/.dependencies -resolvePackageDependencies
Resolve Package Graph
Fetching from https://github.com/what3words/w3w-swift-core.git
Creating working copy of package ‘w3w-swift-core’
Checking out 1.5.0 of package ‘w3w-swift-core’
Resolve Package Graph
Resolved source packages:
w3w-swift-core: https://github.com/what3words/w3w-swift-core.git @ 1.5.0
w3w-swift-voice-api: /Users/admin/builder/spi-builder-workspace
resolved source packages: w3w-swift-core, w3w-swift-voice-api
2026-09-21 07:31:26.621 xcodebuild[528:3020] [MT] IDERunDestination: Supported platforms for the buildables in the current scheme is empty.
{
"dependencies" : [
{
"identity" : "w3w-swift-core",
"requirement" : {
"range" : [
{
"lower_bound" : "1.0.0",
"upper_bound" : "2.0.0"
}
]
},
"type" : "sourceControl",
"url" : "https://github.com/what3words/w3w-swift-core.git"
}
],
"manifest_display_name" : "w3w-swift-voice-api",
"name" : "w3w-swift-voice-api",
"path" : "/Users/admin/builder/spi-builder-workspace",
"platforms" : [
{
"name" : "macos",
"version" : "10.12"
},
{
"name" : "ios",
"version" : "10.0"
},
{
"name" : "tvos",
"version" : "10.0"
},
{
"name" : "watchos",
"version" : "2.0"
}
],
"products" : [
{
"name" : "W3WSwiftVoiceApi",
"targets" : [
"W3WSwiftVoiceApi"
],
"type" : {
"library" : [
"automatic"
]
}
}
],
"targets" : [
{
"c99name" : "w3w_swift_wrapper_voiceTests",
"module_type" : "SwiftTarget",
"name" : "w3w-swift-wrapper-voiceTests",
"path" : "Tests/w3w-swift-wrapper-voiceTests",
"sources" : [
"w3w_swift_wrapperTests.swift"
],
"target_dependencies" : [
"W3WSwiftVoiceApi"
],
"type" : "test"
},
{
"c99name" : "W3WSwiftVoiceApi",
"module_type" : "SwiftTarget",
"name" : "W3WSwiftVoiceApi",
"path" : "Sources/W3WSwiftVoiceApi",
"product_dependencies" : [
"W3WSwiftCore"
],
"product_memberships" : [
"W3WSwiftVoiceApi"
],
"sources" : [
"Export.swift",
"Extensions/W3WError.swift",
"Extensions/W3WVoiceSuggestion.swift",
"Json/JsonVoiceError.swift",
"Json/JsonVoiceLanguage.swift",
"Json/JsonVoiceLanguages.swift",
"Json/JsonVoiceResponse.swift",
"Json/JsonVoiceSuggestion.swift",
"Json/W3WJsonVoiceError.swift",
"Network/W3WApiCall.swift",
"Network/W3WVoiceSocket.swift",
"Network/W3WebSocket.swift",
"Types/W3WTypes.swift",
"W3WSettings.swift",
"W3WVoiceApi.swift",
"WatchOS/W3WVoiceUpload.swift"
],
"type" : "library"
}
],
"tools_version" : "5.6"
}
{
"workspace" : {
"name" : "w3w-swift-voice-api",
"schemes" : [
"w3w-swift-voice-api"
]
}
}
2026-09-21 07:32:08.023 xcodebuild[683:4273] [MT] IDERunDestination: Supported platforms for the buildables in the current scheme is empty.
Running build ...
env DEVELOPER_DIR=/Applications/Xcode-27.0.0-Release.Candidate.app xcrun xcodebuild -IDEClonedSourcePackagesDirPathOverride=$PWD/.dependencies -skipMacroValidation -skipPackagePluginValidation -derivedDataPath $PWD/.derivedData build -scheme w3w-swift-voice-api -destination generic/platform=tvOS
Command line invocation:
/Applications/Xcode-27.0.0-Release.Candidate.app/Contents/Developer/usr/bin/xcodebuild -IDEClonedSourcePackagesDirPathOverride=/Users/admin/builder/spi-builder-workspace/.dependencies -skipMacroValidation -skipPackagePluginValidation -derivedDataPath /Users/admin/builder/spi-builder-workspace/.derivedData build -scheme w3w-swift-voice-api -destination generic/platform=tvOS
Resolve Package Graph
Resolve Package Graph
Resolved source packages:
w3w-swift-voice-api: /Users/admin/builder/spi-builder-workspace
w3w-swift-core: https://github.com/what3words/w3w-swift-core.git @ 1.5.0
ComputePackagePrebuildTargetDependencyGraph
Prepare packages
CreateBuildRequest
SendProjectDescription
CreateBuildOperation
ComputeTargetDependencyGraph
note: Building targets in dependency order
note: Target dependency graph (4 targets)
Target 'W3WSwiftVoiceApi-product' in project 'w3w-swift-voice-api'
➜ Explicit dependency on target 'W3WSwiftVoiceApi' in project 'w3w-swift-voice-api'
➜ Explicit dependency on target 'W3WSwiftCore-product' in project 'w3w-swift-core'
Target 'W3WSwiftVoiceApi' in project 'w3w-swift-voice-api'
➜ Explicit dependency on target 'W3WSwiftCore-product' in project 'w3w-swift-core'
Target 'W3WSwiftCore-product' in project 'w3w-swift-core'
➜ Explicit dependency on target 'W3WSwiftCore' in project 'w3w-swift-core'
Target 'W3WSwiftCore' in project 'w3w-swift-core' (no dependencies)
GatherProvisioningInputs
CreateBuildDescription
ExecuteExternalTool /Applications/Xcode-27.0.0-Release.Candidate.app/Contents/Developer/Toolchains/XcodeDefault.xctoolchain/usr/bin/clang -v -E -dM -isysroot /Applications/Xcode-27.0.0-Release.Candidate.app/Contents/Developer/Platforms/AppleTVOS.platform/Developer/SDKs/AppleTVOS27.0.sdk -x c -c /dev/null
ExecuteExternalTool /Applications/Xcode-27.0.0-Release.Candidate.app/Contents/Developer/Toolchains/XcodeDefault.xctoolchain/usr/bin/swiftc --version
ExecuteExternalTool /Applications/Xcode-27.0.0-Release.Candidate.app/Contents/Developer/Toolchains/XcodeDefault.xctoolchain/usr/bin/ld -version_details
Build description signature: bb0fffc157977700678b3fc1938f35c2
Build description path: /Users/admin/builder/spi-builder-workspace/.derivedData/Build/Intermediates.noindex/XCBuildData/bb0fffc157977700678b3fc1938f35c2.xcbuilddata
CreateBuildDirectory /Users/admin/builder/spi-builder-workspace/.derivedData/SDKExplicitPrecompiledModules
cd /Users/admin/builder/spi-builder-workspace/.swiftpm/xcode
builtin-create-build-directory /Users/admin/builder/spi-builder-workspace/.derivedData/SDKExplicitPrecompiledModules
CreateBuildDirectory /Users/admin/builder/spi-builder-workspace/.derivedData/ModuleCache.noindex
cd /Users/admin/builder/spi-builder-workspace/.swiftpm/xcode
builtin-create-build-directory /Users/admin/builder/spi-builder-workspace/.derivedData/ModuleCache.noindex
CreateBuildDirectory /Users/admin/builder/spi-builder-workspace/.derivedData/CompilationCache.noindex
cd /Users/admin/builder/spi-builder-workspace/.swiftpm/xcode
builtin-create-build-directory /Users/admin/builder/spi-builder-workspace/.derivedData/CompilationCache.noindex
ClangStatCache /Applications/Xcode-27.0.0-Release.Candidate.app/Contents/Developer/Toolchains/XcodeDefault.xctoolchain/usr/bin/clang-stat-cache /Applications/Xcode-27.0.0-Release.Candidate.app/Contents/Developer/Platforms/AppleTVOS.platform/Developer/SDKs/AppleTVOS27.0.sdk /Users/admin/builder/spi-builder-workspace/.derivedData/SDKStatCaches.noindex/appletvos27.0-24J360-e829b21a6f8c9b70876ba0858053c044b32bfd8d43560033f8d89884cdb90028.sdkstatcache
cd /Users/admin/builder/spi-builder-workspace/.swiftpm/xcode
/Applications/Xcode-27.0.0-Release.Candidate.app/Contents/Developer/Toolchains/XcodeDefault.xctoolchain/usr/bin/clang-stat-cache /Applications/Xcode-27.0.0-Release.Candidate.app/Contents/Developer/Platforms/AppleTVOS.platform/Developer/SDKs/AppleTVOS27.0.sdk -o /Users/admin/builder/spi-builder-workspace/.derivedData/SDKStatCaches.noindex/appletvos27.0-24J360-e829b21a6f8c9b70876ba0858053c044b32bfd8d43560033f8d89884cdb90028.sdkstatcache
CreateBuildDirectory /Users/admin/builder/spi-builder-workspace/.derivedData/Build/Intermediates.noindex
cd /Users/admin/builder/spi-builder-workspace/.swiftpm/xcode
builtin-create-build-directory /Users/admin/builder/spi-builder-workspace/.derivedData/Build/Intermediates.noindex
CreateBuildDirectory /Users/admin/builder/spi-builder-workspace/.derivedData/Build/Products
cd /Users/admin/builder/spi-builder-workspace/.swiftpm/xcode
builtin-create-build-directory /Users/admin/builder/spi-builder-workspace/.derivedData/Build/Products
CreateBuildDirectory /Users/admin/builder/spi-builder-workspace/.derivedData/Build/Intermediates.noindex/PrecompiledHeaders
cd /Users/admin/builder/spi-builder-workspace/.swiftpm/xcode
builtin-create-build-directory /Users/admin/builder/spi-builder-workspace/.derivedData/Build/Intermediates.noindex/PrecompiledHeaders
CreateBuildDirectory /Users/admin/builder/spi-builder-workspace/.derivedData/Build/Intermediates.noindex/SwiftExplicitPrecompiledModules
cd /Users/admin/builder/spi-builder-workspace/.swiftpm/xcode
builtin-create-build-directory /Users/admin/builder/spi-builder-workspace/.derivedData/Build/Intermediates.noindex/SwiftExplicitPrecompiledModules
CreateBuildDirectory /Users/admin/builder/spi-builder-workspace/.derivedData/Build/Intermediates.noindex/ExplicitPrecompiledModules
cd /Users/admin/builder/spi-builder-workspace/.swiftpm/xcode
builtin-create-build-directory /Users/admin/builder/spi-builder-workspace/.derivedData/Build/Intermediates.noindex/ExplicitPrecompiledModules
CreateBuildDirectory /Users/admin/builder/spi-builder-workspace/.derivedData/Build/Products/Debug-appletvos
cd /Users/admin/builder/spi-builder-workspace/.swiftpm/xcode
builtin-create-build-directory /Users/admin/builder/spi-builder-workspace/.derivedData/Build/Products/Debug-appletvos
CreateBuildDirectory /Users/admin/builder/spi-builder-workspace/.derivedData/Build/Intermediates.noindex/EagerLinkingTBDs/Debug-appletvos
cd /Users/admin/builder/spi-builder-workspace/.swiftpm/xcode
builtin-create-build-directory /Users/admin/builder/spi-builder-workspace/.derivedData/Build/Intermediates.noindex/EagerLinkingTBDs/Debug-appletvos
CreateBuildDirectory /Users/admin/builder/spi-builder-workspace/.derivedData/Build/Products/Debug-appletvos/PackageFrameworks
cd /Users/admin/builder/spi-builder-workspace/.swiftpm/xcode
builtin-create-build-directory /Users/admin/builder/spi-builder-workspace/.derivedData/Build/Products/Debug-appletvos/PackageFrameworks
WriteAuxiliaryFile /Users/admin/builder/spi-builder-workspace/.derivedData/Build/Intermediates.noindex/w3w-swift-voice-api.build/Debug-appletvos/W3WSwiftVoiceApi-t.build/W3WSwiftVoiceApi.modulemap (in target 'W3WSwiftVoiceApi' from project 'w3w-swift-voice-api')
cd /Users/admin/builder/spi-builder-workspace
write-file /Users/admin/builder/spi-builder-workspace/.derivedData/Build/Intermediates.noindex/w3w-swift-voice-api.build/Debug-appletvos/W3WSwiftVoiceApi-t.build/W3WSwiftVoiceApi.modulemap
WriteAuxiliaryFile /Users/admin/builder/spi-builder-workspace/.derivedData/Build/Intermediates.noindex/w3w-swift-voice-api.build/Debug-appletvos/W3WSwiftVoiceApi-t.build/W3WSwiftVoiceApi.DependencyMetadataFileList (in target 'W3WSwiftVoiceApi' from project 'w3w-swift-voice-api')
cd /Users/admin/builder/spi-builder-workspace
write-file /Users/admin/builder/spi-builder-workspace/.derivedData/Build/Intermediates.noindex/w3w-swift-voice-api.build/Debug-appletvos/W3WSwiftVoiceApi-t.build/W3WSwiftVoiceApi.DependencyMetadataFileList
WriteAuxiliaryFile /Users/admin/builder/spi-builder-workspace/.derivedData/Build/Intermediates.noindex/w3w-swift-voice-api.build/Debug-appletvos/W3WSwiftVoiceApi-t.build/W3WSwiftVoiceApi.DependencyStaticMetadataFileList (in target 'W3WSwiftVoiceApi' from project 'w3w-swift-voice-api')
cd /Users/admin/builder/spi-builder-workspace
write-file /Users/admin/builder/spi-builder-workspace/.derivedData/Build/Intermediates.noindex/w3w-swift-voice-api.build/Debug-appletvos/W3WSwiftVoiceApi-t.build/W3WSwiftVoiceApi.DependencyStaticMetadataFileList
WriteAuxiliaryFile /Users/admin/builder/spi-builder-workspace/.derivedData/Build/Intermediates.noindex/w3w-swift-core.build/Debug-appletvos/W3WSwiftCore-t.build/W3WSwiftCore.DependencyStaticMetadataFileList (in target 'W3WSwiftCore' from project 'w3w-swift-core')
cd /Users/admin/builder/spi-builder-workspace/.dependencies/checkouts/w3w-swift-core
write-file /Users/admin/builder/spi-builder-workspace/.derivedData/Build/Intermediates.noindex/w3w-swift-core.build/Debug-appletvos/W3WSwiftCore-t.build/W3WSwiftCore.DependencyStaticMetadataFileList
WriteAuxiliaryFile /Users/admin/builder/spi-builder-workspace/.derivedData/Build/Intermediates.noindex/w3w-swift-core.build/Debug-appletvos/W3WSwiftCore-t.build/W3WSwiftCore.modulemap (in target 'W3WSwiftCore' from project 'w3w-swift-core')
cd /Users/admin/builder/spi-builder-workspace/.dependencies/checkouts/w3w-swift-core
write-file /Users/admin/builder/spi-builder-workspace/.derivedData/Build/Intermediates.noindex/w3w-swift-core.build/Debug-appletvos/W3WSwiftCore-t.build/W3WSwiftCore.modulemap
WriteAuxiliaryFile /Users/admin/builder/spi-builder-workspace/.derivedData/Build/Intermediates.noindex/w3w-swift-voice-api.build/Debug-appletvos/W3WSwiftVoiceApi-t.build/Objects-normal/arm64/W3WSwiftVoiceApi_const_extract_protocols.json (in target 'W3WSwiftVoiceApi' from project 'w3w-swift-voice-api')
cd /Users/admin/builder/spi-builder-workspace
write-file /Users/admin/builder/spi-builder-workspace/.derivedData/Build/Intermediates.noindex/w3w-swift-voice-api.build/Debug-appletvos/W3WSwiftVoiceApi-t.build/Objects-normal/arm64/W3WSwiftVoiceApi_const_extract_protocols.json
WriteAuxiliaryFile /Users/admin/builder/spi-builder-workspace/.derivedData/Build/Intermediates.noindex/w3w-swift-core.build/Debug-appletvos/W3WSwiftCore-t.build/Objects-normal/arm64/W3WSwiftCore_const_extract_protocols.json (in target 'W3WSwiftCore' from project 'w3w-swift-core')
cd /Users/admin/builder/spi-builder-workspace/.dependencies/checkouts/w3w-swift-core
write-file /Users/admin/builder/spi-builder-workspace/.derivedData/Build/Intermediates.noindex/w3w-swift-core.build/Debug-appletvos/W3WSwiftCore-t.build/Objects-normal/arm64/W3WSwiftCore_const_extract_protocols.json
WriteAuxiliaryFile /Users/admin/builder/spi-builder-workspace/.derivedData/Build/Intermediates.noindex/w3w-swift-core.build/Debug-appletvos/W3WSwiftCore-t.build/Objects-normal/arm64/W3WSwiftCore.SwiftConstValuesFileList (in target 'W3WSwiftCore' from project 'w3w-swift-core')
cd /Users/admin/builder/spi-builder-workspace/.dependencies/checkouts/w3w-swift-core
write-file /Users/admin/builder/spi-builder-workspace/.derivedData/Build/Intermediates.noindex/w3w-swift-core.build/Debug-appletvos/W3WSwiftCore-t.build/Objects-normal/arm64/W3WSwiftCore.SwiftConstValuesFileList
WriteAuxiliaryFile /Users/admin/builder/spi-builder-workspace/.derivedData/Build/Intermediates.noindex/w3w-swift-core.build/Debug-appletvos/W3WSwiftCore-t.build/Objects-normal/arm64/W3WSwiftCore.LinkFileList (in target 'W3WSwiftCore' from project 'w3w-swift-core')
cd /Users/admin/builder/spi-builder-workspace/.dependencies/checkouts/w3w-swift-core
write-file /Users/admin/builder/spi-builder-workspace/.derivedData/Build/Intermediates.noindex/w3w-swift-core.build/Debug-appletvos/W3WSwiftCore-t.build/Objects-normal/arm64/W3WSwiftCore.LinkFileList
WriteAuxiliaryFile /Users/admin/builder/spi-builder-workspace/.derivedData/Build/Intermediates.noindex/w3w-swift-voice-api.build/Debug-appletvos/W3WSwiftVoiceApi-t.build/Objects-normal/arm64/W3WSwiftVoiceApi.SwiftConstValuesFileList (in target 'W3WSwiftVoiceApi' from project 'w3w-swift-voice-api')
cd /Users/admin/builder/spi-builder-workspace
write-file /Users/admin/builder/spi-builder-workspace/.derivedData/Build/Intermediates.noindex/w3w-swift-voice-api.build/Debug-appletvos/W3WSwiftVoiceApi-t.build/Objects-normal/arm64/W3WSwiftVoiceApi.SwiftConstValuesFileList
WriteAuxiliaryFile /Users/admin/builder/spi-builder-workspace/.derivedData/Build/Intermediates.noindex/w3w-swift-voice-api.build/Debug-appletvos/W3WSwiftVoiceApi-t.build/Objects-normal/arm64/W3WSwiftVoiceApi.LinkFileList (in target 'W3WSwiftVoiceApi' from project 'w3w-swift-voice-api')
cd /Users/admin/builder/spi-builder-workspace
write-file /Users/admin/builder/spi-builder-workspace/.derivedData/Build/Intermediates.noindex/w3w-swift-voice-api.build/Debug-appletvos/W3WSwiftVoiceApi-t.build/Objects-normal/arm64/W3WSwiftVoiceApi.LinkFileList
WriteAuxiliaryFile /Users/admin/builder/spi-builder-workspace/.derivedData/Build/Intermediates.noindex/w3w-swift-voice-api.build/Debug-appletvos/W3WSwiftVoiceApi-t.build/Objects-normal/arm64/W3WSwiftVoiceApi.SwiftFileList (in target 'W3WSwiftVoiceApi' from project 'w3w-swift-voice-api')
cd /Users/admin/builder/spi-builder-workspace
write-file /Users/admin/builder/spi-builder-workspace/.derivedData/Build/Intermediates.noindex/w3w-swift-voice-api.build/Debug-appletvos/W3WSwiftVoiceApi-t.build/Objects-normal/arm64/W3WSwiftVoiceApi.SwiftFileList
WriteAuxiliaryFile /Users/admin/builder/spi-builder-workspace/.derivedData/Build/Intermediates.noindex/w3w-swift-voice-api.build/Debug-appletvos/W3WSwiftVoiceApi-t.build/Objects-normal/arm64/W3WSwiftVoiceApi-OutputFileMap.json (in target 'W3WSwiftVoiceApi' from project 'w3w-swift-voice-api')
cd /Users/admin/builder/spi-builder-workspace
write-file /Users/admin/builder/spi-builder-workspace/.derivedData/Build/Intermediates.noindex/w3w-swift-voice-api.build/Debug-appletvos/W3WSwiftVoiceApi-t.build/Objects-normal/arm64/W3WSwiftVoiceApi-OutputFileMap.json
WriteAuxiliaryFile /Users/admin/builder/spi-builder-workspace/.derivedData/Build/Intermediates.noindex/w3w-swift-core.build/Debug-appletvos/W3WSwiftCore-t.build/W3WSwiftCore.DependencyMetadataFileList (in target 'W3WSwiftCore' from project 'w3w-swift-core')
cd /Users/admin/builder/spi-builder-workspace/.dependencies/checkouts/w3w-swift-core
write-file /Users/admin/builder/spi-builder-workspace/.derivedData/Build/Intermediates.noindex/w3w-swift-core.build/Debug-appletvos/W3WSwiftCore-t.build/W3WSwiftCore.DependencyMetadataFileList
WriteAuxiliaryFile /Users/admin/builder/spi-builder-workspace/.derivedData/Build/Intermediates.noindex/w3w-swift-core.build/Debug-appletvos/W3WSwiftCore-t.build/Objects-normal/arm64/W3WSwiftCore.SwiftFileList (in target 'W3WSwiftCore' from project 'w3w-swift-core')
cd /Users/admin/builder/spi-builder-workspace/.dependencies/checkouts/w3w-swift-core
write-file /Users/admin/builder/spi-builder-workspace/.derivedData/Build/Intermediates.noindex/w3w-swift-core.build/Debug-appletvos/W3WSwiftCore-t.build/Objects-normal/arm64/W3WSwiftCore.SwiftFileList
Copy /Users/admin/builder/spi-builder-workspace/.derivedData/Build/Intermediates.noindex/GeneratedModuleMaps-appletvos/W3WSwiftVoiceApi.modulemap /Users/admin/builder/spi-builder-workspace/.derivedData/Build/Intermediates.noindex/w3w-swift-voice-api.build/Debug-appletvos/W3WSwiftVoiceApi-t.build/W3WSwiftVoiceApi.modulemap (in target 'W3WSwiftVoiceApi' from project 'w3w-swift-voice-api')
cd /Users/admin/builder/spi-builder-workspace
builtin-copy -exclude .DS_Store -exclude CVS -exclude .svn -exclude .git -exclude .hg -resolve-src-symlinks /Users/admin/builder/spi-builder-workspace/.derivedData/Build/Intermediates.noindex/w3w-swift-voice-api.build/Debug-appletvos/W3WSwiftVoiceApi-t.build/W3WSwiftVoiceApi.modulemap /Users/admin/builder/spi-builder-workspace/.derivedData/Build/Intermediates.noindex/GeneratedModuleMaps-appletvos
WriteAuxiliaryFile /Users/admin/builder/spi-builder-workspace/.derivedData/Build/Intermediates.noindex/w3w-swift-core.build/Debug-appletvos/W3WSwiftCore-t.build/Objects-normal/arm64/W3WSwiftCore-OutputFileMap.json (in target 'W3WSwiftCore' from project 'w3w-swift-core')
cd /Users/admin/builder/spi-builder-workspace/.dependencies/checkouts/w3w-swift-core
write-file /Users/admin/builder/spi-builder-workspace/.derivedData/Build/Intermediates.noindex/w3w-swift-core.build/Debug-appletvos/W3WSwiftCore-t.build/Objects-normal/arm64/W3WSwiftCore-OutputFileMap.json
Copy /Users/admin/builder/spi-builder-workspace/.derivedData/Build/Intermediates.noindex/GeneratedModuleMaps-appletvos/W3WSwiftCore.modulemap /Users/admin/builder/spi-builder-workspace/.derivedData/Build/Intermediates.noindex/w3w-swift-core.build/Debug-appletvos/W3WSwiftCore-t.build/W3WSwiftCore.modulemap (in target 'W3WSwiftCore' from project 'w3w-swift-core')
cd /Users/admin/builder/spi-builder-workspace/.dependencies/checkouts/w3w-swift-core
builtin-copy -exclude .DS_Store -exclude CVS -exclude .svn -exclude .git -exclude .hg -resolve-src-symlinks /Users/admin/builder/spi-builder-workspace/.derivedData/Build/Intermediates.noindex/w3w-swift-core.build/Debug-appletvos/W3WSwiftCore-t.build/W3WSwiftCore.modulemap /Users/admin/builder/spi-builder-workspace/.derivedData/Build/Intermediates.noindex/GeneratedModuleMaps-appletvos
SwiftDriver W3WSwiftCore normal arm64 com.apple.xcode.tools.swift.compiler (in target 'W3WSwiftCore' from project 'w3w-swift-core')
cd /Users/admin/builder/spi-builder-workspace/.swiftpm/xcode
builtin-SwiftDriver -- /Applications/Xcode-27.0.0-Release.Candidate.app/Contents/Developer/Toolchains/XcodeDefault.xctoolchain/usr/bin/swiftc -parse-as-library -module-name W3WSwiftCore -Onone @/Users/admin/builder/spi-builder-workspace/.derivedData/Build/Intermediates.noindex/w3w-swift-core.build/Debug-appletvos/W3WSwiftCore-t.build/Objects-normal/arm64/W3WSwiftCore.SwiftFileList -DSWIFT_PACKAGE -DDEBUG -DSWIFT_MODULE_RESOURCE_BUNDLE_UNAVAILABLE -DXcode -plugin-path /Applications/Xcode-27.0.0-Release.Candidate.app/Contents/Developer/Toolchains/XcodeDefault.xctoolchain/usr/lib/swift/host/plugins/testing -enable-experimental-feature DebugDescriptionMacro -sdk /Applications/Xcode-27.0.0-Release.Candidate.app/Contents/Developer/Platforms/AppleTVOS.platform/Developer/SDKs/AppleTVOS27.0.sdk -target arm64-apple-tvos15.0 -g -module-cache-path /Users/admin/builder/spi-builder-workspace/.derivedData/ModuleCache.noindex -Xfrontend -serialize-debugging-options -profile-coverage-mapping -profile-generate -enable-testing -suppress-warnings -index-store-path /Users/admin/builder/spi-builder-workspace/.derivedData/Index.noindex/DataStore -Xcc -D_LIBCPP_HARDENING_MODE\=_LIBCPP_HARDENING_MODE_DEBUG -swift-version 5 -I /Users/admin/builder/spi-builder-workspace/.derivedData/Build/Products/Debug-appletvos -Isystem /Applications/Xcode-27.0.0-Release.Candidate.app/Contents/Developer/Platforms/AppleTVOS.platform/Developer/usr/lib -F /Users/admin/builder/spi-builder-workspace/.derivedData/Build/Products/Debug-appletvos -F /Applications/Xcode-27.0.0-Release.Candidate.app/Contents/Developer/Platforms/AppleTVOS.platform/Developer/Library/Frameworks -F /Applications/Xcode-27.0.0-Release.Candidate.app/Contents/Developer/Platforms/AppleTVOS.platform/Developer/SDKs/AppleTVOS27.0.sdk/Developer/Library/Frameworks -c -j10 -enable-batch-mode -incremental -Xcc -ivfsstatcache -Xcc /Users/admin/builder/spi-builder-workspace/.derivedData/SDKStatCaches.noindex/appletvos27.0-24J360-e829b21a6f8c9b70876ba0858053c044b32bfd8d43560033f8d89884cdb90028.sdkstatcache -output-file-map /Users/admin/builder/spi-builder-workspace/.derivedData/Build/Intermediates.noindex/w3w-swift-core.build/Debug-appletvos/W3WSwiftCore-t.build/Objects-normal/arm64/W3WSwiftCore-OutputFileMap.json -save-temps -no-color-diagnostics -explicit-module-build -module-cache-path /Users/admin/builder/spi-builder-workspace/.derivedData/Build/Intermediates.noindex/SwiftExplicitPrecompiledModules -clang-scanner-module-cache-path /Users/admin/builder/spi-builder-workspace/.derivedData/ModuleCache.noindex -sdk-module-cache-path /Users/admin/builder/spi-builder-workspace/.derivedData/SDKExplicitPrecompiledModules -emit-dependencies -emit-module -emit-module-path /Users/admin/builder/spi-builder-workspace/.derivedData/Build/Intermediates.noindex/w3w-swift-core.build/Debug-appletvos/W3WSwiftCore-t.build/Objects-normal/arm64/W3WSwiftCore.swiftmodule -serialize-diagnostics -dependency-scan-serialize-diagnostics-path /Users/admin/builder/spi-builder-workspace/.derivedData/Build/Intermediates.noindex/w3w-swift-core.build/Debug-appletvos/W3WSwiftCore-t.build/Objects-normal/arm64/W3WSwiftCore-dependency-scan.dia -validate-clang-modules-once -clang-build-session-file /Users/admin/builder/spi-builder-workspace/.derivedData/ModuleCache.noindex/Session.modulevalidation -Xcc -fmodules-prune-interval\=86400 -Xcc -fmodules-prune-after\=345600 -package-name w3w_swift_core -emit-const-values -const-gather-protocols-list /Users/admin/builder/spi-builder-workspace/.derivedData/Build/Intermediates.noindex/w3w-swift-core.build/Debug-appletvos/W3WSwiftCore-t.build/Objects-normal/arm64/W3WSwiftCore_const_extract_protocols.json -Xcc -I/Users/admin/builder/spi-builder-workspace/.derivedData/Build/Products/Debug-appletvos/include -Xcc -I/Users/admin/builder/spi-builder-workspace/.derivedData/Build/Intermediates.noindex/w3w-swift-core.build/Debug-appletvos/W3WSwiftCore-t.build/DerivedSources-normal/arm64 -Xcc -I/Users/admin/builder/spi-builder-workspace/.derivedData/Build/Intermediates.noindex/w3w-swift-core.build/Debug-appletvos/W3WSwiftCore-t.build/DerivedSources/arm64 -Xcc -I/Users/admin/builder/spi-builder-workspace/.derivedData/Build/Intermediates.noindex/w3w-swift-core.build/Debug-appletvos/W3WSwiftCore-t.build/DerivedSources -Xcc -DSWIFT_PACKAGE -Xcc -DDEBUG\=1 -emit-objc-header -emit-objc-header-path /Users/admin/builder/spi-builder-workspace/.derivedData/Build/Intermediates.noindex/w3w-swift-core.build/Debug-appletvos/W3WSwiftCore-t.build/Objects-normal/arm64/W3WSwiftCore-Swift.h -working-directory /Users/admin/builder/spi-builder-workspace/.swiftpm/xcode -experimental-emit-module-separately -disable-cmo
SwiftExplicitDependencyGeneratePcm arm64 /Users/admin/builder/spi-builder-workspace/.derivedData/SDKExplicitPrecompiledModules/_SwiftConcurrencyShims-BY5PD8KF1L5KF6F4Q69HE3TJ4.pcm
SwiftExplicitDependencyGeneratePcm arm64 /Users/admin/builder/spi-builder-workspace/.derivedData/SDKExplicitPrecompiledModules/_Builtin_stdbool-AHRDH5EKLY6D04C5E42F3VCQI.pcm
SwiftExplicitDependencyGeneratePcm arm64 /Users/admin/builder/spi-builder-workspace/.derivedData/SDKExplicitPrecompiledModules/ptrauth-8X2KEPL7CTRPS40TUB9APHPK6.pcm
SwiftExplicitDependencyGeneratePcm arm64 /Users/admin/builder/spi-builder-workspace/.derivedData/SDKExplicitPrecompiledModules/ptrcheck-2AZ6B5IBYD3RRRTFWN2ONASY3.pcm
SwiftExplicitDependencyGeneratePcm arm64 /Users/admin/builder/spi-builder-workspace/.derivedData/SDKExplicitPrecompiledModules/SwiftShims-8N4EXJ4RUJTR8K9OO3CMOH1EP.pcm
SwiftExplicitDependencyGeneratePcm arm64 /Users/admin/builder/spi-builder-workspace/.derivedData/SDKExplicitPrecompiledModules/_Builtin_float-8ZJAYZ85YBOAOP52Y9H6IUNP3.pcm
SwiftExplicitDependencyGeneratePcm arm64 /Users/admin/builder/spi-builder-workspace/.derivedData/SDKExplicitPrecompiledModules/_Builtin_stddef-9ZJZ6FDEZNKTZU8YLPMFT9RAQ.pcm
SwiftExplicitDependencyGeneratePcm arm64 /Users/admin/builder/spi-builder-workspace/.derivedData/SDKExplicitPrecompiledModules/_Builtin_stdarg-BO2OCAUYVAXDRVQWQ8ISKGNUQ.pcm
SwiftExplicitDependencyGeneratePcm arm64 /Users/admin/builder/spi-builder-workspace/.derivedData/SDKExplicitPrecompiledModules/_AvailabilityInternal-BV2EDDP0MI5QJDDPEEV4D9D3V.pcm
SwiftExplicitDependencyGeneratePcm arm64 /Users/admin/builder/spi-builder-workspace/.derivedData/SDKExplicitPrecompiledModules/DeveloperToolsSupport-B1X8RI63V48AJRTH2RK6JAARV.pcm
SwiftExplicitDependencyGeneratePcm arm64 /Users/admin/builder/spi-builder-workspace/.derivedData/SDKExplicitPrecompiledModules/_DarwinFoundation1-JOTYMOA1YZCIJ2NON6FQ848O.pcm
SwiftExplicitDependencyGeneratePcm arm64 /Users/admin/builder/spi-builder-workspace/.derivedData/SDKExplicitPrecompiledModules/_Builtin_limits-7JU2HP127LIT1X9E2V3D8WZ1.pcm
SwiftExplicitDependencyGeneratePcm arm64 /Users/admin/builder/spi-builder-workspace/.derivedData/SDKExplicitPrecompiledModules/_DarwinFoundation2-AOGAN1O02NKXRJN5V73AV3V3M.pcm
SwiftExplicitDependencyGeneratePcm arm64 /Users/admin/builder/spi-builder-workspace/.derivedData/SDKExplicitPrecompiledModules/_Builtin_stdint-6NFTB6IBKS143IVPGT1EKB7HO.pcm
SwiftExplicitDependencyGeneratePcm arm64 /Users/admin/builder/spi-builder-workspace/.derivedData/SDKExplicitPrecompiledModules/sys_types-8GCAV1YMG5UUGHUID3CA20TCH.pcm
SwiftExplicitDependencyGeneratePcm arm64 /Users/admin/builder/spi-builder-workspace/.derivedData/SDKExplicitPrecompiledModules/string_h-6EVHP7A717OUS5DMC78F79HWO.pcm
SwiftExplicitDependencyGeneratePcm arm64 /Users/admin/builder/spi-builder-workspace/.derivedData/SDKExplicitPrecompiledModules/_Builtin_tgmath-7ULT1EUHDHW4OZPSTT33H6QGE.pcm
SwiftExplicitDependencyGeneratePcm arm64 /Users/admin/builder/spi-builder-workspace/.derivedData/SDKExplicitPrecompiledModules/_DarwinFoundation3-8SR3855WDFHQPR6G9GHOI2C07.pcm
SwiftExplicitDependencyGeneratePcm arm64 /Users/admin/builder/spi-builder-workspace/.derivedData/SDKExplicitPrecompiledModules/_Builtin_stdatomic-3YXHN678NGYM3NL9POJ2HVEIF.pcm
SwiftExplicitDependencyGeneratePcm arm64 /Users/admin/builder/spi-builder-workspace/.derivedData/SDKExplicitPrecompiledModules/_Builtin_intrinsics-437O2R2NID4WAQVENR63GR82C.pcm
SwiftExplicitDependencyGeneratePcm arm64 /Users/admin/builder/spi-builder-workspace/.derivedData/SDKExplicitPrecompiledModules/_Builtin_inttypes-6X1IQ3QK9KEVKXOK9Y79EW7J3.pcm
SwiftExplicitDependencyGeneratePcm arm64 /Users/admin/builder/spi-builder-workspace/.derivedData/SDKExplicitPrecompiledModules/Darwin-DBSQAVBBPC3D2OMU5ZI2RXMST.pcm
SwiftExplicitDependencyGeneratePcm arm64 /Users/admin/builder/spi-builder-workspace/.derivedData/SDKExplicitPrecompiledModules/simd-117QUXEUT3Z7UQCUYWV2UA228.pcm
SwiftExplicitDependencyGeneratePcm arm64 /Users/admin/builder/spi-builder-workspace/.derivedData/SDKExplicitPrecompiledModules/MachO-EH3F5PJCIZG05NO51CEFSZYPW.pcm
SwiftExplicitDependencyGeneratePcm arm64 /Users/admin/builder/spi-builder-workspace/.derivedData/SDKExplicitPrecompiledModules/ObjectiveC-5250FDCE56N8508OR6XUYDKZM.pcm
SwiftExplicitDependencyGeneratePcm arm64 /Users/admin/builder/spi-builder-workspace/.derivedData/SDKExplicitPrecompiledModules/os_object-E2DGZ0SX0TULQHULZRPO6OKNW.pcm
SwiftExplicitDependencyGeneratePcm arm64 /Users/admin/builder/spi-builder-workspace/.derivedData/SDKExplicitPrecompiledModules/os_workgroup-DBUFF7811DKMX7VPBOJPGGF1U.pcm
SwiftExplicitDependencyGeneratePcm arm64 /Users/admin/builder/spi-builder-workspace/.derivedData/SDKExplicitPrecompiledModules/Spatial-7U8NLEFXSB8BR7PJQGVMF5A4Q.pcm
SwiftExplicitDependencyGeneratePcm arm64 /Users/admin/builder/spi-builder-workspace/.derivedData/SDKExplicitPrecompiledModules/Dispatch-1QL58A0V50C39KVAIC6C38SHL.pcm
SwiftExplicitDependencyGeneratePcm arm64 /Users/admin/builder/spi-builder-workspace/.derivedData/SDKExplicitPrecompiledModules/XPC-6O2DJFT3QUJ7QKTD3SNUB6PCR.pcm
SwiftExplicitDependencyGeneratePcm arm64 /Users/admin/builder/spi-builder-workspace/.derivedData/SDKExplicitPrecompiledModules/CoreFoundation-7TPJ7ENDC4L1A1ESHYI9TXS0D.pcm
SwiftExplicitDependencyGeneratePcm arm64 /Users/admin/builder/spi-builder-workspace/.derivedData/SDKExplicitPrecompiledModules/os-3GJI8H0BNAEZPQPQ1V0VVY3FY.pcm
SwiftExplicitDependencyGeneratePcm arm64 /Users/admin/builder/spi-builder-workspace/.derivedData/SDKExplicitPrecompiledModules/Security-8VMXEKVDA3MHUH9AOTP905DID.pcm
SwiftExplicitDependencyGeneratePcm arm64 /Users/admin/builder/spi-builder-workspace/.derivedData/SDKExplicitPrecompiledModules/CFNetwork-2CUR2VK9S3S3WPFXPNXNUWYGN.pcm
SwiftExplicitDependencyGeneratePcm arm64 /Users/admin/builder/spi-builder-workspace/.derivedData/SDKExplicitPrecompiledModules/CoreGraphics-CWSP3J98S2658BYCVL6RP99T3.pcm
SwiftExplicitDependencyGeneratePcm arm64 /Users/admin/builder/spi-builder-workspace/.derivedData/SDKExplicitPrecompiledModules/CoreAudioTypes-E7EH96HAL3G83QSWLT7VWYIP4.pcm
SwiftExplicitDependencyGeneratePcm arm64 /Users/admin/builder/spi-builder-workspace/.derivedData/SDKExplicitPrecompiledModules/CoreAudio-6IR1XRM0Q9YQZMFW89F3H4V3X.pcm
SwiftExplicitDependencyGeneratePcm arm64 /Users/admin/builder/spi-builder-workspace/.derivedData/SDKExplicitPrecompiledModules/Foundation-BSSIP64DIGUKMAYJOG1WPQ78X.pcm
SwiftExplicitDependencyGeneratePcm arm64 /Users/admin/builder/spi-builder-workspace/.derivedData/SDKExplicitPrecompiledModules/ImageIO-88D4CLEBD4CLWQKT78PZ6H1O8.pcm
SwiftExplicitDependencyGeneratePcm arm64 /Users/admin/builder/spi-builder-workspace/.derivedData/SDKExplicitPrecompiledModules/CoreText-59NY7PABM0I4V978161FOC04A.pcm
SwiftExplicitDependencyGeneratePcm arm64 /Users/admin/builder/spi-builder-workspace/.derivedData/SDKExplicitPrecompiledModules/CoreTransferable-7V4O8DATEQ9F7SDNTCW8YWLG3.pcm
SwiftExplicitDependencyGeneratePcm arm64 /Users/admin/builder/spi-builder-workspace/.derivedData/SDKExplicitPrecompiledModules/_LocationEssentials-ETSJ65FELPWR8WH8G49R1DF2E.pcm
SwiftExplicitDependencyGeneratePcm arm64 /Users/admin/builder/spi-builder-workspace/.derivedData/SDKExplicitPrecompiledModules/UIUtilities-6ZFJ1AK4H8IBGEBMYQBWGBYLK.pcm
SwiftExplicitDependencyGeneratePcm arm64 /Users/admin/builder/spi-builder-workspace/.derivedData/SDKExplicitPrecompiledModules/AVRouting-53KTSRU06N7KHZMUFWVUAHAVC.pcm
SwiftExplicitDependencyGeneratePcm arm64 /Users/admin/builder/spi-builder-workspace/.derivedData/SDKExplicitPrecompiledModules/DataDetection-37JIYZ2GWDA1L166PP1D9JKAF.pcm
SwiftExplicitDependencyGeneratePcm arm64 /Users/admin/builder/spi-builder-workspace/.derivedData/SDKExplicitPrecompiledModules/IOSurface-38FJ1CKX9FV2RD97O64Z7QB17.pcm
SwiftExplicitDependencyGeneratePcm arm64 /Users/admin/builder/spi-builder-workspace/.derivedData/SDKExplicitPrecompiledModules/CoreData-DYMPHH3PH8AX9I1FHA4VFJ675.pcm
SwiftExplicitDependencyGeneratePcm arm64 /Users/admin/builder/spi-builder-workspace/.derivedData/SDKExplicitPrecompiledModules/CoreMIDI-23HL6T8YUJM8DF3NKDJAU0CM7.pcm
SwiftExplicitDependencyGeneratePcm arm64 /Users/admin/builder/spi-builder-workspace/.derivedData/SDKExplicitPrecompiledModules/Accessibility-B6BODGZ4MQQTY0PBC4SHRP009.pcm
SwiftExplicitDependencyGeneratePcm arm64 /Users/admin/builder/spi-builder-workspace/.derivedData/SDKExplicitPrecompiledModules/UniformTypeIdentifiers-95CC8U42ZA9STP5K6GP9ZVJS5.pcm
SwiftExplicitDependencyGeneratePcm arm64 /Users/admin/builder/spi-builder-workspace/.derivedData/SDKExplicitPrecompiledModules/Symbols-B5AU9VM9Y7NU79RLMH13Z4IFM.pcm
SwiftExplicitDependencyGeneratePcm arm64 /Users/admin/builder/spi-builder-workspace/.derivedData/SDKExplicitPrecompiledModules/UserNotifications-E9ZW5TH066WIJWH9080RC5NG4.pcm
SwiftExplicitDependencyGeneratePcm arm64 /Users/admin/builder/spi-builder-workspace/.derivedData/SDKExplicitPrecompiledModules/OSLog-7OT6HHTMY0ZFEQJ095LJZ6NLC.pcm
SwiftExplicitDependencyGeneratePcm arm64 /Users/admin/builder/spi-builder-workspace/.derivedData/SDKExplicitPrecompiledModules/CoreLocation-YVXXAOMVX0JH2KO1XTTKTY51.pcm
SwiftExplicitDependencyGeneratePcm arm64 /Users/admin/builder/spi-builder-workspace/.derivedData/SDKExplicitPrecompiledModules/Metal-2KYBS7IML1SD788M91YV7Q0CC.pcm
SwiftExplicitDependencyGeneratePcm arm64 /Users/admin/builder/spi-builder-workspace/.derivedData/SDKExplicitPrecompiledModules/OpenGLES-4NY99CNDU9WUNUYEIXSS1QFGE.pcm
SwiftExplicitDependencyGeneratePcm arm64 /Users/admin/builder/spi-builder-workspace/.derivedData/SDKExplicitPrecompiledModules/AudioToolbox-BFZSY3NS10U8E5FG2JHTQ7SO8.pcm
SwiftExplicitDependencyGeneratePcm arm64 /Users/admin/builder/spi-builder-workspace/.derivedData/SDKExplicitPrecompiledModules/CoreVideo-DPU0PB5X0XLSVA2ETRGI6FJBM.pcm
SwiftExplicitDependencyGeneratePcm arm64 /Users/admin/builder/spi-builder-workspace/.derivedData/SDKExplicitPrecompiledModules/QuartzCore-DJSYAWKXFGVSAK5CQMOB3JSR.pcm
SwiftExplicitDependencyGeneratePcm arm64 /Users/admin/builder/spi-builder-workspace/.derivedData/SDKExplicitPrecompiledModules/CoreMedia-4OUKVT03LV547KZJDPPJRJ4F8.pcm
SwiftExplicitDependencyGeneratePcm arm64 /Users/admin/builder/spi-builder-workspace/.derivedData/SDKExplicitPrecompiledModules/CoreImage-7S2AFJ8EIY3DUFYLEAX1JR1QV.pcm
SwiftExplicitDependencyGeneratePcm arm64 /Users/admin/builder/spi-builder-workspace/.derivedData/SDKExplicitPrecompiledModules/SwiftUICore-543QU5V2NHKUFCYFJDKUJ7NYG.pcm
SwiftExplicitDependencyGeneratePcm arm64 /Users/admin/builder/spi-builder-workspace/.derivedData/SDKExplicitPrecompiledModules/UIKit-1TKWN7VC2X6N3ITMRVA2G0EB2.pcm
SwiftExplicitDependencyGeneratePcm arm64 /Users/admin/builder/spi-builder-workspace/.derivedData/SDKExplicitPrecompiledModules/AVFAudio-I2OUXVW3JAJP9H9YYQSK67OC.pcm
SwiftExplicitDependencyGeneratePcm arm64 /Users/admin/builder/spi-builder-workspace/.derivedData/SDKExplicitPrecompiledModules/VideoToolbox-9D68N9ZVOUSE0ZFYNU39RYT33.pcm
SwiftExplicitDependencyGeneratePcm arm64 /Users/admin/builder/spi-builder-workspace/.derivedData/SDKExplicitPrecompiledModules/MediaToolbox-4OQJAKJ1UOGLVUHH8TJFAFUX8.pcm
SwiftExplicitDependencyGeneratePcm arm64 /Users/admin/builder/spi-builder-workspace/.derivedData/SDKExplicitPrecompiledModules/AVFoundation-4DKPNMYIKC5WBJ7VZILY1MMIU.pcm
SwiftExplicitDependencyGeneratePcm arm64 /Users/admin/builder/spi-builder-workspace/.derivedData/SDKExplicitPrecompiledModules/MapKit-CRACM3TE3US8BDJJQYC9C1LKW.pcm
SwiftExplicitDependencyGeneratePcm arm64 /Users/admin/builder/spi-builder-workspace/.derivedData/SDKExplicitPrecompiledModules/AVKit-8YHAYUBVXSDQLKPM335MM8YBV.pcm
SwiftExplicitDependencyGeneratePcm arm64 /Users/admin/builder/spi-builder-workspace/.derivedData/SDKExplicitPrecompiledModules/SwiftUI-7BV1YDT6IZWW6B8OC6ENV0Y0F.pcm
SwiftCompile normal arm64 Compiling\ W3WUtilitiesProtocol.swift,\ W3WWritingDirection.swift,\ W3WCountry.swift,\ W3WLanguage.swift,\ W3WRanked.swift,\ W3WSquare.swift /Users/admin/builder/spi-builder-workspace/.dependencies/checkouts/w3w-swift-core/Sources/W3WSwiftCore/Types/Util/W3WUtilitiesProtocol.swift /Users/admin/builder/spi-builder-workspace/.dependencies/checkouts/w3w-swift-core/Sources/W3WSwiftCore/Types/Util/W3WWritingDirection.swift /Users/admin/builder/spi-builder-workspace/.dependencies/checkouts/w3w-swift-core/Sources/W3WSwiftCore/Types/Values/W3WCountry.swift /Users/admin/builder/spi-builder-workspace/.dependencies/checkouts/w3w-swift-core/Sources/W3WSwiftCore/Types/Values/W3WLanguage.swift /Users/admin/builder/spi-builder-workspace/.dependencies/checkouts/w3w-swift-core/Sources/W3WSwiftCore/Types/Values/W3WRanked.swift /Users/admin/builder/spi-builder-workspace/.dependencies/checkouts/w3w-swift-core/Sources/W3WSwiftCore/Types/Values/W3WSquare.swift (in target 'W3WSwiftCore' from project 'w3w-swift-core')
SwiftCompile normal arm64 /Users/admin/builder/spi-builder-workspace/.dependencies/checkouts/w3w-swift-core/Sources/W3WSwiftCore/Types/Util/W3WUtilitiesProtocol.swift (in target 'W3WSwiftCore' from project 'w3w-swift-core')
cd /Users/admin/builder/spi-builder-workspace/.swiftpm/xcode
builtin-SwiftPerFileCompile W3WUtilitiesProtocol.swift
SwiftCompile normal arm64 /Users/admin/builder/spi-builder-workspace/.dependencies/checkouts/w3w-swift-core/Sources/W3WSwiftCore/Types/Util/W3WWritingDirection.swift (in target 'W3WSwiftCore' from project 'w3w-swift-core')
cd /Users/admin/builder/spi-builder-workspace/.swiftpm/xcode
builtin-SwiftPerFileCompile W3WWritingDirection.swift
SwiftCompile normal arm64 /Users/admin/builder/spi-builder-workspace/.dependencies/checkouts/w3w-swift-core/Sources/W3WSwiftCore/Types/Values/W3WCountry.swift (in target 'W3WSwiftCore' from project 'w3w-swift-core')
cd /Users/admin/builder/spi-builder-workspace/.swiftpm/xcode
builtin-SwiftPerFileCompile W3WCountry.swift
SwiftCompile normal arm64 /Users/admin/builder/spi-builder-workspace/.dependencies/checkouts/w3w-swift-core/Sources/W3WSwiftCore/Types/Values/W3WLanguage.swift (in target 'W3WSwiftCore' from project 'w3w-swift-core')
cd /Users/admin/builder/spi-builder-workspace/.swiftpm/xcode
builtin-SwiftPerFileCompile W3WLanguage.swift
SwiftCompile normal arm64 /Users/admin/builder/spi-builder-workspace/.dependencies/checkouts/w3w-swift-core/Sources/W3WSwiftCore/Types/Values/W3WRanked.swift (in target 'W3WSwiftCore' from project 'w3w-swift-core')
cd /Users/admin/builder/spi-builder-workspace/.swiftpm/xcode
builtin-SwiftPerFileCompile W3WRanked.swift
SwiftCompile normal arm64 /Users/admin/builder/spi-builder-workspace/.dependencies/checkouts/w3w-swift-core/Sources/W3WSwiftCore/Types/Values/W3WSquare.swift (in target 'W3WSwiftCore' from project 'w3w-swift-core')
cd /Users/admin/builder/spi-builder-workspace/.swiftpm/xcode
builtin-SwiftPerFileCompile W3WSquare.swift
SwiftCompile normal arm64 Compiling\ W3WSuggestion.swift,\ W3WAudioStreamProtocol.swift,\ W3WVoiceListeningState.swift,\ W3WVoiceProtocol.swift,\ W3WVoiceSuggestion+W3WSwiftCore.swift,\ W3WSettings+W3WSwiftCore.swift /Users/admin/builder/spi-builder-workspace/.dependencies/checkouts/w3w-swift-core/Sources/W3WSwiftCore/Types/Values/W3WSuggestion.swift /Users/admin/builder/spi-builder-workspace/.dependencies/checkouts/w3w-swift-core/Sources/W3WSwiftCore/Voice/W3WAudioStreamProtocol.swift /Users/admin/builder/spi-builder-workspace/.dependencies/checkouts/w3w-swift-core/Sources/W3WSwiftCore/Voice/W3WVoiceListeningState.swift /Users/admin/builder/spi-builder-workspace/.dependencies/checkouts/w3w-swift-core/Sources/W3WSwiftCore/Voice/W3WVoiceProtocol.swift /Users/admin/builder/spi-builder-workspace/.dependencies/checkouts/w3w-swift-core/Sources/W3WSwiftCore/Voice/W3WVoiceSuggestion+W3WSwiftCore.swift /Users/admin/builder/spi-builder-workspace/.dependencies/checkouts/w3w-swift-core/Sources/W3WSwiftCore/W3WSettings+W3WSwiftCore.swift (in target 'W3WSwiftCore' from project 'w3w-swift-core')
SwiftCompile normal arm64 /Users/admin/builder/spi-builder-workspace/.dependencies/checkouts/w3w-swift-core/Sources/W3WSwiftCore/Types/Values/W3WSuggestion.swift (in target 'W3WSwiftCore' from project 'w3w-swift-core')
cd /Users/admin/builder/spi-builder-workspace/.swiftpm/xcode
builtin-SwiftPerFileCompile W3WSuggestion.swift
SwiftCompile normal arm64 /Users/admin/builder/spi-builder-workspace/.dependencies/checkouts/w3w-swift-core/Sources/W3WSwiftCore/Voice/W3WAudioStreamProtocol.swift (in target 'W3WSwiftCore' from project 'w3w-swift-core')
cd /Users/admin/builder/spi-builder-workspace/.swiftpm/xcode
builtin-SwiftPerFileCompile W3WAudioStreamProtocol.swift
SwiftCompile normal arm64 /Users/admin/builder/spi-builder-workspace/.dependencies/checkouts/w3w-swift-core/Sources/W3WSwiftCore/Voice/W3WVoiceListeningState.swift (in target 'W3WSwiftCore' from project 'w3w-swift-core')
cd /Users/admin/builder/spi-builder-workspace/.swiftpm/xcode
builtin-SwiftPerFileCompile W3WVoiceListeningState.swift
SwiftCompile normal arm64 /Users/admin/builder/spi-builder-workspace/.dependencies/checkouts/w3w-swift-core/Sources/W3WSwiftCore/Voice/W3WVoiceProtocol.swift (in target 'W3WSwiftCore' from project 'w3w-swift-core')
cd /Users/admin/builder/spi-builder-workspace/.swiftpm/xcode
builtin-SwiftPerFileCompile W3WVoiceProtocol.swift
SwiftCompile normal arm64 /Users/admin/builder/spi-builder-workspace/.dependencies/checkouts/w3w-swift-core/Sources/W3WSwiftCore/Voice/W3WVoiceSuggestion+W3WSwiftCore.swift (in target 'W3WSwiftCore' from project 'w3w-swift-core')
cd /Users/admin/builder/spi-builder-workspace/.swiftpm/xcode
builtin-SwiftPerFileCompile W3WVoiceSuggestion+W3WSwiftCore.swift
SwiftCompile normal arm64 /Users/admin/builder/spi-builder-workspace/.dependencies/checkouts/w3w-swift-core/Sources/W3WSwiftCore/W3WSettings+W3WSwiftCore.swift (in target 'W3WSwiftCore' from project 'w3w-swift-core')
cd /Users/admin/builder/spi-builder-workspace/.swiftpm/xcode
builtin-SwiftPerFileCompile W3WSettings+W3WSwiftCore.swift
SwiftCompile normal arm64 Compiling\ W3WStreetAddressKey.swift,\ W3WDuration.swift,\ ClosureDefinitions.swift,\ LanguageUtils.swift,\ W3WError+W3WSwiftCore.swift,\ W3WMeasurementSystem.swift /Users/admin/builder/spi-builder-workspace/.dependencies/checkouts/w3w-swift-core/Sources/W3WSwiftCore/Types/Street/W3WStreetAddressKey.swift /Users/admin/builder/spi-builder-workspace/.dependencies/checkouts/w3w-swift-core/Sources/W3WSwiftCore/Types/Time/W3WDuration.swift /Users/admin/builder/spi-builder-workspace/.dependencies/checkouts/w3w-swift-core/Sources/W3WSwiftCore/Types/Util/ClosureDefinitions.swift /Users/admin/builder/spi-builder-workspace/.dependencies/checkouts/w3w-swift-core/Sources/W3WSwiftCore/Types/Util/LanguageUtils.swift /Users/admin/builder/spi-builder-workspace/.dependencies/checkouts/w3w-swift-core/Sources/W3WSwiftCore/Types/Util/W3WError+W3WSwiftCore.swift /Users/admin/builder/spi-builder-workspace/.dependencies/checkouts/w3w-swift-core/Sources/W3WSwiftCore/Types/Util/W3WMeasurementSystem.swift (in target 'W3WSwiftCore' from project 'w3w-swift-core')
SwiftCompile normal arm64 /Users/admin/builder/spi-builder-workspace/.dependencies/checkouts/w3w-swift-core/Sources/W3WSwiftCore/Types/Street/W3WStreetAddressKey.swift (in target 'W3WSwiftCore' from project 'w3w-swift-core')
cd /Users/admin/builder/spi-builder-workspace/.swiftpm/xcode
builtin-SwiftPerFileCompile W3WStreetAddressKey.swift
SwiftCompile normal arm64 /Users/admin/builder/spi-builder-workspace/.dependencies/checkouts/w3w-swift-core/Sources/W3WSwiftCore/Types/Time/W3WDuration.swift (in target 'W3WSwiftCore' from project 'w3w-swift-core')
cd /Users/admin/builder/spi-builder-workspace/.swiftpm/xcode
builtin-SwiftPerFileCompile W3WDuration.swift
SwiftCompile normal arm64 /Users/admin/builder/spi-builder-workspace/.dependencies/checkouts/w3w-swift-core/Sources/W3WSwiftCore/Types/Util/ClosureDefinitions.swift (in target 'W3WSwiftCore' from project 'w3w-swift-core')
cd /Users/admin/builder/spi-builder-workspace/.swiftpm/xcode
builtin-SwiftPerFileCompile ClosureDefinitions.swift
SwiftCompile normal arm64 /Users/admin/builder/spi-builder-workspace/.dependencies/checkouts/w3w-swift-core/Sources/W3WSwiftCore/Types/Util/LanguageUtils.swift (in target 'W3WSwiftCore' from project 'w3w-swift-core')
cd /Users/admin/builder/spi-builder-workspace/.swiftpm/xcode
builtin-SwiftPerFileCompile LanguageUtils.swift
SwiftCompile normal arm64 /Users/admin/builder/spi-builder-workspace/.dependencies/checkouts/w3w-swift-core/Sources/W3WSwiftCore/Types/Util/W3WError+W3WSwiftCore.swift (in target 'W3WSwiftCore' from project 'w3w-swift-core')
cd /Users/admin/builder/spi-builder-workspace/.swiftpm/xcode
builtin-SwiftPerFileCompile W3WError+W3WSwiftCore.swift
SwiftCompile normal arm64 /Users/admin/builder/spi-builder-workspace/.dependencies/checkouts/w3w-swift-core/Sources/W3WSwiftCore/Types/Util/W3WMeasurementSystem.swift (in target 'W3WSwiftCore' from project 'w3w-swift-core')
cd /Users/admin/builder/spi-builder-workspace/.swiftpm/xcode
builtin-SwiftPerFileCompile W3WMeasurementSystem.swift
SwiftEmitModule normal arm64 Emitting\ module\ for\ W3WSwiftCore (in target 'W3WSwiftCore' from project 'w3w-swift-core')
/Users/admin/builder/spi-builder-workspace/.dependencies/checkouts/w3w-swift-core/Sources/W3WSwiftCore/RfcLanguage/W3WRfcLanguage.swift:66:37: error: 'Language' is only available in tvOS 16 or newer
14 | /// - script (optional, 4 letters, titlecased)
15 | /// - region (optional, 2 letters or 3-digit number)
16 | public struct W3WRfcLanguage: W3WRfcLanguageProtocol {
| `- note: add '@available' attribute to enclosing struct
17 | /// default language is "en". name's default can be changed externally to use a different language by an app if nessesary
18 | public static var `default` = W3WRfcLanguage(code: "en")
:
64 | @available(iOS 16, *)
65 | @available(watchOS 9, *)
66 | public init(from language: Locale.Language) {
| | `- error: 'Language' is only available in tvOS 16 or newer
| `- note: add '@available' attribute to enclosing initializer
67 | self.code = language.code
68 | self.scriptCode = language.scriptCode
/Users/admin/builder/spi-builder-workspace/.dependencies/checkouts/w3w-swift-core/Sources/W3WSwiftCore/RfcLanguage/W3WRfcLanguage.swift:130:18: error: 'Language' is only available in tvOS 16 or newer
128 | @available(watchOS 9, *)
129 | @available(iOS 16, *)
130 | extension Locale.Language : W3WRfcLanguageProtocol {
| | `- error: 'Language' is only available in tvOS 16 or newer
| `- note: add '@available' attribute to enclosing extension
131 | public var code: String? {
132 | return languageCode?.identifier
Failed frontend command:
/Applications/Xcode-27.0.0-Release.Candidate.app/Contents/Developer/Toolchains/XcodeDefault.xctoolchain/usr/bin/swift-frontend -frontend -emit-module -experimental-skip-non-inlinable-function-bodies-without-types /Users/admin/builder/spi-builder-workspace/.dependencies/checkouts/w3w-swift-core/Sources/W3WSwiftCore/Accounts/W3WUser.swift /Users/admin/builder/spi-builder-workspace/.dependencies/checkouts/w3w-swift-core/Sources/W3WSwiftCore/Audio/W3WAudioRecorder.swift /Users/admin/builder/spi-builder-workspace/.dependencies/checkouts/w3w-swift-core/Sources/W3WSwiftCore/Audio/W3WAudioRecording.swift /Users/admin/builder/spi-builder-workspace/.dependencies/checkouts/w3w-swift-core/Sources/W3WSwiftCore/Audio/W3WAudioStream.swift /Users/admin/builder/spi-builder-workspace/.dependencies/checkouts/w3w-swift-core/Sources/W3WSwiftCore/Audio/W3WEncoding.swift /Users/admin/builder/spi-builder-workspace/.dependencies/checkouts/w3w-swift-core/Sources/W3WSwiftCore/Audio/W3WMicrophone.swift /Users/admin/builder/spi-builder-workspace/.dependencies/checkouts/w3w-swift-core/Sources/W3WSwiftCore/Bridges/ApiExtension.swift /Users/admin/builder/spi-builder-workspace/.dependencies/checkouts/w3w-swift-core/Sources/W3WSwiftCore/Bridges/SdkExtension.swift /Users/admin/builder/spi-builder-workspace/.dependencies/checkouts/w3w-swift-core/Sources/W3WSwiftCore/Bridges/SdkTypes.swift /Users/admin/builder/spi-builder-workspace/.dependencies/checkouts/w3w-swift-core/Sources/W3WSwiftCore/Gps/W3WGpsReading.swift /Users/admin/builder/spi-builder-workspace/.dependencies/checkouts/w3w-swift-core/Sources/W3WSwiftCore/Gps/W3WGpsState.swift /Users/admin/builder/spi-builder-workspace/.dependencies/checkouts/w3w-swift-core/Sources/W3WSwiftCore/Gps/W3WGpsStatus.swift /Users/admin/builder/spi-builder-workspace/.dependencies/checkouts/w3w-swift-core/Sources/W3WSwiftCore/Interfaces/W3WProtocolV3.swift /Users/admin/builder/spi-builder-workspace/.dependencies/checkouts/w3w-swift-core/Sources/W3WSwiftCore/Interfaces/W3WProtocolV4.swift /Users/admin/builder/spi-builder-workspace/.dependencies/checkouts/w3w-swift-core/Sources/W3WSwiftCore/Localization/W3WMockTranslation.swift /Users/admin/builder/spi-builder-workspace/.dependencies/checkouts/w3w-swift-core/Sources/W3WSwiftCore/Localization/W3WTranslate.swift /Users/admin/builder/spi-builder-workspace/.dependencies/checkouts/w3w-swift-core/Sources/W3WSwiftCore/Localization/W3WTranslationsProtocol.swift /Users/admin/builder/spi-builder-workspace/.dependencies/checkouts/w3w-swift-core/Sources/W3WSwiftCore/Network/NetworkConnection.swift /Users/admin/builder/spi-builder-workspace/.dependencies/checkouts/w3w-swift-core/Sources/W3WSwiftCore/Network/W3WJson.swift /Users/admin/builder/spi-builder-workspace/.dependencies/checkouts/w3w-swift-core/Sources/W3WSwiftCore/Network/W3WRequest.swift /Users/admin/builder/spi-builder-workspace/.dependencies/checkouts/w3w-swift-core/Sources/W3WSwiftCore/Reactive/Combine+Extensions.swift /Users/admin/builder/spi-builder-workspace/.dependencies/checkouts/w3w-swift-core/Sources/W3WSwiftCore/Reactive/W3WEvent.swift /Users/admin/builder/spi-builder-workspace/.dependencies/checkouts/w3w-swift-core/Sources/W3WSwiftCore/Reactive/W3WEventSubscriberProtocol.swift /Users/admin/builder/spi-builder-workspace/.dependencies/checkouts/w3w-swift-core/Sources/W3WSwiftCore/Reactive/W3WEventsSubscriptions.swift /Users/admin/builder/spi-builder-workspace/.dependencies/checkouts/w3w-swift-core/Sources/W3WSwiftCore/Reactive/W3WLive.swift /Users/admin/builder/spi-builder-workspace/.dependencies/checkouts/w3w-swift-core/Sources/W3WSwiftCore/Regex/W3WRegex.swift /Users/admin/builder/spi-builder-workspace/.dependencies/checkouts/w3w-swift-core/Sources/W3WSwiftCore/RfcLanguage/W3WRfcLanguage+W3WLanguage.swift /Users/admin/builder/spi-builder-workspace/.dependencies/checkouts/w3w-swift-core/Sources/W3WSwiftCore/RfcLanguage/W3WRfcLanguage+W3WSdkLanguage.swift /Users/admin/builder/spi-builder-workspace/.dependencies/checkouts/w3w-swift-core/Sources/W3WSwiftCore/RfcLanguage/W3WRfcLanguage.swift /Users/admin/builder/spi-builder-workspace/.dependencies/checkouts/w3w-swift-core/Sources/W3WSwiftCore/RfcLanguage/W3WRfcLanguageProtocol.swift /Users/admin/builder/spi-builder-workspace/.dependencies/checkouts/w3w-swift-core/Sources/W3WSwiftCore/RfcLanguage/W3WRfcLanguageProtocols.swift /Users/admin/builder/spi-builder-workspace/.dependencies/checkouts/w3w-swift-core/Sources/W3WSwiftCore/Threading/W3WDebouncer.swift /Users/admin/builder/spi-builder-workspace/.dependencies/checkouts/w3w-swift-core/Sources/W3WSwiftCore/Threading/W3WThread.swift /Users/admin/builder/spi-builder-workspace/.dependencies/checkouts/w3w-swift-core/Sources/W3WSwiftCore/Types/Geometry/W3WBox.swift /Users/admin/builder/spi-builder-workspace/.dependencies/checkouts/w3w-swift-core/Sources/W3WSwiftCore/Types/Geometry/W3WCircle.swift /Users/admin/builder/spi-builder-workspace/.dependencies/checkouts/w3w-swift-core/Sources/W3WSwiftCore/Types/Geometry/W3WDistance.swift /Users/admin/builder/spi-builder-workspace/.dependencies/checkouts/w3w-swift-core/Sources/W3WSwiftCore/Types/Geometry/W3WLine.swift /Users/admin/builder/spi-builder-workspace/.dependencies/checkouts/w3w-swift-core/Sources/W3WSwiftCore/Types/Geometry/W3WPolygon.swift /Users/admin/builder/spi-builder-workspace/.dependencies/checkouts/w3w-swift-core/Sources/W3WSwiftCore/Types/Options/W3WInputType.swift /Users/admin/builder/spi-builder-workspace/.dependencies/checkouts/w3w-swift-core/Sources/W3WSwiftCore/Types/Options/W3WOption.swift /Users/admin/builder/spi-builder-workspace/.dependencies/checkouts/w3w-swift-core/Sources/W3WSwiftCore/Types/Options/W3WOptionAcceptorProtocol.swift /Users/admin/builder/spi-builder-workspace/.dependencies/checkouts/w3w-swift-core/Sources/W3WSwiftCore/Types/Options/W3WOptionProtocol.swift /Users/admin/builder/spi-builder-workspace/.dependencies/checkouts/w3w-swift-core/Sources/W3WSwiftCore/Types/Options/W3WOptions.swift /Users/admin/builder/spi-builder-workspace/.dependencies/checkouts/w3w-swift-core/Sources/W3WSwiftCore/Types/Street/W3WStreetAddress.swift /Users/admin/builder/spi-builder-workspace/.dependencies/checkouts/w3w-swift-core/Sources/W3WSwiftCore/Types/Street/W3WStreetAddressKey.swift /Users/admin/builder/spi-builder-workspace/.dependencies/checkouts/w3w-swift-core/Sources/W3WSwiftCore/Types/Time/W3WDuration.swift /Users/admin/builder/spi-builder-workspace/.dependencies/checkouts/w3w-swift-core/Sources/W3WSwiftCore/Types/Util/ClosureDefinitions.swift /Users/admin/builder/spi-builder-workspace/.dependencies/checkouts/w3w-swift-core/Sources/W3WSwiftCore/Types/Util/LanguageUtils.swift /Users/admin/builder/spi-builder-workspace/.dependencies/checkouts/w3w-swift-core/Sources/W3WSwiftCore/Types/Util/W3WError+W3WSwiftCore.swift /Users/admin/builder/spi-builder-workspace/.dependencies/checkouts/w3w-swift-core/Sources/W3WSwiftCore/Types/Util/W3WMeasurementSystem.swift /Users/admin/builder/spi-builder-workspace/.dependencies/checkouts/w3w-swift-core/Sources/W3WSwiftCore/Types/Util/W3WUtilitiesProtocol.swift /Users/admin/builder/spi-builder-workspace/.dependencies/checkouts/w3w-swift-core/Sources/W3WSwiftCore/Types/Util/W3WWritingDirection.swift /Users/admin/builder/spi-builder-workspace/.dependencies/checkouts/w3w-swift-core/Sources/W3WSwiftCore/Types/Values/W3WCountry.swift /Users/admin/builder/spi-builder-workspace/.dependencies/checkouts/w3w-swift-core/Sources/W3WSwiftCore/Types/Values/W3WLanguage.swift /Users/admin/builder/spi-builder-workspace/.dependencies/checkouts/w3w-swift-core/Sources/W3WSwiftCore/Types/Values/W3WRanked.swift /Users/admin/builder/spi-builder-workspace/.dependencies/checkouts/w3w-swift-core/Sources/W3WSwiftCore/Types/Values/W3WSquare.swift /Users/admin/builder/spi-builder-workspace/.dependencies/checkouts/w3w-swift-core/Sources/W3WSwiftCore/Types/Values/W3WSuggestion.swift /Users/admin/builder/spi-builder-workspace/.dependencies/checkouts/w3w-swift-core/Sources/W3WSwiftCore/Voice/W3WAudioStreamProtocol.swift /Users/admin/builder/spi-builder-workspace/.dependencies/checkouts/w3w-swift-core/Sources/W3WSwiftCore/Voice/W3WVoiceListeningState.swift /Users/admin/builder/spi-builder-workspace/.dependencies/checkouts/w3w-swift-core/Sources/W3WSwiftCore/Voice/W3WVoiceProtocol.swift /Users/admin/builder/spi-builder-workspace/.dependencies/checkouts/w3w-swift-core/Sources/W3WSwiftCore/Voice/W3WVoiceSuggestion+W3WSwiftCore.swift /Users/admin/builder/spi-builder-workspace/.dependencies/checkouts/w3w-swift-core/Sources/W3WSwiftCore/W3WSettings+W3WSwiftCore.swift -target arm64-apple-tvos15.0 -module-can-import-version Combine 3023 0 -module-can-import-version UIKit 9127.0.84.1 9127.0.84 -disable-cross-import-overlay-search -swift-module-cross-import AVKit /Applications/Xcode-27.0.0-Release.Candidate.app/Contents/Developer/Platforms/AppleTVOS.platform/Developer/SDKs/AppleTVOS.sdk/System/Library/Frameworks/AVKit.framework/Modules/AVKit.swiftcrossimport/SwiftUI.swiftoverlay -swift-module-cross-import AVKit /Applications/Xcode-27.0.0-Release.Candidate.app/Contents/Developer/Platforms/AppleTVOS.platform/Developer/SDKs/AppleTVOS27.0.sdk/System/Library/Frameworks/AVKit.framework/Modules/AVKit.swiftcrossimport/SwiftUI.swiftoverlay -swift-module-cross-import MapKit /Applications/Xcode-27.0.0-Release.Candidate.app/Contents/Developer/Platforms/AppleTVOS.platform/Developer/SDKs/AppleTVOS.sdk/System/Library/Frameworks/MapKit.framework/Modules/MapKit.swiftcrossimport/SwiftUI.swiftoverlay -swift-module-cross-import MapKit /Applications/Xcode-27.0.0-Release.Candidate.app/Contents/Developer/Platforms/AppleTVOS.platform/Developer/SDKs/AppleTVOS27.0.sdk/System/Library/Frameworks/MapKit.framework/Modules/MapKit.swiftcrossimport/SwiftUI.swiftoverlay -load-resolved-plugin /Applications/Xcode-27.0.0-Release.Candidate.app/Contents/Developer/Platforms/AppleTVOS.platform/Developer/usr/lib/swift/host/plugins/libFoundationMacros.dylib\#/Applications/Xcode-27.0.0-Release.Candidate.app/Contents/Developer/Platforms/AppleTVOS.platform/Developer/usr/bin/swift-plugin-server\#FoundationMacros -load-resolved-plugin /Applications/Xcode-27.0.0-Release.Candidate.app/Contents/Developer/Platforms/AppleTVOS.platform/Developer/usr/lib/swift/host/plugins/libObservationMacros.dylib\#/Applications/Xcode-27.0.0-Release.Candidate.app/Contents/Developer/Platforms/AppleTVOS.platform/Developer/usr/bin/swift-plugin-server\#ObservationMacros -load-resolved-plugin /Applications/Xcode-27.0.0-Release.Candidate.app/Contents/Developer/Platforms/AppleTVOS.platform/Developer/usr/lib/swift/host/plugins/libPreviewsMacros.dylib\#/Applications/Xcode-27.0.0-Release.Candidate.app/Contents/Developer/Platforms/AppleTVOS.platform/Developer/usr/bin/swift-plugin-server\#PreviewsMacros -load-resolved-plugin /Applications/Xcode-27.0.0-Release.Candidate.app/Contents/Developer/Platforms/AppleTVOS.platform/Developer/usr/lib/swift/host/plugins/libSwiftMacros.dylib\#/Applications/Xcode-27.0.0-Release.Candidate.app/Contents/Developer/Platforms/AppleTVOS.platform/Developer/usr/bin/swift-plugin-server\#SwiftMacros -load-resolved-plugin /Applications/Xcode-27.0.0-Release.Candidate.app/Contents/Developer/Platforms/AppleTVOS.platform/Developer/usr/lib/swift/host/plugins/libSwiftUIMacros.dylib\#/Applications/Xcode-27.0.0-Release.Candidate.app/Contents/Developer/Platforms/AppleTVOS.platform/Developer/usr/bin/swift-plugin-server\#SwiftUIMacros -load-resolved-plugin /Applications/Xcode-27.0.0-Release.Candidate.app/Contents/Developer/Platforms/AppleTVOS.platform/Developer/usr/lib/swift/host/plugins/libTipKitMacros.dylib\#/Applications/Xcode-27.0.0-Release.Candidate.app/Contents/Developer/Platforms/AppleTVOS.platform/Developer/usr/bin/swift-plugin-server\#TipKitMacros -disable-implicit-swift-modules -Xcc -fno-implicit-modules -Xcc -fno-implicit-module-maps -explicit-swift-module-map-file /Users/admin/builder/spi-builder-workspace/.derivedData/Build/Intermediates.noindex/w3w-swift-core.build/Debug-appletvos/W3WSwiftCore-t.build/Objects-normal/arm64/W3WSwiftCore-dependencies-1.json -Xllvm -aarch64-use-tbi -enable-objc-interop -stack-check -sdk /Applications/Xcode-27.0.0-Release.Candidate.app/Contents/Developer/Platforms/AppleTVOS.platform/Developer/SDKs/AppleTVOS27.0.sdk -I /Users/admin/builder/spi-builder-workspace/.derivedData/Build/Products/Debug-appletvos -Isystem /Applications/Xcode-27.0.0-Release.Candidate.app/Contents/Developer/Platforms/AppleTVOS.platform/Developer/usr/lib -F /Users/admin/builder/spi-builder-workspace/.derivedData/Build/Products/Debug-appletvos -F /Applications/Xcode-27.0.0-Release.Candidate.app/Contents/Developer/Platforms/AppleTVOS.platform/Developer/Library/Frameworks -F /Applications/Xcode-27.0.0-Release.Candidate.app/Contents/Developer/Platforms/AppleTVOS.platform/Developer/SDKs/AppleTVOS27.0.sdk/Developer/Library/Frameworks -module-cache-path /Users/admin/builder/spi-builder-workspace/.derivedData/Build/Intermediates.noindex/SwiftExplicitPrecompiledModules -no-color-diagnostics -Xcc -fno-color-diagnostics -enable-testing -g -debug-info-format\=dwarf -dwarf-version\=4 -suppress-warnings -profile-generate -profile-coverage-mapping -swift-version 5 -Onone -D SWIFT_PACKAGE -D DEBUG -D SWIFT_MODULE_RESOURCE_BUNDLE_UNAVAILABLE -D Xcode -serialize-debugging-options -enable-experimental-feature DebugDescriptionMacro -empty-abi-descriptor -validate-clang-modules-once -clang-build-session-file /Users/admin/builder/spi-builder-workspace/.derivedData/ModuleCache.noindex/Session.modulevalidation -Xcc -working-directory -Xcc /Users/admin/builder/spi-builder-workspace/.swiftpm/xcode -enable-anonymous-context-mangled-names -file-compilation-dir /Users/admin/builder/spi-builder-workspace/.swiftpm/xcode -Xcc -D_LIBCPP_HARDENING_MODE\=_LIBCPP_HARDENING_MODE_DEBUG -Xcc -ivfsstatcache -Xcc /Users/admin/builder/spi-builder-workspace/.derivedData/SDKStatCaches.noindex/appletvos27.0-24J360-e829b21a6f8c9b70876ba0858053c044b32bfd8d43560033f8d89884cdb90028.sdkstatcache -Xcc -fmodules-prune-interval\=86400 -Xcc -fmodules-prune-after\=345600 -Xcc -I/Users/admin/builder/spi-builder-workspace/.derivedData/Build/Products/Debug-appletvos/include -Xcc -I/Users/admin/builder/spi-builder-workspace/.derivedData/Build/Intermediates.noindex/w3w-swift-core.build/Debug-appletvos/W3WSwiftCore-t.build/DerivedSources-normal/arm64 -Xcc -I/Users/admin/builder/spi-builder-workspace/.derivedData/Build/Intermediates.noindex/w3w-swift-core.build/Debug-appletvos/W3WSwiftCore-t.build/DerivedSources/arm64 -Xcc -I/Users/admin/builder/spi-builder-workspace/.derivedData/Build/Intermediates.noindex/w3w-swift-core.build/Debug-appletvos/W3WSwiftCore-t.build/DerivedSources -Xcc -DSWIFT_PACKAGE -Xcc -DDEBUG\=1 -no-auto-bridging-header-chaining -module-name W3WSwiftCore -package-name w3w_swift_core -const-gather-protocols-file /Users/admin/builder/spi-builder-workspace/.derivedData/Build/Intermediates.noindex/w3w-swift-core.build/Debug-appletvos/W3WSwiftCore-t.build/Objects-normal/arm64/W3WSwiftCore_const_extract_protocols.json -disable-clang-spi -clang-target arm64-apple-tvos27.0 -target-sdk-version 27.0 -target-sdk-name appletvos27.0 -in-process-plugin-server-path /Applications/Xcode-27.0.0-Release.Candidate.app/Contents/Developer/Toolchains/XcodeDefault.xctoolchain/usr/lib/swift/host/libSwiftInProcPluginServer.dylib -emit-module-doc-path /Users/admin/builder/spi-builder-workspace/.derivedData/Build/Intermediates.noindex/w3w-swift-core.build/Debug-appletvos/W3WSwiftCore-t.build/Objects-normal/arm64/W3WSwiftCore.swiftdoc -emit-module-source-info-path /Users/admin/builder/spi-builder-workspace/.derivedData/Build/Intermediates.noindex/w3w-swift-core.build/Debug-appletvos/W3WSwiftCore-t.build/Objects-normal/arm64/W3WSwiftCore.swiftsourceinfo -emit-objc-header-path /Users/admin/builder/spi-builder-workspace/.derivedData/Build/Intermediates.noindex/w3w-swift-core.build/Debug-appletvos/W3WSwiftCore-t.build/Objects-normal/arm64/W3WSwiftCore-Swift.h -serialize-diagnostics-path /Users/admin/builder/spi-builder-workspace/.derivedData/Build/Intermediates.noindex/w3w-swift-core.build/Debug-appletvos/W3WSwiftCore-t.build/Objects-normal/arm64/W3WSwiftCore-primary-emit-module.dia -emit-dependencies-path /Users/admin/builder/spi-builder-workspace/.derivedData/Build/Intermediates.noindex/w3w-swift-core.build/Debug-appletvos/W3WSwiftCore-t.build/Objects-normal/arm64/W3WSwiftCore-primary-emit-module.d -parse-as-library -o /Users/admin/builder/spi-builder-workspace/.derivedData/Build/Intermediates.noindex/w3w-swift-core.build/Debug-appletvos/W3WSwiftCore-t.build/Objects-normal/arm64/W3WSwiftCore.swiftmodule -emit-abi-descriptor-path /Users/admin/builder/spi-builder-workspace/.derivedData/Build/Intermediates.noindex/w3w-swift-core.build/Debug-appletvos/W3WSwiftCore-t.build/Objects-normal/arm64/W3WSwiftCore.abi.json
SwiftCompile normal arm64 (in target 'W3WSwiftCore' from project 'w3w-swift-core')
cd /Users/admin/builder/spi-builder-workspace/.swiftpm/xcode
SwiftCompile normal arm64 Compiling\ W3WThread.swift,\ W3WBox.swift,\ W3WCircle.swift,\ W3WDistance.swift,\ W3WLine.swift,\ W3WPolygon.swift /Users/admin/builder/spi-builder-workspace/.dependencies/checkouts/w3w-swift-core/Sources/W3WSwiftCore/Threading/W3WThread.swift /Users/admin/builder/spi-builder-workspace/.dependencies/checkouts/w3w-swift-core/Sources/W3WSwiftCore/Types/Geometry/W3WBox.swift /Users/admin/builder/spi-builder-workspace/.dependencies/checkouts/w3w-swift-core/Sources/W3WSwiftCore/Types/Geometry/W3WCircle.swift /Users/admin/builder/spi-builder-workspace/.dependencies/checkouts/w3w-swift-core/Sources/W3WSwiftCore/Types/Geometry/W3WDistance.swift /Users/admin/builder/spi-builder-workspace/.dependencies/checkouts/w3w-swift-core/Sources/W3WSwiftCore/Types/Geometry/W3WLine.swift /Users/admin/builder/spi-builder-workspace/.dependencies/checkouts/w3w-swift-core/Sources/W3WSwiftCore/Types/Geometry/W3WPolygon.swift (in target 'W3WSwiftCore' from project 'w3w-swift-core')
SwiftCompile normal arm64 /Users/admin/builder/spi-builder-workspace/.dependencies/checkouts/w3w-swift-core/Sources/W3WSwiftCore/Threading/W3WThread.swift (in target 'W3WSwiftCore' from project 'w3w-swift-core')
cd /Users/admin/builder/spi-builder-workspace/.swiftpm/xcode
builtin-SwiftPerFileCompile W3WThread.swift
SwiftCompile normal arm64 /Users/admin/builder/spi-builder-workspace/.dependencies/checkouts/w3w-swift-core/Sources/W3WSwiftCore/Types/Geometry/W3WBox.swift (in target 'W3WSwiftCore' from project 'w3w-swift-core')
cd /Users/admin/builder/spi-builder-workspace/.swiftpm/xcode
builtin-SwiftPerFileCompile W3WBox.swift
SwiftCompile normal arm64 /Users/admin/builder/spi-builder-workspace/.dependencies/checkouts/w3w-swift-core/Sources/W3WSwiftCore/Types/Geometry/W3WCircle.swift (in target 'W3WSwiftCore' from project 'w3w-swift-core')
cd /Users/admin/builder/spi-builder-workspace/.swiftpm/xcode
builtin-SwiftPerFileCompile W3WCircle.swift
SwiftCompile normal arm64 /Users/admin/builder/spi-builder-workspace/.dependencies/checkouts/w3w-swift-core/Sources/W3WSwiftCore/Types/Geometry/W3WDistance.swift (in target 'W3WSwiftCore' from project 'w3w-swift-core')
cd /Users/admin/builder/spi-builder-workspace/.swiftpm/xcode
builtin-SwiftPerFileCompile W3WDistance.swift
SwiftCompile normal arm64 /Users/admin/builder/spi-builder-workspace/.dependencies/checkouts/w3w-swift-core/Sources/W3WSwiftCore/Types/Geometry/W3WLine.swift (in target 'W3WSwiftCore' from project 'w3w-swift-core')
cd /Users/admin/builder/spi-builder-workspace/.swiftpm/xcode
builtin-SwiftPerFileCompile W3WLine.swift
SwiftCompile normal arm64 /Users/admin/builder/spi-builder-workspace/.dependencies/checkouts/w3w-swift-core/Sources/W3WSwiftCore/Types/Geometry/W3WPolygon.swift (in target 'W3WSwiftCore' from project 'w3w-swift-core')
cd /Users/admin/builder/spi-builder-workspace/.swiftpm/xcode
builtin-SwiftPerFileCompile W3WPolygon.swift
SwiftCompile normal arm64 Compiling\ W3WRfcLanguage+W3WLanguage.swift,\ W3WRfcLanguage+W3WSdkLanguage.swift,\ W3WRfcLanguage.swift,\ W3WRfcLanguageProtocol.swift,\ W3WRfcLanguageProtocols.swift,\ W3WDebouncer.swift /Users/admin/builder/spi-builder-workspace/.dependencies/checkouts/w3w-swift-core/Sources/W3WSwiftCore/RfcLanguage/W3WRfcLanguage+W3WLanguage.swift /Users/admin/builder/spi-builder-workspace/.dependencies/checkouts/w3w-swift-core/Sources/W3WSwiftCore/RfcLanguage/W3WRfcLanguage+W3WSdkLanguage.swift /Users/admin/builder/spi-builder-workspace/.dependencies/checkouts/w3w-swift-core/Sources/W3WSwiftCore/RfcLanguage/W3WRfcLanguage.swift /Users/admin/builder/spi-builder-workspace/.dependencies/checkouts/w3w-swift-core/Sources/W3WSwiftCore/RfcLanguage/W3WRfcLanguageProtocol.swift /Users/admin/builder/spi-builder-workspace/.dependencies/checkouts/w3w-swift-core/Sources/W3WSwiftCore/RfcLanguage/W3WRfcLanguageProtocols.swift /Users/admin/builder/spi-builder-workspace/.dependencies/checkouts/w3w-swift-core/Sources/W3WSwiftCore/Threading/W3WDebouncer.swift (in target 'W3WSwiftCore' from project 'w3w-swift-core')
/Users/admin/builder/spi-builder-workspace/.dependencies/checkouts/w3w-swift-core/Sources/W3WSwiftCore/RfcLanguage/W3WRfcLanguage.swift:66:37: error: 'Language' is only available in tvOS 16 or newer
14 | /// - script (optional, 4 letters, titlecased)
15 | /// - region (optional, 2 letters or 3-digit number)
16 | public struct W3WRfcLanguage: W3WRfcLanguageProtocol {
| `- note: add '@available' attribute to enclosing struct
17 | /// default language is "en". name's default can be changed externally to use a different language by an app if nessesary
18 | public static var `default` = W3WRfcLanguage(code: "en")
:
64 | @available(iOS 16, *)
65 | @available(watchOS 9, *)
66 | public init(from language: Locale.Language) {
| | `- error: 'Language' is only available in tvOS 16 or newer
| `- note: add '@available' attribute to enclosing initializer
67 | self.code = language.code
68 | self.scriptCode = language.scriptCode
/Users/admin/builder/spi-builder-workspace/.dependencies/checkouts/w3w-swift-core/Sources/W3WSwiftCore/RfcLanguage/W3WRfcLanguage.swift:130:18: error: 'Language' is only available in tvOS 16 or newer
128 | @available(watchOS 9, *)
129 | @available(iOS 16, *)
130 | extension Locale.Language : W3WRfcLanguageProtocol {
| | `- error: 'Language' is only available in tvOS 16 or newer
| `- note: add '@available' attribute to enclosing extension
131 | public var code: String? {
132 | return languageCode?.identifier
/Users/admin/builder/spi-builder-workspace/.dependencies/checkouts/w3w-swift-core/Sources/W3WSwiftCore/RfcLanguage/W3WRfcLanguage.swift:27:30: error: 'language' is only available in tvOS 16 or newer
14 | /// - script (optional, 4 letters, titlecased)
15 | /// - region (optional, 2 letters or 3-digit number)
16 | public struct W3WRfcLanguage: W3WRfcLanguageProtocol {
| `- note: add '@available' attribute to enclosing struct
17 | /// default language is "en". name's default can be changed externally to use a different language by an app if nessesary
18 | public static var `default` = W3WRfcLanguage(code: "en")
:
22 | public var regionCode: String?
23 |
24 | public init(locale: Locale) {
| `- note: add '@available' attribute to enclosing initializer
25 | if #available(iOS 16, *), #available(watchOS 9, *) {
26 | // from iOS 16 supports getting script
27 | self.init(from: locale.language)
| |- error: 'language' is only available in tvOS 16 or newer
| `- note: add 'if #available' version check
28 | } else {
29 | // no script for iOS < 16
/Users/admin/builder/spi-builder-workspace/.dependencies/checkouts/w3w-swift-core/Sources/W3WSwiftCore/RfcLanguage/W3WRfcLanguage.swift:97:30: error: 'Language' is only available in tvOS 16 or newer
71 | }
72 |
73 | public extension W3WRfcLanguage {
| `- note: add '@available' attribute to enclosing extension
74 | /// if you want to init and validate that the language is supported on os, set `iOSCompatible` = `true`, or else = `false`
75 | /// if it's not valid, an error will be thrown
:
82 | }
83 | /// Initialize from a string
84 | init(from string: String) {
| `- note: add '@available' attribute to enclosing initializer
85 | // Normalize separators
86 | let normalized = string
:
95 |
96 | if #available(iOS 16, *), #available(watchOS 9, *) {
97 | self.init(from: Locale.Language(identifier: normalized))
| |- error: 'Language' is only available in tvOS 16 or newer
| `- note: add 'if #available' version check
98 | } else {
99 | // Split into parts (e.g. zh-Hans-CN → ["zh", "Hans", "CN"])
/Users/admin/builder/spi-builder-workspace/.dependencies/checkouts/w3w-swift-core/Sources/W3WSwiftCore/RfcLanguage/W3WRfcLanguage.swift:97:30: error: 'init(identifier:)' is only available in tvOS 16 or newer
71 | }
72 |
73 | public extension W3WRfcLanguage {
| `- note: add '@available' attribute to enclosing extension
74 | /// if you want to init and validate that the language is supported on os, set `iOSCompatible` = `true`, or else = `false`
75 | /// if it's not valid, an error will be thrown
:
82 | }
83 | /// Initialize from a string
84 | init(from string: String) {
| `- note: add '@available' attribute to enclosing initializer
85 | // Normalize separators
86 | let normalized = string
:
95 |
96 | if #available(iOS 16, *), #available(watchOS 9, *) {
97 | self.init(from: Locale.Language(identifier: normalized))
| |- error: 'init(identifier:)' is only available in tvOS 16 or newer
| `- note: add 'if #available' version check
98 | } else {
99 | // Split into parts (e.g. zh-Hans-CN → ["zh", "Hans", "CN"])
/Users/admin/builder/spi-builder-workspace/.dependencies/checkouts/w3w-swift-core/Sources/W3WSwiftCore/RfcLanguage/W3WRfcLanguage.swift:132:12: error: 'languageCode' is only available in tvOS 16 or newer
128 | @available(watchOS 9, *)
129 | @available(iOS 16, *)
130 | extension Locale.Language : W3WRfcLanguageProtocol {
| `- note: add '@available' attribute to enclosing extension
131 | public var code: String? {
| `- note: add '@available' attribute to enclosing property
132 | return languageCode?.identifier
| |- error: 'languageCode' is only available in tvOS 16 or newer
| `- note: add 'if #available' version check
133 | }
134 |
/Users/admin/builder/spi-builder-workspace/.dependencies/checkouts/w3w-swift-core/Sources/W3WSwiftCore/RfcLanguage/W3WRfcLanguage.swift:136:17: error: 'script' is only available in tvOS 16 or newer
128 | @available(watchOS 9, *)
129 | @available(iOS 16, *)
130 | extension Locale.Language : W3WRfcLanguageProtocol {
| `- note: add '@available' attribute to enclosing extension
131 | public var code: String? {
132 | return languageCode?.identifier
133 | }
134 |
135 | public var scriptCode: String? {
| `- note: add '@available' attribute to enclosing property
136 | return self.script?.identifier
| |- error: 'script' is only available in tvOS 16 or newer
| `- note: add 'if #available' version check
137 | }
138 |
/Users/admin/builder/spi-builder-workspace/.dependencies/checkouts/w3w-swift-core/Sources/W3WSwiftCore/RfcLanguage/W3WRfcLanguage.swift:140:12: error: 'region' is only available in tvOS 16 or newer
128 | @available(watchOS 9, *)
129 | @available(iOS 16, *)
130 | extension Locale.Language : W3WRfcLanguageProtocol {
| `- note: add '@available' attribute to enclosing extension
131 | public var code: String? {
132 | return languageCode?.identifier
:
137 | }
138 |
139 | public var regionCode: String? {
| `- note: add '@available' attribute to enclosing property
140 | return region?.identifier
| |- error: 'region' is only available in tvOS 16 or newer
| `- note: add 'if #available' version check
141 | }
142 | }
/Users/admin/builder/spi-builder-workspace/.dependencies/checkouts/w3w-swift-core/Sources/W3WSwiftCore/RfcLanguage/W3WRfcLanguageProtocol.swift:21:29: error: 'Language' is only available in tvOS 16 or newer
14 | }
15 |
16 | public extension W3WRfcLanguageProtocol {
| `- note: add '@available' attribute to enclosing extension
17 | // validate if language is supported by os, or else throw error
18 | static func validateiOSCompatibility(identifier: String) throws {
| `- note: add '@available' attribute to enclosing static method
19 | let isValid: Bool
20 | if #available(iOS 16, watchOS 9, *) {
21 | let language = Locale.Language(identifier: identifier)
| |- error: 'Language' is only available in tvOS 16 or newer
| `- note: add 'if #available' version check
22 | let langCode = language.code ?? ""
23 |
/Users/admin/builder/spi-builder-workspace/.dependencies/checkouts/w3w-swift-core/Sources/W3WSwiftCore/RfcLanguage/W3WRfcLanguageProtocol.swift:21:29: error: 'init(identifier:)' is only available in tvOS 16 or newer
14 | }
15 |
16 | public extension W3WRfcLanguageProtocol {
| `- note: add '@available' attribute to enclosing extension
17 | // validate if language is supported by os, or else throw error
18 | static func validateiOSCompatibility(identifier: String) throws {
| `- note: add '@available' attribute to enclosing static method
19 | let isValid: Bool
20 | if #available(iOS 16, watchOS 9, *) {
21 | let language = Locale.Language(identifier: identifier)
| |- error: 'init(identifier:)' is only available in tvOS 16 or newer
| `- note: add 'if #available' version check
22 | let langCode = language.code ?? ""
23 |
/Users/admin/builder/spi-builder-workspace/.dependencies/checkouts/w3w-swift-core/Sources/W3WSwiftCore/RfcLanguage/W3WRfcLanguageProtocol.swift:26:17: error: 'isEquivalent(to:)' is only available in tvOS 16 or newer
14 | }
15 |
16 | public extension W3WRfcLanguageProtocol {
| `- note: add '@available' attribute to enclosing extension
17 | // validate if language is supported by os, or else throw error
18 | static func validateiOSCompatibility(identifier: String) throws {
| `- note: add '@available' attribute to enclosing static method
19 | let isValid: Bool
20 | if #available(iOS 16, watchOS 9, *) {
:
24 | // Check if code exists and is either equivalent to a standard locale or passes custom validation
25 | isValid = !langCode.isEmpty &&
26 | (language.isEquivalent(to: .init(identifier: langCode)) || identifier.isValidLocale)
| |- error: 'isEquivalent(to:)' is only available in tvOS 16 or newer
| `- note: add 'if #available' version check
27 | } else {
28 | isValid = identifier.isValidLocale
SwiftCompile normal arm64 /Users/admin/builder/spi-builder-workspace/.dependencies/checkouts/w3w-swift-core/Sources/W3WSwiftCore/RfcLanguage/W3WRfcLanguage+W3WLanguage.swift (in target 'W3WSwiftCore' from project 'w3w-swift-core')
cd /Users/admin/builder/spi-builder-workspace/.swiftpm/xcode
builtin-SwiftPerFileCompile W3WRfcLanguage+W3WLanguage.swift
SwiftCompile normal arm64 /Users/admin/builder/spi-builder-workspace/.dependencies/checkouts/w3w-swift-core/Sources/W3WSwiftCore/RfcLanguage/W3WRfcLanguage+W3WSdkLanguage.swift (in target 'W3WSwiftCore' from project 'w3w-swift-core')
cd /Users/admin/builder/spi-builder-workspace/.swiftpm/xcode
builtin-SwiftPerFileCompile W3WRfcLanguage+W3WSdkLanguage.swift
SwiftCompile normal arm64 /Users/admin/builder/spi-builder-workspace/.dependencies/checkouts/w3w-swift-core/Sources/W3WSwiftCore/RfcLanguage/W3WRfcLanguage.swift (in target 'W3WSwiftCore' from project 'w3w-swift-core')
cd /Users/admin/builder/spi-builder-workspace/.swiftpm/xcode
builtin-SwiftPerFileCompile W3WRfcLanguage.swift
SwiftCompile normal arm64 /Users/admin/builder/spi-builder-workspace/.dependencies/checkouts/w3w-swift-core/Sources/W3WSwiftCore/RfcLanguage/W3WRfcLanguageProtocol.swift (in target 'W3WSwiftCore' from project 'w3w-swift-core')
cd /Users/admin/builder/spi-builder-workspace/.swiftpm/xcode
builtin-SwiftPerFileCompile W3WRfcLanguageProtocol.swift
SwiftCompile normal arm64 /Users/admin/builder/spi-builder-workspace/.dependencies/checkouts/w3w-swift-core/Sources/W3WSwiftCore/RfcLanguage/W3WRfcLanguageProtocols.swift (in target 'W3WSwiftCore' from project 'w3w-swift-core')
cd /Users/admin/builder/spi-builder-workspace/.swiftpm/xcode
builtin-SwiftPerFileCompile W3WRfcLanguageProtocols.swift
SwiftCompile normal arm64 /Users/admin/builder/spi-builder-workspace/.dependencies/checkouts/w3w-swift-core/Sources/W3WSwiftCore/Threading/W3WDebouncer.swift (in target 'W3WSwiftCore' from project 'w3w-swift-core')
cd /Users/admin/builder/spi-builder-workspace/.swiftpm/xcode
builtin-SwiftPerFileCompile W3WDebouncer.swift
SwiftCompile normal arm64 Compiling\ W3WUser.swift,\ W3WAudioRecorder.swift,\ W3WAudioRecording.swift,\ W3WAudioStream.swift,\ W3WEncoding.swift,\ W3WMicrophone.swift,\ ApiExtension.swift /Users/admin/builder/spi-builder-workspace/.dependencies/checkouts/w3w-swift-core/Sources/W3WSwiftCore/Accounts/W3WUser.swift /Users/admin/builder/spi-builder-workspace/.dependencies/checkouts/w3w-swift-core/Sources/W3WSwiftCore/Audio/W3WAudioRecorder.swift /Users/admin/builder/spi-builder-workspace/.dependencies/checkouts/w3w-swift-core/Sources/W3WSwiftCore/Audio/W3WAudioRecording.swift /Users/admin/builder/spi-builder-workspace/.dependencies/checkouts/w3w-swift-core/Sources/W3WSwiftCore/Audio/W3WAudioStream.swift /Users/admin/builder/spi-builder-workspace/.dependencies/checkouts/w3w-swift-core/Sources/W3WSwiftCore/Audio/W3WEncoding.swift /Users/admin/builder/spi-builder-workspace/.dependencies/checkouts/w3w-swift-core/Sources/W3WSwiftCore/Audio/W3WMicrophone.swift /Users/admin/builder/spi-builder-workspace/.dependencies/checkouts/w3w-swift-core/Sources/W3WSwiftCore/Bridges/ApiExtension.swift (in target 'W3WSwiftCore' from project 'w3w-swift-core')
SwiftCompile normal arm64 /Users/admin/builder/spi-builder-workspace/.dependencies/checkouts/w3w-swift-core/Sources/W3WSwiftCore/Accounts/W3WUser.swift (in target 'W3WSwiftCore' from project 'w3w-swift-core')
cd /Users/admin/builder/spi-builder-workspace/.swiftpm/xcode
builtin-SwiftPerFileCompile W3WUser.swift
SwiftCompile normal arm64 /Users/admin/builder/spi-builder-workspace/.dependencies/checkouts/w3w-swift-core/Sources/W3WSwiftCore/Audio/W3WAudioRecorder.swift (in target 'W3WSwiftCore' from project 'w3w-swift-core')
cd /Users/admin/builder/spi-builder-workspace/.swiftpm/xcode
builtin-SwiftPerFileCompile W3WAudioRecorder.swift
SwiftCompile normal arm64 /Users/admin/builder/spi-builder-workspace/.dependencies/checkouts/w3w-swift-core/Sources/W3WSwiftCore/Audio/W3WAudioRecording.swift (in target 'W3WSwiftCore' from project 'w3w-swift-core')
cd /Users/admin/builder/spi-builder-workspace/.swiftpm/xcode
builtin-SwiftPerFileCompile W3WAudioRecording.swift
SwiftCompile normal arm64 /Users/admin/builder/spi-builder-workspace/.dependencies/checkouts/w3w-swift-core/Sources/W3WSwiftCore/Audio/W3WAudioStream.swift (in target 'W3WSwiftCore' from project 'w3w-swift-core')
cd /Users/admin/builder/spi-builder-workspace/.swiftpm/xcode
builtin-SwiftPerFileCompile W3WAudioStream.swift
SwiftCompile normal arm64 /Users/admin/builder/spi-builder-workspace/.dependencies/checkouts/w3w-swift-core/Sources/W3WSwiftCore/Audio/W3WEncoding.swift (in target 'W3WSwiftCore' from project 'w3w-swift-core')
cd /Users/admin/builder/spi-builder-workspace/.swiftpm/xcode
builtin-SwiftPerFileCompile W3WEncoding.swift
SwiftCompile normal arm64 /Users/admin/builder/spi-builder-workspace/.dependencies/checkouts/w3w-swift-core/Sources/W3WSwiftCore/Audio/W3WMicrophone.swift (in target 'W3WSwiftCore' from project 'w3w-swift-core')
cd /Users/admin/builder/spi-builder-workspace/.swiftpm/xcode
builtin-SwiftPerFileCompile W3WMicrophone.swift
SwiftCompile normal arm64 /Users/admin/builder/spi-builder-workspace/.dependencies/checkouts/w3w-swift-core/Sources/W3WSwiftCore/Bridges/ApiExtension.swift (in target 'W3WSwiftCore' from project 'w3w-swift-core')
cd /Users/admin/builder/spi-builder-workspace/.swiftpm/xcode
builtin-SwiftPerFileCompile ApiExtension.swift
SwiftCompile normal arm64 Compiling\ Combine+Extensions.swift,\ W3WEvent.swift,\ W3WEventSubscriberProtocol.swift,\ W3WEventsSubscriptions.swift,\ W3WLive.swift,\ W3WRegex.swift /Users/admin/builder/spi-builder-workspace/.dependencies/checkouts/w3w-swift-core/Sources/W3WSwiftCore/Reactive/Combine+Extensions.swift /Users/admin/builder/spi-builder-workspace/.dependencies/checkouts/w3w-swift-core/Sources/W3WSwiftCore/Reactive/W3WEvent.swift /Users/admin/builder/spi-builder-workspace/.dependencies/checkouts/w3w-swift-core/Sources/W3WSwiftCore/Reactive/W3WEventSubscriberProtocol.swift /Users/admin/builder/spi-builder-workspace/.dependencies/checkouts/w3w-swift-core/Sources/W3WSwiftCore/Reactive/W3WEventsSubscriptions.swift /Users/admin/builder/spi-builder-workspace/.dependencies/checkouts/w3w-swift-core/Sources/W3WSwiftCore/Reactive/W3WLive.swift /Users/admin/builder/spi-builder-workspace/.dependencies/checkouts/w3w-swift-core/Sources/W3WSwiftCore/Regex/W3WRegex.swift (in target 'W3WSwiftCore' from project 'w3w-swift-core')
SwiftCompile normal arm64 /Users/admin/builder/spi-builder-workspace/.dependencies/checkouts/w3w-swift-core/Sources/W3WSwiftCore/Reactive/Combine+Extensions.swift (in target 'W3WSwiftCore' from project 'w3w-swift-core')
cd /Users/admin/builder/spi-builder-workspace/.swiftpm/xcode
builtin-SwiftPerFileCompile Combine+Extensions.swift
SwiftCompile normal arm64 /Users/admin/builder/spi-builder-workspace/.dependencies/checkouts/w3w-swift-core/Sources/W3WSwiftCore/Reactive/W3WEvent.swift (in target 'W3WSwiftCore' from project 'w3w-swift-core')
cd /Users/admin/builder/spi-builder-workspace/.swiftpm/xcode
builtin-SwiftPerFileCompile W3WEvent.swift
SwiftCompile normal arm64 /Users/admin/builder/spi-builder-workspace/.dependencies/checkouts/w3w-swift-core/Sources/W3WSwiftCore/Reactive/W3WEventSubscriberProtocol.swift (in target 'W3WSwiftCore' from project 'w3w-swift-core')
cd /Users/admin/builder/spi-builder-workspace/.swiftpm/xcode
builtin-SwiftPerFileCompile W3WEventSubscriberProtocol.swift
SwiftCompile normal arm64 /Users/admin/builder/spi-builder-workspace/.dependencies/checkouts/w3w-swift-core/Sources/W3WSwiftCore/Reactive/W3WEventsSubscriptions.swift (in target 'W3WSwiftCore' from project 'w3w-swift-core')
cd /Users/admin/builder/spi-builder-workspace/.swiftpm/xcode
builtin-SwiftPerFileCompile W3WEventsSubscriptions.swift
SwiftCompile normal arm64 /Users/admin/builder/spi-builder-workspace/.dependencies/checkouts/w3w-swift-core/Sources/W3WSwiftCore/Reactive/W3WLive.swift (in target 'W3WSwiftCore' from project 'w3w-swift-core')
cd /Users/admin/builder/spi-builder-workspace/.swiftpm/xcode
builtin-SwiftPerFileCompile W3WLive.swift
SwiftCompile normal arm64 /Users/admin/builder/spi-builder-workspace/.dependencies/checkouts/w3w-swift-core/Sources/W3WSwiftCore/Regex/W3WRegex.swift (in target 'W3WSwiftCore' from project 'w3w-swift-core')
cd /Users/admin/builder/spi-builder-workspace/.swiftpm/xcode
builtin-SwiftPerFileCompile W3WRegex.swift
SwiftCompile normal arm64 Compiling\ SdkExtension.swift,\ SdkTypes.swift,\ W3WGpsReading.swift,\ W3WGpsState.swift,\ W3WGpsStatus.swift,\ W3WProtocolV3.swift,\ W3WProtocolV4.swift /Users/admin/builder/spi-builder-workspace/.dependencies/checkouts/w3w-swift-core/Sources/W3WSwiftCore/Bridges/SdkExtension.swift /Users/admin/builder/spi-builder-workspace/.dependencies/checkouts/w3w-swift-core/Sources/W3WSwiftCore/Bridges/SdkTypes.swift /Users/admin/builder/spi-builder-workspace/.dependencies/checkouts/w3w-swift-core/Sources/W3WSwiftCore/Gps/W3WGpsReading.swift /Users/admin/builder/spi-builder-workspace/.dependencies/checkouts/w3w-swift-core/Sources/W3WSwiftCore/Gps/W3WGpsState.swift /Users/admin/builder/spi-builder-workspace/.dependencies/checkouts/w3w-swift-core/Sources/W3WSwiftCore/Gps/W3WGpsStatus.swift /Users/admin/builder/spi-builder-workspace/.dependencies/checkouts/w3w-swift-core/Sources/W3WSwiftCore/Interfaces/W3WProtocolV3.swift /Users/admin/builder/spi-builder-workspace/.dependencies/checkouts/w3w-swift-core/Sources/W3WSwiftCore/Interfaces/W3WProtocolV4.swift (in target 'W3WSwiftCore' from project 'w3w-swift-core')
SwiftCompile normal arm64 /Users/admin/builder/spi-builder-workspace/.dependencies/checkouts/w3w-swift-core/Sources/W3WSwiftCore/Bridges/SdkExtension.swift (in target 'W3WSwiftCore' from project 'w3w-swift-core')
cd /Users/admin/builder/spi-builder-workspace/.swiftpm/xcode
builtin-SwiftPerFileCompile SdkExtension.swift
SwiftCompile normal arm64 /Users/admin/builder/spi-builder-workspace/.dependencies/checkouts/w3w-swift-core/Sources/W3WSwiftCore/Bridges/SdkTypes.swift (in target 'W3WSwiftCore' from project 'w3w-swift-core')
cd /Users/admin/builder/spi-builder-workspace/.swiftpm/xcode
builtin-SwiftPerFileCompile SdkTypes.swift
SwiftCompile normal arm64 /Users/admin/builder/spi-builder-workspace/.dependencies/checkouts/w3w-swift-core/Sources/W3WSwiftCore/Gps/W3WGpsReading.swift (in target 'W3WSwiftCore' from project 'w3w-swift-core')
cd /Users/admin/builder/spi-builder-workspace/.swiftpm/xcode
builtin-SwiftPerFileCompile W3WGpsReading.swift
SwiftCompile normal arm64 /Users/admin/builder/spi-builder-workspace/.dependencies/checkouts/w3w-swift-core/Sources/W3WSwiftCore/Gps/W3WGpsState.swift (in target 'W3WSwiftCore' from project 'w3w-swift-core')
cd /Users/admin/builder/spi-builder-workspace/.swiftpm/xcode
builtin-SwiftPerFileCompile W3WGpsState.swift
SwiftCompile normal arm64 /Users/admin/builder/spi-builder-workspace/.dependencies/checkouts/w3w-swift-core/Sources/W3WSwiftCore/Gps/W3WGpsStatus.swift (in target 'W3WSwiftCore' from project 'w3w-swift-core')
cd /Users/admin/builder/spi-builder-workspace/.swiftpm/xcode
builtin-SwiftPerFileCompile W3WGpsStatus.swift
SwiftCompile normal arm64 /Users/admin/builder/spi-builder-workspace/.dependencies/checkouts/w3w-swift-core/Sources/W3WSwiftCore/Interfaces/W3WProtocolV3.swift (in target 'W3WSwiftCore' from project 'w3w-swift-core')
cd /Users/admin/builder/spi-builder-workspace/.swiftpm/xcode
builtin-SwiftPerFileCompile W3WProtocolV3.swift
SwiftCompile normal arm64 /Users/admin/builder/spi-builder-workspace/.dependencies/checkouts/w3w-swift-core/Sources/W3WSwiftCore/Interfaces/W3WProtocolV4.swift (in target 'W3WSwiftCore' from project 'w3w-swift-core')
cd /Users/admin/builder/spi-builder-workspace/.swiftpm/xcode
builtin-SwiftPerFileCompile W3WProtocolV4.swift
SwiftCompile normal arm64 Compiling\ W3WMockTranslation.swift,\ W3WTranslate.swift,\ W3WTranslationsProtocol.swift,\ NetworkConnection.swift,\ W3WJson.swift,\ W3WRequest.swift /Users/admin/builder/spi-builder-workspace/.dependencies/checkouts/w3w-swift-core/Sources/W3WSwiftCore/Localization/W3WMockTranslation.swift /Users/admin/builder/spi-builder-workspace/.dependencies/checkouts/w3w-swift-core/Sources/W3WSwiftCore/Localization/W3WTranslate.swift /Users/admin/builder/spi-builder-workspace/.dependencies/checkouts/w3w-swift-core/Sources/W3WSwiftCore/Localization/W3WTranslationsProtocol.swift /Users/admin/builder/spi-builder-workspace/.dependencies/checkouts/w3w-swift-core/Sources/W3WSwiftCore/Network/NetworkConnection.swift /Users/admin/builder/spi-builder-workspace/.dependencies/checkouts/w3w-swift-core/Sources/W3WSwiftCore/Network/W3WJson.swift /Users/admin/builder/spi-builder-workspace/.dependencies/checkouts/w3w-swift-core/Sources/W3WSwiftCore/Network/W3WRequest.swift (in target 'W3WSwiftCore' from project 'w3w-swift-core')
SwiftCompile normal arm64 /Users/admin/builder/spi-builder-workspace/.dependencies/checkouts/w3w-swift-core/Sources/W3WSwiftCore/Localization/W3WMockTranslation.swift (in target 'W3WSwiftCore' from project 'w3w-swift-core')
cd /Users/admin/builder/spi-builder-workspace/.swiftpm/xcode
builtin-SwiftPerFileCompile W3WMockTranslation.swift
SwiftCompile normal arm64 /Users/admin/builder/spi-builder-workspace/.dependencies/checkouts/w3w-swift-core/Sources/W3WSwiftCore/Localization/W3WTranslate.swift (in target 'W3WSwiftCore' from project 'w3w-swift-core')
cd /Users/admin/builder/spi-builder-workspace/.swiftpm/xcode
builtin-SwiftPerFileCompile W3WTranslate.swift
SwiftCompile normal arm64 /Users/admin/builder/spi-builder-workspace/.dependencies/checkouts/w3w-swift-core/Sources/W3WSwiftCore/Localization/W3WTranslationsProtocol.swift (in target 'W3WSwiftCore' from project 'w3w-swift-core')
cd /Users/admin/builder/spi-builder-workspace/.swiftpm/xcode
builtin-SwiftPerFileCompile W3WTranslationsProtocol.swift
SwiftCompile normal arm64 /Users/admin/builder/spi-builder-workspace/.dependencies/checkouts/w3w-swift-core/Sources/W3WSwiftCore/Network/NetworkConnection.swift (in target 'W3WSwiftCore' from project 'w3w-swift-core')
cd /Users/admin/builder/spi-builder-workspace/.swiftpm/xcode
builtin-SwiftPerFileCompile NetworkConnection.swift
SwiftCompile normal arm64 /Users/admin/builder/spi-builder-workspace/.dependencies/checkouts/w3w-swift-core/Sources/W3WSwiftCore/Network/W3WJson.swift (in target 'W3WSwiftCore' from project 'w3w-swift-core')
cd /Users/admin/builder/spi-builder-workspace/.swiftpm/xcode
builtin-SwiftPerFileCompile W3WJson.swift
SwiftCompile normal arm64 /Users/admin/builder/spi-builder-workspace/.dependencies/checkouts/w3w-swift-core/Sources/W3WSwiftCore/Network/W3WRequest.swift (in target 'W3WSwiftCore' from project 'w3w-swift-core')
cd /Users/admin/builder/spi-builder-workspace/.swiftpm/xcode
builtin-SwiftPerFileCompile W3WRequest.swift
SwiftCompile normal arm64 Compiling\ W3WInputType.swift,\ W3WOption.swift,\ W3WOptionAcceptorProtocol.swift,\ W3WOptionProtocol.swift,\ W3WOptions.swift,\ W3WStreetAddress.swift /Users/admin/builder/spi-builder-workspace/.dependencies/checkouts/w3w-swift-core/Sources/W3WSwiftCore/Types/Options/W3WInputType.swift /Users/admin/builder/spi-builder-workspace/.dependencies/checkouts/w3w-swift-core/Sources/W3WSwiftCore/Types/Options/W3WOption.swift /Users/admin/builder/spi-builder-workspace/.dependencies/checkouts/w3w-swift-core/Sources/W3WSwiftCore/Types/Options/W3WOptionAcceptorProtocol.swift /Users/admin/builder/spi-builder-workspace/.dependencies/checkouts/w3w-swift-core/Sources/W3WSwiftCore/Types/Options/W3WOptionProtocol.swift /Users/admin/builder/spi-builder-workspace/.dependencies/checkouts/w3w-swift-core/Sources/W3WSwiftCore/Types/Options/W3WOptions.swift /Users/admin/builder/spi-builder-workspace/.dependencies/checkouts/w3w-swift-core/Sources/W3WSwiftCore/Types/Street/W3WStreetAddress.swift (in target 'W3WSwiftCore' from project 'w3w-swift-core')
SwiftCompile normal arm64 /Users/admin/builder/spi-builder-workspace/.dependencies/checkouts/w3w-swift-core/Sources/W3WSwiftCore/Types/Options/W3WInputType.swift (in target 'W3WSwiftCore' from project 'w3w-swift-core')
cd /Users/admin/builder/spi-builder-workspace/.swiftpm/xcode
builtin-SwiftPerFileCompile W3WInputType.swift
SwiftCompile normal arm64 /Users/admin/builder/spi-builder-workspace/.dependencies/checkouts/w3w-swift-core/Sources/W3WSwiftCore/Types/Options/W3WOption.swift (in target 'W3WSwiftCore' from project 'w3w-swift-core')
cd /Users/admin/builder/spi-builder-workspace/.swiftpm/xcode
builtin-SwiftPerFileCompile W3WOption.swift
SwiftCompile normal arm64 /Users/admin/builder/spi-builder-workspace/.dependencies/checkouts/w3w-swift-core/Sources/W3WSwiftCore/Types/Options/W3WOptionAcceptorProtocol.swift (in target 'W3WSwiftCore' from project 'w3w-swift-core')
cd /Users/admin/builder/spi-builder-workspace/.swiftpm/xcode
builtin-SwiftPerFileCompile W3WOptionAcceptorProtocol.swift
SwiftCompile normal arm64 /Users/admin/builder/spi-builder-workspace/.dependencies/checkouts/w3w-swift-core/Sources/W3WSwiftCore/Types/Options/W3WOptionProtocol.swift (in target 'W3WSwiftCore' from project 'w3w-swift-core')
cd /Users/admin/builder/spi-builder-workspace/.swiftpm/xcode
builtin-SwiftPerFileCompile W3WOptionProtocol.swift
SwiftCompile normal arm64 /Users/admin/builder/spi-builder-workspace/.dependencies/checkouts/w3w-swift-core/Sources/W3WSwiftCore/Types/Options/W3WOptions.swift (in target 'W3WSwiftCore' from project 'w3w-swift-core')
cd /Users/admin/builder/spi-builder-workspace/.swiftpm/xcode
builtin-SwiftPerFileCompile W3WOptions.swift
SwiftCompile normal arm64 /Users/admin/builder/spi-builder-workspace/.dependencies/checkouts/w3w-swift-core/Sources/W3WSwiftCore/Types/Street/W3WStreetAddress.swift (in target 'W3WSwiftCore' from project 'w3w-swift-core')
cd /Users/admin/builder/spi-builder-workspace/.swiftpm/xcode
builtin-SwiftPerFileCompile W3WStreetAddress.swift
PruneExplicitPrecompiledModules /Users/admin/builder/spi-builder-workspace/.derivedData/Build/Intermediates.noindex/SwiftExplicitPrecompiledModules
PruneExplicitPrecompiledModules /Users/admin/builder/spi-builder-workspace/.derivedData/SDKExplicitPrecompiledModules
PruneExplicitPrecompiledModules /Users/admin/builder/spi-builder-workspace/.derivedData/Build/Intermediates.noindex/ExplicitPrecompiledModules
2026-09-21 07:32:10.312 xcodebuild[684:4317] [MT] IDERunDestination: Supported platforms for the buildables in the current scheme is empty.
** BUILD FAILED **
The following build commands failed:
SwiftEmitModule normal arm64 Emitting\ module\ for\ W3WSwiftCore (in target 'W3WSwiftCore' from project 'w3w-swift-core')
SwiftCompile normal arm64 (in target 'W3WSwiftCore' from project 'w3w-swift-core')
Building workspace w3w-swift-voice-api with scheme w3w-swift-voice-api
(3 failures)
Command line invocation:
/Applications/Xcode-27.0.0-Release.Candidate.app/Contents/Developer/usr/bin/xcodebuild -IDEClonedSourcePackagesDirPathOverride=/Users/admin/builder/spi-builder-workspace/.dependencies -resolvePackageDependencies
Resolve Package Graph
Resolved source packages:
w3w-swift-core: https://github.com/what3words/w3w-swift-core.git @ 1.5.0
w3w-swift-voice-api: /Users/admin/builder/spi-builder-workspace
resolved source packages: w3w-swift-core, w3w-swift-voice-api
2026-09-21 07:32:17.123 xcodebuild[787:4782] [MT] IDERunDestination: Supported platforms for the buildables in the current scheme is empty.
{
"dependencies" : [
{
"identity" : "w3w-swift-core",
"requirement" : {
"range" : [
{
"lower_bound" : "1.0.0",
"upper_bound" : "2.0.0"
}
]
},
"type" : "sourceControl",
"url" : "https://github.com/what3words/w3w-swift-core.git"
}
],
"manifest_display_name" : "w3w-swift-voice-api",
"name" : "w3w-swift-voice-api",
"path" : "/Users/admin/builder/spi-builder-workspace",
"platforms" : [
{
"name" : "macos",
"version" : "10.12"
},
{
"name" : "ios",
"version" : "10.0"
},
{
"name" : "tvos",
"version" : "10.0"
},
{
"name" : "watchos",
"version" : "2.0"
}
],
"products" : [
{
"name" : "W3WSwiftVoiceApi",
"targets" : [
"W3WSwiftVoiceApi"
],
"type" : {
"library" : [
"automatic"
]
}
}
],
"targets" : [
{
"c99name" : "w3w_swift_wrapper_voiceTests",
"module_type" : "SwiftTarget",
"name" : "w3w-swift-wrapper-voiceTests",
"path" : "Tests/w3w-swift-wrapper-voiceTests",
"sources" : [
"w3w_swift_wrapperTests.swift"
],
"target_dependencies" : [
"W3WSwiftVoiceApi"
],
"type" : "test"
},
{
"c99name" : "W3WSwiftVoiceApi",
"module_type" : "SwiftTarget",
"name" : "W3WSwiftVoiceApi",
"path" : "Sources/W3WSwiftVoiceApi",
"product_dependencies" : [
"W3WSwiftCore"
],
"product_memberships" : [
"W3WSwiftVoiceApi"
],
"sources" : [
"Export.swift",
"Extensions/W3WError.swift",
"Extensions/W3WVoiceSuggestion.swift",
"Json/JsonVoiceError.swift",
"Json/JsonVoiceLanguage.swift",
"Json/JsonVoiceLanguages.swift",
"Json/JsonVoiceResponse.swift",
"Json/JsonVoiceSuggestion.swift",
"Json/W3WJsonVoiceError.swift",
"Network/W3WApiCall.swift",
"Network/W3WVoiceSocket.swift",
"Network/W3WebSocket.swift",
"Types/W3WTypes.swift",
"W3WSettings.swift",
"W3WVoiceApi.swift",
"WatchOS/W3WVoiceUpload.swift"
],
"type" : "library"
}
],
"tools_version" : "5.6"
}
{
"workspace" : {
"name" : "w3w-swift-voice-api",
"schemes" : [
"w3w-swift-voice-api"
]
}
}
2026-09-21 07:32:18.418 xcodebuild[795:4851] [MT] IDERunDestination: Supported platforms for the buildables in the current scheme is empty.
Running build ...
env DEVELOPER_DIR=/Applications/Xcode-27.0.0-Release.Candidate.app xcrun xcodebuild -IDEClonedSourcePackagesDirPathOverride=$PWD/.dependencies -skipMacroValidation -skipPackagePluginValidation -derivedDataPath $PWD/.derivedData build -scheme w3w-swift-voice-api -destination generic/platform=tvOS
Command line invocation:
/Applications/Xcode-27.0.0-Release.Candidate.app/Contents/Developer/usr/bin/xcodebuild -IDEClonedSourcePackagesDirPathOverride=/Users/admin/builder/spi-builder-workspace/.dependencies -skipMacroValidation -skipPackagePluginValidation -derivedDataPath /Users/admin/builder/spi-builder-workspace/.derivedData build -scheme w3w-swift-voice-api -destination generic/platform=tvOS
Resolve Package Graph
Resolved source packages:
w3w-swift-voice-api: /Users/admin/builder/spi-builder-workspace
w3w-swift-core: https://github.com/what3words/w3w-swift-core.git @ 1.5.0
ComputePackagePrebuildTargetDependencyGraph
Prepare packages
CreateBuildRequest
SendProjectDescription
CreateBuildOperation
ComputeTargetDependencyGraph
note: Building targets in dependency order
note: Target dependency graph (4 targets)
Target 'W3WSwiftVoiceApi-product' in project 'w3w-swift-voice-api'
➜ Explicit dependency on target 'W3WSwiftVoiceApi' in project 'w3w-swift-voice-api'
➜ Explicit dependency on target 'W3WSwiftCore-product' in project 'w3w-swift-core'
Target 'W3WSwiftVoiceApi' in project 'w3w-swift-voice-api'
➜ Explicit dependency on target 'W3WSwiftCore-product' in project 'w3w-swift-core'
Target 'W3WSwiftCore-product' in project 'w3w-swift-core'
➜ Explicit dependency on target 'W3WSwiftCore' in project 'w3w-swift-core'
Target 'W3WSwiftCore' in project 'w3w-swift-core' (no dependencies)
GatherProvisioningInputs
CreateBuildDescription
ClangStatCache /Applications/Xcode-27.0.0-Release.Candidate.app/Contents/Developer/Toolchains/XcodeDefault.xctoolchain/usr/bin/clang-stat-cache /Applications/Xcode-27.0.0-Release.Candidate.app/Contents/Developer/Platforms/AppleTVOS.platform/Developer/SDKs/AppleTVOS27.0.sdk /Users/admin/builder/spi-builder-workspace/.derivedData/SDKStatCaches.noindex/appletvos27.0-24J360-e829b21a6f8c9b70876ba0858053c044b32bfd8d43560033f8d89884cdb90028.sdkstatcache
cd /Users/admin/builder/spi-builder-workspace/.swiftpm/xcode
/Applications/Xcode-27.0.0-Release.Candidate.app/Contents/Developer/Toolchains/XcodeDefault.xctoolchain/usr/bin/clang-stat-cache /Applications/Xcode-27.0.0-Release.Candidate.app/Contents/Developer/Platforms/AppleTVOS.platform/Developer/SDKs/AppleTVOS27.0.sdk -o /Users/admin/builder/spi-builder-workspace/.derivedData/SDKStatCaches.noindex/appletvos27.0-24J360-e829b21a6f8c9b70876ba0858053c044b32bfd8d43560033f8d89884cdb90028.sdkstatcache
SwiftDriver W3WSwiftCore normal arm64 com.apple.xcode.tools.swift.compiler (in target 'W3WSwiftCore' from project 'w3w-swift-core')
cd /Users/admin/builder/spi-builder-workspace/.swiftpm/xcode
builtin-SwiftDriver -- /Applications/Xcode-27.0.0-Release.Candidate.app/Contents/Developer/Toolchains/XcodeDefault.xctoolchain/usr/bin/swiftc -parse-as-library -module-name W3WSwiftCore -Onone @/Users/admin/builder/spi-builder-workspace/.derivedData/Build/Intermediates.noindex/w3w-swift-core.build/Debug-appletvos/W3WSwiftCore-t.build/Objects-normal/arm64/W3WSwiftCore.SwiftFileList -DSWIFT_PACKAGE -DDEBUG -DSWIFT_MODULE_RESOURCE_BUNDLE_UNAVAILABLE -DXcode -plugin-path /Applications/Xcode-27.0.0-Release.Candidate.app/Contents/Developer/Toolchains/XcodeDefault.xctoolchain/usr/lib/swift/host/plugins/testing -enable-experimental-feature DebugDescriptionMacro -sdk /Applications/Xcode-27.0.0-Release.Candidate.app/Contents/Developer/Platforms/AppleTVOS.platform/Developer/SDKs/AppleTVOS27.0.sdk -target arm64-apple-tvos15.0 -g -module-cache-path /Users/admin/builder/spi-builder-workspace/.derivedData/ModuleCache.noindex -Xfrontend -serialize-debugging-options -profile-coverage-mapping -profile-generate -enable-testing -suppress-warnings -index-store-path /Users/admin/builder/spi-builder-workspace/.derivedData/Index.noindex/DataStore -Xcc -D_LIBCPP_HARDENING_MODE\=_LIBCPP_HARDENING_MODE_DEBUG -swift-version 5 -I /Users/admin/builder/spi-builder-workspace/.derivedData/Build/Products/Debug-appletvos -Isystem /Applications/Xcode-27.0.0-Release.Candidate.app/Contents/Developer/Platforms/AppleTVOS.platform/Developer/usr/lib -F /Users/admin/builder/spi-builder-workspace/.derivedData/Build/Products/Debug-appletvos -F /Applications/Xcode-27.0.0-Release.Candidate.app/Contents/Developer/Platforms/AppleTVOS.platform/Developer/Library/Frameworks -F /Applications/Xcode-27.0.0-Release.Candidate.app/Contents/Developer/Platforms/AppleTVOS.platform/Developer/SDKs/AppleTVOS27.0.sdk/Developer/Library/Frameworks -c -j10 -enable-batch-mode -incremental -Xcc -ivfsstatcache -Xcc /Users/admin/builder/spi-builder-workspace/.derivedData/SDKStatCaches.noindex/appletvos27.0-24J360-e829b21a6f8c9b70876ba0858053c044b32bfd8d43560033f8d89884cdb90028.sdkstatcache -output-file-map /Users/admin/builder/spi-builder-workspace/.derivedData/Build/Intermediates.noindex/w3w-swift-core.build/Debug-appletvos/W3WSwiftCore-t.build/Objects-normal/arm64/W3WSwiftCore-OutputFileMap.json -save-temps -no-color-diagnostics -explicit-module-build -module-cache-path /Users/admin/builder/spi-builder-workspace/.derivedData/Build/Intermediates.noindex/SwiftExplicitPrecompiledModules -clang-scanner-module-cache-path /Users/admin/builder/spi-builder-workspace/.derivedData/ModuleCache.noindex -sdk-module-cache-path /Users/admin/builder/spi-builder-workspace/.derivedData/SDKExplicitPrecompiledModules -emit-dependencies -emit-module -emit-module-path /Users/admin/builder/spi-builder-workspace/.derivedData/Build/Intermediates.noindex/w3w-swift-core.build/Debug-appletvos/W3WSwiftCore-t.build/Objects-normal/arm64/W3WSwiftCore.swiftmodule -serialize-diagnostics -dependency-scan-serialize-diagnostics-path /Users/admin/builder/spi-builder-workspace/.derivedData/Build/Intermediates.noindex/w3w-swift-core.build/Debug-appletvos/W3WSwiftCore-t.build/Objects-normal/arm64/W3WSwiftCore-dependency-scan.dia -validate-clang-modules-once -clang-build-session-file /Users/admin/builder/spi-builder-workspace/.derivedData/ModuleCache.noindex/Session.modulevalidation -Xcc -fmodules-prune-interval\=86400 -Xcc -fmodules-prune-after\=345600 -package-name w3w_swift_core -emit-const-values -const-gather-protocols-list /Users/admin/builder/spi-builder-workspace/.derivedData/Build/Intermediates.noindex/w3w-swift-core.build/Debug-appletvos/W3WSwiftCore-t.build/Objects-normal/arm64/W3WSwiftCore_const_extract_protocols.json -Xcc -I/Users/admin/builder/spi-builder-workspace/.derivedData/Build/Products/Debug-appletvos/include -Xcc -I/Users/admin/builder/spi-builder-workspace/.derivedData/Build/Intermediates.noindex/w3w-swift-core.build/Debug-appletvos/W3WSwiftCore-t.build/DerivedSources-normal/arm64 -Xcc -I/Users/admin/builder/spi-builder-workspace/.derivedData/Build/Intermediates.noindex/w3w-swift-core.build/Debug-appletvos/W3WSwiftCore-t.build/DerivedSources/arm64 -Xcc -I/Users/admin/builder/spi-builder-workspace/.derivedData/Build/Intermediates.noindex/w3w-swift-core.build/Debug-appletvos/W3WSwiftCore-t.build/DerivedSources -Xcc -DSWIFT_PACKAGE -Xcc -DDEBUG\=1 -emit-objc-header -emit-objc-header-path /Users/admin/builder/spi-builder-workspace/.derivedData/Build/Intermediates.noindex/w3w-swift-core.build/Debug-appletvos/W3WSwiftCore-t.build/Objects-normal/arm64/W3WSwiftCore-Swift.h -working-directory /Users/admin/builder/spi-builder-workspace/.swiftpm/xcode -experimental-emit-module-separately -disable-cmo
SwiftCompile normal arm64 Compiling\ W3WUser.swift,\ W3WAudioRecorder.swift,\ W3WAudioRecording.swift,\ W3WAudioStream.swift,\ W3WEncoding.swift,\ W3WMicrophone.swift,\ ApiExtension.swift /Users/admin/builder/spi-builder-workspace/.dependencies/checkouts/w3w-swift-core/Sources/W3WSwiftCore/Accounts/W3WUser.swift /Users/admin/builder/spi-builder-workspace/.dependencies/checkouts/w3w-swift-core/Sources/W3WSwiftCore/Audio/W3WAudioRecorder.swift /Users/admin/builder/spi-builder-workspace/.dependencies/checkouts/w3w-swift-core/Sources/W3WSwiftCore/Audio/W3WAudioRecording.swift /Users/admin/builder/spi-builder-workspace/.dependencies/checkouts/w3w-swift-core/Sources/W3WSwiftCore/Audio/W3WAudioStream.swift /Users/admin/builder/spi-builder-workspace/.dependencies/checkouts/w3w-swift-core/Sources/W3WSwiftCore/Audio/W3WEncoding.swift /Users/admin/builder/spi-builder-workspace/.dependencies/checkouts/w3w-swift-core/Sources/W3WSwiftCore/Audio/W3WMicrophone.swift /Users/admin/builder/spi-builder-workspace/.dependencies/checkouts/w3w-swift-core/Sources/W3WSwiftCore/Bridges/ApiExtension.swift (in target 'W3WSwiftCore' from project 'w3w-swift-core')
SwiftCompile normal arm64 /Users/admin/builder/spi-builder-workspace/.dependencies/checkouts/w3w-swift-core/Sources/W3WSwiftCore/Accounts/W3WUser.swift (in target 'W3WSwiftCore' from project 'w3w-swift-core')
cd /Users/admin/builder/spi-builder-workspace/.swiftpm/xcode
builtin-SwiftPerFileCompile W3WUser.swift
SwiftCompile normal arm64 /Users/admin/builder/spi-builder-workspace/.dependencies/checkouts/w3w-swift-core/Sources/W3WSwiftCore/Audio/W3WAudioRecorder.swift (in target 'W3WSwiftCore' from project 'w3w-swift-core')
cd /Users/admin/builder/spi-builder-workspace/.swiftpm/xcode
builtin-SwiftPerFileCompile W3WAudioRecorder.swift
SwiftCompile normal arm64 /Users/admin/builder/spi-builder-workspace/.dependencies/checkouts/w3w-swift-core/Sources/W3WSwiftCore/Audio/W3WAudioRecording.swift (in target 'W3WSwiftCore' from project 'w3w-swift-core')
cd /Users/admin/builder/spi-builder-workspace/.swiftpm/xcode
builtin-SwiftPerFileCompile W3WAudioRecording.swift
SwiftCompile normal arm64 /Users/admin/builder/spi-builder-workspace/.dependencies/checkouts/w3w-swift-core/Sources/W3WSwiftCore/Audio/W3WAudioStream.swift (in target 'W3WSwiftCore' from project 'w3w-swift-core')
cd /Users/admin/builder/spi-builder-workspace/.swiftpm/xcode
builtin-SwiftPerFileCompile W3WAudioStream.swift
SwiftCompile normal arm64 /Users/admin/builder/spi-builder-workspace/.dependencies/checkouts/w3w-swift-core/Sources/W3WSwiftCore/Audio/W3WEncoding.swift (in target 'W3WSwiftCore' from project 'w3w-swift-core')
cd /Users/admin/builder/spi-builder-workspace/.swiftpm/xcode
builtin-SwiftPerFileCompile W3WEncoding.swift
SwiftCompile normal arm64 /Users/admin/builder/spi-builder-workspace/.dependencies/checkouts/w3w-swift-core/Sources/W3WSwiftCore/Audio/W3WMicrophone.swift (in target 'W3WSwiftCore' from project 'w3w-swift-core')
cd /Users/admin/builder/spi-builder-workspace/.swiftpm/xcode
builtin-SwiftPerFileCompile W3WMicrophone.swift
SwiftCompile normal arm64 /Users/admin/builder/spi-builder-workspace/.dependencies/checkouts/w3w-swift-core/Sources/W3WSwiftCore/Bridges/ApiExtension.swift (in target 'W3WSwiftCore' from project 'w3w-swift-core')
cd /Users/admin/builder/spi-builder-workspace/.swiftpm/xcode
builtin-SwiftPerFileCompile ApiExtension.swift
SwiftCompile normal arm64 Compiling\ Combine+Extensions.swift,\ W3WEvent.swift,\ W3WEventSubscriberProtocol.swift,\ W3WEventsSubscriptions.swift,\ W3WLive.swift,\ W3WRegex.swift /Users/admin/builder/spi-builder-workspace/.dependencies/checkouts/w3w-swift-core/Sources/W3WSwiftCore/Reactive/Combine+Extensions.swift /Users/admin/builder/spi-builder-workspace/.dependencies/checkouts/w3w-swift-core/Sources/W3WSwiftCore/Reactive/W3WEvent.swift /Users/admin/builder/spi-builder-workspace/.dependencies/checkouts/w3w-swift-core/Sources/W3WSwiftCore/Reactive/W3WEventSubscriberProtocol.swift /Users/admin/builder/spi-builder-workspace/.dependencies/checkouts/w3w-swift-core/Sources/W3WSwiftCore/Reactive/W3WEventsSubscriptions.swift /Users/admin/builder/spi-builder-workspace/.dependencies/checkouts/w3w-swift-core/Sources/W3WSwiftCore/Reactive/W3WLive.swift /Users/admin/builder/spi-builder-workspace/.dependencies/checkouts/w3w-swift-core/Sources/W3WSwiftCore/Regex/W3WRegex.swift (in target 'W3WSwiftCore' from project 'w3w-swift-core')
SwiftCompile normal arm64 /Users/admin/builder/spi-builder-workspace/.dependencies/checkouts/w3w-swift-core/Sources/W3WSwiftCore/Reactive/Combine+Extensions.swift (in target 'W3WSwiftCore' from project 'w3w-swift-core')
cd /Users/admin/builder/spi-builder-workspace/.swiftpm/xcode
builtin-SwiftPerFileCompile Combine+Extensions.swift
SwiftCompile normal arm64 /Users/admin/builder/spi-builder-workspace/.dependencies/checkouts/w3w-swift-core/Sources/W3WSwiftCore/Reactive/W3WEvent.swift (in target 'W3WSwiftCore' from project 'w3w-swift-core')
cd /Users/admin/builder/spi-builder-workspace/.swiftpm/xcode
builtin-SwiftPerFileCompile W3WEvent.swift
SwiftCompile normal arm64 /Users/admin/builder/spi-builder-workspace/.dependencies/checkouts/w3w-swift-core/Sources/W3WSwiftCore/Reactive/W3WEventSubscriberProtocol.swift (in target 'W3WSwiftCore' from project 'w3w-swift-core')
cd /Users/admin/builder/spi-builder-workspace/.swiftpm/xcode
builtin-SwiftPerFileCompile W3WEventSubscriberProtocol.swift
SwiftCompile normal arm64 /Users/admin/builder/spi-builder-workspace/.dependencies/checkouts/w3w-swift-core/Sources/W3WSwiftCore/Reactive/W3WEventsSubscriptions.swift (in target 'W3WSwiftCore' from project 'w3w-swift-core')
cd /Users/admin/builder/spi-builder-workspace/.swiftpm/xcode
builtin-SwiftPerFileCompile W3WEventsSubscriptions.swift
SwiftCompile normal arm64 /Users/admin/builder/spi-builder-workspace/.dependencies/checkouts/w3w-swift-core/Sources/W3WSwiftCore/Reactive/W3WLive.swift (in target 'W3WSwiftCore' from project 'w3w-swift-core')
cd /Users/admin/builder/spi-builder-workspace/.swiftpm/xcode
builtin-SwiftPerFileCompile W3WLive.swift
SwiftCompile normal arm64 /Users/admin/builder/spi-builder-workspace/.dependencies/checkouts/w3w-swift-core/Sources/W3WSwiftCore/Regex/W3WRegex.swift (in target 'W3WSwiftCore' from project 'w3w-swift-core')
cd /Users/admin/builder/spi-builder-workspace/.swiftpm/xcode
builtin-SwiftPerFileCompile W3WRegex.swift
SwiftCompile normal arm64 Compiling\ W3WStreetAddressKey.swift,\ W3WDuration.swift,\ ClosureDefinitions.swift,\ LanguageUtils.swift,\ W3WError+W3WSwiftCore.swift,\ W3WMeasurementSystem.swift /Users/admin/builder/spi-builder-workspace/.dependencies/checkouts/w3w-swift-core/Sources/W3WSwiftCore/Types/Street/W3WStreetAddressKey.swift /Users/admin/builder/spi-builder-workspace/.dependencies/checkouts/w3w-swift-core/Sources/W3WSwiftCore/Types/Time/W3WDuration.swift /Users/admin/builder/spi-builder-workspace/.dependencies/checkouts/w3w-swift-core/Sources/W3WSwiftCore/Types/Util/ClosureDefinitions.swift /Users/admin/builder/spi-builder-workspace/.dependencies/checkouts/w3w-swift-core/Sources/W3WSwiftCore/Types/Util/LanguageUtils.swift /Users/admin/builder/spi-builder-workspace/.dependencies/checkouts/w3w-swift-core/Sources/W3WSwiftCore/Types/Util/W3WError+W3WSwiftCore.swift /Users/admin/builder/spi-builder-workspace/.dependencies/checkouts/w3w-swift-core/Sources/W3WSwiftCore/Types/Util/W3WMeasurementSystem.swift (in target 'W3WSwiftCore' from project 'w3w-swift-core')
SwiftCompile normal arm64 /Users/admin/builder/spi-builder-workspace/.dependencies/checkouts/w3w-swift-core/Sources/W3WSwiftCore/Types/Street/W3WStreetAddressKey.swift (in target 'W3WSwiftCore' from project 'w3w-swift-core')
cd /Users/admin/builder/spi-builder-workspace/.swiftpm/xcode
builtin-SwiftPerFileCompile W3WStreetAddressKey.swift
SwiftCompile normal arm64 /Users/admin/builder/spi-builder-workspace/.dependencies/checkouts/w3w-swift-core/Sources/W3WSwiftCore/Types/Time/W3WDuration.swift (in target 'W3WSwiftCore' from project 'w3w-swift-core')
cd /Users/admin/builder/spi-builder-workspace/.swiftpm/xcode
builtin-SwiftPerFileCompile W3WDuration.swift
SwiftCompile normal arm64 /Users/admin/builder/spi-builder-workspace/.dependencies/checkouts/w3w-swift-core/Sources/W3WSwiftCore/Types/Util/ClosureDefinitions.swift (in target 'W3WSwiftCore' from project 'w3w-swift-core')
cd /Users/admin/builder/spi-builder-workspace/.swiftpm/xcode
builtin-SwiftPerFileCompile ClosureDefinitions.swift
SwiftCompile normal arm64 /Users/admin/builder/spi-builder-workspace/.dependencies/checkouts/w3w-swift-core/Sources/W3WSwiftCore/Types/Util/LanguageUtils.swift (in target 'W3WSwiftCore' from project 'w3w-swift-core')
cd /Users/admin/builder/spi-builder-workspace/.swiftpm/xcode
builtin-SwiftPerFileCompile LanguageUtils.swift
SwiftCompile normal arm64 /Users/admin/builder/spi-builder-workspace/.dependencies/checkouts/w3w-swift-core/Sources/W3WSwiftCore/Types/Util/W3WError+W3WSwiftCore.swift (in target 'W3WSwiftCore' from project 'w3w-swift-core')
cd /Users/admin/builder/spi-builder-workspace/.swiftpm/xcode
builtin-SwiftPerFileCompile W3WError+W3WSwiftCore.swift
SwiftCompile normal arm64 /Users/admin/builder/spi-builder-workspace/.dependencies/checkouts/w3w-swift-core/Sources/W3WSwiftCore/Types/Util/W3WMeasurementSystem.swift (in target 'W3WSwiftCore' from project 'w3w-swift-core')
cd /Users/admin/builder/spi-builder-workspace/.swiftpm/xcode
builtin-SwiftPerFileCompile W3WMeasurementSystem.swift
SwiftCompile normal arm64 Compiling\ SdkExtension.swift,\ SdkTypes.swift,\ W3WGpsReading.swift,\ W3WGpsState.swift,\ W3WGpsStatus.swift,\ W3WProtocolV3.swift,\ W3WProtocolV4.swift /Users/admin/builder/spi-builder-workspace/.dependencies/checkouts/w3w-swift-core/Sources/W3WSwiftCore/Bridges/SdkExtension.swift /Users/admin/builder/spi-builder-workspace/.dependencies/checkouts/w3w-swift-core/Sources/W3WSwiftCore/Bridges/SdkTypes.swift /Users/admin/builder/spi-builder-workspace/.dependencies/checkouts/w3w-swift-core/Sources/W3WSwiftCore/Gps/W3WGpsReading.swift /Users/admin/builder/spi-builder-workspace/.dependencies/checkouts/w3w-swift-core/Sources/W3WSwiftCore/Gps/W3WGpsState.swift /Users/admin/builder/spi-builder-workspace/.dependencies/checkouts/w3w-swift-core/Sources/W3WSwiftCore/Gps/W3WGpsStatus.swift /Users/admin/builder/spi-builder-workspace/.dependencies/checkouts/w3w-swift-core/Sources/W3WSwiftCore/Interfaces/W3WProtocolV3.swift /Users/admin/builder/spi-builder-workspace/.dependencies/checkouts/w3w-swift-core/Sources/W3WSwiftCore/Interfaces/W3WProtocolV4.swift (in target 'W3WSwiftCore' from project 'w3w-swift-core')
SwiftCompile normal arm64 /Users/admin/builder/spi-builder-workspace/.dependencies/checkouts/w3w-swift-core/Sources/W3WSwiftCore/Bridges/SdkExtension.swift (in target 'W3WSwiftCore' from project 'w3w-swift-core')
cd /Users/admin/builder/spi-builder-workspace/.swiftpm/xcode
builtin-SwiftPerFileCompile SdkExtension.swift
SwiftCompile normal arm64 /Users/admin/builder/spi-builder-workspace/.dependencies/checkouts/w3w-swift-core/Sources/W3WSwiftCore/Bridges/SdkTypes.swift (in target 'W3WSwiftCore' from project 'w3w-swift-core')
cd /Users/admin/builder/spi-builder-workspace/.swiftpm/xcode
builtin-SwiftPerFileCompile SdkTypes.swift
SwiftCompile normal arm64 /Users/admin/builder/spi-builder-workspace/.dependencies/checkouts/w3w-swift-core/Sources/W3WSwiftCore/Gps/W3WGpsReading.swift (in target 'W3WSwiftCore' from project 'w3w-swift-core')
cd /Users/admin/builder/spi-builder-workspace/.swiftpm/xcode
builtin-SwiftPerFileCompile W3WGpsReading.swift
SwiftCompile normal arm64 /Users/admin/builder/spi-builder-workspace/.dependencies/checkouts/w3w-swift-core/Sources/W3WSwiftCore/Gps/W3WGpsState.swift (in target 'W3WSwiftCore' from project 'w3w-swift-core')
cd /Users/admin/builder/spi-builder-workspace/.swiftpm/xcode
builtin-SwiftPerFileCompile W3WGpsState.swift
SwiftCompile normal arm64 /Users/admin/builder/spi-builder-workspace/.dependencies/checkouts/w3w-swift-core/Sources/W3WSwiftCore/Gps/W3WGpsStatus.swift (in target 'W3WSwiftCore' from project 'w3w-swift-core')
cd /Users/admin/builder/spi-builder-workspace/.swiftpm/xcode
builtin-SwiftPerFileCompile W3WGpsStatus.swift
SwiftCompile normal arm64 /Users/admin/builder/spi-builder-workspace/.dependencies/checkouts/w3w-swift-core/Sources/W3WSwiftCore/Interfaces/W3WProtocolV3.swift (in target 'W3WSwiftCore' from project 'w3w-swift-core')
cd /Users/admin/builder/spi-builder-workspace/.swiftpm/xcode
builtin-SwiftPerFileCompile W3WProtocolV3.swift
SwiftCompile normal arm64 /Users/admin/builder/spi-builder-workspace/.dependencies/checkouts/w3w-swift-core/Sources/W3WSwiftCore/Interfaces/W3WProtocolV4.swift (in target 'W3WSwiftCore' from project 'w3w-swift-core')
cd /Users/admin/builder/spi-builder-workspace/.swiftpm/xcode
builtin-SwiftPerFileCompile W3WProtocolV4.swift
SwiftCompile normal arm64 Compiling\ W3WInputType.swift,\ W3WOption.swift,\ W3WOptionAcceptorProtocol.swift,\ W3WOptionProtocol.swift,\ W3WOptions.swift,\ W3WStreetAddress.swift /Users/admin/builder/spi-builder-workspace/.dependencies/checkouts/w3w-swift-core/Sources/W3WSwiftCore/Types/Options/W3WInputType.swift /Users/admin/builder/spi-builder-workspace/.dependencies/checkouts/w3w-swift-core/Sources/W3WSwiftCore/Types/Options/W3WOption.swift /Users/admin/builder/spi-builder-workspace/.dependencies/checkouts/w3w-swift-core/Sources/W3WSwiftCore/Types/Options/W3WOptionAcceptorProtocol.swift /Users/admin/builder/spi-builder-workspace/.dependencies/checkouts/w3w-swift-core/Sources/W3WSwiftCore/Types/Options/W3WOptionProtocol.swift /Users/admin/builder/spi-builder-workspace/.dependencies/checkouts/w3w-swift-core/Sources/W3WSwiftCore/Types/Options/W3WOptions.swift /Users/admin/builder/spi-builder-workspace/.dependencies/checkouts/w3w-swift-core/Sources/W3WSwiftCore/Types/Street/W3WStreetAddress.swift (in target 'W3WSwiftCore' from project 'w3w-swift-core')
SwiftCompile normal arm64 /Users/admin/builder/spi-builder-workspace/.dependencies/checkouts/w3w-swift-core/Sources/W3WSwiftCore/Types/Options/W3WInputType.swift (in target 'W3WSwiftCore' from project 'w3w-swift-core')
cd /Users/admin/builder/spi-builder-workspace/.swiftpm/xcode
builtin-SwiftPerFileCompile W3WInputType.swift
SwiftCompile normal arm64 /Users/admin/builder/spi-builder-workspace/.dependencies/checkouts/w3w-swift-core/Sources/W3WSwiftCore/Types/Options/W3WOption.swift (in target 'W3WSwiftCore' from project 'w3w-swift-core')
cd /Users/admin/builder/spi-builder-workspace/.swiftpm/xcode
builtin-SwiftPerFileCompile W3WOption.swift
SwiftCompile normal arm64 /Users/admin/builder/spi-builder-workspace/.dependencies/checkouts/w3w-swift-core/Sources/W3WSwiftCore/Types/Options/W3WOptionAcceptorProtocol.swift (in target 'W3WSwiftCore' from project 'w3w-swift-core')
cd /Users/admin/builder/spi-builder-workspace/.swiftpm/xcode
builtin-SwiftPerFileCompile W3WOptionAcceptorProtocol.swift
SwiftCompile normal arm64 /Users/admin/builder/spi-builder-workspace/.dependencies/checkouts/w3w-swift-core/Sources/W3WSwiftCore/Types/Options/W3WOptionProtocol.swift (in target 'W3WSwiftCore' from project 'w3w-swift-core')
cd /Users/admin/builder/spi-builder-workspace/.swiftpm/xcode
builtin-SwiftPerFileCompile W3WOptionProtocol.swift
SwiftCompile normal arm64 /Users/admin/builder/spi-builder-workspace/.dependencies/checkouts/w3w-swift-core/Sources/W3WSwiftCore/Types/Options/W3WOptions.swift (in target 'W3WSwiftCore' from project 'w3w-swift-core')
cd /Users/admin/builder/spi-builder-workspace/.swiftpm/xcode
builtin-SwiftPerFileCompile W3WOptions.swift
SwiftCompile normal arm64 /Users/admin/builder/spi-builder-workspace/.dependencies/checkouts/w3w-swift-core/Sources/W3WSwiftCore/Types/Street/W3WStreetAddress.swift (in target 'W3WSwiftCore' from project 'w3w-swift-core')
cd /Users/admin/builder/spi-builder-workspace/.swiftpm/xcode
builtin-SwiftPerFileCompile W3WStreetAddress.swift
SwiftCompile normal arm64 Compiling\ W3WThread.swift,\ W3WBox.swift,\ W3WCircle.swift,\ W3WDistance.swift,\ W3WLine.swift,\ W3WPolygon.swift /Users/admin/builder/spi-builder-workspace/.dependencies/checkouts/w3w-swift-core/Sources/W3WSwiftCore/Threading/W3WThread.swift /Users/admin/builder/spi-builder-workspace/.dependencies/checkouts/w3w-swift-core/Sources/W3WSwiftCore/Types/Geometry/W3WBox.swift /Users/admin/builder/spi-builder-workspace/.dependencies/checkouts/w3w-swift-core/Sources/W3WSwiftCore/Types/Geometry/W3WCircle.swift /Users/admin/builder/spi-builder-workspace/.dependencies/checkouts/w3w-swift-core/Sources/W3WSwiftCore/Types/Geometry/W3WDistance.swift /Users/admin/builder/spi-builder-workspace/.dependencies/checkouts/w3w-swift-core/Sources/W3WSwiftCore/Types/Geometry/W3WLine.swift /Users/admin/builder/spi-builder-workspace/.dependencies/checkouts/w3w-swift-core/Sources/W3WSwiftCore/Types/Geometry/W3WPolygon.swift (in target 'W3WSwiftCore' from project 'w3w-swift-core')
SwiftCompile normal arm64 /Users/admin/builder/spi-builder-workspace/.dependencies/checkouts/w3w-swift-core/Sources/W3WSwiftCore/Threading/W3WThread.swift (in target 'W3WSwiftCore' from project 'w3w-swift-core')
cd /Users/admin/builder/spi-builder-workspace/.swiftpm/xcode
builtin-SwiftPerFileCompile W3WThread.swift
SwiftCompile normal arm64 /Users/admin/builder/spi-builder-workspace/.dependencies/checkouts/w3w-swift-core/Sources/W3WSwiftCore/Types/Geometry/W3WBox.swift (in target 'W3WSwiftCore' from project 'w3w-swift-core')
cd /Users/admin/builder/spi-builder-workspace/.swiftpm/xcode
builtin-SwiftPerFileCompile W3WBox.swift
SwiftCompile normal arm64 /Users/admin/builder/spi-builder-workspace/.dependencies/checkouts/w3w-swift-core/Sources/W3WSwiftCore/Types/Geometry/W3WCircle.swift (in target 'W3WSwiftCore' from project 'w3w-swift-core')
cd /Users/admin/builder/spi-builder-workspace/.swiftpm/xcode
builtin-SwiftPerFileCompile W3WCircle.swift
SwiftCompile normal arm64 /Users/admin/builder/spi-builder-workspace/.dependencies/checkouts/w3w-swift-core/Sources/W3WSwiftCore/Types/Geometry/W3WDistance.swift (in target 'W3WSwiftCore' from project 'w3w-swift-core')
cd /Users/admin/builder/spi-builder-workspace/.swiftpm/xcode
builtin-SwiftPerFileCompile W3WDistance.swift
SwiftCompile normal arm64 /Users/admin/builder/spi-builder-workspace/.dependencies/checkouts/w3w-swift-core/Sources/W3WSwiftCore/Types/Geometry/W3WLine.swift (in target 'W3WSwiftCore' from project 'w3w-swift-core')
cd /Users/admin/builder/spi-builder-workspace/.swiftpm/xcode
builtin-SwiftPerFileCompile W3WLine.swift
SwiftCompile normal arm64 /Users/admin/builder/spi-builder-workspace/.dependencies/checkouts/w3w-swift-core/Sources/W3WSwiftCore/Types/Geometry/W3WPolygon.swift (in target 'W3WSwiftCore' from project 'w3w-swift-core')
cd /Users/admin/builder/spi-builder-workspace/.swiftpm/xcode
builtin-SwiftPerFileCompile W3WPolygon.swift
SwiftCompile normal arm64 Compiling\ W3WRfcLanguage+W3WLanguage.swift,\ W3WRfcLanguage+W3WSdkLanguage.swift,\ W3WRfcLanguage.swift,\ W3WRfcLanguageProtocol.swift,\ W3WRfcLanguageProtocols.swift,\ W3WDebouncer.swift /Users/admin/builder/spi-builder-workspace/.dependencies/checkouts/w3w-swift-core/Sources/W3WSwiftCore/RfcLanguage/W3WRfcLanguage+W3WLanguage.swift /Users/admin/builder/spi-builder-workspace/.dependencies/checkouts/w3w-swift-core/Sources/W3WSwiftCore/RfcLanguage/W3WRfcLanguage+W3WSdkLanguage.swift /Users/admin/builder/spi-builder-workspace/.dependencies/checkouts/w3w-swift-core/Sources/W3WSwiftCore/RfcLanguage/W3WRfcLanguage.swift /Users/admin/builder/spi-builder-workspace/.dependencies/checkouts/w3w-swift-core/Sources/W3WSwiftCore/RfcLanguage/W3WRfcLanguageProtocol.swift /Users/admin/builder/spi-builder-workspace/.dependencies/checkouts/w3w-swift-core/Sources/W3WSwiftCore/RfcLanguage/W3WRfcLanguageProtocols.swift /Users/admin/builder/spi-builder-workspace/.dependencies/checkouts/w3w-swift-core/Sources/W3WSwiftCore/Threading/W3WDebouncer.swift (in target 'W3WSwiftCore' from project 'w3w-swift-core')
/Users/admin/builder/spi-builder-workspace/.dependencies/checkouts/w3w-swift-core/Sources/W3WSwiftCore/RfcLanguage/W3WRfcLanguage.swift:66:37: error: 'Language' is only available in tvOS 16 or newer
14 | /// - script (optional, 4 letters, titlecased)
15 | /// - region (optional, 2 letters or 3-digit number)
16 | public struct W3WRfcLanguage: W3WRfcLanguageProtocol {
| `- note: add '@available' attribute to enclosing struct
17 | /// default language is "en". name's default can be changed externally to use a different language by an app if nessesary
18 | public static var `default` = W3WRfcLanguage(code: "en")
:
64 | @available(iOS 16, *)
65 | @available(watchOS 9, *)
66 | public init(from language: Locale.Language) {
| | `- error: 'Language' is only available in tvOS 16 or newer
| `- note: add '@available' attribute to enclosing initializer
67 | self.code = language.code
68 | self.scriptCode = language.scriptCode
/Users/admin/builder/spi-builder-workspace/.dependencies/checkouts/w3w-swift-core/Sources/W3WSwiftCore/RfcLanguage/W3WRfcLanguage.swift:130:18: error: 'Language' is only available in tvOS 16 or newer
128 | @available(watchOS 9, *)
129 | @available(iOS 16, *)
130 | extension Locale.Language : W3WRfcLanguageProtocol {
| | `- error: 'Language' is only available in tvOS 16 or newer
| `- note: add '@available' attribute to enclosing extension
131 | public var code: String? {
132 | return languageCode?.identifier
/Users/admin/builder/spi-builder-workspace/.dependencies/checkouts/w3w-swift-core/Sources/W3WSwiftCore/RfcLanguage/W3WRfcLanguage.swift:27:30: error: 'language' is only available in tvOS 16 or newer
14 | /// - script (optional, 4 letters, titlecased)
15 | /// - region (optional, 2 letters or 3-digit number)
16 | public struct W3WRfcLanguage: W3WRfcLanguageProtocol {
| `- note: add '@available' attribute to enclosing struct
17 | /// default language is "en". name's default can be changed externally to use a different language by an app if nessesary
18 | public static var `default` = W3WRfcLanguage(code: "en")
:
22 | public var regionCode: String?
23 |
24 | public init(locale: Locale) {
| `- note: add '@available' attribute to enclosing initializer
25 | if #available(iOS 16, *), #available(watchOS 9, *) {
26 | // from iOS 16 supports getting script
27 | self.init(from: locale.language)
| |- error: 'language' is only available in tvOS 16 or newer
| `- note: add 'if #available' version check
28 | } else {
29 | // no script for iOS < 16
/Users/admin/builder/spi-builder-workspace/.dependencies/checkouts/w3w-swift-core/Sources/W3WSwiftCore/RfcLanguage/W3WRfcLanguage.swift:97:30: error: 'Language' is only available in tvOS 16 or newer
71 | }
72 |
73 | public extension W3WRfcLanguage {
| `- note: add '@available' attribute to enclosing extension
74 | /// if you want to init and validate that the language is supported on os, set `iOSCompatible` = `true`, or else = `false`
75 | /// if it's not valid, an error will be thrown
:
82 | }
83 | /// Initialize from a string
84 | init(from string: String) {
| `- note: add '@available' attribute to enclosing initializer
85 | // Normalize separators
86 | let normalized = string
:
95 |
96 | if #available(iOS 16, *), #available(watchOS 9, *) {
97 | self.init(from: Locale.Language(identifier: normalized))
| |- error: 'Language' is only available in tvOS 16 or newer
| `- note: add 'if #available' version check
98 | } else {
99 | // Split into parts (e.g. zh-Hans-CN → ["zh", "Hans", "CN"])
/Users/admin/builder/spi-builder-workspace/.dependencies/checkouts/w3w-swift-core/Sources/W3WSwiftCore/RfcLanguage/W3WRfcLanguage.swift:97:30: error: 'init(identifier:)' is only available in tvOS 16 or newer
71 | }
72 |
73 | public extension W3WRfcLanguage {
| `- note: add '@available' attribute to enclosing extension
74 | /// if you want to init and validate that the language is supported on os, set `iOSCompatible` = `true`, or else = `false`
75 | /// if it's not valid, an error will be thrown
:
82 | }
83 | /// Initialize from a string
84 | init(from string: String) {
| `- note: add '@available' attribute to enclosing initializer
85 | // Normalize separators
86 | let normalized = string
:
95 |
96 | if #available(iOS 16, *), #available(watchOS 9, *) {
97 | self.init(from: Locale.Language(identifier: normalized))
| |- error: 'init(identifier:)' is only available in tvOS 16 or newer
| `- note: add 'if #available' version check
98 | } else {
99 | // Split into parts (e.g. zh-Hans-CN → ["zh", "Hans", "CN"])
/Users/admin/builder/spi-builder-workspace/.dependencies/checkouts/w3w-swift-core/Sources/W3WSwiftCore/RfcLanguage/W3WRfcLanguage.swift:132:12: error: 'languageCode' is only available in tvOS 16 or newer
128 | @available(watchOS 9, *)
129 | @available(iOS 16, *)
130 | extension Locale.Language : W3WRfcLanguageProtocol {
| `- note: add '@available' attribute to enclosing extension
131 | public var code: String? {
| `- note: add '@available' attribute to enclosing property
132 | return languageCode?.identifier
| |- error: 'languageCode' is only available in tvOS 16 or newer
| `- note: add 'if #available' version check
133 | }
134 |
/Users/admin/builder/spi-builder-workspace/.dependencies/checkouts/w3w-swift-core/Sources/W3WSwiftCore/RfcLanguage/W3WRfcLanguage.swift:136:17: error: 'script' is only available in tvOS 16 or newer
128 | @available(watchOS 9, *)
129 | @available(iOS 16, *)
130 | extension Locale.Language : W3WRfcLanguageProtocol {
| `- note: add '@available' attribute to enclosing extension
131 | public var code: String? {
132 | return languageCode?.identifier
133 | }
134 |
135 | public var scriptCode: String? {
| `- note: add '@available' attribute to enclosing property
136 | return self.script?.identifier
| |- error: 'script' is only available in tvOS 16 or newer
| `- note: add 'if #available' version check
137 | }
138 |
/Users/admin/builder/spi-builder-workspace/.dependencies/checkouts/w3w-swift-core/Sources/W3WSwiftCore/RfcLanguage/W3WRfcLanguage.swift:140:12: error: 'region' is only available in tvOS 16 or newer
128 | @available(watchOS 9, *)
129 | @available(iOS 16, *)
130 | extension Locale.Language : W3WRfcLanguageProtocol {
| `- note: add '@available' attribute to enclosing extension
131 | public var code: String? {
132 | return languageCode?.identifier
:
137 | }
138 |
139 | public var regionCode: String? {
| `- note: add '@available' attribute to enclosing property
140 | return region?.identifier
| |- error: 'region' is only available in tvOS 16 or newer
| `- note: add 'if #available' version check
141 | }
142 | }
/Users/admin/builder/spi-builder-workspace/.dependencies/checkouts/w3w-swift-core/Sources/W3WSwiftCore/RfcLanguage/W3WRfcLanguageProtocol.swift:21:29: error: 'Language' is only available in tvOS 16 or newer
14 | }
15 |
16 | public extension W3WRfcLanguageProtocol {
| `- note: add '@available' attribute to enclosing extension
17 | // validate if language is supported by os, or else throw error
18 | static func validateiOSCompatibility(identifier: String) throws {
| `- note: add '@available' attribute to enclosing static method
19 | let isValid: Bool
20 | if #available(iOS 16, watchOS 9, *) {
21 | let language = Locale.Language(identifier: identifier)
| |- error: 'Language' is only available in tvOS 16 or newer
| `- note: add 'if #available' version check
22 | let langCode = language.code ?? ""
23 |
/Users/admin/builder/spi-builder-workspace/.dependencies/checkouts/w3w-swift-core/Sources/W3WSwiftCore/RfcLanguage/W3WRfcLanguageProtocol.swift:21:29: error: 'init(identifier:)' is only available in tvOS 16 or newer
14 | }
15 |
16 | public extension W3WRfcLanguageProtocol {
| `- note: add '@available' attribute to enclosing extension
17 | // validate if language is supported by os, or else throw error
18 | static func validateiOSCompatibility(identifier: String) throws {
| `- note: add '@available' attribute to enclosing static method
19 | let isValid: Bool
20 | if #available(iOS 16, watchOS 9, *) {
21 | let language = Locale.Language(identifier: identifier)
| |- error: 'init(identifier:)' is only available in tvOS 16 or newer
| `- note: add 'if #available' version check
22 | let langCode = language.code ?? ""
23 |
/Users/admin/builder/spi-builder-workspace/.dependencies/checkouts/w3w-swift-core/Sources/W3WSwiftCore/RfcLanguage/W3WRfcLanguageProtocol.swift:26:17: error: 'isEquivalent(to:)' is only available in tvOS 16 or newer
14 | }
15 |
16 | public extension W3WRfcLanguageProtocol {
| `- note: add '@available' attribute to enclosing extension
17 | // validate if language is supported by os, or else throw error
18 | static func validateiOSCompatibility(identifier: String) throws {
| `- note: add '@available' attribute to enclosing static method
19 | let isValid: Bool
20 | if #available(iOS 16, watchOS 9, *) {
:
24 | // Check if code exists and is either equivalent to a standard locale or passes custom validation
25 | isValid = !langCode.isEmpty &&
26 | (language.isEquivalent(to: .init(identifier: langCode)) || identifier.isValidLocale)
| |- error: 'isEquivalent(to:)' is only available in tvOS 16 or newer
| `- note: add 'if #available' version check
27 | } else {
28 | isValid = identifier.isValidLocale
SwiftCompile normal arm64 /Users/admin/builder/spi-builder-workspace/.dependencies/checkouts/w3w-swift-core/Sources/W3WSwiftCore/RfcLanguage/W3WRfcLanguage+W3WLanguage.swift (in target 'W3WSwiftCore' from project 'w3w-swift-core')
cd /Users/admin/builder/spi-builder-workspace/.swiftpm/xcode
builtin-SwiftPerFileCompile W3WRfcLanguage+W3WLanguage.swift
SwiftCompile normal arm64 /Users/admin/builder/spi-builder-workspace/.dependencies/checkouts/w3w-swift-core/Sources/W3WSwiftCore/RfcLanguage/W3WRfcLanguage+W3WSdkLanguage.swift (in target 'W3WSwiftCore' from project 'w3w-swift-core')
cd /Users/admin/builder/spi-builder-workspace/.swiftpm/xcode
builtin-SwiftPerFileCompile W3WRfcLanguage+W3WSdkLanguage.swift
SwiftCompile normal arm64 /Users/admin/builder/spi-builder-workspace/.dependencies/checkouts/w3w-swift-core/Sources/W3WSwiftCore/RfcLanguage/W3WRfcLanguage.swift (in target 'W3WSwiftCore' from project 'w3w-swift-core')
cd /Users/admin/builder/spi-builder-workspace/.swiftpm/xcode
builtin-SwiftPerFileCompile W3WRfcLanguage.swift
SwiftCompile normal arm64 /Users/admin/builder/spi-builder-workspace/.dependencies/checkouts/w3w-swift-core/Sources/W3WSwiftCore/RfcLanguage/W3WRfcLanguageProtocol.swift (in target 'W3WSwiftCore' from project 'w3w-swift-core')
cd /Users/admin/builder/spi-builder-workspace/.swiftpm/xcode
builtin-SwiftPerFileCompile W3WRfcLanguageProtocol.swift
SwiftCompile normal arm64 /Users/admin/builder/spi-builder-workspace/.dependencies/checkouts/w3w-swift-core/Sources/W3WSwiftCore/RfcLanguage/W3WRfcLanguageProtocols.swift (in target 'W3WSwiftCore' from project 'w3w-swift-core')
cd /Users/admin/builder/spi-builder-workspace/.swiftpm/xcode
builtin-SwiftPerFileCompile W3WRfcLanguageProtocols.swift
SwiftCompile normal arm64 /Users/admin/builder/spi-builder-workspace/.dependencies/checkouts/w3w-swift-core/Sources/W3WSwiftCore/Threading/W3WDebouncer.swift (in target 'W3WSwiftCore' from project 'w3w-swift-core')
cd /Users/admin/builder/spi-builder-workspace/.swiftpm/xcode
builtin-SwiftPerFileCompile W3WDebouncer.swift
SwiftCompile normal arm64 Compiling\ W3WMockTranslation.swift,\ W3WTranslate.swift,\ W3WTranslationsProtocol.swift,\ NetworkConnection.swift,\ W3WJson.swift,\ W3WRequest.swift /Users/admin/builder/spi-builder-workspace/.dependencies/checkouts/w3w-swift-core/Sources/W3WSwiftCore/Localization/W3WMockTranslation.swift /Users/admin/builder/spi-builder-workspace/.dependencies/checkouts/w3w-swift-core/Sources/W3WSwiftCore/Localization/W3WTranslate.swift /Users/admin/builder/spi-builder-workspace/.dependencies/checkouts/w3w-swift-core/Sources/W3WSwiftCore/Localization/W3WTranslationsProtocol.swift /Users/admin/builder/spi-builder-workspace/.dependencies/checkouts/w3w-swift-core/Sources/W3WSwiftCore/Network/NetworkConnection.swift /Users/admin/builder/spi-builder-workspace/.dependencies/checkouts/w3w-swift-core/Sources/W3WSwiftCore/Network/W3WJson.swift /Users/admin/builder/spi-builder-workspace/.dependencies/checkouts/w3w-swift-core/Sources/W3WSwiftCore/Network/W3WRequest.swift (in target 'W3WSwiftCore' from project 'w3w-swift-core')
SwiftCompile normal arm64 /Users/admin/builder/spi-builder-workspace/.dependencies/checkouts/w3w-swift-core/Sources/W3WSwiftCore/Localization/W3WMockTranslation.swift (in target 'W3WSwiftCore' from project 'w3w-swift-core')
cd /Users/admin/builder/spi-builder-workspace/.swiftpm/xcode
builtin-SwiftPerFileCompile W3WMockTranslation.swift
SwiftCompile normal arm64 /Users/admin/builder/spi-builder-workspace/.dependencies/checkouts/w3w-swift-core/Sources/W3WSwiftCore/Localization/W3WTranslate.swift (in target 'W3WSwiftCore' from project 'w3w-swift-core')
cd /Users/admin/builder/spi-builder-workspace/.swiftpm/xcode
builtin-SwiftPerFileCompile W3WTranslate.swift
SwiftCompile normal arm64 /Users/admin/builder/spi-builder-workspace/.dependencies/checkouts/w3w-swift-core/Sources/W3WSwiftCore/Localization/W3WTranslationsProtocol.swift (in target 'W3WSwiftCore' from project 'w3w-swift-core')
cd /Users/admin/builder/spi-builder-workspace/.swiftpm/xcode
builtin-SwiftPerFileCompile W3WTranslationsProtocol.swift
SwiftCompile normal arm64 /Users/admin/builder/spi-builder-workspace/.dependencies/checkouts/w3w-swift-core/Sources/W3WSwiftCore/Network/NetworkConnection.swift (in target 'W3WSwiftCore' from project 'w3w-swift-core')
cd /Users/admin/builder/spi-builder-workspace/.swiftpm/xcode
builtin-SwiftPerFileCompile NetworkConnection.swift
SwiftCompile normal arm64 /Users/admin/builder/spi-builder-workspace/.dependencies/checkouts/w3w-swift-core/Sources/W3WSwiftCore/Network/W3WJson.swift (in target 'W3WSwiftCore' from project 'w3w-swift-core')
cd /Users/admin/builder/spi-builder-workspace/.swiftpm/xcode
builtin-SwiftPerFileCompile W3WJson.swift
SwiftCompile normal arm64 /Users/admin/builder/spi-builder-workspace/.dependencies/checkouts/w3w-swift-core/Sources/W3WSwiftCore/Network/W3WRequest.swift (in target 'W3WSwiftCore' from project 'w3w-swift-core')
cd /Users/admin/builder/spi-builder-workspace/.swiftpm/xcode
builtin-SwiftPerFileCompile W3WRequest.swift
SwiftCompile normal arm64 Compiling\ W3WSuggestion.swift,\ W3WAudioStreamProtocol.swift,\ W3WVoiceListeningState.swift,\ W3WVoiceProtocol.swift,\ W3WVoiceSuggestion+W3WSwiftCore.swift,\ W3WSettings+W3WSwiftCore.swift /Users/admin/builder/spi-builder-workspace/.dependencies/checkouts/w3w-swift-core/Sources/W3WSwiftCore/Types/Values/W3WSuggestion.swift /Users/admin/builder/spi-builder-workspace/.dependencies/checkouts/w3w-swift-core/Sources/W3WSwiftCore/Voice/W3WAudioStreamProtocol.swift /Users/admin/builder/spi-builder-workspace/.dependencies/checkouts/w3w-swift-core/Sources/W3WSwiftCore/Voice/W3WVoiceListeningState.swift /Users/admin/builder/spi-builder-workspace/.dependencies/checkouts/w3w-swift-core/Sources/W3WSwiftCore/Voice/W3WVoiceProtocol.swift /Users/admin/builder/spi-builder-workspace/.dependencies/checkouts/w3w-swift-core/Sources/W3WSwiftCore/Voice/W3WVoiceSuggestion+W3WSwiftCore.swift /Users/admin/builder/spi-builder-workspace/.dependencies/checkouts/w3w-swift-core/Sources/W3WSwiftCore/W3WSettings+W3WSwiftCore.swift (in target 'W3WSwiftCore' from project 'w3w-swift-core')
SwiftCompile normal arm64 /Users/admin/builder/spi-builder-workspace/.dependencies/checkouts/w3w-swift-core/Sources/W3WSwiftCore/Types/Values/W3WSuggestion.swift (in target 'W3WSwiftCore' from project 'w3w-swift-core')
cd /Users/admin/builder/spi-builder-workspace/.swiftpm/xcode
builtin-SwiftPerFileCompile W3WSuggestion.swift
SwiftCompile normal arm64 /Users/admin/builder/spi-builder-workspace/.dependencies/checkouts/w3w-swift-core/Sources/W3WSwiftCore/Voice/W3WAudioStreamProtocol.swift (in target 'W3WSwiftCore' from project 'w3w-swift-core')
cd /Users/admin/builder/spi-builder-workspace/.swiftpm/xcode
builtin-SwiftPerFileCompile W3WAudioStreamProtocol.swift
SwiftCompile normal arm64 /Users/admin/builder/spi-builder-workspace/.dependencies/checkouts/w3w-swift-core/Sources/W3WSwiftCore/Voice/W3WVoiceListeningState.swift (in target 'W3WSwiftCore' from project 'w3w-swift-core')
cd /Users/admin/builder/spi-builder-workspace/.swiftpm/xcode
builtin-SwiftPerFileCompile W3WVoiceListeningState.swift
SwiftCompile normal arm64 /Users/admin/builder/spi-builder-workspace/.dependencies/checkouts/w3w-swift-core/Sources/W3WSwiftCore/Voice/W3WVoiceProtocol.swift (in target 'W3WSwiftCore' from project 'w3w-swift-core')
cd /Users/admin/builder/spi-builder-workspace/.swiftpm/xcode
builtin-SwiftPerFileCompile W3WVoiceProtocol.swift
SwiftCompile normal arm64 /Users/admin/builder/spi-builder-workspace/.dependencies/checkouts/w3w-swift-core/Sources/W3WSwiftCore/Voice/W3WVoiceSuggestion+W3WSwiftCore.swift (in target 'W3WSwiftCore' from project 'w3w-swift-core')
cd /Users/admin/builder/spi-builder-workspace/.swiftpm/xcode
builtin-SwiftPerFileCompile W3WVoiceSuggestion+W3WSwiftCore.swift
SwiftCompile normal arm64 /Users/admin/builder/spi-builder-workspace/.dependencies/checkouts/w3w-swift-core/Sources/W3WSwiftCore/W3WSettings+W3WSwiftCore.swift (in target 'W3WSwiftCore' from project 'w3w-swift-core')
cd /Users/admin/builder/spi-builder-workspace/.swiftpm/xcode
builtin-SwiftPerFileCompile W3WSettings+W3WSwiftCore.swift
SwiftEmitModule normal arm64 Emitting\ module\ for\ W3WSwiftCore (in target 'W3WSwiftCore' from project 'w3w-swift-core')
/Users/admin/builder/spi-builder-workspace/.dependencies/checkouts/w3w-swift-core/Sources/W3WSwiftCore/RfcLanguage/W3WRfcLanguage.swift:66:37: error: 'Language' is only available in tvOS 16 or newer
14 | /// - script (optional, 4 letters, titlecased)
15 | /// - region (optional, 2 letters or 3-digit number)
16 | public struct W3WRfcLanguage: W3WRfcLanguageProtocol {
| `- note: add '@available' attribute to enclosing struct
17 | /// default language is "en". name's default can be changed externally to use a different language by an app if nessesary
18 | public static var `default` = W3WRfcLanguage(code: "en")
:
64 | @available(iOS 16, *)
65 | @available(watchOS 9, *)
66 | public init(from language: Locale.Language) {
| | `- error: 'Language' is only available in tvOS 16 or newer
| `- note: add '@available' attribute to enclosing initializer
67 | self.code = language.code
68 | self.scriptCode = language.scriptCode
/Users/admin/builder/spi-builder-workspace/.dependencies/checkouts/w3w-swift-core/Sources/W3WSwiftCore/RfcLanguage/W3WRfcLanguage.swift:130:18: error: 'Language' is only available in tvOS 16 or newer
128 | @available(watchOS 9, *)
129 | @available(iOS 16, *)
130 | extension Locale.Language : W3WRfcLanguageProtocol {
| | `- error: 'Language' is only available in tvOS 16 or newer
| `- note: add '@available' attribute to enclosing extension
131 | public var code: String? {
132 | return languageCode?.identifier
Failed frontend command:
/Applications/Xcode-27.0.0-Release.Candidate.app/Contents/Developer/Toolchains/XcodeDefault.xctoolchain/usr/bin/swift-frontend -frontend -emit-module -experimental-skip-non-inlinable-function-bodies-without-types /Users/admin/builder/spi-builder-workspace/.dependencies/checkouts/w3w-swift-core/Sources/W3WSwiftCore/Accounts/W3WUser.swift /Users/admin/builder/spi-builder-workspace/.dependencies/checkouts/w3w-swift-core/Sources/W3WSwiftCore/Audio/W3WAudioRecorder.swift /Users/admin/builder/spi-builder-workspace/.dependencies/checkouts/w3w-swift-core/Sources/W3WSwiftCore/Audio/W3WAudioRecording.swift /Users/admin/builder/spi-builder-workspace/.dependencies/checkouts/w3w-swift-core/Sources/W3WSwiftCore/Audio/W3WAudioStream.swift /Users/admin/builder/spi-builder-workspace/.dependencies/checkouts/w3w-swift-core/Sources/W3WSwiftCore/Audio/W3WEncoding.swift /Users/admin/builder/spi-builder-workspace/.dependencies/checkouts/w3w-swift-core/Sources/W3WSwiftCore/Audio/W3WMicrophone.swift /Users/admin/builder/spi-builder-workspace/.dependencies/checkouts/w3w-swift-core/Sources/W3WSwiftCore/Bridges/ApiExtension.swift /Users/admin/builder/spi-builder-workspace/.dependencies/checkouts/w3w-swift-core/Sources/W3WSwiftCore/Bridges/SdkExtension.swift /Users/admin/builder/spi-builder-workspace/.dependencies/checkouts/w3w-swift-core/Sources/W3WSwiftCore/Bridges/SdkTypes.swift /Users/admin/builder/spi-builder-workspace/.dependencies/checkouts/w3w-swift-core/Sources/W3WSwiftCore/Gps/W3WGpsReading.swift /Users/admin/builder/spi-builder-workspace/.dependencies/checkouts/w3w-swift-core/Sources/W3WSwiftCore/Gps/W3WGpsState.swift /Users/admin/builder/spi-builder-workspace/.dependencies/checkouts/w3w-swift-core/Sources/W3WSwiftCore/Gps/W3WGpsStatus.swift /Users/admin/builder/spi-builder-workspace/.dependencies/checkouts/w3w-swift-core/Sources/W3WSwiftCore/Interfaces/W3WProtocolV3.swift /Users/admin/builder/spi-builder-workspace/.dependencies/checkouts/w3w-swift-core/Sources/W3WSwiftCore/Interfaces/W3WProtocolV4.swift /Users/admin/builder/spi-builder-workspace/.dependencies/checkouts/w3w-swift-core/Sources/W3WSwiftCore/Localization/W3WMockTranslation.swift /Users/admin/builder/spi-builder-workspace/.dependencies/checkouts/w3w-swift-core/Sources/W3WSwiftCore/Localization/W3WTranslate.swift /Users/admin/builder/spi-builder-workspace/.dependencies/checkouts/w3w-swift-core/Sources/W3WSwiftCore/Localization/W3WTranslationsProtocol.swift /Users/admin/builder/spi-builder-workspace/.dependencies/checkouts/w3w-swift-core/Sources/W3WSwiftCore/Network/NetworkConnection.swift /Users/admin/builder/spi-builder-workspace/.dependencies/checkouts/w3w-swift-core/Sources/W3WSwiftCore/Network/W3WJson.swift /Users/admin/builder/spi-builder-workspace/.dependencies/checkouts/w3w-swift-core/Sources/W3WSwiftCore/Network/W3WRequest.swift /Users/admin/builder/spi-builder-workspace/.dependencies/checkouts/w3w-swift-core/Sources/W3WSwiftCore/Reactive/Combine+Extensions.swift /Users/admin/builder/spi-builder-workspace/.dependencies/checkouts/w3w-swift-core/Sources/W3WSwiftCore/Reactive/W3WEvent.swift /Users/admin/builder/spi-builder-workspace/.dependencies/checkouts/w3w-swift-core/Sources/W3WSwiftCore/Reactive/W3WEventSubscriberProtocol.swift /Users/admin/builder/spi-builder-workspace/.dependencies/checkouts/w3w-swift-core/Sources/W3WSwiftCore/Reactive/W3WEventsSubscriptions.swift /Users/admin/builder/spi-builder-workspace/.dependencies/checkouts/w3w-swift-core/Sources/W3WSwiftCore/Reactive/W3WLive.swift /Users/admin/builder/spi-builder-workspace/.dependencies/checkouts/w3w-swift-core/Sources/W3WSwiftCore/Regex/W3WRegex.swift /Users/admin/builder/spi-builder-workspace/.dependencies/checkouts/w3w-swift-core/Sources/W3WSwiftCore/RfcLanguage/W3WRfcLanguage+W3WLanguage.swift /Users/admin/builder/spi-builder-workspace/.dependencies/checkouts/w3w-swift-core/Sources/W3WSwiftCore/RfcLanguage/W3WRfcLanguage+W3WSdkLanguage.swift /Users/admin/builder/spi-builder-workspace/.dependencies/checkouts/w3w-swift-core/Sources/W3WSwiftCore/RfcLanguage/W3WRfcLanguage.swift /Users/admin/builder/spi-builder-workspace/.dependencies/checkouts/w3w-swift-core/Sources/W3WSwiftCore/RfcLanguage/W3WRfcLanguageProtocol.swift /Users/admin/builder/spi-builder-workspace/.dependencies/checkouts/w3w-swift-core/Sources/W3WSwiftCore/RfcLanguage/W3WRfcLanguageProtocols.swift /Users/admin/builder/spi-builder-workspace/.dependencies/checkouts/w3w-swift-core/Sources/W3WSwiftCore/Threading/W3WDebouncer.swift /Users/admin/builder/spi-builder-workspace/.dependencies/checkouts/w3w-swift-core/Sources/W3WSwiftCore/Threading/W3WThread.swift /Users/admin/builder/spi-builder-workspace/.dependencies/checkouts/w3w-swift-core/Sources/W3WSwiftCore/Types/Geometry/W3WBox.swift /Users/admin/builder/spi-builder-workspace/.dependencies/checkouts/w3w-swift-core/Sources/W3WSwiftCore/Types/Geometry/W3WCircle.swift /Users/admin/builder/spi-builder-workspace/.dependencies/checkouts/w3w-swift-core/Sources/W3WSwiftCore/Types/Geometry/W3WDistance.swift /Users/admin/builder/spi-builder-workspace/.dependencies/checkouts/w3w-swift-core/Sources/W3WSwiftCore/Types/Geometry/W3WLine.swift /Users/admin/builder/spi-builder-workspace/.dependencies/checkouts/w3w-swift-core/Sources/W3WSwiftCore/Types/Geometry/W3WPolygon.swift /Users/admin/builder/spi-builder-workspace/.dependencies/checkouts/w3w-swift-core/Sources/W3WSwiftCore/Types/Options/W3WInputType.swift /Users/admin/builder/spi-builder-workspace/.dependencies/checkouts/w3w-swift-core/Sources/W3WSwiftCore/Types/Options/W3WOption.swift /Users/admin/builder/spi-builder-workspace/.dependencies/checkouts/w3w-swift-core/Sources/W3WSwiftCore/Types/Options/W3WOptionAcceptorProtocol.swift /Users/admin/builder/spi-builder-workspace/.dependencies/checkouts/w3w-swift-core/Sources/W3WSwiftCore/Types/Options/W3WOptionProtocol.swift /Users/admin/builder/spi-builder-workspace/.dependencies/checkouts/w3w-swift-core/Sources/W3WSwiftCore/Types/Options/W3WOptions.swift /Users/admin/builder/spi-builder-workspace/.dependencies/checkouts/w3w-swift-core/Sources/W3WSwiftCore/Types/Street/W3WStreetAddress.swift /Users/admin/builder/spi-builder-workspace/.dependencies/checkouts/w3w-swift-core/Sources/W3WSwiftCore/Types/Street/W3WStreetAddressKey.swift /Users/admin/builder/spi-builder-workspace/.dependencies/checkouts/w3w-swift-core/Sources/W3WSwiftCore/Types/Time/W3WDuration.swift /Users/admin/builder/spi-builder-workspace/.dependencies/checkouts/w3w-swift-core/Sources/W3WSwiftCore/Types/Util/ClosureDefinitions.swift /Users/admin/builder/spi-builder-workspace/.dependencies/checkouts/w3w-swift-core/Sources/W3WSwiftCore/Types/Util/LanguageUtils.swift /Users/admin/builder/spi-builder-workspace/.dependencies/checkouts/w3w-swift-core/Sources/W3WSwiftCore/Types/Util/W3WError+W3WSwiftCore.swift /Users/admin/builder/spi-builder-workspace/.dependencies/checkouts/w3w-swift-core/Sources/W3WSwiftCore/Types/Util/W3WMeasurementSystem.swift /Users/admin/builder/spi-builder-workspace/.dependencies/checkouts/w3w-swift-core/Sources/W3WSwiftCore/Types/Util/W3WUtilitiesProtocol.swift /Users/admin/builder/spi-builder-workspace/.dependencies/checkouts/w3w-swift-core/Sources/W3WSwiftCore/Types/Util/W3WWritingDirection.swift /Users/admin/builder/spi-builder-workspace/.dependencies/checkouts/w3w-swift-core/Sources/W3WSwiftCore/Types/Values/W3WCountry.swift /Users/admin/builder/spi-builder-workspace/.dependencies/checkouts/w3w-swift-core/Sources/W3WSwiftCore/Types/Values/W3WLanguage.swift /Users/admin/builder/spi-builder-workspace/.dependencies/checkouts/w3w-swift-core/Sources/W3WSwiftCore/Types/Values/W3WRanked.swift /Users/admin/builder/spi-builder-workspace/.dependencies/checkouts/w3w-swift-core/Sources/W3WSwiftCore/Types/Values/W3WSquare.swift /Users/admin/builder/spi-builder-workspace/.dependencies/checkouts/w3w-swift-core/Sources/W3WSwiftCore/Types/Values/W3WSuggestion.swift /Users/admin/builder/spi-builder-workspace/.dependencies/checkouts/w3w-swift-core/Sources/W3WSwiftCore/Voice/W3WAudioStreamProtocol.swift /Users/admin/builder/spi-builder-workspace/.dependencies/checkouts/w3w-swift-core/Sources/W3WSwiftCore/Voice/W3WVoiceListeningState.swift /Users/admin/builder/spi-builder-workspace/.dependencies/checkouts/w3w-swift-core/Sources/W3WSwiftCore/Voice/W3WVoiceProtocol.swift /Users/admin/builder/spi-builder-workspace/.dependencies/checkouts/w3w-swift-core/Sources/W3WSwiftCore/Voice/W3WVoiceSuggestion+W3WSwiftCore.swift /Users/admin/builder/spi-builder-workspace/.dependencies/checkouts/w3w-swift-core/Sources/W3WSwiftCore/W3WSettings+W3WSwiftCore.swift -target arm64-apple-tvos15.0 -module-can-import-version Combine 3023 0 -module-can-import-version UIKit 9127.0.84.1 9127.0.84 -disable-cross-import-overlay-search -swift-module-cross-import AVKit /Applications/Xcode-27.0.0-Release.Candidate.app/Contents/Developer/Platforms/AppleTVOS.platform/Developer/SDKs/AppleTVOS.sdk/System/Library/Frameworks/AVKit.framework/Modules/AVKit.swiftcrossimport/SwiftUI.swiftoverlay -swift-module-cross-import AVKit /Applications/Xcode-27.0.0-Release.Candidate.app/Contents/Developer/Platforms/AppleTVOS.platform/Developer/SDKs/AppleTVOS27.0.sdk/System/Library/Frameworks/AVKit.framework/Modules/AVKit.swiftcrossimport/SwiftUI.swiftoverlay -swift-module-cross-import MapKit /Applications/Xcode-27.0.0-Release.Candidate.app/Contents/Developer/Platforms/AppleTVOS.platform/Developer/SDKs/AppleTVOS.sdk/System/Library/Frameworks/MapKit.framework/Modules/MapKit.swiftcrossimport/SwiftUI.swiftoverlay -swift-module-cross-import MapKit /Applications/Xcode-27.0.0-Release.Candidate.app/Contents/Developer/Platforms/AppleTVOS.platform/Developer/SDKs/AppleTVOS27.0.sdk/System/Library/Frameworks/MapKit.framework/Modules/MapKit.swiftcrossimport/SwiftUI.swiftoverlay -load-resolved-plugin /Applications/Xcode-27.0.0-Release.Candidate.app/Contents/Developer/Platforms/AppleTVOS.platform/Developer/usr/lib/swift/host/plugins/libFoundationMacros.dylib\#/Applications/Xcode-27.0.0-Release.Candidate.app/Contents/Developer/Platforms/AppleTVOS.platform/Developer/usr/bin/swift-plugin-server\#FoundationMacros -load-resolved-plugin /Applications/Xcode-27.0.0-Release.Candidate.app/Contents/Developer/Platforms/AppleTVOS.platform/Developer/usr/lib/swift/host/plugins/libObservationMacros.dylib\#/Applications/Xcode-27.0.0-Release.Candidate.app/Contents/Developer/Platforms/AppleTVOS.platform/Developer/usr/bin/swift-plugin-server\#ObservationMacros -load-resolved-plugin /Applications/Xcode-27.0.0-Release.Candidate.app/Contents/Developer/Platforms/AppleTVOS.platform/Developer/usr/lib/swift/host/plugins/libPreviewsMacros.dylib\#/Applications/Xcode-27.0.0-Release.Candidate.app/Contents/Developer/Platforms/AppleTVOS.platform/Developer/usr/bin/swift-plugin-server\#PreviewsMacros -load-resolved-plugin /Applications/Xcode-27.0.0-Release.Candidate.app/Contents/Developer/Platforms/AppleTVOS.platform/Developer/usr/lib/swift/host/plugins/libSwiftMacros.dylib\#/Applications/Xcode-27.0.0-Release.Candidate.app/Contents/Developer/Platforms/AppleTVOS.platform/Developer/usr/bin/swift-plugin-server\#SwiftMacros -load-resolved-plugin /Applications/Xcode-27.0.0-Release.Candidate.app/Contents/Developer/Platforms/AppleTVOS.platform/Developer/usr/lib/swift/host/plugins/libSwiftUIMacros.dylib\#/Applications/Xcode-27.0.0-Release.Candidate.app/Contents/Developer/Platforms/AppleTVOS.platform/Developer/usr/bin/swift-plugin-server\#SwiftUIMacros -load-resolved-plugin /Applications/Xcode-27.0.0-Release.Candidate.app/Contents/Developer/Platforms/AppleTVOS.platform/Developer/usr/lib/swift/host/plugins/libTipKitMacros.dylib\#/Applications/Xcode-27.0.0-Release.Candidate.app/Contents/Developer/Platforms/AppleTVOS.platform/Developer/usr/bin/swift-plugin-server\#TipKitMacros -disable-implicit-swift-modules -Xcc -fno-implicit-modules -Xcc -fno-implicit-module-maps -explicit-swift-module-map-file /Users/admin/builder/spi-builder-workspace/.derivedData/Build/Intermediates.noindex/w3w-swift-core.build/Debug-appletvos/W3WSwiftCore-t.build/Objects-normal/arm64/W3WSwiftCore-dependencies-1.json -Xllvm -aarch64-use-tbi -enable-objc-interop -stack-check -sdk /Applications/Xcode-27.0.0-Release.Candidate.app/Contents/Developer/Platforms/AppleTVOS.platform/Developer/SDKs/AppleTVOS27.0.sdk -I /Users/admin/builder/spi-builder-workspace/.derivedData/Build/Products/Debug-appletvos -Isystem /Applications/Xcode-27.0.0-Release.Candidate.app/Contents/Developer/Platforms/AppleTVOS.platform/Developer/usr/lib -F /Users/admin/builder/spi-builder-workspace/.derivedData/Build/Products/Debug-appletvos -F /Applications/Xcode-27.0.0-Release.Candidate.app/Contents/Developer/Platforms/AppleTVOS.platform/Developer/Library/Frameworks -F /Applications/Xcode-27.0.0-Release.Candidate.app/Contents/Developer/Platforms/AppleTVOS.platform/Developer/SDKs/AppleTVOS27.0.sdk/Developer/Library/Frameworks -module-cache-path /Users/admin/builder/spi-builder-workspace/.derivedData/Build/Intermediates.noindex/SwiftExplicitPrecompiledModules -no-color-diagnostics -Xcc -fno-color-diagnostics -enable-testing -g -debug-info-format\=dwarf -dwarf-version\=4 -suppress-warnings -profile-generate -profile-coverage-mapping -swift-version 5 -Onone -D SWIFT_PACKAGE -D DEBUG -D SWIFT_MODULE_RESOURCE_BUNDLE_UNAVAILABLE -D Xcode -serialize-debugging-options -enable-experimental-feature DebugDescriptionMacro -empty-abi-descriptor -validate-clang-modules-once -clang-build-session-file /Users/admin/builder/spi-builder-workspace/.derivedData/ModuleCache.noindex/Session.modulevalidation -Xcc -working-directory -Xcc /Users/admin/builder/spi-builder-workspace/.swiftpm/xcode -enable-anonymous-context-mangled-names -file-compilation-dir /Users/admin/builder/spi-builder-workspace/.swiftpm/xcode -Xcc -D_LIBCPP_HARDENING_MODE\=_LIBCPP_HARDENING_MODE_DEBUG -Xcc -ivfsstatcache -Xcc /Users/admin/builder/spi-builder-workspace/.derivedData/SDKStatCaches.noindex/appletvos27.0-24J360-e829b21a6f8c9b70876ba0858053c044b32bfd8d43560033f8d89884cdb90028.sdkstatcache -Xcc -fmodules-prune-interval\=86400 -Xcc -fmodules-prune-after\=345600 -Xcc -I/Users/admin/builder/spi-builder-workspace/.derivedData/Build/Products/Debug-appletvos/include -Xcc -I/Users/admin/builder/spi-builder-workspace/.derivedData/Build/Intermediates.noindex/w3w-swift-core.build/Debug-appletvos/W3WSwiftCore-t.build/DerivedSources-normal/arm64 -Xcc -I/Users/admin/builder/spi-builder-workspace/.derivedData/Build/Intermediates.noindex/w3w-swift-core.build/Debug-appletvos/W3WSwiftCore-t.build/DerivedSources/arm64 -Xcc -I/Users/admin/builder/spi-builder-workspace/.derivedData/Build/Intermediates.noindex/w3w-swift-core.build/Debug-appletvos/W3WSwiftCore-t.build/DerivedSources -Xcc -DSWIFT_PACKAGE -Xcc -DDEBUG\=1 -no-auto-bridging-header-chaining -module-name W3WSwiftCore -package-name w3w_swift_core -const-gather-protocols-file /Users/admin/builder/spi-builder-workspace/.derivedData/Build/Intermediates.noindex/w3w-swift-core.build/Debug-appletvos/W3WSwiftCore-t.build/Objects-normal/arm64/W3WSwiftCore_const_extract_protocols.json -disable-clang-spi -clang-target arm64-apple-tvos27.0 -target-sdk-version 27.0 -target-sdk-name appletvos27.0 -in-process-plugin-server-path /Applications/Xcode-27.0.0-Release.Candidate.app/Contents/Developer/Toolchains/XcodeDefault.xctoolchain/usr/lib/swift/host/libSwiftInProcPluginServer.dylib -emit-module-doc-path /Users/admin/builder/spi-builder-workspace/.derivedData/Build/Intermediates.noindex/w3w-swift-core.build/Debug-appletvos/W3WSwiftCore-t.build/Objects-normal/arm64/W3WSwiftCore.swiftdoc -emit-module-source-info-path /Users/admin/builder/spi-builder-workspace/.derivedData/Build/Intermediates.noindex/w3w-swift-core.build/Debug-appletvos/W3WSwiftCore-t.build/Objects-normal/arm64/W3WSwiftCore.swiftsourceinfo -emit-objc-header-path /Users/admin/builder/spi-builder-workspace/.derivedData/Build/Intermediates.noindex/w3w-swift-core.build/Debug-appletvos/W3WSwiftCore-t.build/Objects-normal/arm64/W3WSwiftCore-Swift.h -serialize-diagnostics-path /Users/admin/builder/spi-builder-workspace/.derivedData/Build/Intermediates.noindex/w3w-swift-core.build/Debug-appletvos/W3WSwiftCore-t.build/Objects-normal/arm64/W3WSwiftCore-primary-emit-module.dia -emit-dependencies-path /Users/admin/builder/spi-builder-workspace/.derivedData/Build/Intermediates.noindex/w3w-swift-core.build/Debug-appletvos/W3WSwiftCore-t.build/Objects-normal/arm64/W3WSwiftCore-primary-emit-module.d -parse-as-library -o /Users/admin/builder/spi-builder-workspace/.derivedData/Build/Intermediates.noindex/w3w-swift-core.build/Debug-appletvos/W3WSwiftCore-t.build/Objects-normal/arm64/W3WSwiftCore.swiftmodule -emit-abi-descriptor-path /Users/admin/builder/spi-builder-workspace/.derivedData/Build/Intermediates.noindex/w3w-swift-core.build/Debug-appletvos/W3WSwiftCore-t.build/Objects-normal/arm64/W3WSwiftCore.abi.json
SwiftCompile normal arm64 (in target 'W3WSwiftCore' from project 'w3w-swift-core')
cd /Users/admin/builder/spi-builder-workspace/.swiftpm/xcode
SwiftCompile normal arm64 Compiling\ W3WUtilitiesProtocol.swift,\ W3WWritingDirection.swift,\ W3WCountry.swift,\ W3WLanguage.swift,\ W3WRanked.swift,\ W3WSquare.swift /Users/admin/builder/spi-builder-workspace/.dependencies/checkouts/w3w-swift-core/Sources/W3WSwiftCore/Types/Util/W3WUtilitiesProtocol.swift /Users/admin/builder/spi-builder-workspace/.dependencies/checkouts/w3w-swift-core/Sources/W3WSwiftCore/Types/Util/W3WWritingDirection.swift /Users/admin/builder/spi-builder-workspace/.dependencies/checkouts/w3w-swift-core/Sources/W3WSwiftCore/Types/Values/W3WCountry.swift /Users/admin/builder/spi-builder-workspace/.dependencies/checkouts/w3w-swift-core/Sources/W3WSwiftCore/Types/Values/W3WLanguage.swift /Users/admin/builder/spi-builder-workspace/.dependencies/checkouts/w3w-swift-core/Sources/W3WSwiftCore/Types/Values/W3WRanked.swift /Users/admin/builder/spi-builder-workspace/.dependencies/checkouts/w3w-swift-core/Sources/W3WSwiftCore/Types/Values/W3WSquare.swift (in target 'W3WSwiftCore' from project 'w3w-swift-core')
SwiftCompile normal arm64 /Users/admin/builder/spi-builder-workspace/.dependencies/checkouts/w3w-swift-core/Sources/W3WSwiftCore/Types/Util/W3WUtilitiesProtocol.swift (in target 'W3WSwiftCore' from project 'w3w-swift-core')
cd /Users/admin/builder/spi-builder-workspace/.swiftpm/xcode
builtin-SwiftPerFileCompile W3WUtilitiesProtocol.swift
SwiftCompile normal arm64 /Users/admin/builder/spi-builder-workspace/.dependencies/checkouts/w3w-swift-core/Sources/W3WSwiftCore/Types/Util/W3WWritingDirection.swift (in target 'W3WSwiftCore' from project 'w3w-swift-core')
cd /Users/admin/builder/spi-builder-workspace/.swiftpm/xcode
builtin-SwiftPerFileCompile W3WWritingDirection.swift
SwiftCompile normal arm64 /Users/admin/builder/spi-builder-workspace/.dependencies/checkouts/w3w-swift-core/Sources/W3WSwiftCore/Types/Values/W3WCountry.swift (in target 'W3WSwiftCore' from project 'w3w-swift-core')
cd /Users/admin/builder/spi-builder-workspace/.swiftpm/xcode
builtin-SwiftPerFileCompile W3WCountry.swift
SwiftCompile normal arm64 /Users/admin/builder/spi-builder-workspace/.dependencies/checkouts/w3w-swift-core/Sources/W3WSwiftCore/Types/Values/W3WLanguage.swift (in target 'W3WSwiftCore' from project 'w3w-swift-core')
cd /Users/admin/builder/spi-builder-workspace/.swiftpm/xcode
builtin-SwiftPerFileCompile W3WLanguage.swift
SwiftCompile normal arm64 /Users/admin/builder/spi-builder-workspace/.dependencies/checkouts/w3w-swift-core/Sources/W3WSwiftCore/Types/Values/W3WRanked.swift (in target 'W3WSwiftCore' from project 'w3w-swift-core')
cd /Users/admin/builder/spi-builder-workspace/.swiftpm/xcode
builtin-SwiftPerFileCompile W3WRanked.swift
SwiftCompile normal arm64 /Users/admin/builder/spi-builder-workspace/.dependencies/checkouts/w3w-swift-core/Sources/W3WSwiftCore/Types/Values/W3WSquare.swift (in target 'W3WSwiftCore' from project 'w3w-swift-core')
cd /Users/admin/builder/spi-builder-workspace/.swiftpm/xcode
builtin-SwiftPerFileCompile W3WSquare.swift
PruneExplicitPrecompiledModules /Users/admin/builder/spi-builder-workspace/.derivedData/Build/Intermediates.noindex/SwiftExplicitPrecompiledModules
PruneExplicitPrecompiledModules /Users/admin/builder/spi-builder-workspace/.derivedData/SDKExplicitPrecompiledModules
PruneExplicitPrecompiledModules /Users/admin/builder/spi-builder-workspace/.derivedData/Build/Intermediates.noindex/ExplicitPrecompiledModules
2026-09-21 07:32:19.485 xcodebuild[796:4878] [MT] IDERunDestination: Supported platforms for the buildables in the current scheme is empty.
** BUILD FAILED **
The following build commands failed:
SwiftEmitModule normal arm64 Emitting\ module\ for\ W3WSwiftCore (in target 'W3WSwiftCore' from project 'w3w-swift-core')
SwiftCompile normal arm64 (in target 'W3WSwiftCore' from project 'w3w-swift-core')
Building workspace w3w-swift-voice-api with scheme w3w-swift-voice-api
(3 failures)
BUILD FAILURE 6.4 tvOS