The Swift Package Index logo.Swift Package Index

Build Information

Failed to build DualIntent, reference v0.1.0 (20bde5), with Swift 6.3 for Wasm on 16 Jul 2026 09:23:35 UTC.

Build Command

bash -c docker run --pull=always --rm -v "checkouts-54344847-0":/host -w "$PWD" -e JAVA_HOME="/root/.sdkman/candidates/java/current" -e SPI_BUILD="1" -e SPI_PROCESSING="1" registry.gitlab.com/saguaro1/spi-images:wasm-6.3-latest swift build --swift-sdk swift-6.3.2-RELEASE_wasm 2>&1

Build Log

========================================
RunAll
========================================
Builder version: 333316120c8b89ed7d21f1b34865290794301d91
Interrupt handler set up.
========================================
Checkout
========================================
Clone URL: https://github.com/NagaYu/DualIntent.git
Reference: v0.1.0
Initialized empty Git repository in /host/spi-builder-workspace/.git/
hint: Using 'master' as the name for the initial branch. This default branch name
hint: is subject to change. To configure the initial branch name to use in all
hint: of your new repositories, which will suppress this warning, call:
hint:
hint: 	git config --global init.defaultBranch <name>
hint:
hint: Names commonly chosen instead of 'master' are 'main', 'trunk' and
hint: 'development'. The just-created branch can be renamed via this command:
hint:
hint: 	git branch -m <name>
From https://github.com/NagaYu/DualIntent
 * tag               v0.1.0     -> FETCH_HEAD
HEAD is now at 20bde51 DualIntent 0.1.0: one function, both agent surfaces
Cloned https://github.com/NagaYu/DualIntent.git
Revision (git rev-parse @):
20bde519a601484f2da4f1a0059c25adb13c9831
SUCCESS checkout https://github.com/NagaYu/DualIntent.git at v0.1.0
========================================
Build
========================================
Selected platform:         wasm
Swift version:             6.3
Building package at path:  $PWD
https://github.com/NagaYu/DualIntent.git
Running build ...
bash -c docker run --pull=always --rm -v "checkouts-54344847-0":/host -w "$PWD" -e JAVA_HOME="/root/.sdkman/candidates/java/current" -e SPI_BUILD="1" -e SPI_PROCESSING="1" registry.gitlab.com/saguaro1/spi-images:wasm-6.3-latest swift build --swift-sdk swift-6.3.2-RELEASE_wasm 2>&1
wasm-6.3-latest: Pulling from saguaro1/spi-images
Digest: sha256:501b6bfc4ca8a27c305c68f9d5c778f996de82635741ab45476a03ffa6fa26d2
Status: Image is up to date for registry.gitlab.com/saguaro1/spi-images:wasm-6.3-latest
Fetching https://github.com/swiftlang/swift-syntax.git
Fetching https://github.com/modelcontextprotocol/swift-sdk.git
[1/3610] Fetching swift-sdk
[3611/79662] Fetching swift-sdk, swift-syntax
Fetched https://github.com/modelcontextprotocol/swift-sdk.git from cache (2.54s)
Fetched https://github.com/swiftlang/swift-syntax.git from cache (2.56s)
Computing version for https://github.com/modelcontextprotocol/swift-sdk.git
Computed https://github.com/modelcontextprotocol/swift-sdk.git at 0.12.1 (2.73s)
Fetching https://github.com/apple/swift-nio.git
Fetching https://github.com/apple/swift-system.git
Fetching https://github.com/apple/swift-log.git
Fetching https://github.com/mattt/eventsource.git
[1/271] Fetching eventsource
[272/8013] Fetching eventsource, swift-log
[273/14211] Fetching eventsource, swift-log, swift-system
Fetched https://github.com/mattt/eventsource.git from cache (0.58s)
Fetched https://github.com/apple/swift-log.git from cache (0.58s)
Fetched https://github.com/apple/swift-system.git from cache (0.58s)
[1/84518] Fetching swift-nio
Fetched https://github.com/apple/swift-nio.git from cache (2.95s)
Computing version for https://github.com/mattt/eventsource.git
Computed https://github.com/mattt/eventsource.git at 1.4.1 (3.10s)
Computing version for https://github.com/swiftlang/swift-syntax.git
Computed https://github.com/swiftlang/swift-syntax.git at 603.0.2 (0.96s)
Computing version for https://github.com/apple/swift-system.git
Computed https://github.com/apple/swift-system.git at 1.7.4 (0.17s)
Computing version for https://github.com/apple/swift-log.git
Computed https://github.com/apple/swift-log.git at 1.14.0 (0.14s)
Computing version for https://github.com/apple/swift-nio.git
Computed https://github.com/apple/swift-nio.git at 2.101.3 (0.25s)
Fetching https://github.com/apple/swift-atomics.git
Fetching https://github.com/apple/swift-collections.git
[1/1868] Fetching swift-atomics
[1869/27971] Fetching swift-atomics, swift-collections
Fetched https://github.com/apple/swift-atomics.git from cache (0.95s)
Fetched https://github.com/apple/swift-collections.git from cache (0.96s)
Computing version for https://github.com/apple/swift-atomics.git
Computed https://github.com/apple/swift-atomics.git at 1.3.1 (1.11s)
Computing version for https://github.com/apple/swift-collections.git
Computed https://github.com/apple/swift-collections.git at 1.6.0 (0.22s)
Creating working copy for https://github.com/modelcontextprotocol/swift-sdk.git
Working copy of https://github.com/modelcontextprotocol/swift-sdk.git resolved at 0.12.1
Creating working copy for https://github.com/swiftlang/swift-syntax.git
Working copy of https://github.com/swiftlang/swift-syntax.git resolved at 603.0.2
Creating working copy for https://github.com/apple/swift-nio.git
Working copy of https://github.com/apple/swift-nio.git resolved at 2.101.3
Creating working copy for https://github.com/mattt/eventsource.git
Working copy of https://github.com/mattt/eventsource.git resolved at 1.4.1
Creating working copy for https://github.com/apple/swift-atomics.git
Working copy of https://github.com/apple/swift-atomics.git resolved at 1.3.1
Creating working copy for https://github.com/apple/swift-collections.git
Working copy of https://github.com/apple/swift-collections.git resolved at 1.6.0
Creating working copy for https://github.com/apple/swift-system.git
Working copy of https://github.com/apple/swift-system.git resolved at 1.7.4
Creating working copy for https://github.com/apple/swift-log.git
Working copy of https://github.com/apple/swift-log.git resolved at 1.14.0
Downloading package prebuilt https://download.swift.org/prebuilts/swift-syntax/603.0.2/swift-6.3.2-RELEASE-ubuntu_jammy_x86_64-MacroSupport.tar.gz
Downloaded https://download.swift.org/prebuilts/swift-syntax/603.0.2/swift-6.3.2-RELEASE-ubuntu_jammy_x86_64-MacroSupport.tar.gz (0.19s)
Building for debugging...
[0/17] Write sources
[11/17] Compiling CSystem shims.c
[13/17] Write swift-version-24593BA9C3E375BF.txt
[15/117] Emitting module SystemPackage
[16/122] Compiling Logging Logger+With.swift
[17/122] Compiling SystemPackage FilePathComponentView.swift
[18/122] Compiling SystemPackage FilePathComponents.swift
[19/122] Compiling SystemPackage FilePathParsing.swift
[20/122] Compiling SystemPackage FilePathString.swift
[21/122] Compiling SystemPackage FilePathSyntax.swift
[22/128] Compiling Logging LoggingSystem.swift
[23/128] Compiling SystemPackage SystemString.swift
[24/128] Compiling SystemPackage Util+StringArray.swift
[25/128] Compiling SystemPackage Util.swift
[26/128] Compiling SystemPackage UtilConsumers.swift
[27/128] Compiling SystemPackage WinSDK+Overlay.swift
[28/128] Compiling SystemPackage IOCompletion.swift
[29/128] Compiling SystemPackage IORequest.swift
[30/128] Compiling SystemPackage IORing+Util.swift
[31/128] Compiling SystemPackage IORing.swift
[32/128] Compiling SystemPackage RawIORequest.swift
[33/128] Compiling SystemPackage Errno.swift
[34/128] Compiling SystemPackage ErrnoWindows.swift
[35/128] Compiling SystemPackage FileDescriptor.swift
[36/128] Compiling SystemPackage FileHelpers.swift
[37/128] Compiling SystemPackage FileOperations.swift
[38/128] Compiling SystemPackage FilePath.swift
[39/128] Emitting module SystemPackage
[42/128] Compiling Logging Logger.swift
[43/128] Compiling Logging Logger+Attributes.swift
[44/129] Emitting module Logging
[45/129] Compiling SystemPackage FilePathTemp.swift
[46/129] Compiling SystemPackage FilePathTempPosix.swift
[47/129] Compiling SystemPackage FilePathTempWindows.swift
[48/129] Compiling SystemPackage FilePathWindows.swift
[49/129] Compiling SystemPackage FilePermissions.swift
[52/129] Compiling SystemPackage Backcompat.swift
[53/129] Compiling SystemPackage CInterop.swift
[54/129] Compiling SystemPackage Constants.swift
[55/129] Compiling SystemPackage Exports.swift
[56/129] Compiling SystemPackage Mocking.swift
[57/129] Compiling Logging MetadataProvider.swift
[58/129] Compiling SystemPackage FileFlags.swift
[59/129] Compiling SystemPackage FileMode.swift
[60/129] Compiling SystemPackage FileType.swift
[61/129] Compiling SystemPackage Identifiers.swift
[62/129] Compiling SystemPackage Stat.swift
[63/129] Compiling SystemPackage RawBuffer.swift
[64/129] Compiling SystemPackage Syscalls.swift
[65/129] Compiling SystemPackage WindowsSyscallAdapters.swift
[66/129] Compiling SystemPackage MachPort.swift
[67/129] Compiling SystemPackage PlatformString.swift
[70/129] Compiling DualIntentMacros DualIntentMacro.swift
[71/129] Compiling DualIntentMacros FunctionModel.swift
[72/129] Compiling DualIntentMacros CodeGeneration.swift
[73/129] Emitting module DualIntentMacros
[76/130] Compiling Logging Logger+Attributes.swift
[84/131] Wrapping AST for DualIntentMacros for debugging
[86/131] Compiling Logging LoggingSystem.swift
[87/131] Compiling Logging Logger+With.swift
[88/131] Compiling Logging Logger.swift
[88/131] Write Objects.LinkFileList
[111/164] Compiling MCP Lifecycle.swift
[112/164] Compiling MCP Messages.swift
[113/164] Compiling MCP PendingRequest.swift
[114/164] Compiling MCP Transport.swift
[115/164] Compiling MCP HTTPClientTransport.swift
[116/164] Compiling MCP HTTPRequestValidation.swift
[117/164] Compiling MCP HTTPServerTypes.swift
[118/164] Compiling MCP StatefulHTTPServerTransport.swift
[119/164] Compiling MCP StatelessHTTPServerTransport.swift
[120/164] Compiling MCP InMemoryTransport.swift
[121/175] Compiling Logging MetadataProvider.swift
[122/175] Compiling MCP OAuthAuthorizationCodeFlow.swift
[123/175] Compiling MCP OAuthAuthorizer.swift
[124/175] Emitting module Logging
[125/175] Compiling MCP OAuthClientRegistrar.swift
[126/175] Compiling MCP OAuthConfiguration.swift
[127/176] Linking DualIntentMacros-tool
error: emit-module command failed with exit code 1 (use -v to see invocation)
[129/188] Emitting module MCP
/host/spi-builder-workspace/.build/checkouts/swift-sdk/Sources/MCP/Base/Transports/HTTPClientTransport.swift:5:12: error: no such module 'EventSource'
  3 |
  4 | #if !os(Linux)
  5 |     import EventSource
    |            `- error: no such module 'EventSource'
  6 | #endif
  7 |
[130/193] Compiling DualIntent JSONValue.swift
/host/spi-builder-workspace/Sources/DualIntent/DualIntent.swift:5:19: error: no such module 'AppIntents'
 3 | // only import a consuming file needs for its expansions to compile — a macro
 4 | // cannot add imports to the file it expands in.
 5 | @_exported import AppIntents
   |                   `- error: no such module 'AppIntents'
 6 |
 7 | /// Annotates a function so that a single implementation is exposed on two agent
[131/193] Compiling MCP PKCE.swift
/host/spi-builder-workspace/.build/checkouts/swift-sdk/Sources/MCP/Base/Transports/HTTPClientTransport.swift:5:12: error: no such module 'EventSource'
  3 |
  4 | #if !os(Linux)
  5 |     import EventSource
    |            `- error: no such module 'EventSource'
  6 | #endif
  7 |
[132/193] Compiling MCP TokenStorage.swift
/host/spi-builder-workspace/.build/checkouts/swift-sdk/Sources/MCP/Base/Transports/HTTPClientTransport.swift:5:12: error: no such module 'EventSource'
  3 |
  4 | #if !os(Linux)
  5 |     import EventSource
    |            `- error: no such module 'EventSource'
  6 | #endif
  7 |
[133/193] Compiling MCP Error.swift
/host/spi-builder-workspace/.build/checkouts/swift-sdk/Sources/MCP/Base/Transports/HTTPClientTransport.swift:5:12: error: no such module 'EventSource'
  3 |
  4 | #if !os(Linux)
  5 |     import EventSource
    |            `- error: no such module 'EventSource'
  6 | #endif
  7 |
[134/193] Compiling MCP ID.swift
/host/spi-builder-workspace/.build/checkouts/swift-sdk/Sources/MCP/Base/Transports/HTTPClientTransport.swift:5:12: error: no such module 'EventSource'
  3 |
  4 | #if !os(Linux)
  5 |     import EventSource
    |            `- error: no such module 'EventSource'
  6 | #endif
  7 |
[135/193] Compiling MCP Icon.swift
/host/spi-builder-workspace/.build/checkouts/swift-sdk/Sources/MCP/Base/Transports/HTTPClientTransport.swift:5:12: error: no such module 'EventSource'
  3 |
  4 | #if !os(Linux)
  5 |     import EventSource
    |            `- error: no such module 'EventSource'
  6 | #endif
  7 |
/host/spi-builder-workspace/.build/checkouts/swift-sdk/Sources/MCP/Base/Transports/HTTPClientTransport.swift:5:12: error: no such module 'EventSource'
  3 |
  4 | #if !os(Linux)
  5 |     import EventSource
    |            `- error: no such module 'EventSource'
  6 | #endif
  7 |
[137/193] Compiling DualIntent DualIntentRuntime.swift
/host/spi-builder-workspace/Sources/DualIntent/DualIntent.swift:5:19: error: no such module 'AppIntents'
 3 | // only import a consuming file needs for its expansions to compile — a macro
 4 | // cannot add imports to the file it expands in.
 5 | @_exported import AppIntents
   |                   `- error: no such module 'AppIntents'
 6 |
 7 | /// Annotates a function so that a single implementation is exposed on two agent
[138/193] Compiling MCP Progress.swift
[139/193] Compiling MCP RequestContext.swift
[140/193] Compiling MCP Value.swift
[141/193] Compiling MCP Versioning.swift
[142/193] Compiling MCP Client.swift
error: emit-module command failed with exit code 1 (use -v to see invocation)
[143/193] Emitting module DualIntent
/host/spi-builder-workspace/Sources/DualIntent/DualIntent.swift:5:19: error: no such module 'AppIntents'
 3 | // only import a consuming file needs for its expansions to compile — a macro
 4 | // cannot add imports to the file it expands in.
 5 | @_exported import AppIntents
   |                   `- error: no such module 'AppIntents'
 6 |
 7 | /// Annotates a function so that a single implementation is exposed on two agent
[144/193] Compiling DualIntent MCPToolDescriptor.swift
/host/spi-builder-workspace/Sources/DualIntent/DualIntent.swift:5:19: error: no such module 'AppIntents'
 3 | // only import a consuming file needs for its expansions to compile — a macro
 4 | // cannot add imports to the file it expands in.
 5 | @_exported import AppIntents
   |                   `- error: no such module 'AppIntents'
 6 |
 7 | /// Annotates a function so that a single implementation is exposed on two agent
[145/193] Compiling DualIntent JSONValue.swift
/host/spi-builder-workspace/Sources/DualIntent/DualIntent.swift:5:19: error: no such module 'AppIntents'
 3 | // only import a consuming file needs for its expansions to compile — a macro
 4 | // cannot add imports to the file it expands in.
 5 | @_exported import AppIntents
   |                   `- error: no such module 'AppIntents'
 6 |
 7 | /// Annotates a function so that a single implementation is exposed on two agent
[146/193] Compiling DualIntent DualIntent.swift
/host/spi-builder-workspace/Sources/DualIntent/DualIntent.swift:5:19: error: no such module 'AppIntents'
 3 | // only import a consuming file needs for its expansions to compile — a macro
 4 | // cannot add imports to the file it expands in.
 5 | @_exported import AppIntents
   |                   `- error: no such module 'AppIntents'
 6 |
 7 | /// Annotates a function so that a single implementation is exposed on two agent
[147/193] Compiling DualIntent ToolRegistry.swift
/host/spi-builder-workspace/Sources/DualIntent/DualIntent.swift:5:19: error: no such module 'AppIntents'
 3 | // only import a consuming file needs for its expansions to compile — a macro
 4 | // cannot add imports to the file it expands in.
 5 | @_exported import AppIntents
   |                   `- error: no such module 'AppIntents'
 6 |
 7 | /// Annotates a function so that a single implementation is exposed on two agent
/host/spi-builder-workspace/.build/checkouts/swift-sdk/Sources/MCP/Base/Transports/HTTPClientTransport.swift:5:12: error: no such module 'EventSource'
  3 |
  4 | #if !os(Linux)
  5 |     import EventSource
    |            `- error: no such module 'EventSource'
  6 | #endif
  7 |
/host/spi-builder-workspace/.build/checkouts/swift-sdk/Sources/MCP/Base/Transports/HTTPClientTransport.swift:5:12: error: no such module 'EventSource'
  3 |
  4 | #if !os(Linux)
  5 |     import EventSource
    |            `- error: no such module 'EventSource'
  6 | #endif
  7 |
/host/spi-builder-workspace/.build/checkouts/swift-sdk/Sources/MCP/Base/Transports/HTTPClientTransport.swift:5:12: error: no such module 'EventSource'
  3 |
  4 | #if !os(Linux)
  5 |     import EventSource
    |            `- error: no such module 'EventSource'
  6 | #endif
  7 |
[151/194] Compiling MCP NetworkTransport.swift
/host/spi-builder-workspace/.build/checkouts/swift-sdk/Sources/MCP/Base/Transports/HTTPClientTransport.swift:5:12: error: no such module 'EventSource'
  3 |
  4 | #if !os(Linux)
  5 |     import EventSource
    |            `- error: no such module 'EventSource'
  6 | #endif
  7 |
[152/194] Compiling MCP StdioTransport.swift
/host/spi-builder-workspace/.build/checkouts/swift-sdk/Sources/MCP/Base/Transports/HTTPClientTransport.swift:5:12: error: no such module 'EventSource'
  3 |
  4 | #if !os(Linux)
  5 |     import EventSource
    |            `- error: no such module 'EventSource'
  6 | #endif
  7 |
[153/194] Compiling MCP UnitInterval.swift
/host/spi-builder-workspace/.build/checkouts/swift-sdk/Sources/MCP/Base/Transports/HTTPClientTransport.swift:5:12: error: no such module 'EventSource'
  3 |
  4 | #if !os(Linux)
  5 |     import EventSource
    |            `- error: no such module 'EventSource'
  6 | #endif
  7 |
[154/194] Compiling DualIntent DualIntent.swift
/host/spi-builder-workspace/Sources/DualIntent/DualIntent.swift:5:19: error: no such module 'AppIntents'
 3 | // only import a consuming file needs for its expansions to compile — a macro
 4 | // cannot add imports to the file it expands in.
 5 | @_exported import AppIntents
   |                   `- error: no such module 'AppIntents'
 6 |
 7 | /// Annotates a function so that a single implementation is exposed on two agent
error: emit-module command failed with exit code 1 (use -v to see invocation)
[155/194] Emitting module DualIntent
/host/spi-builder-workspace/Sources/DualIntent/DualIntent.swift:5:19: error: no such module 'AppIntents'
 3 | // only import a consuming file needs for its expansions to compile — a macro
 4 | // cannot add imports to the file it expands in.
 5 | @_exported import AppIntents
   |                   `- error: no such module 'AppIntents'
 6 |
 7 | /// Annotates a function so that a single implementation is exposed on two agent
BUILD FAILURE 6.3 wasm