Build Information
Failed to build SwiftyMobileDevice, reference main (1f6e4c), with Swift 6.1 for Wasm on 27 Sep 2026 17:29:00 UTC.
Build Command
bash -c docker run --pull=always --rm -v "checkouts-54344845-1":/host -w "$PWD" -e JAVA_HOME="/root/.sdkman/candidates/java/current" -e SPI_BUILD="1" -e SPI_PROCESSING="1" registry.gitlab.com/saguaro1/spi-images:wasm-6.1-latest swift build --swift-sdk wasm32-unknown-wasi 2>&1Build Log
========================================
RunAll
========================================
Builder version: 5.1.0
Interrupt handler set up.
========================================
Checkout
========================================
Clone URL: https://github.com/xtool-org/SwiftyMobileDevice.git
Reference: main
Initialized empty Git repository in /host/spi-builder-workspace/.git/
hint: Using 'master' as the name for the initial branch. This default branch name
hint: is subject to change. To configure the initial branch name to use in all
hint: of your new repositories, which will suppress this warning, call:
hint:
hint: git config --global init.defaultBranch <name>
hint:
hint: Names commonly chosen instead of 'master' are 'main', 'trunk' and
hint: 'development'. The just-created branch can be renamed via this command:
hint:
hint: git branch -m <name>
From https://github.com/xtool-org/SwiftyMobileDevice
* branch main -> FETCH_HEAD
* [new branch] main -> origin/main
HEAD is now at 1f6e4cc Use automatic library type
Cloned https://github.com/xtool-org/SwiftyMobileDevice.git
Revision (git rev-parse @):
1f6e4cc614a31953bda5d1092a747cfdea90916f
SUCCESS checkout https://github.com/xtool-org/SwiftyMobileDevice.git at main
========================================
Build
========================================
Selected platform: wasm
Swift version: 6.1
Building package at path: $PWD
https://github.com/xtool-org/SwiftyMobileDevice.git
https://github.com/xtool-org/SwiftyMobileDevice.git
WARNING: environment variable SUPPRESS_SWIFT_6_FLAGS is not set
Running build ...
bash -c docker run --pull=always --rm -v "checkouts-54344845-1":/host -w "$PWD" -e JAVA_HOME="/root/.sdkman/candidates/java/current" -e SPI_BUILD="1" -e SPI_PROCESSING="1" registry.gitlab.com/saguaro1/spi-images:wasm-6.1-latest swift build --swift-sdk wasm32-unknown-wasi -Xswiftc -Xfrontend -Xswiftc -stats-output-dir -Xswiftc -Xfrontend -Xswiftc .stats -Xswiftc -strict-concurrency=complete -Xswiftc -enable-upcoming-feature -Xswiftc StrictConcurrency -Xswiftc -enable-upcoming-feature -Xswiftc DisableOutwardActorInference -Xswiftc -enable-upcoming-feature -Xswiftc GlobalActorIsolatedTypesUsability -Xswiftc -enable-upcoming-feature -Xswiftc InferSendableFromCaptures 2>&1
wasm-6.1-latest: Pulling from saguaro1/spi-images
Digest: sha256:beceeede496da67681f4fa220a6b97cc098a0178841a413735f598dc6bbaf4c8
Status: Image is up to date for registry.gitlab.com/saguaro1/spi-images:wasm-6.1-latest
Fetching https://github.com/xtool-org/xtool-core
[1/1247] Fetching xtool-core
Fetched https://github.com/xtool-org/xtool-core from cache (3.07s)
Computing version for https://github.com/xtool-org/xtool-core
Computed https://github.com/xtool-org/xtool-core at 1.5.0 (3.31s)
Fetching https://github.com/pointfreeco/swift-concurrency-extras.git
[1/1058] Fetching swift-concurrency-extras
Fetched https://github.com/pointfreeco/swift-concurrency-extras.git from cache (0.51s)
Computing version for https://github.com/pointfreeco/swift-concurrency-extras.git
Computed https://github.com/pointfreeco/swift-concurrency-extras.git at 1.4.1 (0.74s)
Creating working copy for https://github.com/pointfreeco/swift-concurrency-extras.git
Working copy of https://github.com/pointfreeco/swift-concurrency-extras.git resolved at 1.4.1
Creating working copy for https://github.com/xtool-org/xtool-core
Working copy of https://github.com/xtool-org/xtool-core resolved at 1.5.0
warning: you may be able to install libplist-2.0 using your system-packager:
apt-get install libplist-dev
warning: you may be able to install libimobiledevice-glue-1.0 using your system-packager:
apt-get install libimobiledevice-dev
warning: you may be able to install libusbmuxd-2.0 using your system-packager:
apt-get install libusbmuxd-dev
warning: you may be able to install libimobiledevice-1.0 using your system-packager:
apt-get install libimobiledevice-dev
warning: you may be able to install libplist-2.0 using your system-packager:
apt-get install libplist-dev
warning: you may be able to install libimobiledevice-glue-1.0 using your system-packager:
apt-get install libimobiledevice-dev
warning: you may be able to install libusbmuxd-2.0 using your system-packager:
apt-get install libusbmuxd-dev
warning: you may be able to install libimobiledevice-1.0 using your system-packager:
apt-get install libimobiledevice-dev
Building for debugging...
[0/3] Write sources
[2/3] Write swift-version-24593BA9C3E375BF.txt
[4/8] Compiling Superutils CodableElement.swift
<unknown>:0: warning: upcoming feature 'InferSendableFromCaptures' is already enabled as of Swift version 6
<unknown>:0: warning: upcoming feature 'GlobalActorIsolatedTypesUsability' is already enabled as of Swift version 6
<unknown>:0: warning: upcoming feature 'DisableOutwardActorInference' is already enabled as of Swift version 6
[5/8] Compiling Superutils CodableUtils.swift
<unknown>:0: warning: upcoming feature 'InferSendableFromCaptures' is already enabled as of Swift version 6
<unknown>:0: warning: upcoming feature 'GlobalActorIsolatedTypesUsability' is already enabled as of Swift version 6
<unknown>:0: warning: upcoming feature 'DisableOutwardActorInference' is already enabled as of Swift version 6
[6/8] Compiling Superutils SharedExtensions.swift
<unknown>:0: warning: upcoming feature 'InferSendableFromCaptures' is already enabled as of Swift version 6
<unknown>:0: warning: upcoming feature 'GlobalActorIsolatedTypesUsability' is already enabled as of Swift version 6
<unknown>:0: warning: upcoming feature 'DisableOutwardActorInference' is already enabled as of Swift version 6
/host/spi-builder-workspace/.build/checkouts/xtool-core/Sources/Superutils/SharedExtensions.swift:41:18: error: cannot find type 'Progress' in scope
39 |
40 | #if !os(Linux) && !os(Android)
41 | public extension Progress {
| `- error: cannot find type 'Progress' in scope
42 |
43 | static func performDiscretely<ReturnType>(work: () throws -> ReturnType) rethrows -> ReturnType {
/host/spi-builder-workspace/.build/checkouts/xtool-core/Sources/Superutils/SharedExtensions.swift:320:20: error: cannot find 'ListFormatter' in scope
318 | #if !os(Linux) && !os(Android)
319 | if #available(macOS 10.15, *) {
320 | return ListFormatter.localizedString(byJoining: self)
| `- error: cannot find 'ListFormatter' in scope
321 | }
322 | #endif
error: emit-module command failed with exit code 1 (use -v to see invocation)
[7/8] Compiling Superutils AnyEncodable.swift
<unknown>:0: warning: upcoming feature 'InferSendableFromCaptures' is already enabled as of Swift version 6
<unknown>:0: warning: upcoming feature 'GlobalActorIsolatedTypesUsability' is already enabled as of Swift version 6
<unknown>:0: warning: upcoming feature 'DisableOutwardActorInference' is already enabled as of Swift version 6
[8/8] Emitting module Superutils
<unknown>:0: warning: upcoming feature 'InferSendableFromCaptures' is already enabled as of Swift version 6
<unknown>:0: warning: upcoming feature 'GlobalActorIsolatedTypesUsability' is already enabled as of Swift version 6
<unknown>:0: warning: upcoming feature 'DisableOutwardActorInference' is already enabled as of Swift version 6
/host/spi-builder-workspace/.build/checkouts/xtool-core/Sources/Superutils/SharedExtensions.swift:41:18: error: cannot find type 'Progress' in scope
39 |
40 | #if !os(Linux) && !os(Android)
41 | public extension Progress {
| `- error: cannot find type 'Progress' in scope
42 |
43 | static func performDiscretely<ReturnType>(work: () throws -> ReturnType) rethrows -> ReturnType {
Running build ...
bash -c docker run --pull=always --rm -v "checkouts-54344845-1":/host -w "$PWD" -e JAVA_HOME="/root/.sdkman/candidates/java/current" -e SPI_BUILD="1" -e SPI_PROCESSING="1" registry.gitlab.com/saguaro1/spi-images:wasm-6.1-latest swift build --swift-sdk wasm32-unknown-wasi 2>&1
wasm-6.1-latest: Pulling from saguaro1/spi-images
Digest: sha256:beceeede496da67681f4fa220a6b97cc098a0178841a413735f598dc6bbaf4c8
Status: Image is up to date for registry.gitlab.com/saguaro1/spi-images:wasm-6.1-latest
warning: you may be able to install libplist-2.0 using your system-packager:
apt-get install libplist-dev
warning: you may be able to install libimobiledevice-glue-1.0 using your system-packager:
apt-get install libimobiledevice-dev
warning: you may be able to install libusbmuxd-2.0 using your system-packager:
apt-get install libusbmuxd-dev
warning: you may be able to install libimobiledevice-1.0 using your system-packager:
apt-get install libimobiledevice-dev
warning: you may be able to install libplist-2.0 using your system-packager:
apt-get install libplist-dev
warning: you may be able to install libimobiledevice-glue-1.0 using your system-packager:
apt-get install libimobiledevice-dev
warning: you may be able to install libusbmuxd-2.0 using your system-packager:
apt-get install libusbmuxd-dev
warning: you may be able to install libimobiledevice-1.0 using your system-packager:
apt-get install libimobiledevice-dev
[0/1] Planning build
Building for debugging...
[0/1] Write swift-version-24593BA9C3E375BF.txt
[2/6] Compiling Superutils CodableUtils.swift
[3/6] Compiling Superutils SharedExtensions.swift
/host/spi-builder-workspace/.build/checkouts/xtool-core/Sources/Superutils/SharedExtensions.swift:41:18: error: cannot find type 'Progress' in scope
39 |
40 | #if !os(Linux) && !os(Android)
41 | public extension Progress {
| `- error: cannot find type 'Progress' in scope
42 |
43 | static func performDiscretely<ReturnType>(work: () throws -> ReturnType) rethrows -> ReturnType {
/host/spi-builder-workspace/.build/checkouts/xtool-core/Sources/Superutils/SharedExtensions.swift:320:20: error: cannot find 'ListFormatter' in scope
318 | #if !os(Linux) && !os(Android)
319 | if #available(macOS 10.15, *) {
320 | return ListFormatter.localizedString(byJoining: self)
| `- error: cannot find 'ListFormatter' in scope
321 | }
322 | #endif
error: emit-module command failed with exit code 1 (use -v to see invocation)
[4/6] Compiling Superutils CodableElement.swift
[5/6] Compiling Superutils AnyEncodable.swift
[6/6] Emitting module Superutils
/host/spi-builder-workspace/.build/checkouts/xtool-core/Sources/Superutils/SharedExtensions.swift:41:18: error: cannot find type 'Progress' in scope
39 |
40 | #if !os(Linux) && !os(Android)
41 | public extension Progress {
| `- error: cannot find type 'Progress' in scope
42 |
43 | static func performDiscretely<ReturnType>(work: () throws -> ReturnType) rethrows -> ReturnType {
BUILD FAILURE 6.1 wasm