Build Information
Failed to build DependencyInjectorObjectMapper, reference v1.0.6 (7a5335), with Swift 6.4 for watchOS using Xcode 27.0 on 16 Sep 2026 08:40:17 UTC.
Build Command
env DEVELOPER_DIR=/Applications/Xcode-27.0.0-Release.Candidate.app xcrun xcodebuild -IDEClonedSourcePackagesDirPathOverride=$PWD/.dependencies -skipMacroValidation -skipPackagePluginValidation -derivedDataPath $PWD/.derivedData build -scheme DependencyInjectorObjectMapper -destination generic/platform=watchOSBuild Log
cd /Users/admin/builder/spi-builder-workspace/.dependencies/checkouts/ObjectMapper
write-file /Users/admin/builder/spi-builder-workspace/.derivedData/Build/Intermediates.noindex/ObjectMapper.build/Debug-watchos/ObjectMapper-t.build/ObjectMapper.modulemap
WriteAuxiliaryFile /Users/admin/builder/spi-builder-workspace/.derivedData/Build/Intermediates.noindex/ObjectMapper.build/Debug-watchos/ObjectMapper-t.build/ObjectMapper.DependencyStaticMetadataFileList (in target 'ObjectMapper' from project 'ObjectMapper')
cd /Users/admin/builder/spi-builder-workspace/.dependencies/checkouts/ObjectMapper
write-file /Users/admin/builder/spi-builder-workspace/.derivedData/Build/Intermediates.noindex/ObjectMapper.build/Debug-watchos/ObjectMapper-t.build/ObjectMapper.DependencyStaticMetadataFileList
WriteAuxiliaryFile /Users/admin/builder/spi-builder-workspace/.derivedData/Build/Intermediates.noindex/ObjectMapper.build/Debug-watchos/ObjectMapper-t.build/ObjectMapper.DependencyMetadataFileList (in target 'ObjectMapper' from project 'ObjectMapper')
cd /Users/admin/builder/spi-builder-workspace/.dependencies/checkouts/ObjectMapper
write-file /Users/admin/builder/spi-builder-workspace/.derivedData/Build/Intermediates.noindex/ObjectMapper.build/Debug-watchos/ObjectMapper-t.build/ObjectMapper.DependencyMetadataFileList
WriteAuxiliaryFile /Users/admin/builder/spi-builder-workspace/.derivedData/Build/Intermediates.noindex/DependencyInjectorObjectMapper.build/Debug-watchos/DependencyInjectorObjectMapper-t.build/Objects-normal/arm64_32/DependencyInjectorObjectMapper_const_extract_protocols.json (in target 'DependencyInjectorObjectMapper' from project 'DependencyInjectorObjectMapper')
cd /Users/admin/builder/spi-builder-workspace
write-file /Users/admin/builder/spi-builder-workspace/.derivedData/Build/Intermediates.noindex/DependencyInjectorObjectMapper.build/Debug-watchos/DependencyInjectorObjectMapper-t.build/Objects-normal/arm64_32/DependencyInjectorObjectMapper_const_extract_protocols.json
WriteAuxiliaryFile /Users/admin/builder/spi-builder-workspace/.derivedData/Build/Intermediates.noindex/DependencyInjectorObjectMapper.build/Debug-watchos/DependencyInjectorObjectMapper-t.build/Objects-normal/arm64_32/DependencyInjectorObjectMapper.SwiftFileList (in target 'DependencyInjectorObjectMapper' from project 'DependencyInjectorObjectMapper')
cd /Users/admin/builder/spi-builder-workspace
write-file /Users/admin/builder/spi-builder-workspace/.derivedData/Build/Intermediates.noindex/DependencyInjectorObjectMapper.build/Debug-watchos/DependencyInjectorObjectMapper-t.build/Objects-normal/arm64_32/DependencyInjectorObjectMapper.SwiftFileList
WriteAuxiliaryFile /Users/admin/builder/spi-builder-workspace/.derivedData/Build/Intermediates.noindex/DependencyInjectorObjectMapper.build/Debug-watchos/DependencyInjectorObjectMapper-t.build/Objects-normal/arm64_32/DependencyInjectorObjectMapper.SwiftConstValuesFileList (in target 'DependencyInjectorObjectMapper' from project 'DependencyInjectorObjectMapper')
cd /Users/admin/builder/spi-builder-workspace
write-file /Users/admin/builder/spi-builder-workspace/.derivedData/Build/Intermediates.noindex/DependencyInjectorObjectMapper.build/Debug-watchos/DependencyInjectorObjectMapper-t.build/Objects-normal/arm64_32/DependencyInjectorObjectMapper.SwiftConstValuesFileList
WriteAuxiliaryFile /Users/admin/builder/spi-builder-workspace/.derivedData/Build/Intermediates.noindex/DependencyInjectorObjectMapper.build/Debug-watchos/DependencyInjectorObjectMapper-t.build/Objects-normal/arm64_32/DependencyInjectorObjectMapper.LinkFileList (in target 'DependencyInjectorObjectMapper' from project 'DependencyInjectorObjectMapper')
cd /Users/admin/builder/spi-builder-workspace
write-file /Users/admin/builder/spi-builder-workspace/.derivedData/Build/Intermediates.noindex/DependencyInjectorObjectMapper.build/Debug-watchos/DependencyInjectorObjectMapper-t.build/Objects-normal/arm64_32/DependencyInjectorObjectMapper.LinkFileList
WriteAuxiliaryFile /Users/admin/builder/spi-builder-workspace/.derivedData/Build/Intermediates.noindex/DependencyInjectorObjectMapper.build/Debug-watchos/DependencyInjectorObjectMapper-t.build/Objects-normal/arm64_32/DependencyInjectorObjectMapper-OutputFileMap.json (in target 'DependencyInjectorObjectMapper' from project 'DependencyInjectorObjectMapper')
cd /Users/admin/builder/spi-builder-workspace
write-file /Users/admin/builder/spi-builder-workspace/.derivedData/Build/Intermediates.noindex/DependencyInjectorObjectMapper.build/Debug-watchos/DependencyInjectorObjectMapper-t.build/Objects-normal/arm64_32/DependencyInjectorObjectMapper-OutputFileMap.json
WriteAuxiliaryFile /Users/admin/builder/spi-builder-workspace/.derivedData/Build/Intermediates.noindex/DependencyInjectorObjectMapper.build/Debug-watchos/DependencyInjectorObjectMapper-t.build/Objects-normal/arm64/DependencyInjectorObjectMapper.SwiftFileList (in target 'DependencyInjectorObjectMapper' from project 'DependencyInjectorObjectMapper')
cd /Users/admin/builder/spi-builder-workspace
write-file /Users/admin/builder/spi-builder-workspace/.derivedData/Build/Intermediates.noindex/DependencyInjectorObjectMapper.build/Debug-watchos/DependencyInjectorObjectMapper-t.build/Objects-normal/arm64/DependencyInjectorObjectMapper.SwiftFileList
WriteAuxiliaryFile /Users/admin/builder/spi-builder-workspace/.derivedData/Build/Intermediates.noindex/DependencyInjectorObjectMapper.build/Debug-watchos/DependencyInjectorObjectMapper-t.build/Objects-normal/arm64/DependencyInjectorObjectMapper.SwiftConstValuesFileList (in target 'DependencyInjectorObjectMapper' from project 'DependencyInjectorObjectMapper')
cd /Users/admin/builder/spi-builder-workspace
write-file /Users/admin/builder/spi-builder-workspace/.derivedData/Build/Intermediates.noindex/DependencyInjectorObjectMapper.build/Debug-watchos/DependencyInjectorObjectMapper-t.build/Objects-normal/arm64/DependencyInjectorObjectMapper.SwiftConstValuesFileList
WriteAuxiliaryFile /Users/admin/builder/spi-builder-workspace/.derivedData/Build/Intermediates.noindex/DependencyInjectorObjectMapper.build/Debug-watchos/DependencyInjectorObjectMapper-t.build/Objects-normal/arm64/DependencyInjectorObjectMapper_const_extract_protocols.json (in target 'DependencyInjectorObjectMapper' from project 'DependencyInjectorObjectMapper')
cd /Users/admin/builder/spi-builder-workspace
write-file /Users/admin/builder/spi-builder-workspace/.derivedData/Build/Intermediates.noindex/DependencyInjectorObjectMapper.build/Debug-watchos/DependencyInjectorObjectMapper-t.build/Objects-normal/arm64/DependencyInjectorObjectMapper_const_extract_protocols.json
Copy /Users/admin/builder/spi-builder-workspace/.derivedData/Build/Intermediates.noindex/GeneratedModuleMaps-watchos/ObjectMapper.modulemap /Users/admin/builder/spi-builder-workspace/.derivedData/Build/Intermediates.noindex/ObjectMapper.build/Debug-watchos/ObjectMapper-t.build/ObjectMapper.modulemap (in target 'ObjectMapper' from project 'ObjectMapper')
cd /Users/admin/builder/spi-builder-workspace/.dependencies/checkouts/ObjectMapper
builtin-copy -exclude .DS_Store -exclude CVS -exclude .svn -exclude .git -exclude .hg -resolve-src-symlinks /Users/admin/builder/spi-builder-workspace/.derivedData/Build/Intermediates.noindex/ObjectMapper.build/Debug-watchos/ObjectMapper-t.build/ObjectMapper.modulemap /Users/admin/builder/spi-builder-workspace/.derivedData/Build/Intermediates.noindex/GeneratedModuleMaps-watchos
WriteAuxiliaryFile /Users/admin/builder/spi-builder-workspace/.derivedData/Build/Intermediates.noindex/DependencyInjectorObjectMapper.build/Debug-watchos/DependencyInjectorObjectMapper-t.build/Objects-normal/arm64/DependencyInjectorObjectMapper.LinkFileList (in target 'DependencyInjectorObjectMapper' from project 'DependencyInjectorObjectMapper')
cd /Users/admin/builder/spi-builder-workspace
write-file /Users/admin/builder/spi-builder-workspace/.derivedData/Build/Intermediates.noindex/DependencyInjectorObjectMapper.build/Debug-watchos/DependencyInjectorObjectMapper-t.build/Objects-normal/arm64/DependencyInjectorObjectMapper.LinkFileList
WriteAuxiliaryFile /Users/admin/builder/spi-builder-workspace/.derivedData/Build/Intermediates.noindex/DependencyInjectorObjectMapper.build/Debug-watchos/DependencyInjectorObjectMapper-t.build/Objects-normal/arm64/DependencyInjectorObjectMapper-OutputFileMap.json (in target 'DependencyInjectorObjectMapper' from project 'DependencyInjectorObjectMapper')
cd /Users/admin/builder/spi-builder-workspace
write-file /Users/admin/builder/spi-builder-workspace/.derivedData/Build/Intermediates.noindex/DependencyInjectorObjectMapper.build/Debug-watchos/DependencyInjectorObjectMapper-t.build/Objects-normal/arm64/DependencyInjectorObjectMapper-OutputFileMap.json
WriteAuxiliaryFile /Users/admin/builder/spi-builder-workspace/.derivedData/Build/Intermediates.noindex/DependencyInjectorObjectMapper.build/Debug-watchos/DependencyInjectorObjectMapper-t.build/DependencyInjectorObjectMapper.modulemap (in target 'DependencyInjectorObjectMapper' from project 'DependencyInjectorObjectMapper')
cd /Users/admin/builder/spi-builder-workspace
write-file /Users/admin/builder/spi-builder-workspace/.derivedData/Build/Intermediates.noindex/DependencyInjectorObjectMapper.build/Debug-watchos/DependencyInjectorObjectMapper-t.build/DependencyInjectorObjectMapper.modulemap
WriteAuxiliaryFile /Users/admin/builder/spi-builder-workspace/.derivedData/Build/Intermediates.noindex/DependencyInjectorObjectMapper.build/Debug-watchos/DependencyInjectorObjectMapper-t.build/DependencyInjectorObjectMapper.DependencyStaticMetadataFileList (in target 'DependencyInjectorObjectMapper' from project 'DependencyInjectorObjectMapper')
cd /Users/admin/builder/spi-builder-workspace
write-file /Users/admin/builder/spi-builder-workspace/.derivedData/Build/Intermediates.noindex/DependencyInjectorObjectMapper.build/Debug-watchos/DependencyInjectorObjectMapper-t.build/DependencyInjectorObjectMapper.DependencyStaticMetadataFileList
WriteAuxiliaryFile /Users/admin/builder/spi-builder-workspace/.derivedData/Build/Intermediates.noindex/DependencyInjectorObjectMapper.build/Debug-watchos/DependencyInjectorObjectMapper-t.build/DependencyInjectorObjectMapper.DependencyMetadataFileList (in target 'DependencyInjectorObjectMapper' from project 'DependencyInjectorObjectMapper')
cd /Users/admin/builder/spi-builder-workspace
write-file /Users/admin/builder/spi-builder-workspace/.derivedData/Build/Intermediates.noindex/DependencyInjectorObjectMapper.build/Debug-watchos/DependencyInjectorObjectMapper-t.build/DependencyInjectorObjectMapper.DependencyMetadataFileList
WriteAuxiliaryFile /Users/admin/builder/spi-builder-workspace/.derivedData/Build/Intermediates.noindex/DependencyInjector.build/Debug-watchos/DependencyInjector-t.build/Objects-normal/arm64_32/DependencyInjector_const_extract_protocols.json (in target 'DependencyInjector' from project 'DependencyInjector')
cd /Users/admin/builder/spi-builder-workspace/.dependencies/checkouts/dependency-injector
write-file /Users/admin/builder/spi-builder-workspace/.derivedData/Build/Intermediates.noindex/DependencyInjector.build/Debug-watchos/DependencyInjector-t.build/Objects-normal/arm64_32/DependencyInjector_const_extract_protocols.json
WriteAuxiliaryFile /Users/admin/builder/spi-builder-workspace/.derivedData/Build/Intermediates.noindex/DependencyInjector.build/Debug-watchos/DependencyInjector-t.build/Objects-normal/arm64_32/DependencyInjector.SwiftFileList (in target 'DependencyInjector' from project 'DependencyInjector')
cd /Users/admin/builder/spi-builder-workspace/.dependencies/checkouts/dependency-injector
write-file /Users/admin/builder/spi-builder-workspace/.derivedData/Build/Intermediates.noindex/DependencyInjector.build/Debug-watchos/DependencyInjector-t.build/Objects-normal/arm64_32/DependencyInjector.SwiftFileList
WriteAuxiliaryFile /Users/admin/builder/spi-builder-workspace/.derivedData/Build/Intermediates.noindex/DependencyInjector.build/Debug-watchos/DependencyInjector-t.build/Objects-normal/arm64_32/DependencyInjector.SwiftConstValuesFileList (in target 'DependencyInjector' from project 'DependencyInjector')
cd /Users/admin/builder/spi-builder-workspace/.dependencies/checkouts/dependency-injector
write-file /Users/admin/builder/spi-builder-workspace/.derivedData/Build/Intermediates.noindex/DependencyInjector.build/Debug-watchos/DependencyInjector-t.build/Objects-normal/arm64_32/DependencyInjector.SwiftConstValuesFileList
WriteAuxiliaryFile /Users/admin/builder/spi-builder-workspace/.derivedData/Build/Intermediates.noindex/DependencyInjector.build/Debug-watchos/DependencyInjector-t.build/Objects-normal/arm64_32/DependencyInjector.LinkFileList (in target 'DependencyInjector' from project 'DependencyInjector')
cd /Users/admin/builder/spi-builder-workspace/.dependencies/checkouts/dependency-injector
write-file /Users/admin/builder/spi-builder-workspace/.derivedData/Build/Intermediates.noindex/DependencyInjector.build/Debug-watchos/DependencyInjector-t.build/Objects-normal/arm64_32/DependencyInjector.LinkFileList
WriteAuxiliaryFile /Users/admin/builder/spi-builder-workspace/.derivedData/Build/Intermediates.noindex/DependencyInjector.build/Debug-watchos/DependencyInjector-t.build/Objects-normal/arm64_32/DependencyInjector-OutputFileMap.json (in target 'DependencyInjector' from project 'DependencyInjector')
cd /Users/admin/builder/spi-builder-workspace/.dependencies/checkouts/dependency-injector
write-file /Users/admin/builder/spi-builder-workspace/.derivedData/Build/Intermediates.noindex/DependencyInjector.build/Debug-watchos/DependencyInjector-t.build/Objects-normal/arm64_32/DependencyInjector-OutputFileMap.json
WriteAuxiliaryFile /Users/admin/builder/spi-builder-workspace/.derivedData/Build/Intermediates.noindex/DependencyInjector.build/Debug-watchos/DependencyInjector-t.build/Objects-normal/arm64/DependencyInjector_const_extract_protocols.json (in target 'DependencyInjector' from project 'DependencyInjector')
cd /Users/admin/builder/spi-builder-workspace/.dependencies/checkouts/dependency-injector
write-file /Users/admin/builder/spi-builder-workspace/.derivedData/Build/Intermediates.noindex/DependencyInjector.build/Debug-watchos/DependencyInjector-t.build/Objects-normal/arm64/DependencyInjector_const_extract_protocols.json
Copy /Users/admin/builder/spi-builder-workspace/.derivedData/Build/Intermediates.noindex/GeneratedModuleMaps-watchos/DependencyInjectorObjectMapper.modulemap /Users/admin/builder/spi-builder-workspace/.derivedData/Build/Intermediates.noindex/DependencyInjectorObjectMapper.build/Debug-watchos/DependencyInjectorObjectMapper-t.build/DependencyInjectorObjectMapper.modulemap (in target 'DependencyInjectorObjectMapper' from project 'DependencyInjectorObjectMapper')
cd /Users/admin/builder/spi-builder-workspace
builtin-copy -exclude .DS_Store -exclude CVS -exclude .svn -exclude .git -exclude .hg -resolve-src-symlinks /Users/admin/builder/spi-builder-workspace/.derivedData/Build/Intermediates.noindex/DependencyInjectorObjectMapper.build/Debug-watchos/DependencyInjectorObjectMapper-t.build/DependencyInjectorObjectMapper.modulemap /Users/admin/builder/spi-builder-workspace/.derivedData/Build/Intermediates.noindex/GeneratedModuleMaps-watchos
WriteAuxiliaryFile /Users/admin/builder/spi-builder-workspace/.derivedData/Build/Intermediates.noindex/DependencyInjector.build/Debug-watchos/DependencyInjector-t.build/Objects-normal/arm64/DependencyInjector.SwiftFileList (in target 'DependencyInjector' from project 'DependencyInjector')
cd /Users/admin/builder/spi-builder-workspace/.dependencies/checkouts/dependency-injector
write-file /Users/admin/builder/spi-builder-workspace/.derivedData/Build/Intermediates.noindex/DependencyInjector.build/Debug-watchos/DependencyInjector-t.build/Objects-normal/arm64/DependencyInjector.SwiftFileList
WriteAuxiliaryFile /Users/admin/builder/spi-builder-workspace/.derivedData/Build/Intermediates.noindex/DependencyInjector.build/Debug-watchos/DependencyInjector-t.build/Objects-normal/arm64/DependencyInjector.SwiftConstValuesFileList (in target 'DependencyInjector' from project 'DependencyInjector')
cd /Users/admin/builder/spi-builder-workspace/.dependencies/checkouts/dependency-injector
write-file /Users/admin/builder/spi-builder-workspace/.derivedData/Build/Intermediates.noindex/DependencyInjector.build/Debug-watchos/DependencyInjector-t.build/Objects-normal/arm64/DependencyInjector.SwiftConstValuesFileList
WriteAuxiliaryFile /Users/admin/builder/spi-builder-workspace/.derivedData/Build/Intermediates.noindex/DependencyInjector.build/Debug-watchos/DependencyInjector-t.build/Objects-normal/arm64/DependencyInjector.LinkFileList (in target 'DependencyInjector' from project 'DependencyInjector')
cd /Users/admin/builder/spi-builder-workspace/.dependencies/checkouts/dependency-injector
write-file /Users/admin/builder/spi-builder-workspace/.derivedData/Build/Intermediates.noindex/DependencyInjector.build/Debug-watchos/DependencyInjector-t.build/Objects-normal/arm64/DependencyInjector.LinkFileList
WriteAuxiliaryFile /Users/admin/builder/spi-builder-workspace/.derivedData/Build/Intermediates.noindex/DependencyInjector.build/Debug-watchos/DependencyInjector-t.build/Objects-normal/arm64/DependencyInjector-OutputFileMap.json (in target 'DependencyInjector' from project 'DependencyInjector')
cd /Users/admin/builder/spi-builder-workspace/.dependencies/checkouts/dependency-injector
write-file /Users/admin/builder/spi-builder-workspace/.derivedData/Build/Intermediates.noindex/DependencyInjector.build/Debug-watchos/DependencyInjector-t.build/Objects-normal/arm64/DependencyInjector-OutputFileMap.json
WriteAuxiliaryFile /Users/admin/builder/spi-builder-workspace/.derivedData/Build/Intermediates.noindex/DependencyInjector.build/Debug-watchos/DependencyInjector-t.build/DependencyInjector.modulemap (in target 'DependencyInjector' from project 'DependencyInjector')
cd /Users/admin/builder/spi-builder-workspace/.dependencies/checkouts/dependency-injector
write-file /Users/admin/builder/spi-builder-workspace/.derivedData/Build/Intermediates.noindex/DependencyInjector.build/Debug-watchos/DependencyInjector-t.build/DependencyInjector.modulemap
WriteAuxiliaryFile /Users/admin/builder/spi-builder-workspace/.derivedData/Build/Intermediates.noindex/DependencyInjector.build/Debug-watchos/DependencyInjector-t.build/DependencyInjector.DependencyStaticMetadataFileList (in target 'DependencyInjector' from project 'DependencyInjector')
cd /Users/admin/builder/spi-builder-workspace/.dependencies/checkouts/dependency-injector
write-file /Users/admin/builder/spi-builder-workspace/.derivedData/Build/Intermediates.noindex/DependencyInjector.build/Debug-watchos/DependencyInjector-t.build/DependencyInjector.DependencyStaticMetadataFileList
WriteAuxiliaryFile /Users/admin/builder/spi-builder-workspace/.derivedData/Build/Intermediates.noindex/DependencyInjector.build/Debug-watchos/DependencyInjector-t.build/DependencyInjector.DependencyMetadataFileList (in target 'DependencyInjector' from project 'DependencyInjector')
cd /Users/admin/builder/spi-builder-workspace/.dependencies/checkouts/dependency-injector
write-file /Users/admin/builder/spi-builder-workspace/.derivedData/Build/Intermediates.noindex/DependencyInjector.build/Debug-watchos/DependencyInjector-t.build/DependencyInjector.DependencyMetadataFileList
Copy /Users/admin/builder/spi-builder-workspace/.derivedData/Build/Intermediates.noindex/GeneratedModuleMaps-watchos/DependencyInjector.modulemap /Users/admin/builder/spi-builder-workspace/.derivedData/Build/Intermediates.noindex/DependencyInjector.build/Debug-watchos/DependencyInjector-t.build/DependencyInjector.modulemap (in target 'DependencyInjector' from project 'DependencyInjector')
cd /Users/admin/builder/spi-builder-workspace/.dependencies/checkouts/dependency-injector
builtin-copy -exclude .DS_Store -exclude CVS -exclude .svn -exclude .git -exclude .hg -resolve-src-symlinks /Users/admin/builder/spi-builder-workspace/.derivedData/Build/Intermediates.noindex/DependencyInjector.build/Debug-watchos/DependencyInjector-t.build/DependencyInjector.modulemap /Users/admin/builder/spi-builder-workspace/.derivedData/Build/Intermediates.noindex/GeneratedModuleMaps-watchos
SwiftDriver DependencyInjector normal arm64_32 com.apple.xcode.tools.swift.compiler (in target 'DependencyInjector' from project 'DependencyInjector')
cd /Users/admin/builder/spi-builder-workspace/.swiftpm/xcode
builtin-SwiftDriver -- /Applications/Xcode-27.0.0-Release.Candidate.app/Contents/Developer/Toolchains/XcodeDefault.xctoolchain/usr/bin/swiftc -parse-as-library -module-name DependencyInjector -Onone @/Users/admin/builder/spi-builder-workspace/.derivedData/Build/Intermediates.noindex/DependencyInjector.build/Debug-watchos/DependencyInjector-t.build/Objects-normal/arm64_32/DependencyInjector.SwiftFileList -DSWIFT_PACKAGE -DDEBUG -DSWIFT_MODULE_RESOURCE_BUNDLE_UNAVAILABLE -DXcode -plugin-path /Applications/Xcode-27.0.0-Release.Candidate.app/Contents/Developer/Toolchains/XcodeDefault.xctoolchain/usr/lib/swift/host/plugins/testing -enable-experimental-feature DebugDescriptionMacro -sdk /Applications/Xcode-27.0.0-Release.Candidate.app/Contents/Developer/Platforms/WatchOS.platform/Developer/SDKs/WatchOS27.0.sdk -target arm64_32-apple-watchos9.0 -g -module-cache-path /Users/admin/builder/spi-builder-workspace/.derivedData/ModuleCache.noindex -Xfrontend -serialize-debugging-options -profile-coverage-mapping -profile-generate -enable-testing -suppress-warnings -index-store-path /Users/admin/builder/spi-builder-workspace/.derivedData/Index.noindex/DataStore -Xcc -D_LIBCPP_HARDENING_MODE\=_LIBCPP_HARDENING_MODE_DEBUG -swift-version 5 -I /Users/admin/builder/spi-builder-workspace/.derivedData/Build/Products/Debug-watchos -Isystem /Applications/Xcode-27.0.0-Release.Candidate.app/Contents/Developer/Platforms/WatchOS.platform/Developer/usr/lib -F /Users/admin/builder/spi-builder-workspace/.derivedData/Build/Products/Debug-watchos -F /Applications/Xcode-27.0.0-Release.Candidate.app/Contents/Developer/Platforms/WatchOS.platform/Developer/Library/Frameworks -F /Applications/Xcode-27.0.0-Release.Candidate.app/Contents/Developer/Platforms/WatchOS.platform/Developer/SDKs/WatchOS27.0.sdk/Developer/Library/Frameworks -c -j10 -enable-batch-mode -incremental -Xcc -ivfsstatcache -Xcc /Users/admin/builder/spi-builder-workspace/.derivedData/SDKStatCaches.noindex/watchos27.0-24R360-e829b21a6f8c9b70876ba0858053c04477534ef55a1706bf4c1112bbb242f0a2.sdkstatcache -output-file-map /Users/admin/builder/spi-builder-workspace/.derivedData/Build/Intermediates.noindex/DependencyInjector.build/Debug-watchos/DependencyInjector-t.build/Objects-normal/arm64_32/DependencyInjector-OutputFileMap.json -save-temps -no-color-diagnostics -explicit-module-build -module-cache-path /Users/admin/builder/spi-builder-workspace/.derivedData/Build/Intermediates.noindex/SwiftExplicitPrecompiledModules -clang-scanner-module-cache-path /Users/admin/builder/spi-builder-workspace/.derivedData/ModuleCache.noindex -sdk-module-cache-path /Users/admin/builder/spi-builder-workspace/.derivedData/SDKExplicitPrecompiledModules -emit-dependencies -emit-module -emit-module-path /Users/admin/builder/spi-builder-workspace/.derivedData/Build/Intermediates.noindex/DependencyInjector.build/Debug-watchos/DependencyInjector-t.build/Objects-normal/arm64_32/DependencyInjector.swiftmodule -serialize-diagnostics -dependency-scan-serialize-diagnostics-path /Users/admin/builder/spi-builder-workspace/.derivedData/Build/Intermediates.noindex/DependencyInjector.build/Debug-watchos/DependencyInjector-t.build/Objects-normal/arm64_32/DependencyInjector-dependency-scan.dia -validate-clang-modules-once -clang-build-session-file /Users/admin/builder/spi-builder-workspace/.derivedData/ModuleCache.noindex/Session.modulevalidation -Xcc -fmodules-prune-interval\=86400 -Xcc -fmodules-prune-after\=345600 -emit-const-values -const-gather-protocols-list /Users/admin/builder/spi-builder-workspace/.derivedData/Build/Intermediates.noindex/DependencyInjector.build/Debug-watchos/DependencyInjector-t.build/Objects-normal/arm64_32/DependencyInjector_const_extract_protocols.json -Xcc -I/Users/admin/builder/spi-builder-workspace/.derivedData/Build/Products/Debug-watchos/include -Xcc -I/Users/admin/builder/spi-builder-workspace/.derivedData/Build/Intermediates.noindex/DependencyInjector.build/Debug-watchos/DependencyInjector-t.build/DerivedSources-normal/arm64_32 -Xcc -I/Users/admin/builder/spi-builder-workspace/.derivedData/Build/Intermediates.noindex/DependencyInjector.build/Debug-watchos/DependencyInjector-t.build/DerivedSources/arm64_32 -Xcc -I/Users/admin/builder/spi-builder-workspace/.derivedData/Build/Intermediates.noindex/DependencyInjector.build/Debug-watchos/DependencyInjector-t.build/DerivedSources -Xcc -DSWIFT_PACKAGE -Xcc -DDEBUG\=1 -emit-objc-header -emit-objc-header-path /Users/admin/builder/spi-builder-workspace/.derivedData/Build/Intermediates.noindex/DependencyInjector.build/Debug-watchos/DependencyInjector-t.build/Objects-normal/arm64_32/DependencyInjector-Swift.h -working-directory /Users/admin/builder/spi-builder-workspace/.swiftpm/xcode -experimental-emit-module-separately -disable-cmo
SwiftDriver ObjectMapper normal arm64 com.apple.xcode.tools.swift.compiler (in target 'ObjectMapper' from project 'ObjectMapper')
cd /Users/admin/builder/spi-builder-workspace/.swiftpm/xcode
builtin-SwiftDriver -- /Applications/Xcode-27.0.0-Release.Candidate.app/Contents/Developer/Toolchains/XcodeDefault.xctoolchain/usr/bin/swiftc -parse-as-library -module-name ObjectMapper -Onone @/Users/admin/builder/spi-builder-workspace/.derivedData/Build/Intermediates.noindex/ObjectMapper.build/Debug-watchos/ObjectMapper-t.build/Objects-normal/arm64/ObjectMapper.SwiftFileList -DSWIFT_PACKAGE -DDEBUG -DSWIFT_MODULE_RESOURCE_BUNDLE_UNAVAILABLE -DXcode -plugin-path /Applications/Xcode-27.0.0-Release.Candidate.app/Contents/Developer/Toolchains/XcodeDefault.xctoolchain/usr/lib/swift/host/plugins/testing -enable-experimental-feature DebugDescriptionMacro -sdk /Applications/Xcode-27.0.0-Release.Candidate.app/Contents/Developer/Platforms/WatchOS.platform/Developer/SDKs/WatchOS27.0.sdk -target arm64-apple-watchos9.0 -g -module-cache-path /Users/admin/builder/spi-builder-workspace/.derivedData/ModuleCache.noindex -Xfrontend -serialize-debugging-options -profile-coverage-mapping -profile-generate -enable-testing -suppress-warnings -index-store-path /Users/admin/builder/spi-builder-workspace/.derivedData/Index.noindex/DataStore -Xcc -D_LIBCPP_HARDENING_MODE\=_LIBCPP_HARDENING_MODE_DEBUG -swift-version 4.2 -I /Users/admin/builder/spi-builder-workspace/.derivedData/Build/Products/Debug-watchos -Isystem /Applications/Xcode-27.0.0-Release.Candidate.app/Contents/Developer/Platforms/WatchOS.platform/Developer/usr/lib -F /Users/admin/builder/spi-builder-workspace/.derivedData/Build/Products/Debug-watchos -F /Applications/Xcode-27.0.0-Release.Candidate.app/Contents/Developer/Platforms/WatchOS.platform/Developer/Library/Frameworks -F /Applications/Xcode-27.0.0-Release.Candidate.app/Contents/Developer/Platforms/WatchOS.platform/Developer/SDKs/WatchOS27.0.sdk/Developer/Library/Frameworks -c -j10 -enable-batch-mode -incremental -Xcc -ivfsstatcache -Xcc /Users/admin/builder/spi-builder-workspace/.derivedData/SDKStatCaches.noindex/watchos27.0-24R360-e829b21a6f8c9b70876ba0858053c04477534ef55a1706bf4c1112bbb242f0a2.sdkstatcache -output-file-map /Users/admin/builder/spi-builder-workspace/.derivedData/Build/Intermediates.noindex/ObjectMapper.build/Debug-watchos/ObjectMapper-t.build/Objects-normal/arm64/ObjectMapper-OutputFileMap.json -save-temps -no-color-diagnostics -emit-dependencies -emit-module -emit-module-path /Users/admin/builder/spi-builder-workspace/.derivedData/Build/Intermediates.noindex/ObjectMapper.build/Debug-watchos/ObjectMapper-t.build/Objects-normal/arm64/ObjectMapper.swiftmodule -serialize-diagnostics -validate-clang-modules-once -clang-build-session-file /Users/admin/builder/spi-builder-workspace/.derivedData/ModuleCache.noindex/Session.modulevalidation -Xcc -fmodules-prune-interval\=86400 -Xcc -fmodules-prune-after\=345600 -emit-const-values -const-gather-protocols-list /Users/admin/builder/spi-builder-workspace/.derivedData/Build/Intermediates.noindex/ObjectMapper.build/Debug-watchos/ObjectMapper-t.build/Objects-normal/arm64/ObjectMapper_const_extract_protocols.json -Xcc -I/Users/admin/builder/spi-builder-workspace/.derivedData/Build/Products/Debug-watchos/include -Xcc -I/Users/admin/builder/spi-builder-workspace/.derivedData/Build/Intermediates.noindex/ObjectMapper.build/Debug-watchos/ObjectMapper-t.build/DerivedSources-normal/arm64 -Xcc -I/Users/admin/builder/spi-builder-workspace/.derivedData/Build/Intermediates.noindex/ObjectMapper.build/Debug-watchos/ObjectMapper-t.build/DerivedSources/arm64 -Xcc -I/Users/admin/builder/spi-builder-workspace/.derivedData/Build/Intermediates.noindex/ObjectMapper.build/Debug-watchos/ObjectMapper-t.build/DerivedSources -Xcc -DSWIFT_PACKAGE -Xcc -DDEBUG\=1 -emit-objc-header -emit-objc-header-path /Users/admin/builder/spi-builder-workspace/.derivedData/Build/Intermediates.noindex/ObjectMapper.build/Debug-watchos/ObjectMapper-t.build/Objects-normal/arm64/ObjectMapper-Swift.h -working-directory /Users/admin/builder/spi-builder-workspace/.swiftpm/xcode -experimental-emit-module-separately -disable-cmo
SwiftDriver ObjectMapper normal arm64_32 com.apple.xcode.tools.swift.compiler (in target 'ObjectMapper' from project 'ObjectMapper')
cd /Users/admin/builder/spi-builder-workspace/.swiftpm/xcode
builtin-SwiftDriver -- /Applications/Xcode-27.0.0-Release.Candidate.app/Contents/Developer/Toolchains/XcodeDefault.xctoolchain/usr/bin/swiftc -parse-as-library -module-name ObjectMapper -Onone @/Users/admin/builder/spi-builder-workspace/.derivedData/Build/Intermediates.noindex/ObjectMapper.build/Debug-watchos/ObjectMapper-t.build/Objects-normal/arm64_32/ObjectMapper.SwiftFileList -DSWIFT_PACKAGE -DDEBUG -DSWIFT_MODULE_RESOURCE_BUNDLE_UNAVAILABLE -DXcode -plugin-path /Applications/Xcode-27.0.0-Release.Candidate.app/Contents/Developer/Toolchains/XcodeDefault.xctoolchain/usr/lib/swift/host/plugins/testing -enable-experimental-feature DebugDescriptionMacro -sdk /Applications/Xcode-27.0.0-Release.Candidate.app/Contents/Developer/Platforms/WatchOS.platform/Developer/SDKs/WatchOS27.0.sdk -target arm64_32-apple-watchos9.0 -g -module-cache-path /Users/admin/builder/spi-builder-workspace/.derivedData/ModuleCache.noindex -Xfrontend -serialize-debugging-options -profile-coverage-mapping -profile-generate -enable-testing -suppress-warnings -index-store-path /Users/admin/builder/spi-builder-workspace/.derivedData/Index.noindex/DataStore -Xcc -D_LIBCPP_HARDENING_MODE\=_LIBCPP_HARDENING_MODE_DEBUG -swift-version 4.2 -I /Users/admin/builder/spi-builder-workspace/.derivedData/Build/Products/Debug-watchos -Isystem /Applications/Xcode-27.0.0-Release.Candidate.app/Contents/Developer/Platforms/WatchOS.platform/Developer/usr/lib -F /Users/admin/builder/spi-builder-workspace/.derivedData/Build/Products/Debug-watchos -F /Applications/Xcode-27.0.0-Release.Candidate.app/Contents/Developer/Platforms/WatchOS.platform/Developer/Library/Frameworks -F /Applications/Xcode-27.0.0-Release.Candidate.app/Contents/Developer/Platforms/WatchOS.platform/Developer/SDKs/WatchOS27.0.sdk/Developer/Library/Frameworks -c -j10 -enable-batch-mode -incremental -Xcc -ivfsstatcache -Xcc /Users/admin/builder/spi-builder-workspace/.derivedData/SDKStatCaches.noindex/watchos27.0-24R360-e829b21a6f8c9b70876ba0858053c04477534ef55a1706bf4c1112bbb242f0a2.sdkstatcache -output-file-map /Users/admin/builder/spi-builder-workspace/.derivedData/Build/Intermediates.noindex/ObjectMapper.build/Debug-watchos/ObjectMapper-t.build/Objects-normal/arm64_32/ObjectMapper-OutputFileMap.json -save-temps -no-color-diagnostics -emit-dependencies -emit-module -emit-module-path /Users/admin/builder/spi-builder-workspace/.derivedData/Build/Intermediates.noindex/ObjectMapper.build/Debug-watchos/ObjectMapper-t.build/Objects-normal/arm64_32/ObjectMapper.swiftmodule -serialize-diagnostics -validate-clang-modules-once -clang-build-session-file /Users/admin/builder/spi-builder-workspace/.derivedData/ModuleCache.noindex/Session.modulevalidation -Xcc -fmodules-prune-interval\=86400 -Xcc -fmodules-prune-after\=345600 -emit-const-values -const-gather-protocols-list /Users/admin/builder/spi-builder-workspace/.derivedData/Build/Intermediates.noindex/ObjectMapper.build/Debug-watchos/ObjectMapper-t.build/Objects-normal/arm64_32/ObjectMapper_const_extract_protocols.json -Xcc -I/Users/admin/builder/spi-builder-workspace/.derivedData/Build/Products/Debug-watchos/include -Xcc -I/Users/admin/builder/spi-builder-workspace/.derivedData/Build/Intermediates.noindex/ObjectMapper.build/Debug-watchos/ObjectMapper-t.build/DerivedSources-normal/arm64_32 -Xcc -I/Users/admin/builder/spi-builder-workspace/.derivedData/Build/Intermediates.noindex/ObjectMapper.build/Debug-watchos/ObjectMapper-t.build/DerivedSources/arm64_32 -Xcc -I/Users/admin/builder/spi-builder-workspace/.derivedData/Build/Intermediates.noindex/ObjectMapper.build/Debug-watchos/ObjectMapper-t.build/DerivedSources -Xcc -DSWIFT_PACKAGE -Xcc -DDEBUG\=1 -emit-objc-header -emit-objc-header-path /Users/admin/builder/spi-builder-workspace/.derivedData/Build/Intermediates.noindex/ObjectMapper.build/Debug-watchos/ObjectMapper-t.build/Objects-normal/arm64_32/ObjectMapper-Swift.h -working-directory /Users/admin/builder/spi-builder-workspace/.swiftpm/xcode -experimental-emit-module-separately -disable-cmo
SwiftDriver DependencyInjector normal arm64 com.apple.xcode.tools.swift.compiler (in target 'DependencyInjector' from project 'DependencyInjector')
cd /Users/admin/builder/spi-builder-workspace/.swiftpm/xcode
builtin-SwiftDriver -- /Applications/Xcode-27.0.0-Release.Candidate.app/Contents/Developer/Toolchains/XcodeDefault.xctoolchain/usr/bin/swiftc -parse-as-library -module-name DependencyInjector -Onone @/Users/admin/builder/spi-builder-workspace/.derivedData/Build/Intermediates.noindex/DependencyInjector.build/Debug-watchos/DependencyInjector-t.build/Objects-normal/arm64/DependencyInjector.SwiftFileList -DSWIFT_PACKAGE -DDEBUG -DSWIFT_MODULE_RESOURCE_BUNDLE_UNAVAILABLE -DXcode -plugin-path /Applications/Xcode-27.0.0-Release.Candidate.app/Contents/Developer/Toolchains/XcodeDefault.xctoolchain/usr/lib/swift/host/plugins/testing -enable-experimental-feature DebugDescriptionMacro -sdk /Applications/Xcode-27.0.0-Release.Candidate.app/Contents/Developer/Platforms/WatchOS.platform/Developer/SDKs/WatchOS27.0.sdk -target arm64-apple-watchos9.0 -g -module-cache-path /Users/admin/builder/spi-builder-workspace/.derivedData/ModuleCache.noindex -Xfrontend -serialize-debugging-options -profile-coverage-mapping -profile-generate -enable-testing -suppress-warnings -index-store-path /Users/admin/builder/spi-builder-workspace/.derivedData/Index.noindex/DataStore -Xcc -D_LIBCPP_HARDENING_MODE\=_LIBCPP_HARDENING_MODE_DEBUG -swift-version 5 -I /Users/admin/builder/spi-builder-workspace/.derivedData/Build/Products/Debug-watchos -Isystem /Applications/Xcode-27.0.0-Release.Candidate.app/Contents/Developer/Platforms/WatchOS.platform/Developer/usr/lib -F /Users/admin/builder/spi-builder-workspace/.derivedData/Build/Products/Debug-watchos -F /Applications/Xcode-27.0.0-Release.Candidate.app/Contents/Developer/Platforms/WatchOS.platform/Developer/Library/Frameworks -F /Applications/Xcode-27.0.0-Release.Candidate.app/Contents/Developer/Platforms/WatchOS.platform/Developer/SDKs/WatchOS27.0.sdk/Developer/Library/Frameworks -c -j10 -enable-batch-mode -incremental -Xcc -ivfsstatcache -Xcc /Users/admin/builder/spi-builder-workspace/.derivedData/SDKStatCaches.noindex/watchos27.0-24R360-e829b21a6f8c9b70876ba0858053c04477534ef55a1706bf4c1112bbb242f0a2.sdkstatcache -output-file-map /Users/admin/builder/spi-builder-workspace/.derivedData/Build/Intermediates.noindex/DependencyInjector.build/Debug-watchos/DependencyInjector-t.build/Objects-normal/arm64/DependencyInjector-OutputFileMap.json -save-temps -no-color-diagnostics -explicit-module-build -module-cache-path /Users/admin/builder/spi-builder-workspace/.derivedData/Build/Intermediates.noindex/SwiftExplicitPrecompiledModules -clang-scanner-module-cache-path /Users/admin/builder/spi-builder-workspace/.derivedData/ModuleCache.noindex -sdk-module-cache-path /Users/admin/builder/spi-builder-workspace/.derivedData/SDKExplicitPrecompiledModules -emit-dependencies -emit-module -emit-module-path /Users/admin/builder/spi-builder-workspace/.derivedData/Build/Intermediates.noindex/DependencyInjector.build/Debug-watchos/DependencyInjector-t.build/Objects-normal/arm64/DependencyInjector.swiftmodule -serialize-diagnostics -dependency-scan-serialize-diagnostics-path /Users/admin/builder/spi-builder-workspace/.derivedData/Build/Intermediates.noindex/DependencyInjector.build/Debug-watchos/DependencyInjector-t.build/Objects-normal/arm64/DependencyInjector-dependency-scan.dia -validate-clang-modules-once -clang-build-session-file /Users/admin/builder/spi-builder-workspace/.derivedData/ModuleCache.noindex/Session.modulevalidation -Xcc -fmodules-prune-interval\=86400 -Xcc -fmodules-prune-after\=345600 -emit-const-values -const-gather-protocols-list /Users/admin/builder/spi-builder-workspace/.derivedData/Build/Intermediates.noindex/DependencyInjector.build/Debug-watchos/DependencyInjector-t.build/Objects-normal/arm64/DependencyInjector_const_extract_protocols.json -Xcc -I/Users/admin/builder/spi-builder-workspace/.derivedData/Build/Products/Debug-watchos/include -Xcc -I/Users/admin/builder/spi-builder-workspace/.derivedData/Build/Intermediates.noindex/DependencyInjector.build/Debug-watchos/DependencyInjector-t.build/DerivedSources-normal/arm64 -Xcc -I/Users/admin/builder/spi-builder-workspace/.derivedData/Build/Intermediates.noindex/DependencyInjector.build/Debug-watchos/DependencyInjector-t.build/DerivedSources/arm64 -Xcc -I/Users/admin/builder/spi-builder-workspace/.derivedData/Build/Intermediates.noindex/DependencyInjector.build/Debug-watchos/DependencyInjector-t.build/DerivedSources -Xcc -DSWIFT_PACKAGE -Xcc -DDEBUG\=1 -emit-objc-header -emit-objc-header-path /Users/admin/builder/spi-builder-workspace/.derivedData/Build/Intermediates.noindex/DependencyInjector.build/Debug-watchos/DependencyInjector-t.build/Objects-normal/arm64/DependencyInjector-Swift.h -working-directory /Users/admin/builder/spi-builder-workspace/.swiftpm/xcode -experimental-emit-module-separately -disable-cmo
SwiftEmitModule normal arm64 Emitting\ module\ for\ ObjectMapper (in target 'ObjectMapper' from project 'ObjectMapper')
SwiftCompile normal arm64 (in target 'ObjectMapper' from project 'ObjectMapper')
cd /Users/admin/builder/spi-builder-workspace/.swiftpm/xcode
SwiftCompile normal arm64 Compiling\ CodableTransform.swift,\ CustomDateFormatTransform.swift,\ DataTransform.swift /Users/admin/builder/spi-builder-workspace/.dependencies/checkouts/ObjectMapper/Sources/CodableTransform.swift /Users/admin/builder/spi-builder-workspace/.dependencies/checkouts/ObjectMapper/Sources/CustomDateFormatTransform.swift /Users/admin/builder/spi-builder-workspace/.dependencies/checkouts/ObjectMapper/Sources/DataTransform.swift (in target 'ObjectMapper' from project 'ObjectMapper')
SwiftCompile normal arm64 /Users/admin/builder/spi-builder-workspace/.dependencies/checkouts/ObjectMapper/Sources/CodableTransform.swift (in target 'ObjectMapper' from project 'ObjectMapper')
cd /Users/admin/builder/spi-builder-workspace/.swiftpm/xcode
builtin-SwiftPerFileCompile CodableTransform.swift
SwiftCompile normal arm64 /Users/admin/builder/spi-builder-workspace/.dependencies/checkouts/ObjectMapper/Sources/CustomDateFormatTransform.swift (in target 'ObjectMapper' from project 'ObjectMapper')
cd /Users/admin/builder/spi-builder-workspace/.swiftpm/xcode
builtin-SwiftPerFileCompile CustomDateFormatTransform.swift
SwiftCompile normal arm64 /Users/admin/builder/spi-builder-workspace/.dependencies/checkouts/ObjectMapper/Sources/DataTransform.swift (in target 'ObjectMapper' from project 'ObjectMapper')
cd /Users/admin/builder/spi-builder-workspace/.swiftpm/xcode
builtin-SwiftPerFileCompile DataTransform.swift
SwiftCompile normal arm64 Compiling\ IntegerOperators.swift,\ Map.swift /Users/admin/builder/spi-builder-workspace/.dependencies/checkouts/ObjectMapper/Sources/IntegerOperators.swift /Users/admin/builder/spi-builder-workspace/.dependencies/checkouts/ObjectMapper/Sources/Map.swift (in target 'ObjectMapper' from project 'ObjectMapper')
SwiftCompile normal arm64 /Users/admin/builder/spi-builder-workspace/.dependencies/checkouts/ObjectMapper/Sources/IntegerOperators.swift (in target 'ObjectMapper' from project 'ObjectMapper')
cd /Users/admin/builder/spi-builder-workspace/.swiftpm/xcode
builtin-SwiftPerFileCompile IntegerOperators.swift
SwiftCompile normal arm64 /Users/admin/builder/spi-builder-workspace/.dependencies/checkouts/ObjectMapper/Sources/Map.swift (in target 'ObjectMapper' from project 'ObjectMapper')
cd /Users/admin/builder/spi-builder-workspace/.swiftpm/xcode
builtin-SwiftPerFileCompile Map.swift
SwiftCompile normal arm64 Compiling\ DateFormatterTransform.swift,\ DateTransform.swift,\ DictionaryTransform.swift /Users/admin/builder/spi-builder-workspace/.dependencies/checkouts/ObjectMapper/Sources/DateFormatterTransform.swift /Users/admin/builder/spi-builder-workspace/.dependencies/checkouts/ObjectMapper/Sources/DateTransform.swift /Users/admin/builder/spi-builder-workspace/.dependencies/checkouts/ObjectMapper/Sources/DictionaryTransform.swift (in target 'ObjectMapper' from project 'ObjectMapper')
SwiftCompile normal arm64 /Users/admin/builder/spi-builder-workspace/.dependencies/checkouts/ObjectMapper/Sources/DateFormatterTransform.swift (in target 'ObjectMapper' from project 'ObjectMapper')
cd /Users/admin/builder/spi-builder-workspace/.swiftpm/xcode
builtin-SwiftPerFileCompile DateFormatterTransform.swift
SwiftCompile normal arm64 /Users/admin/builder/spi-builder-workspace/.dependencies/checkouts/ObjectMapper/Sources/DateTransform.swift (in target 'ObjectMapper' from project 'ObjectMapper')
cd /Users/admin/builder/spi-builder-workspace/.swiftpm/xcode
builtin-SwiftPerFileCompile DateTransform.swift
SwiftCompile normal arm64 /Users/admin/builder/spi-builder-workspace/.dependencies/checkouts/ObjectMapper/Sources/DictionaryTransform.swift (in target 'ObjectMapper' from project 'ObjectMapper')
cd /Users/admin/builder/spi-builder-workspace/.swiftpm/xcode
builtin-SwiftPerFileCompile DictionaryTransform.swift
SwiftCompile normal arm64 Compiling\ MapError.swift,\ Mappable.swift /Users/admin/builder/spi-builder-workspace/.dependencies/checkouts/ObjectMapper/Sources/MapError.swift /Users/admin/builder/spi-builder-workspace/.dependencies/checkouts/ObjectMapper/Sources/Mappable.swift (in target 'ObjectMapper' from project 'ObjectMapper')
SwiftCompile normal arm64 /Users/admin/builder/spi-builder-workspace/.dependencies/checkouts/ObjectMapper/Sources/MapError.swift (in target 'ObjectMapper' from project 'ObjectMapper')
cd /Users/admin/builder/spi-builder-workspace/.swiftpm/xcode
builtin-SwiftPerFileCompile MapError.swift
SwiftCompile normal arm64 /Users/admin/builder/spi-builder-workspace/.dependencies/checkouts/ObjectMapper/Sources/Mappable.swift (in target 'ObjectMapper' from project 'ObjectMapper')
cd /Users/admin/builder/spi-builder-workspace/.swiftpm/xcode
builtin-SwiftPerFileCompile Mappable.swift
SwiftCompile normal arm64 Compiling\ EnumOperators.swift,\ EnumTransform.swift,\ FromJSON.swift /Users/admin/builder/spi-builder-workspace/.dependencies/checkouts/ObjectMapper/Sources/EnumOperators.swift /Users/admin/builder/spi-builder-workspace/.dependencies/checkouts/ObjectMapper/Sources/EnumTransform.swift /Users/admin/builder/spi-builder-workspace/.dependencies/checkouts/ObjectMapper/Sources/FromJSON.swift (in target 'ObjectMapper' from project 'ObjectMapper')
SwiftCompile normal arm64 /Users/admin/builder/spi-builder-workspace/.dependencies/checkouts/ObjectMapper/Sources/EnumOperators.swift (in target 'ObjectMapper' from project 'ObjectMapper')
cd /Users/admin/builder/spi-builder-workspace/.swiftpm/xcode
builtin-SwiftPerFileCompile EnumOperators.swift
SwiftCompile normal arm64 /Users/admin/builder/spi-builder-workspace/.dependencies/checkouts/ObjectMapper/Sources/EnumTransform.swift (in target 'ObjectMapper' from project 'ObjectMapper')
cd /Users/admin/builder/spi-builder-workspace/.swiftpm/xcode
builtin-SwiftPerFileCompile EnumTransform.swift
SwiftCompile normal arm64 /Users/admin/builder/spi-builder-workspace/.dependencies/checkouts/ObjectMapper/Sources/FromJSON.swift (in target 'ObjectMapper' from project 'ObjectMapper')
cd /Users/admin/builder/spi-builder-workspace/.swiftpm/xcode
builtin-SwiftPerFileCompile FromJSON.swift
SwiftCompile normal arm64 Compiling\ TransformOf.swift,\ TransformOperators.swift /Users/admin/builder/spi-builder-workspace/.dependencies/checkouts/ObjectMapper/Sources/TransformOf.swift /Users/admin/builder/spi-builder-workspace/.dependencies/checkouts/ObjectMapper/Sources/TransformOperators.swift (in target 'ObjectMapper' from project 'ObjectMapper')
SwiftCompile normal arm64 /Users/admin/builder/spi-builder-workspace/.dependencies/checkouts/ObjectMapper/Sources/TransformOf.swift (in target 'ObjectMapper' from project 'ObjectMapper')
cd /Users/admin/builder/spi-builder-workspace/.swiftpm/xcode
builtin-SwiftPerFileCompile TransformOf.swift
SwiftCompile normal arm64 /Users/admin/builder/spi-builder-workspace/.dependencies/checkouts/ObjectMapper/Sources/TransformOperators.swift (in target 'ObjectMapper' from project 'ObjectMapper')
cd /Users/admin/builder/spi-builder-workspace/.swiftpm/xcode
builtin-SwiftPerFileCompile TransformOperators.swift
SwiftCompile normal arm64 Compiling\ Operators.swift,\ ToJSON.swift /Users/admin/builder/spi-builder-workspace/.dependencies/checkouts/ObjectMapper/Sources/Operators.swift /Users/admin/builder/spi-builder-workspace/.dependencies/checkouts/ObjectMapper/Sources/ToJSON.swift (in target 'ObjectMapper' from project 'ObjectMapper')
SwiftCompile normal arm64 /Users/admin/builder/spi-builder-workspace/.dependencies/checkouts/ObjectMapper/Sources/Operators.swift (in target 'ObjectMapper' from project 'ObjectMapper')
cd /Users/admin/builder/spi-builder-workspace/.swiftpm/xcode
builtin-SwiftPerFileCompile Operators.swift
SwiftCompile normal arm64 /Users/admin/builder/spi-builder-workspace/.dependencies/checkouts/ObjectMapper/Sources/ToJSON.swift (in target 'ObjectMapper' from project 'ObjectMapper')
cd /Users/admin/builder/spi-builder-workspace/.swiftpm/xcode
builtin-SwiftPerFileCompile ToJSON.swift
SwiftEmitModule normal arm64_32 Emitting\ module\ for\ ObjectMapper (in target 'ObjectMapper' from project 'ObjectMapper')
SwiftCompile normal arm64_32 (in target 'ObjectMapper' from project 'ObjectMapper')
cd /Users/admin/builder/spi-builder-workspace/.swiftpm/xcode
SwiftCompile normal arm64_32 Compiling\ CodableTransform.swift,\ CustomDateFormatTransform.swift,\ DataTransform.swift /Users/admin/builder/spi-builder-workspace/.dependencies/checkouts/ObjectMapper/Sources/CodableTransform.swift /Users/admin/builder/spi-builder-workspace/.dependencies/checkouts/ObjectMapper/Sources/CustomDateFormatTransform.swift /Users/admin/builder/spi-builder-workspace/.dependencies/checkouts/ObjectMapper/Sources/DataTransform.swift (in target 'ObjectMapper' from project 'ObjectMapper')
SwiftCompile normal arm64_32 /Users/admin/builder/spi-builder-workspace/.dependencies/checkouts/ObjectMapper/Sources/CodableTransform.swift (in target 'ObjectMapper' from project 'ObjectMapper')
cd /Users/admin/builder/spi-builder-workspace/.swiftpm/xcode
builtin-SwiftPerFileCompile CodableTransform.swift
SwiftCompile normal arm64_32 /Users/admin/builder/spi-builder-workspace/.dependencies/checkouts/ObjectMapper/Sources/CustomDateFormatTransform.swift (in target 'ObjectMapper' from project 'ObjectMapper')
cd /Users/admin/builder/spi-builder-workspace/.swiftpm/xcode
builtin-SwiftPerFileCompile CustomDateFormatTransform.swift
SwiftCompile normal arm64_32 /Users/admin/builder/spi-builder-workspace/.dependencies/checkouts/ObjectMapper/Sources/DataTransform.swift (in target 'ObjectMapper' from project 'ObjectMapper')
cd /Users/admin/builder/spi-builder-workspace/.swiftpm/xcode
builtin-SwiftPerFileCompile DataTransform.swift
SwiftExplicitDependencyGeneratePcm arm64 /Users/admin/builder/spi-builder-workspace/.derivedData/SDKExplicitPrecompiledModules/SwiftShims-4MXFZPV6FEB0XBYXCGPWAMQGL.pcm
SwiftDriverJobDiscovery normal arm64_32 Emitting module for ObjectMapper (in target 'ObjectMapper' from project 'ObjectMapper')
SwiftDriver\ Compilation\ Requirements ObjectMapper normal arm64_32 com.apple.xcode.tools.swift.compiler (in target 'ObjectMapper' from project 'ObjectMapper')
cd /Users/admin/builder/spi-builder-workspace/.swiftpm/xcode
builtin-Swift-Compilation-Requirements -- /Applications/Xcode-27.0.0-Release.Candidate.app/Contents/Developer/Toolchains/XcodeDefault.xctoolchain/usr/bin/swiftc -parse-as-library -module-name ObjectMapper -Onone @/Users/admin/builder/spi-builder-workspace/.derivedData/Build/Intermediates.noindex/ObjectMapper.build/Debug-watchos/ObjectMapper-t.build/Objects-normal/arm64_32/ObjectMapper.SwiftFileList -DSWIFT_PACKAGE -DDEBUG -DSWIFT_MODULE_RESOURCE_BUNDLE_UNAVAILABLE -DXcode -plugin-path /Applications/Xcode-27.0.0-Release.Candidate.app/Contents/Developer/Toolchains/XcodeDefault.xctoolchain/usr/lib/swift/host/plugins/testing -enable-experimental-feature DebugDescriptionMacro -sdk /Applications/Xcode-27.0.0-Release.Candidate.app/Contents/Developer/Platforms/WatchOS.platform/Developer/SDKs/WatchOS27.0.sdk -target arm64_32-apple-watchos9.0 -g -module-cache-path /Users/admin/builder/spi-builder-workspace/.derivedData/ModuleCache.noindex -Xfrontend -serialize-debugging-options -profile-coverage-mapping -profile-generate -enable-testing -suppress-warnings -index-store-path /Users/admin/builder/spi-builder-workspace/.derivedData/Index.noindex/DataStore -Xcc -D_LIBCPP_HARDENING_MODE\=_LIBCPP_HARDENING_MODE_DEBUG -swift-version 4.2 -I /Users/admin/builder/spi-builder-workspace/.derivedData/Build/Products/Debug-watchos -Isystem /Applications/Xcode-27.0.0-Release.Candidate.app/Contents/Developer/Platforms/WatchOS.platform/Developer/usr/lib -F /Users/admin/builder/spi-builder-workspace/.derivedData/Build/Products/Debug-watchos -F /Applications/Xcode-27.0.0-Release.Candidate.app/Contents/Developer/Platforms/WatchOS.platform/Developer/Library/Frameworks -F /Applications/Xcode-27.0.0-Release.Candidate.app/Contents/Developer/Platforms/WatchOS.platform/Developer/SDKs/WatchOS27.0.sdk/Developer/Library/Frameworks -c -j10 -enable-batch-mode -incremental -Xcc -ivfsstatcache -Xcc /Users/admin/builder/spi-builder-workspace/.derivedData/SDKStatCaches.noindex/watchos27.0-24R360-e829b21a6f8c9b70876ba0858053c04477534ef55a1706bf4c1112bbb242f0a2.sdkstatcache -output-file-map /Users/admin/builder/spi-builder-workspace/.derivedData/Build/Intermediates.noindex/ObjectMapper.build/Debug-watchos/ObjectMapper-t.build/Objects-normal/arm64_32/ObjectMapper-OutputFileMap.json -save-temps -no-color-diagnostics -emit-dependencies -emit-module -emit-module-path /Users/admin/builder/spi-builder-workspace/.derivedData/Build/Intermediates.noindex/ObjectMapper.build/Debug-watchos/ObjectMapper-t.build/Objects-normal/arm64_32/ObjectMapper.swiftmodule -serialize-diagnostics -validate-clang-modules-once -clang-build-session-file /Users/admin/builder/spi-builder-workspace/.derivedData/ModuleCache.noindex/Session.modulevalidation -Xcc -fmodules-prune-interval\=86400 -Xcc -fmodules-prune-after\=345600 -emit-const-values -const-gather-protocols-list /Users/admin/builder/spi-builder-workspace/.derivedData/Build/Intermediates.noindex/ObjectMapper.build/Debug-watchos/ObjectMapper-t.build/Objects-normal/arm64_32/ObjectMapper_const_extract_protocols.json -Xcc -I/Users/admin/builder/spi-builder-workspace/.derivedData/Build/Products/Debug-watchos/include -Xcc -I/Users/admin/builder/spi-builder-workspace/.derivedData/Build/Intermediates.noindex/ObjectMapper.build/Debug-watchos/ObjectMapper-t.build/DerivedSources-normal/arm64_32 -Xcc -I/Users/admin/builder/spi-builder-workspace/.derivedData/Build/Intermediates.noindex/ObjectMapper.build/Debug-watchos/ObjectMapper-t.build/DerivedSources/arm64_32 -Xcc -I/Users/admin/builder/spi-builder-workspace/.derivedData/Build/Intermediates.noindex/ObjectMapper.build/Debug-watchos/ObjectMapper-t.build/DerivedSources -Xcc -DSWIFT_PACKAGE -Xcc -DDEBUG\=1 -emit-objc-header -emit-objc-header-path /Users/admin/builder/spi-builder-workspace/.derivedData/Build/Intermediates.noindex/ObjectMapper.build/Debug-watchos/ObjectMapper-t.build/Objects-normal/arm64_32/ObjectMapper-Swift.h -working-directory /Users/admin/builder/spi-builder-workspace/.swiftpm/xcode -experimental-emit-module-separately -disable-cmo
SwiftExplicitDependencyGeneratePcm arm64_32 /Users/admin/builder/spi-builder-workspace/.derivedData/SDKExplicitPrecompiledModules/_SwiftConcurrencyShims-6RTBPQ03V7BM9SPRK8SUE055H.pcm
SwiftDriverJobDiscovery normal arm64 Emitting module for ObjectMapper (in target 'ObjectMapper' from project 'ObjectMapper')
Copy /Users/admin/builder/spi-builder-workspace/.derivedData/Build/Products/Debug-watchos/ObjectMapper.swiftmodule/arm64_32-apple-watchos.swiftmodule /Users/admin/builder/spi-builder-workspace/.derivedData/Build/Intermediates.noindex/ObjectMapper.build/Debug-watchos/ObjectMapper-t.build/Objects-normal/arm64_32/ObjectMapper.swiftmodule (in target 'ObjectMapper' from project 'ObjectMapper')
cd /Users/admin/builder/spi-builder-workspace/.dependencies/checkouts/ObjectMapper
builtin-copy -exclude .DS_Store -exclude CVS -exclude .svn -exclude .git -exclude .hg -resolve-src-symlinks -rename /Users/admin/builder/spi-builder-workspace/.derivedData/Build/Intermediates.noindex/ObjectMapper.build/Debug-watchos/ObjectMapper-t.build/Objects-normal/arm64_32/ObjectMapper.swiftmodule /Users/admin/builder/spi-builder-workspace/.derivedData/Build/Products/Debug-watchos/ObjectMapper.swiftmodule/arm64_32-apple-watchos.swiftmodule
SwiftDriver\ Compilation\ Requirements ObjectMapper normal arm64 com.apple.xcode.tools.swift.compiler (in target 'ObjectMapper' from project 'ObjectMapper')
cd /Users/admin/builder/spi-builder-workspace/.swiftpm/xcode
builtin-Swift-Compilation-Requirements -- /Applications/Xcode-27.0.0-Release.Candidate.app/Contents/Developer/Toolchains/XcodeDefault.xctoolchain/usr/bin/swiftc -parse-as-library -module-name ObjectMapper -Onone @/Users/admin/builder/spi-builder-workspace/.derivedData/Build/Intermediates.noindex/ObjectMapper.build/Debug-watchos/ObjectMapper-t.build/Objects-normal/arm64/ObjectMapper.SwiftFileList -DSWIFT_PACKAGE -DDEBUG -DSWIFT_MODULE_RESOURCE_BUNDLE_UNAVAILABLE -DXcode -plugin-path /Applications/Xcode-27.0.0-Release.Candidate.app/Contents/Developer/Toolchains/XcodeDefault.xctoolchain/usr/lib/swift/host/plugins/testing -enable-experimental-feature DebugDescriptionMacro -sdk /Applications/Xcode-27.0.0-Release.Candidate.app/Contents/Developer/Platforms/WatchOS.platform/Developer/SDKs/WatchOS27.0.sdk -target arm64-apple-watchos9.0 -g -module-cache-path /Users/admin/builder/spi-builder-workspace/.derivedData/ModuleCache.noindex -Xfrontend -serialize-debugging-options -profile-coverage-mapping -profile-generate -enable-testing -suppress-warnings -index-store-path /Users/admin/builder/spi-builder-workspace/.derivedData/Index.noindex/DataStore -Xcc -D_LIBCPP_HARDENING_MODE\=_LIBCPP_HARDENING_MODE_DEBUG -swift-version 4.2 -I /Users/admin/builder/spi-builder-workspace/.derivedData/Build/Products/Debug-watchos -Isystem /Applications/Xcode-27.0.0-Release.Candidate.app/Contents/Developer/Platforms/WatchOS.platform/Developer/usr/lib -F /Users/admin/builder/spi-builder-workspace/.derivedData/Build/Products/Debug-watchos -F /Applications/Xcode-27.0.0-Release.Candidate.app/Contents/Developer/Platforms/WatchOS.platform/Developer/Library/Frameworks -F /Applications/Xcode-27.0.0-Release.Candidate.app/Contents/Developer/Platforms/WatchOS.platform/Developer/SDKs/WatchOS27.0.sdk/Developer/Library/Frameworks -c -j10 -enable-batch-mode -incremental -Xcc -ivfsstatcache -Xcc /Users/admin/builder/spi-builder-workspace/.derivedData/SDKStatCaches.noindex/watchos27.0-24R360-e829b21a6f8c9b70876ba0858053c04477534ef55a1706bf4c1112bbb242f0a2.sdkstatcache -output-file-map /Users/admin/builder/spi-builder-workspace/.derivedData/Build/Intermediates.noindex/ObjectMapper.build/Debug-watchos/ObjectMapper-t.build/Objects-normal/arm64/ObjectMapper-OutputFileMap.json -save-temps -no-color-diagnostics -emit-dependencies -emit-module -emit-module-path /Users/admin/builder/spi-builder-workspace/.derivedData/Build/Intermediates.noindex/ObjectMapper.build/Debug-watchos/ObjectMapper-t.build/Objects-normal/arm64/ObjectMapper.swiftmodule -serialize-diagnostics -validate-clang-modules-once -clang-build-session-file /Users/admin/builder/spi-builder-workspace/.derivedData/ModuleCache.noindex/Session.modulevalidation -Xcc -fmodules-prune-interval\=86400 -Xcc -fmodules-prune-after\=345600 -emit-const-values -const-gather-protocols-list /Users/admin/builder/spi-builder-workspace/.derivedData/Build/Intermediates.noindex/ObjectMapper.build/Debug-watchos/ObjectMapper-t.build/Objects-normal/arm64/ObjectMapper_const_extract_protocols.json -Xcc -I/Users/admin/builder/spi-builder-workspace/.derivedData/Build/Products/Debug-watchos/include -Xcc -I/Users/admin/builder/spi-builder-workspace/.derivedData/Build/Intermediates.noindex/ObjectMapper.build/Debug-watchos/ObjectMapper-t.build/DerivedSources-normal/arm64 -Xcc -I/Users/admin/builder/spi-builder-workspace/.derivedData/Build/Intermediates.noindex/ObjectMapper.build/Debug-watchos/ObjectMapper-t.build/DerivedSources/arm64 -Xcc -I/Users/admin/builder/spi-builder-workspace/.derivedData/Build/Intermediates.noindex/ObjectMapper.build/Debug-watchos/ObjectMapper-t.build/DerivedSources -Xcc -DSWIFT_PACKAGE -Xcc -DDEBUG\=1 -emit-objc-header -emit-objc-header-path /Users/admin/builder/spi-builder-workspace/.derivedData/Build/Intermediates.noindex/ObjectMapper.build/Debug-watchos/ObjectMapper-t.build/Objects-normal/arm64/ObjectMapper-Swift.h -working-directory /Users/admin/builder/spi-builder-workspace/.swiftpm/xcode -experimental-emit-module-separately -disable-cmo
Copy /Users/admin/builder/spi-builder-workspace/.derivedData/Build/Products/Debug-watchos/ObjectMapper.swiftmodule/arm64_32-apple-watchos.swiftdoc /Users/admin/builder/spi-builder-workspace/.derivedData/Build/Intermediates.noindex/ObjectMapper.build/Debug-watchos/ObjectMapper-t.build/Objects-normal/arm64_32/ObjectMapper.swiftdoc (in target 'ObjectMapper' from project 'ObjectMapper')
cd /Users/admin/builder/spi-builder-workspace/.dependencies/checkouts/ObjectMapper
builtin-copy -exclude .DS_Store -exclude CVS -exclude .svn -exclude .git -exclude .hg -resolve-src-symlinks -rename /Users/admin/builder/spi-builder-workspace/.derivedData/Build/Intermediates.noindex/ObjectMapper.build/Debug-watchos/ObjectMapper-t.build/Objects-normal/arm64_32/ObjectMapper.swiftdoc /Users/admin/builder/spi-builder-workspace/.derivedData/Build/Products/Debug-watchos/ObjectMapper.swiftmodule/arm64_32-apple-watchos.swiftdoc
SwiftMergeGeneratedHeaders /Users/admin/builder/spi-builder-workspace/.derivedData/Build/Intermediates.noindex/GeneratedModuleMaps-watchos/ObjectMapper-Swift.h /Users/admin/builder/spi-builder-workspace/.derivedData/Build/Intermediates.noindex/ObjectMapper.build/Debug-watchos/ObjectMapper-t.build/Objects-normal/arm64/ObjectMapper-Swift.h /Users/admin/builder/spi-builder-workspace/.derivedData/Build/Intermediates.noindex/ObjectMapper.build/Debug-watchos/ObjectMapper-t.build/Objects-normal/arm64_32/ObjectMapper-Swift.h (in target 'ObjectMapper' from project 'ObjectMapper')
cd /Users/admin/builder/spi-builder-workspace/.dependencies/checkouts/ObjectMapper
builtin-swiftHeaderTool -arch arm64 /Users/admin/builder/spi-builder-workspace/.derivedData/Build/Intermediates.noindex/ObjectMapper.build/Debug-watchos/ObjectMapper-t.build/Objects-normal/arm64/ObjectMapper-Swift.h -arch arm64_32 /Users/admin/builder/spi-builder-workspace/.derivedData/Build/Intermediates.noindex/ObjectMapper.build/Debug-watchos/ObjectMapper-t.build/Objects-normal/arm64_32/ObjectMapper-Swift.h -o /Users/admin/builder/spi-builder-workspace/.derivedData/Build/Intermediates.noindex/GeneratedModuleMaps-watchos/ObjectMapper-Swift.h
Copy /Users/admin/builder/spi-builder-workspace/.derivedData/Build/Products/Debug-watchos/ObjectMapper.swiftmodule/arm64_32-apple-watchos.abi.json /Users/admin/builder/spi-builder-workspace/.derivedData/Build/Intermediates.noindex/ObjectMapper.build/Debug-watchos/ObjectMapper-t.build/Objects-normal/arm64_32/ObjectMapper.abi.json (in target 'ObjectMapper' from project 'ObjectMapper')
cd /Users/admin/builder/spi-builder-workspace/.dependencies/checkouts/ObjectMapper
builtin-copy -exclude .DS_Store -exclude CVS -exclude .svn -exclude .git -exclude .hg -resolve-src-symlinks -rename /Users/admin/builder/spi-builder-workspace/.derivedData/Build/Intermediates.noindex/ObjectMapper.build/Debug-watchos/ObjectMapper-t.build/Objects-normal/arm64_32/ObjectMapper.abi.json /Users/admin/builder/spi-builder-workspace/.derivedData/Build/Products/Debug-watchos/ObjectMapper.swiftmodule/arm64_32-apple-watchos.abi.json
Copy /Users/admin/builder/spi-builder-workspace/.derivedData/Build/Products/Debug-watchos/ObjectMapper.swiftmodule/arm64-apple-watchos.swiftmodule /Users/admin/builder/spi-builder-workspace/.derivedData/Build/Intermediates.noindex/ObjectMapper.build/Debug-watchos/ObjectMapper-t.build/Objects-normal/arm64/ObjectMapper.swiftmodule (in target 'ObjectMapper' from project 'ObjectMapper')
cd /Users/admin/builder/spi-builder-workspace/.dependencies/checkouts/ObjectMapper
builtin-copy -exclude .DS_Store -exclude CVS -exclude .svn -exclude .git -exclude .hg -resolve-src-symlinks -rename /Users/admin/builder/spi-builder-workspace/.derivedData/Build/Intermediates.noindex/ObjectMapper.build/Debug-watchos/ObjectMapper-t.build/Objects-normal/arm64/ObjectMapper.swiftmodule /Users/admin/builder/spi-builder-workspace/.derivedData/Build/Products/Debug-watchos/ObjectMapper.swiftmodule/arm64-apple-watchos.swiftmodule
Copy /Users/admin/builder/spi-builder-workspace/.derivedData/Build/Products/Debug-watchos/ObjectMapper.swiftmodule/arm64-apple-watchos.swiftdoc /Users/admin/builder/spi-builder-workspace/.derivedData/Build/Intermediates.noindex/ObjectMapper.build/Debug-watchos/ObjectMapper-t.build/Objects-normal/arm64/ObjectMapper.swiftdoc (in target 'ObjectMapper' from project 'ObjectMapper')
cd /Users/admin/builder/spi-builder-workspace/.dependencies/checkouts/ObjectMapper
builtin-copy -exclude .DS_Store -exclude CVS -exclude .svn -exclude .git -exclude .hg -resolve-src-symlinks -rename /Users/admin/builder/spi-builder-workspace/.derivedData/Build/Intermediates.noindex/ObjectMapper.build/Debug-watchos/ObjectMapper-t.build/Objects-normal/arm64/ObjectMapper.swiftdoc /Users/admin/builder/spi-builder-workspace/.derivedData/Build/Products/Debug-watchos/ObjectMapper.swiftmodule/arm64-apple-watchos.swiftdoc
Copy /Users/admin/builder/spi-builder-workspace/.derivedData/Build/Products/Debug-watchos/ObjectMapper.swiftmodule/arm64-apple-watchos.abi.json /Users/admin/builder/spi-builder-workspace/.derivedData/Build/Intermediates.noindex/ObjectMapper.build/Debug-watchos/ObjectMapper-t.build/Objects-normal/arm64/ObjectMapper.abi.json (in target 'ObjectMapper' from project 'ObjectMapper')
cd /Users/admin/builder/spi-builder-workspace/.dependencies/checkouts/ObjectMapper
builtin-copy -exclude .DS_Store -exclude CVS -exclude .svn -exclude .git -exclude .hg -resolve-src-symlinks -rename /Users/admin/builder/spi-builder-workspace/.derivedData/Build/Intermediates.noindex/ObjectMapper.build/Debug-watchos/ObjectMapper-t.build/Objects-normal/arm64/ObjectMapper.abi.json /Users/admin/builder/spi-builder-workspace/.derivedData/Build/Products/Debug-watchos/ObjectMapper.swiftmodule/arm64-apple-watchos.abi.json
Copy /Users/admin/builder/spi-builder-workspace/.derivedData/Build/Products/Debug-watchos/ObjectMapper.swiftmodule/Project/arm64_32-apple-watchos.swiftsourceinfo /Users/admin/builder/spi-builder-workspace/.derivedData/Build/Intermediates.noindex/ObjectMapper.build/Debug-watchos/ObjectMapper-t.build/Objects-normal/arm64_32/ObjectMapper.swiftsourceinfo (in target 'ObjectMapper' from project 'ObjectMapper')
cd /Users/admin/builder/spi-builder-workspace/.dependencies/checkouts/ObjectMapper
builtin-copy -exclude .DS_Store -exclude CVS -exclude .svn -exclude .git -exclude .hg -resolve-src-symlinks -rename /Users/admin/builder/spi-builder-workspace/.derivedData/Build/Intermediates.noindex/ObjectMapper.build/Debug-watchos/ObjectMapper-t.build/Objects-normal/arm64_32/ObjectMapper.swiftsourceinfo /Users/admin/builder/spi-builder-workspace/.derivedData/Build/Products/Debug-watchos/ObjectMapper.swiftmodule/Project/arm64_32-apple-watchos.swiftsourceinfo
Copy /Users/admin/builder/spi-builder-workspace/.derivedData/Build/Products/Debug-watchos/ObjectMapper.swiftmodule/Project/arm64-apple-watchos.swiftsourceinfo /Users/admin/builder/spi-builder-workspace/.derivedData/Build/Intermediates.noindex/ObjectMapper.build/Debug-watchos/ObjectMapper-t.build/Objects-normal/arm64/ObjectMapper.swiftsourceinfo (in target 'ObjectMapper' from project 'ObjectMapper')
cd /Users/admin/builder/spi-builder-workspace/.dependencies/checkouts/ObjectMapper
builtin-copy -exclude .DS_Store -exclude CVS -exclude .svn -exclude .git -exclude .hg -resolve-src-symlinks -rename /Users/admin/builder/spi-builder-workspace/.derivedData/Build/Intermediates.noindex/ObjectMapper.build/Debug-watchos/ObjectMapper-t.build/Objects-normal/arm64/ObjectMapper.swiftsourceinfo /Users/admin/builder/spi-builder-workspace/.derivedData/Build/Products/Debug-watchos/ObjectMapper.swiftmodule/Project/arm64-apple-watchos.swiftsourceinfo
SwiftExplicitDependencyGeneratePcm arm64 /Users/admin/builder/spi-builder-workspace/.derivedData/SDKExplicitPrecompiledModules/_SwiftConcurrencyShims-659N52XSKR5F0QSB880BH2FJR.pcm
SwiftExplicitDependencyGeneratePcm arm64_32 /Users/admin/builder/spi-builder-workspace/.derivedData/SDKExplicitPrecompiledModules/SwiftShims-9CQQGWTSNTN9EB5NSHDWUJICH.pcm
SwiftCompile normal arm64_32 Compiling\ IntegerOperators.swift,\ Map.swift /Users/admin/builder/spi-builder-workspace/.dependencies/checkouts/ObjectMapper/Sources/IntegerOperators.swift /Users/admin/builder/spi-builder-workspace/.dependencies/checkouts/ObjectMapper/Sources/Map.swift (in target 'ObjectMapper' from project 'ObjectMapper')
SwiftCompile normal arm64_32 /Users/admin/builder/spi-builder-workspace/.dependencies/checkouts/ObjectMapper/Sources/IntegerOperators.swift (in target 'ObjectMapper' from project 'ObjectMapper')
cd /Users/admin/builder/spi-builder-workspace/.swiftpm/xcode
builtin-SwiftPerFileCompile IntegerOperators.swift
SwiftCompile normal arm64_32 /Users/admin/builder/spi-builder-workspace/.dependencies/checkouts/ObjectMapper/Sources/Map.swift (in target 'ObjectMapper' from project 'ObjectMapper')
cd /Users/admin/builder/spi-builder-workspace/.swiftpm/xcode
builtin-SwiftPerFileCompile Map.swift
SwiftEmitModule normal arm64 Emitting\ module\ for\ DependencyInjector (in target 'DependencyInjector' from project 'DependencyInjector')
SwiftCompile normal arm64 (in target 'DependencyInjector' from project 'DependencyInjector')
cd /Users/admin/builder/spi-builder-workspace/.swiftpm/xcode
SwiftEmitModule normal arm64_32 Emitting\ module\ for\ DependencyInjector (in target 'DependencyInjector' from project 'DependencyInjector')
SwiftCompile normal arm64_32 (in target 'DependencyInjector' from project 'DependencyInjector')
cd /Users/admin/builder/spi-builder-workspace/.swiftpm/xcode
SwiftDriverJobDiscovery normal arm64 Emitting module for DependencyInjector (in target 'DependencyInjector' from project 'DependencyInjector')
SwiftDriver\ Compilation\ Requirements DependencyInjector normal arm64 com.apple.xcode.tools.swift.compiler (in target 'DependencyInjector' from project 'DependencyInjector')
cd /Users/admin/builder/spi-builder-workspace/.swiftpm/xcode
builtin-Swift-Compilation-Requirements -- /Applications/Xcode-27.0.0-Release.Candidate.app/Contents/Developer/Toolchains/XcodeDefault.xctoolchain/usr/bin/swiftc -parse-as-library -module-name DependencyInjector -Onone @/Users/admin/builder/spi-builder-workspace/.derivedData/Build/Intermediates.noindex/DependencyInjector.build/Debug-watchos/DependencyInjector-t.build/Objects-normal/arm64/DependencyInjector.SwiftFileList -DSWIFT_PACKAGE -DDEBUG -DSWIFT_MODULE_RESOURCE_BUNDLE_UNAVAILABLE -DXcode -plugin-path /Applications/Xcode-27.0.0-Release.Candidate.app/Contents/Developer/Toolchains/XcodeDefault.xctoolchain/usr/lib/swift/host/plugins/testing -enable-experimental-feature DebugDescriptionMacro -sdk /Applications/Xcode-27.0.0-Release.Candidate.app/Contents/Developer/Platforms/WatchOS.platform/Developer/SDKs/WatchOS27.0.sdk -target arm64-apple-watchos9.0 -g -module-cache-path /Users/admin/builder/spi-builder-workspace/.derivedData/ModuleCache.noindex -Xfrontend -serialize-debugging-options -profile-coverage-mapping -profile-generate -enable-testing -suppress-warnings -index-store-path /Users/admin/builder/spi-builder-workspace/.derivedData/Index.noindex/DataStore -Xcc -D_LIBCPP_HARDENING_MODE\=_LIBCPP_HARDENING_MODE_DEBUG -swift-version 5 -I /Users/admin/builder/spi-builder-workspace/.derivedData/Build/Products/Debug-watchos -Isystem /Applications/Xcode-27.0.0-Release.Candidate.app/Contents/Developer/Platforms/WatchOS.platform/Developer/usr/lib -F /Users/admin/builder/spi-builder-workspace/.derivedData/Build/Products/Debug-watchos -F /Applications/Xcode-27.0.0-Release.Candidate.app/Contents/Developer/Platforms/WatchOS.platform/Developer/Library/Frameworks -F /Applications/Xcode-27.0.0-Release.Candidate.app/Contents/Developer/Platforms/WatchOS.platform/Developer/SDKs/WatchOS27.0.sdk/Developer/Library/Frameworks -c -j10 -enable-batch-mode -incremental -Xcc -ivfsstatcache -Xcc /Users/admin/builder/spi-builder-workspace/.derivedData/SDKStatCaches.noindex/watchos27.0-24R360-e829b21a6f8c9b70876ba0858053c04477534ef55a1706bf4c1112bbb242f0a2.sdkstatcache -output-file-map /Users/admin/builder/spi-builder-workspace/.derivedData/Build/Intermediates.noindex/DependencyInjector.build/Debug-watchos/DependencyInjector-t.build/Objects-normal/arm64/DependencyInjector-OutputFileMap.json -save-temps -no-color-diagnostics -explicit-module-build -module-cache-path /Users/admin/builder/spi-builder-workspace/.derivedData/Build/Intermediates.noindex/SwiftExplicitPrecompiledModules -clang-scanner-module-cache-path /Users/admin/builder/spi-builder-workspace/.derivedData/ModuleCache.noindex -sdk-module-cache-path /Users/admin/builder/spi-builder-workspace/.derivedData/SDKExplicitPrecompiledModules -emit-dependencies -emit-module -emit-module-path /Users/admin/builder/spi-builder-workspace/.derivedData/Build/Intermediates.noindex/DependencyInjector.build/Debug-watchos/DependencyInjector-t.build/Objects-normal/arm64/DependencyInjector.swiftmodule -serialize-diagnostics -dependency-scan-serialize-diagnostics-path /Users/admin/builder/spi-builder-workspace/.derivedData/Build/Intermediates.noindex/DependencyInjector.build/Debug-watchos/DependencyInjector-t.build/Objects-normal/arm64/DependencyInjector-dependency-scan.dia -validate-clang-modules-once -clang-build-session-file /Users/admin/builder/spi-builder-workspace/.derivedData/ModuleCache.noindex/Session.modulevalidation -Xcc -fmodules-prune-interval\=86400 -Xcc -fmodules-prune-after\=345600 -emit-const-values -const-gather-protocols-list /Users/admin/builder/spi-builder-workspace/.derivedData/Build/Intermediates.noindex/DependencyInjector.build/Debug-watchos/DependencyInjector-t.build/Objects-normal/arm64/DependencyInjector_const_extract_protocols.json -Xcc -I/Users/admin/builder/spi-builder-workspace/.derivedData/Build/Products/Debug-watchos/include -Xcc -I/Users/admin/builder/spi-builder-workspace/.derivedData/Build/Intermediates.noindex/DependencyInjector.build/Debug-watchos/DependencyInjector-t.build/DerivedSources-normal/arm64 -Xcc -I/Users/admin/builder/spi-builder-workspace/.derivedData/Build/Intermediates.noindex/DependencyInjector.build/Debug-watchos/DependencyInjector-t.build/DerivedSources/arm64 -Xcc -I/Users/admin/builder/spi-builder-workspace/.derivedData/Build/Intermediates.noindex/DependencyInjector.build/Debug-watchos/DependencyInjector-t.build/DerivedSources -Xcc -DSWIFT_PACKAGE -Xcc -DDEBUG\=1 -emit-objc-header -emit-objc-header-path /Users/admin/builder/spi-builder-workspace/.derivedData/Build/Intermediates.noindex/DependencyInjector.build/Debug-watchos/DependencyInjector-t.build/Objects-normal/arm64/DependencyInjector-Swift.h -working-directory /Users/admin/builder/spi-builder-workspace/.swiftpm/xcode -experimental-emit-module-separately -disable-cmo
SwiftDriverJobDiscovery normal arm64_32 Emitting module for DependencyInjector (in target 'DependencyInjector' from project 'DependencyInjector')
SwiftDriver\ Compilation\ Requirements DependencyInjector normal arm64_32 com.apple.xcode.tools.swift.compiler (in target 'DependencyInjector' from project 'DependencyInjector')
cd /Users/admin/builder/spi-builder-workspace/.swiftpm/xcode
builtin-Swift-Compilation-Requirements -- /Applications/Xcode-27.0.0-Release.Candidate.app/Contents/Developer/Toolchains/XcodeDefault.xctoolchain/usr/bin/swiftc -parse-as-library -module-name DependencyInjector -Onone @/Users/admin/builder/spi-builder-workspace/.derivedData/Build/Intermediates.noindex/DependencyInjector.build/Debug-watchos/DependencyInjector-t.build/Objects-normal/arm64_32/DependencyInjector.SwiftFileList -DSWIFT_PACKAGE -DDEBUG -DSWIFT_MODULE_RESOURCE_BUNDLE_UNAVAILABLE -DXcode -plugin-path /Applications/Xcode-27.0.0-Release.Candidate.app/Contents/Developer/Toolchains/XcodeDefault.xctoolchain/usr/lib/swift/host/plugins/testing -enable-experimental-feature DebugDescriptionMacro -sdk /Applications/Xcode-27.0.0-Release.Candidate.app/Contents/Developer/Platforms/WatchOS.platform/Developer/SDKs/WatchOS27.0.sdk -target arm64_32-apple-watchos9.0 -g -module-cache-path /Users/admin/builder/spi-builder-workspace/.derivedData/ModuleCache.noindex -Xfrontend -serialize-debugging-options -profile-coverage-mapping -profile-generate -enable-testing -suppress-warnings -index-store-path /Users/admin/builder/spi-builder-workspace/.derivedData/Index.noindex/DataStore -Xcc -D_LIBCPP_HARDENING_MODE\=_LIBCPP_HARDENING_MODE_DEBUG -swift-version 5 -I /Users/admin/builder/spi-builder-workspace/.derivedData/Build/Products/Debug-watchos -Isystem /Applications/Xcode-27.0.0-Release.Candidate.app/Contents/Developer/Platforms/WatchOS.platform/Developer/usr/lib -F /Users/admin/builder/spi-builder-workspace/.derivedData/Build/Products/Debug-watchos -F /Applications/Xcode-27.0.0-Release.Candidate.app/Contents/Developer/Platforms/WatchOS.platform/Developer/Library/Frameworks -F /Applications/Xcode-27.0.0-Release.Candidate.app/Contents/Developer/Platforms/WatchOS.platform/Developer/SDKs/WatchOS27.0.sdk/Developer/Library/Frameworks -c -j10 -enable-batch-mode -incremental -Xcc -ivfsstatcache -Xcc /Users/admin/builder/spi-builder-workspace/.derivedData/SDKStatCaches.noindex/watchos27.0-24R360-e829b21a6f8c9b70876ba0858053c04477534ef55a1706bf4c1112bbb242f0a2.sdkstatcache -output-file-map /Users/admin/builder/spi-builder-workspace/.derivedData/Build/Intermediates.noindex/DependencyInjector.build/Debug-watchos/DependencyInjector-t.build/Objects-normal/arm64_32/DependencyInjector-OutputFileMap.json -save-temps -no-color-diagnostics -explicit-module-build -module-cache-path /Users/admin/builder/spi-builder-workspace/.derivedData/Build/Intermediates.noindex/SwiftExplicitPrecompiledModules -clang-scanner-module-cache-path /Users/admin/builder/spi-builder-workspace/.derivedData/ModuleCache.noindex -sdk-module-cache-path /Users/admin/builder/spi-builder-workspace/.derivedData/SDKExplicitPrecompiledModules -emit-dependencies -emit-module -emit-module-path /Users/admin/builder/spi-builder-workspace/.derivedData/Build/Intermediates.noindex/DependencyInjector.build/Debug-watchos/DependencyInjector-t.build/Objects-normal/arm64_32/DependencyInjector.swiftmodule -serialize-diagnostics -dependency-scan-serialize-diagnostics-path /Users/admin/builder/spi-builder-workspace/.derivedData/Build/Intermediates.noindex/DependencyInjector.build/Debug-watchos/DependencyInjector-t.build/Objects-normal/arm64_32/DependencyInjector-dependency-scan.dia -validate-clang-modules-once -clang-build-session-file /Users/admin/builder/spi-builder-workspace/.derivedData/ModuleCache.noindex/Session.modulevalidation -Xcc -fmodules-prune-interval\=86400 -Xcc -fmodules-prune-after\=345600 -emit-const-values -const-gather-protocols-list /Users/admin/builder/spi-builder-workspace/.derivedData/Build/Intermediates.noindex/DependencyInjector.build/Debug-watchos/DependencyInjector-t.build/Objects-normal/arm64_32/DependencyInjector_const_extract_protocols.json -Xcc -I/Users/admin/builder/spi-builder-workspace/.derivedData/Build/Products/Debug-watchos/include -Xcc -I/Users/admin/builder/spi-builder-workspace/.derivedData/Build/Intermediates.noindex/DependencyInjector.build/Debug-watchos/DependencyInjector-t.build/DerivedSources-normal/arm64_32 -Xcc -I/Users/admin/builder/spi-builder-workspace/.derivedData/Build/Intermediates.noindex/DependencyInjector.build/Debug-watchos/DependencyInjector-t.build/DerivedSources/arm64_32 -Xcc -I/Users/admin/builder/spi-builder-workspace/.derivedData/Build/Intermediates.noindex/DependencyInjector.build/Debug-watchos/DependencyInjector-t.build/DerivedSources -Xcc -DSWIFT_PACKAGE -Xcc -DDEBUG\=1 -emit-objc-header -emit-objc-header-path /Users/admin/builder/spi-builder-workspace/.derivedData/Build/Intermediates.noindex/DependencyInjector.build/Debug-watchos/DependencyInjector-t.build/Objects-normal/arm64_32/DependencyInjector-Swift.h -working-directory /Users/admin/builder/spi-builder-workspace/.swiftpm/xcode -experimental-emit-module-separately -disable-cmo
Copy /Users/admin/builder/spi-builder-workspace/.derivedData/Build/Products/Debug-watchos/DependencyInjector.swiftmodule/arm64-apple-watchos.swiftmodule /Users/admin/builder/spi-builder-workspace/.derivedData/Build/Intermediates.noindex/DependencyInjector.build/Debug-watchos/DependencyInjector-t.build/Objects-normal/arm64/DependencyInjector.swiftmodule (in target 'DependencyInjector' from project 'DependencyInjector')
cd /Users/admin/builder/spi-builder-workspace/.dependencies/checkouts/dependency-injector
builtin-copy -exclude .DS_Store -exclude CVS -exclude .svn -exclude .git -exclude .hg -resolve-src-symlinks -rename /Users/admin/builder/spi-builder-workspace/.derivedData/Build/Intermediates.noindex/DependencyInjector.build/Debug-watchos/DependencyInjector-t.build/Objects-normal/arm64/DependencyInjector.swiftmodule /Users/admin/builder/spi-builder-workspace/.derivedData/Build/Products/Debug-watchos/DependencyInjector.swiftmodule/arm64-apple-watchos.swiftmodule
SwiftMergeGeneratedHeaders /Users/admin/builder/spi-builder-workspace/.derivedData/Build/Intermediates.noindex/GeneratedModuleMaps-watchos/DependencyInjector-Swift.h /Users/admin/builder/spi-builder-workspace/.derivedData/Build/Intermediates.noindex/DependencyInjector.build/Debug-watchos/DependencyInjector-t.build/Objects-normal/arm64/DependencyInjector-Swift.h /Users/admin/builder/spi-builder-workspace/.derivedData/Build/Intermediates.noindex/DependencyInjector.build/Debug-watchos/DependencyInjector-t.build/Objects-normal/arm64_32/DependencyInjector-Swift.h (in target 'DependencyInjector' from project 'DependencyInjector')
cd /Users/admin/builder/spi-builder-workspace/.dependencies/checkouts/dependency-injector
builtin-swiftHeaderTool -arch arm64 /Users/admin/builder/spi-builder-workspace/.derivedData/Build/Intermediates.noindex/DependencyInjector.build/Debug-watchos/DependencyInjector-t.build/Objects-normal/arm64/DependencyInjector-Swift.h -arch arm64_32 /Users/admin/builder/spi-builder-workspace/.derivedData/Build/Intermediates.noindex/DependencyInjector.build/Debug-watchos/DependencyInjector-t.build/Objects-normal/arm64_32/DependencyInjector-Swift.h -o /Users/admin/builder/spi-builder-workspace/.derivedData/Build/Intermediates.noindex/GeneratedModuleMaps-watchos/DependencyInjector-Swift.h
Copy /Users/admin/builder/spi-builder-workspace/.derivedData/Build/Products/Debug-watchos/DependencyInjector.swiftmodule/arm64_32-apple-watchos.swiftmodule /Users/admin/builder/spi-builder-workspace/.derivedData/Build/Intermediates.noindex/DependencyInjector.build/Debug-watchos/DependencyInjector-t.build/Objects-normal/arm64_32/DependencyInjector.swiftmodule (in target 'DependencyInjector' from project 'DependencyInjector')
cd /Users/admin/builder/spi-builder-workspace/.dependencies/checkouts/dependency-injector
builtin-copy -exclude .DS_Store -exclude CVS -exclude .svn -exclude .git -exclude .hg -resolve-src-symlinks -rename /Users/admin/builder/spi-builder-workspace/.derivedData/Build/Intermediates.noindex/DependencyInjector.build/Debug-watchos/DependencyInjector-t.build/Objects-normal/arm64_32/DependencyInjector.swiftmodule /Users/admin/builder/spi-builder-workspace/.derivedData/Build/Products/Debug-watchos/DependencyInjector.swiftmodule/arm64_32-apple-watchos.swiftmodule
Copy /Users/admin/builder/spi-builder-workspace/.derivedData/Build/Products/Debug-watchos/DependencyInjector.swiftmodule/arm64_32-apple-watchos.swiftdoc /Users/admin/builder/spi-builder-workspace/.derivedData/Build/Intermediates.noindex/DependencyInjector.build/Debug-watchos/DependencyInjector-t.build/Objects-normal/arm64_32/DependencyInjector.swiftdoc (in target 'DependencyInjector' from project 'DependencyInjector')
cd /Users/admin/builder/spi-builder-workspace/.dependencies/checkouts/dependency-injector
builtin-copy -exclude .DS_Store -exclude CVS -exclude .svn -exclude .git -exclude .hg -resolve-src-symlinks -rename /Users/admin/builder/spi-builder-workspace/.derivedData/Build/Intermediates.noindex/DependencyInjector.build/Debug-watchos/DependencyInjector-t.build/Objects-normal/arm64_32/DependencyInjector.swiftdoc /Users/admin/builder/spi-builder-workspace/.derivedData/Build/Products/Debug-watchos/DependencyInjector.swiftmodule/arm64_32-apple-watchos.swiftdoc
Copy /Users/admin/builder/spi-builder-workspace/.derivedData/Build/Products/Debug-watchos/DependencyInjector.swiftmodule/arm64_32-apple-watchos.abi.json /Users/admin/builder/spi-builder-workspace/.derivedData/Build/Intermediates.noindex/DependencyInjector.build/Debug-watchos/DependencyInjector-t.build/Objects-normal/arm64_32/DependencyInjector.abi.json (in target 'DependencyInjector' from project 'DependencyInjector')
cd /Users/admin/builder/spi-builder-workspace/.dependencies/checkouts/dependency-injector
builtin-copy -exclude .DS_Store -exclude CVS -exclude .svn -exclude .git -exclude .hg -resolve-src-symlinks -rename /Users/admin/builder/spi-builder-workspace/.derivedData/Build/Intermediates.noindex/DependencyInjector.build/Debug-watchos/DependencyInjector-t.build/Objects-normal/arm64_32/DependencyInjector.abi.json /Users/admin/builder/spi-builder-workspace/.derivedData/Build/Products/Debug-watchos/DependencyInjector.swiftmodule/arm64_32-apple-watchos.abi.json
Copy /Users/admin/builder/spi-builder-workspace/.derivedData/Build/Products/Debug-watchos/DependencyInjector.swiftmodule/arm64-apple-watchos.swiftdoc /Users/admin/builder/spi-builder-workspace/.derivedData/Build/Intermediates.noindex/DependencyInjector.build/Debug-watchos/DependencyInjector-t.build/Objects-normal/arm64/DependencyInjector.swiftdoc (in target 'DependencyInjector' from project 'DependencyInjector')
cd /Users/admin/builder/spi-builder-workspace/.dependencies/checkouts/dependency-injector
builtin-copy -exclude .DS_Store -exclude CVS -exclude .svn -exclude .git -exclude .hg -resolve-src-symlinks -rename /Users/admin/builder/spi-builder-workspace/.derivedData/Build/Intermediates.noindex/DependencyInjector.build/Debug-watchos/DependencyInjector-t.build/Objects-normal/arm64/DependencyInjector.swiftdoc /Users/admin/builder/spi-builder-workspace/.derivedData/Build/Products/Debug-watchos/DependencyInjector.swiftmodule/arm64-apple-watchos.swiftdoc
Copy /Users/admin/builder/spi-builder-workspace/.derivedData/Build/Products/Debug-watchos/DependencyInjector.swiftmodule/arm64-apple-watchos.abi.json /Users/admin/builder/spi-builder-workspace/.derivedData/Build/Intermediates.noindex/DependencyInjector.build/Debug-watchos/DependencyInjector-t.build/Objects-normal/arm64/DependencyInjector.abi.json (in target 'DependencyInjector' from project 'DependencyInjector')
cd /Users/admin/builder/spi-builder-workspace/.dependencies/checkouts/dependency-injector
builtin-copy -exclude .DS_Store -exclude CVS -exclude .svn -exclude .git -exclude .hg -resolve-src-symlinks -rename /Users/admin/builder/spi-builder-workspace/.derivedData/Build/Intermediates.noindex/DependencyInjector.build/Debug-watchos/DependencyInjector-t.build/Objects-normal/arm64/DependencyInjector.abi.json /Users/admin/builder/spi-builder-workspace/.derivedData/Build/Products/Debug-watchos/DependencyInjector.swiftmodule/arm64-apple-watchos.abi.json
Copy /Users/admin/builder/spi-builder-workspace/.derivedData/Build/Products/Debug-watchos/DependencyInjector.swiftmodule/Project/arm64_32-apple-watchos.swiftsourceinfo /Users/admin/builder/spi-builder-workspace/.derivedData/Build/Intermediates.noindex/DependencyInjector.build/Debug-watchos/DependencyInjector-t.build/Objects-normal/arm64_32/DependencyInjector.swiftsourceinfo (in target 'DependencyInjector' from project 'DependencyInjector')
cd /Users/admin/builder/spi-builder-workspace/.dependencies/checkouts/dependency-injector
builtin-copy -exclude .DS_Store -exclude CVS -exclude .svn -exclude .git -exclude .hg -resolve-src-symlinks -rename /Users/admin/builder/spi-builder-workspace/.derivedData/Build/Intermediates.noindex/DependencyInjector.build/Debug-watchos/DependencyInjector-t.build/Objects-normal/arm64_32/DependencyInjector.swiftsourceinfo /Users/admin/builder/spi-builder-workspace/.derivedData/Build/Products/Debug-watchos/DependencyInjector.swiftmodule/Project/arm64_32-apple-watchos.swiftsourceinfo
Copy /Users/admin/builder/spi-builder-workspace/.derivedData/Build/Products/Debug-watchos/DependencyInjector.swiftmodule/Project/arm64-apple-watchos.swiftsourceinfo /Users/admin/builder/spi-builder-workspace/.derivedData/Build/Intermediates.noindex/DependencyInjector.build/Debug-watchos/DependencyInjector-t.build/Objects-normal/arm64/DependencyInjector.swiftsourceinfo (in target 'DependencyInjector' from project 'DependencyInjector')
cd /Users/admin/builder/spi-builder-workspace/.dependencies/checkouts/dependency-injector
builtin-copy -exclude .DS_Store -exclude CVS -exclude .svn -exclude .git -exclude .hg -resolve-src-symlinks -rename /Users/admin/builder/spi-builder-workspace/.derivedData/Build/Intermediates.noindex/DependencyInjector.build/Debug-watchos/DependencyInjector-t.build/Objects-normal/arm64/DependencyInjector.swiftsourceinfo /Users/admin/builder/spi-builder-workspace/.derivedData/Build/Products/Debug-watchos/DependencyInjector.swiftmodule/Project/arm64-apple-watchos.swiftsourceinfo
SwiftCompile normal arm64_32 Compiling\ DateFormatterTransform.swift,\ DateTransform.swift,\ DictionaryTransform.swift /Users/admin/builder/spi-builder-workspace/.dependencies/checkouts/ObjectMapper/Sources/DateFormatterTransform.swift /Users/admin/builder/spi-builder-workspace/.dependencies/checkouts/ObjectMapper/Sources/DateTransform.swift /Users/admin/builder/spi-builder-workspace/.dependencies/checkouts/ObjectMapper/Sources/DictionaryTransform.swift (in target 'ObjectMapper' from project 'ObjectMapper')
SwiftCompile normal arm64_32 /Users/admin/builder/spi-builder-workspace/.dependencies/checkouts/ObjectMapper/Sources/DateFormatterTransform.swift (in target 'ObjectMapper' from project 'ObjectMapper')
cd /Users/admin/builder/spi-builder-workspace/.swiftpm/xcode
builtin-SwiftPerFileCompile DateFormatterTransform.swift
SwiftCompile normal arm64_32 /Users/admin/builder/spi-builder-workspace/.dependencies/checkouts/ObjectMapper/Sources/DateTransform.swift (in target 'ObjectMapper' from project 'ObjectMapper')
cd /Users/admin/builder/spi-builder-workspace/.swiftpm/xcode
builtin-SwiftPerFileCompile DateTransform.swift
SwiftCompile normal arm64_32 /Users/admin/builder/spi-builder-workspace/.dependencies/checkouts/ObjectMapper/Sources/DictionaryTransform.swift (in target 'ObjectMapper' from project 'ObjectMapper')
cd /Users/admin/builder/spi-builder-workspace/.swiftpm/xcode
builtin-SwiftPerFileCompile DictionaryTransform.swift
SwiftCompile normal arm64_32 Compiling\ HexColorTransform.swift,\ ISO8601DateTransform.swift,\ ImmutableMappable.swift /Users/admin/builder/spi-builder-workspace/.dependencies/checkouts/ObjectMapper/Sources/HexColorTransform.swift /Users/admin/builder/spi-builder-workspace/.dependencies/checkouts/ObjectMapper/Sources/ISO8601DateTransform.swift /Users/admin/builder/spi-builder-workspace/.dependencies/checkouts/ObjectMapper/Sources/ImmutableMappable.swift (in target 'ObjectMapper' from project 'ObjectMapper')
SwiftCompile normal arm64_32 /Users/admin/builder/spi-builder-workspace/.dependencies/checkouts/ObjectMapper/Sources/HexColorTransform.swift (in target 'ObjectMapper' from project 'ObjectMapper')
cd /Users/admin/builder/spi-builder-workspace/.swiftpm/xcode
builtin-SwiftPerFileCompile HexColorTransform.swift
SwiftCompile normal arm64_32 /Users/admin/builder/spi-builder-workspace/.dependencies/checkouts/ObjectMapper/Sources/ISO8601DateTransform.swift (in target 'ObjectMapper' from project 'ObjectMapper')
cd /Users/admin/builder/spi-builder-workspace/.swiftpm/xcode
builtin-SwiftPerFileCompile ISO8601DateTransform.swift
SwiftCompile normal arm64_32 /Users/admin/builder/spi-builder-workspace/.dependencies/checkouts/ObjectMapper/Sources/ImmutableMappable.swift (in target 'ObjectMapper' from project 'ObjectMapper')
cd /Users/admin/builder/spi-builder-workspace/.swiftpm/xcode
builtin-SwiftPerFileCompile ImmutableMappable.swift
SwiftDriverJobDiscovery normal arm64 Compiling TransformOf.swift, TransformOperators.swift (in target 'ObjectMapper' from project 'ObjectMapper')
SwiftCompile normal arm64_32 Compiling\ TransformOf.swift,\ TransformOperators.swift /Users/admin/builder/spi-builder-workspace/.dependencies/checkouts/ObjectMapper/Sources/TransformOf.swift /Users/admin/builder/spi-builder-workspace/.dependencies/checkouts/ObjectMapper/Sources/TransformOperators.swift (in target 'ObjectMapper' from project 'ObjectMapper')
SwiftCompile normal arm64_32 /Users/admin/builder/spi-builder-workspace/.dependencies/checkouts/ObjectMapper/Sources/TransformOf.swift (in target 'ObjectMapper' from project 'ObjectMapper')
cd /Users/admin/builder/spi-builder-workspace/.swiftpm/xcode
builtin-SwiftPerFileCompile TransformOf.swift
SwiftCompile normal arm64_32 /Users/admin/builder/spi-builder-workspace/.dependencies/checkouts/ObjectMapper/Sources/TransformOperators.swift (in target 'ObjectMapper' from project 'ObjectMapper')
cd /Users/admin/builder/spi-builder-workspace/.swiftpm/xcode
builtin-SwiftPerFileCompile TransformOperators.swift
SwiftDriverJobDiscovery normal arm64_32 Compiling IntegerOperators.swift, Map.swift (in target 'ObjectMapper' from project 'ObjectMapper')
SwiftCompile normal arm64_32 Compiling\ Operators.swift,\ ToJSON.swift /Users/admin/builder/spi-builder-workspace/.dependencies/checkouts/ObjectMapper/Sources/Operators.swift /Users/admin/builder/spi-builder-workspace/.dependencies/checkouts/ObjectMapper/Sources/ToJSON.swift (in target 'ObjectMapper' from project 'ObjectMapper')
SwiftCompile normal arm64_32 /Users/admin/builder/spi-builder-workspace/.dependencies/checkouts/ObjectMapper/Sources/Operators.swift (in target 'ObjectMapper' from project 'ObjectMapper')
cd /Users/admin/builder/spi-builder-workspace/.swiftpm/xcode
builtin-SwiftPerFileCompile Operators.swift
SwiftCompile normal arm64_32 /Users/admin/builder/spi-builder-workspace/.dependencies/checkouts/ObjectMapper/Sources/ToJSON.swift (in target 'ObjectMapper' from project 'ObjectMapper')
cd /Users/admin/builder/spi-builder-workspace/.swiftpm/xcode
builtin-SwiftPerFileCompile ToJSON.swift
SwiftCompile normal arm64 Compiling\ HexColorTransform.swift,\ ISO8601DateTransform.swift,\ ImmutableMappable.swift /Users/admin/builder/spi-builder-workspace/.dependencies/checkouts/ObjectMapper/Sources/HexColorTransform.swift /Users/admin/builder/spi-builder-workspace/.dependencies/checkouts/ObjectMapper/Sources/ISO8601DateTransform.swift /Users/admin/builder/spi-builder-workspace/.dependencies/checkouts/ObjectMapper/Sources/ImmutableMappable.swift (in target 'ObjectMapper' from project 'ObjectMapper')
SwiftCompile normal arm64 /Users/admin/builder/spi-builder-workspace/.dependencies/checkouts/ObjectMapper/Sources/HexColorTransform.swift (in target 'ObjectMapper' from project 'ObjectMapper')
cd /Users/admin/builder/spi-builder-workspace/.swiftpm/xcode
builtin-SwiftPerFileCompile HexColorTransform.swift
SwiftCompile normal arm64 /Users/admin/builder/spi-builder-workspace/.dependencies/checkouts/ObjectMapper/Sources/ISO8601DateTransform.swift (in target 'ObjectMapper' from project 'ObjectMapper')
cd /Users/admin/builder/spi-builder-workspace/.swiftpm/xcode
builtin-SwiftPerFileCompile ISO8601DateTransform.swift
SwiftCompile normal arm64 /Users/admin/builder/spi-builder-workspace/.dependencies/checkouts/ObjectMapper/Sources/ImmutableMappable.swift (in target 'ObjectMapper' from project 'ObjectMapper')
cd /Users/admin/builder/spi-builder-workspace/.swiftpm/xcode
builtin-SwiftPerFileCompile ImmutableMappable.swift
SwiftDriverJobDiscovery normal arm64 Compiling IntegerOperators.swift, Map.swift (in target 'ObjectMapper' from project 'ObjectMapper')
SwiftCompile normal arm64 Compiling\ TransformType.swift,\ URLTransform.swift /Users/admin/builder/spi-builder-workspace/.dependencies/checkouts/ObjectMapper/Sources/TransformType.swift /Users/admin/builder/spi-builder-workspace/.dependencies/checkouts/ObjectMapper/Sources/URLTransform.swift (in target 'ObjectMapper' from project 'ObjectMapper')
SwiftCompile normal arm64 /Users/admin/builder/spi-builder-workspace/.dependencies/checkouts/ObjectMapper/Sources/TransformType.swift (in target 'ObjectMapper' from project 'ObjectMapper')
cd /Users/admin/builder/spi-builder-workspace/.swiftpm/xcode
builtin-SwiftPerFileCompile TransformType.swift
SwiftCompile normal arm64 /Users/admin/builder/spi-builder-workspace/.dependencies/checkouts/ObjectMapper/Sources/URLTransform.swift (in target 'ObjectMapper' from project 'ObjectMapper')
cd /Users/admin/builder/spi-builder-workspace/.swiftpm/xcode
builtin-SwiftPerFileCompile URLTransform.swift
SwiftDriverJobDiscovery normal arm64_32 Compiling DateFormatterTransform.swift, DateTransform.swift, DictionaryTransform.swift (in target 'ObjectMapper' from project 'ObjectMapper')
SwiftDriverJobDiscovery normal arm64 Compiling Operators.swift, ToJSON.swift (in target 'ObjectMapper' from project 'ObjectMapper')
SwiftCompile normal arm64_32 Compiling\ EnumOperators.swift,\ EnumTransform.swift,\ FromJSON.swift /Users/admin/builder/spi-builder-workspace/.dependencies/checkouts/ObjectMapper/Sources/EnumOperators.swift /Users/admin/builder/spi-builder-workspace/.dependencies/checkouts/ObjectMapper/Sources/EnumTransform.swift /Users/admin/builder/spi-builder-workspace/.dependencies/checkouts/ObjectMapper/Sources/FromJSON.swift (in target 'ObjectMapper' from project 'ObjectMapper')
SwiftCompile normal arm64_32 /Users/admin/builder/spi-builder-workspace/.dependencies/checkouts/ObjectMapper/Sources/EnumOperators.swift (in target 'ObjectMapper' from project 'ObjectMapper')
cd /Users/admin/builder/spi-builder-workspace/.swiftpm/xcode
builtin-SwiftPerFileCompile EnumOperators.swift
SwiftCompile normal arm64_32 /Users/admin/builder/spi-builder-workspace/.dependencies/checkouts/ObjectMapper/Sources/EnumTransform.swift (in target 'ObjectMapper' from project 'ObjectMapper')
cd /Users/admin/builder/spi-builder-workspace/.swiftpm/xcode
builtin-SwiftPerFileCompile EnumTransform.swift
SwiftCompile normal arm64_32 /Users/admin/builder/spi-builder-workspace/.dependencies/checkouts/ObjectMapper/Sources/FromJSON.swift (in target 'ObjectMapper' from project 'ObjectMapper')
cd /Users/admin/builder/spi-builder-workspace/.swiftpm/xcode
builtin-SwiftPerFileCompile FromJSON.swift
SwiftCompile normal arm64_32 Compiling\ MapError.swift,\ Mappable.swift /Users/admin/builder/spi-builder-workspace/.dependencies/checkouts/ObjectMapper/Sources/MapError.swift /Users/admin/builder/spi-builder-workspace/.dependencies/checkouts/ObjectMapper/Sources/Mappable.swift (in target 'ObjectMapper' from project 'ObjectMapper')
SwiftCompile normal arm64_32 /Users/admin/builder/spi-builder-workspace/.dependencies/checkouts/ObjectMapper/Sources/MapError.swift (in target 'ObjectMapper' from project 'ObjectMapper')
cd /Users/admin/builder/spi-builder-workspace/.swiftpm/xcode
builtin-SwiftPerFileCompile MapError.swift
SwiftCompile normal arm64_32 /Users/admin/builder/spi-builder-workspace/.dependencies/checkouts/ObjectMapper/Sources/Mappable.swift (in target 'ObjectMapper' from project 'ObjectMapper')
cd /Users/admin/builder/spi-builder-workspace/.swiftpm/xcode
builtin-SwiftPerFileCompile Mappable.swift
SwiftCompile normal arm64_32 Compiling\ TransformType.swift,\ URLTransform.swift /Users/admin/builder/spi-builder-workspace/.dependencies/checkouts/ObjectMapper/Sources/TransformType.swift /Users/admin/builder/spi-builder-workspace/.dependencies/checkouts/ObjectMapper/Sources/URLTransform.swift (in target 'ObjectMapper' from project 'ObjectMapper')
SwiftCompile normal arm64_32 /Users/admin/builder/spi-builder-workspace/.dependencies/checkouts/ObjectMapper/Sources/TransformType.swift (in target 'ObjectMapper' from project 'ObjectMapper')
cd /Users/admin/builder/spi-builder-workspace/.swiftpm/xcode
builtin-SwiftPerFileCompile TransformType.swift
SwiftCompile normal arm64_32 /Users/admin/builder/spi-builder-workspace/.dependencies/checkouts/ObjectMapper/Sources/URLTransform.swift (in target 'ObjectMapper' from project 'ObjectMapper')
cd /Users/admin/builder/spi-builder-workspace/.swiftpm/xcode
builtin-SwiftPerFileCompile URLTransform.swift
SwiftCompile normal arm64_32 Compiling\ Mapper.swift,\ NSDecimalNumberTransform.swift /Users/admin/builder/spi-builder-workspace/.dependencies/checkouts/ObjectMapper/Sources/Mapper.swift /Users/admin/builder/spi-builder-workspace/.dependencies/checkouts/ObjectMapper/Sources/NSDecimalNumberTransform.swift (in target 'ObjectMapper' from project 'ObjectMapper')
SwiftCompile normal arm64_32 /Users/admin/builder/spi-builder-workspace/.dependencies/checkouts/ObjectMapper/Sources/Mapper.swift (in target 'ObjectMapper' from project 'ObjectMapper')
cd /Users/admin/builder/spi-builder-workspace/.swiftpm/xcode
builtin-SwiftPerFileCompile Mapper.swift
SwiftCompile normal arm64_32 /Users/admin/builder/spi-builder-workspace/.dependencies/checkouts/ObjectMapper/Sources/NSDecimalNumberTransform.swift (in target 'ObjectMapper' from project 'ObjectMapper')
cd /Users/admin/builder/spi-builder-workspace/.swiftpm/xcode
builtin-SwiftPerFileCompile NSDecimalNumberTransform.swift
SwiftDriverJobDiscovery normal arm64_32 Compiling CodableTransform.swift, CustomDateFormatTransform.swift, DataTransform.swift (in target 'ObjectMapper' from project 'ObjectMapper')
SwiftDriverJobDiscovery normal arm64 Compiling MapError.swift, Mappable.swift (in target 'ObjectMapper' from project 'ObjectMapper')
SwiftDriverJobDiscovery normal arm64 Compiling CodableTransform.swift, CustomDateFormatTransform.swift, DataTransform.swift (in target 'ObjectMapper' from project 'ObjectMapper')
SwiftDriverJobDiscovery normal arm64 Compiling DateFormatterTransform.swift, DateTransform.swift, DictionaryTransform.swift (in target 'ObjectMapper' from project 'ObjectMapper')
SwiftDriverJobDiscovery normal arm64 Compiling EnumOperators.swift, EnumTransform.swift, FromJSON.swift (in target 'ObjectMapper' from project 'ObjectMapper')
SwiftCompile normal arm64 Compiling\ Mapper.swift,\ NSDecimalNumberTransform.swift /Users/admin/builder/spi-builder-workspace/.dependencies/checkouts/ObjectMapper/Sources/Mapper.swift /Users/admin/builder/spi-builder-workspace/.dependencies/checkouts/ObjectMapper/Sources/NSDecimalNumberTransform.swift (in target 'ObjectMapper' from project 'ObjectMapper')
SwiftCompile normal arm64 /Users/admin/builder/spi-builder-workspace/.dependencies/checkouts/ObjectMapper/Sources/Mapper.swift (in target 'ObjectMapper' from project 'ObjectMapper')
cd /Users/admin/builder/spi-builder-workspace/.swiftpm/xcode
builtin-SwiftPerFileCompile Mapper.swift
SwiftCompile normal arm64 /Users/admin/builder/spi-builder-workspace/.dependencies/checkouts/ObjectMapper/Sources/NSDecimalNumberTransform.swift (in target 'ObjectMapper' from project 'ObjectMapper')
cd /Users/admin/builder/spi-builder-workspace/.swiftpm/xcode
builtin-SwiftPerFileCompile NSDecimalNumberTransform.swift
SwiftDriverJobDiscovery normal arm64 Compiling TransformType.swift, URLTransform.swift (in target 'ObjectMapper' from project 'ObjectMapper')
SwiftCompile normal arm64 Compiling\ Provider.swift /Users/admin/builder/spi-builder-workspace/.dependencies/checkouts/dependency-injector/Sources/DependencyInjector/Provider.swift (in target 'DependencyInjector' from project 'DependencyInjector')
SwiftCompile normal arm64 /Users/admin/builder/spi-builder-workspace/.dependencies/checkouts/dependency-injector/Sources/DependencyInjector/Provider.swift (in target 'DependencyInjector' from project 'DependencyInjector')
cd /Users/admin/builder/spi-builder-workspace/.swiftpm/xcode
builtin-SwiftPerFileCompile Provider.swift
SwiftCompile normal arm64 Compiling\ Injector.swift /Users/admin/builder/spi-builder-workspace/.dependencies/checkouts/dependency-injector/Sources/DependencyInjector/Injector.swift (in target 'DependencyInjector' from project 'DependencyInjector')
SwiftCompile normal arm64 /Users/admin/builder/spi-builder-workspace/.dependencies/checkouts/dependency-injector/Sources/DependencyInjector/Injector.swift (in target 'DependencyInjector' from project 'DependencyInjector')
cd /Users/admin/builder/spi-builder-workspace/.swiftpm/xcode
builtin-SwiftPerFileCompile Injector.swift
SwiftDriverJobDiscovery normal arm64_32 Compiling TransformType.swift, URLTransform.swift (in target 'ObjectMapper' from project 'ObjectMapper')
SwiftDriverJobDiscovery normal arm64_32 Compiling EnumOperators.swift, EnumTransform.swift, FromJSON.swift (in target 'ObjectMapper' from project 'ObjectMapper')
SwiftCompile normal arm64_32 Compiling\ Injectable.swift /Users/admin/builder/spi-builder-workspace/.dependencies/checkouts/dependency-injector/Sources/DependencyInjector/Injectable.swift (in target 'DependencyInjector' from project 'DependencyInjector')
SwiftCompile normal arm64_32 /Users/admin/builder/spi-builder-workspace/.dependencies/checkouts/dependency-injector/Sources/DependencyInjector/Injectable.swift (in target 'DependencyInjector' from project 'DependencyInjector')
cd /Users/admin/builder/spi-builder-workspace/.swiftpm/xcode
builtin-SwiftPerFileCompile Injectable.swift
SwiftDriverJobDiscovery normal arm64_32 Compiling MapError.swift, Mappable.swift (in target 'ObjectMapper' from project 'ObjectMapper')
SwiftCompile normal arm64_32 Compiling\ Binder.swift /Users/admin/builder/spi-builder-workspace/.dependencies/checkouts/dependency-injector/Sources/DependencyInjector/Binder.swift (in target 'DependencyInjector' from project 'DependencyInjector')
SwiftCompile normal arm64_32 /Users/admin/builder/spi-builder-workspace/.dependencies/checkouts/dependency-injector/Sources/DependencyInjector/Binder.swift (in target 'DependencyInjector' from project 'DependencyInjector')
cd /Users/admin/builder/spi-builder-workspace/.swiftpm/xcode
builtin-SwiftPerFileCompile Binder.swift
SwiftDriverJobDiscovery normal arm64 Compiling Provider.swift (in target 'DependencyInjector' from project 'DependencyInjector')
SwiftCompile normal arm64 Compiling\ Module.swift /Users/admin/builder/spi-builder-workspace/.dependencies/checkouts/dependency-injector/Sources/DependencyInjector/Module.swift (in target 'DependencyInjector' from project 'DependencyInjector')
SwiftCompile normal arm64 /Users/admin/builder/spi-builder-workspace/.dependencies/checkouts/dependency-injector/Sources/DependencyInjector/Module.swift (in target 'DependencyInjector' from project 'DependencyInjector')
cd /Users/admin/builder/spi-builder-workspace/.swiftpm/xcode
builtin-SwiftPerFileCompile Module.swift
SwiftDriverJobDiscovery normal arm64_32 Compiling Injectable.swift (in target 'DependencyInjector' from project 'DependencyInjector')
SwiftCompile normal arm64 Compiling\ Binder.swift /Users/admin/builder/spi-builder-workspace/.dependencies/checkouts/dependency-injector/Sources/DependencyInjector/Binder.swift (in target 'DependencyInjector' from project 'DependencyInjector')
SwiftCompile normal arm64 /Users/admin/builder/spi-builder-workspace/.dependencies/checkouts/dependency-injector/Sources/DependencyInjector/Binder.swift (in target 'DependencyInjector' from project 'DependencyInjector')
cd /Users/admin/builder/spi-builder-workspace/.swiftpm/xcode
builtin-SwiftPerFileCompile Binder.swift
SwiftDriverJobDiscovery normal arm64 Compiling Injector.swift (in target 'DependencyInjector' from project 'DependencyInjector')
SwiftCompile normal arm64_32 Compiling\ Provider.swift /Users/admin/builder/spi-builder-workspace/.dependencies/checkouts/dependency-injector/Sources/DependencyInjector/Provider.swift (in target 'DependencyInjector' from project 'DependencyInjector')
SwiftCompile normal arm64_32 /Users/admin/builder/spi-builder-workspace/.dependencies/checkouts/dependency-injector/Sources/DependencyInjector/Provider.swift (in target 'DependencyInjector' from project 'DependencyInjector')
cd /Users/admin/builder/spi-builder-workspace/.swiftpm/xcode
builtin-SwiftPerFileCompile Provider.swift
SwiftCompile normal arm64 Compiling\ Injectable.swift /Users/admin/builder/spi-builder-workspace/.dependencies/checkouts/dependency-injector/Sources/DependencyInjector/Injectable.swift (in target 'DependencyInjector' from project 'DependencyInjector')
SwiftCompile normal arm64 /Users/admin/builder/spi-builder-workspace/.dependencies/checkouts/dependency-injector/Sources/DependencyInjector/Injectable.swift (in target 'DependencyInjector' from project 'DependencyInjector')
cd /Users/admin/builder/spi-builder-workspace/.swiftpm/xcode
builtin-SwiftPerFileCompile Injectable.swift
SwiftDriverJobDiscovery normal arm64_32 Compiling Operators.swift, ToJSON.swift (in target 'ObjectMapper' from project 'ObjectMapper')
SwiftCompile normal arm64_32 Compiling\ Injector.swift /Users/admin/builder/spi-builder-workspace/.dependencies/checkouts/dependency-injector/Sources/DependencyInjector/Injector.swift (in target 'DependencyInjector' from project 'DependencyInjector')
SwiftCompile normal arm64_32 /Users/admin/builder/spi-builder-workspace/.dependencies/checkouts/dependency-injector/Sources/DependencyInjector/Injector.swift (in target 'DependencyInjector' from project 'DependencyInjector')
cd /Users/admin/builder/spi-builder-workspace/.swiftpm/xcode
builtin-SwiftPerFileCompile Injector.swift
SwiftDriverJobDiscovery normal arm64_32 Compiling Binder.swift (in target 'DependencyInjector' from project 'DependencyInjector')
SwiftCompile normal arm64_32 Compiling\ Module.swift /Users/admin/builder/spi-builder-workspace/.dependencies/checkouts/dependency-injector/Sources/DependencyInjector/Module.swift (in target 'DependencyInjector' from project 'DependencyInjector')
SwiftCompile normal arm64_32 /Users/admin/builder/spi-builder-workspace/.dependencies/checkouts/dependency-injector/Sources/DependencyInjector/Module.swift (in target 'DependencyInjector' from project 'DependencyInjector')
cd /Users/admin/builder/spi-builder-workspace/.swiftpm/xcode
builtin-SwiftPerFileCompile Module.swift
SwiftDriverJobDiscovery normal arm64 Compiling Module.swift (in target 'DependencyInjector' from project 'DependencyInjector')
SwiftDriverJobDiscovery normal arm64 Compiling Injectable.swift (in target 'DependencyInjector' from project 'DependencyInjector')
SwiftDriverJobDiscovery normal arm64_32 Compiling Mapper.swift, NSDecimalNumberTransform.swift (in target 'ObjectMapper' from project 'ObjectMapper')
SwiftDriverJobDiscovery normal arm64 Compiling Mapper.swift, NSDecimalNumberTransform.swift (in target 'ObjectMapper' from project 'ObjectMapper')
SwiftDriver DependencyInjectorObjectMapper normal arm64 com.apple.xcode.tools.swift.compiler (in target 'DependencyInjectorObjectMapper' from project 'DependencyInjectorObjectMapper')
cd /Users/admin/builder/spi-builder-workspace/.swiftpm/xcode
builtin-SwiftDriver -- /Applications/Xcode-27.0.0-Release.Candidate.app/Contents/Developer/Toolchains/XcodeDefault.xctoolchain/usr/bin/swiftc -parse-as-library -module-name DependencyInjectorObjectMapper -Onone @/Users/admin/builder/spi-builder-workspace/.derivedData/Build/Intermediates.noindex/DependencyInjectorObjectMapper.build/Debug-watchos/DependencyInjectorObjectMapper-t.build/Objects-normal/arm64/DependencyInjectorObjectMapper.SwiftFileList -DSWIFT_PACKAGE -DDEBUG -DSWIFT_MODULE_RESOURCE_BUNDLE_UNAVAILABLE -DXcode -plugin-path /Applications/Xcode-27.0.0-Release.Candidate.app/Contents/Developer/Toolchains/XcodeDefault.xctoolchain/usr/lib/swift/host/plugins/testing -enable-experimental-feature DebugDescriptionMacro -sdk /Applications/Xcode-27.0.0-Release.Candidate.app/Contents/Developer/Platforms/WatchOS.platform/Developer/SDKs/WatchOS27.0.sdk -target arm64-apple-watchos9.0 -g -module-cache-path /Users/admin/builder/spi-builder-workspace/.derivedData/ModuleCache.noindex -Xfrontend -serialize-debugging-options -profile-coverage-mapping -profile-generate -enable-testing -index-store-path /Users/admin/builder/spi-builder-workspace/.derivedData/Index.noindex/DataStore -Xcc -D_LIBCPP_HARDENING_MODE\=_LIBCPP_HARDENING_MODE_DEBUG -swift-version 4 -I /Users/admin/builder/spi-builder-workspace/.derivedData/Build/Products/Debug-watchos -Isystem /Applications/Xcode-27.0.0-Release.Candidate.app/Contents/Developer/Platforms/WatchOS.platform/Developer/usr/lib -F /Users/admin/builder/spi-builder-workspace/.derivedData/Build/Products/Debug-watchos/PackageFrameworks -F /Users/admin/builder/spi-builder-workspace/.derivedData/Build/Products/Debug-watchos -F /Applications/Xcode-27.0.0-Release.Candidate.app/Contents/Developer/Platforms/WatchOS.platform/Developer/Library/Frameworks -F /Applications/Xcode-27.0.0-Release.Candidate.app/Contents/Developer/Platforms/WatchOS.platform/Developer/SDKs/WatchOS27.0.sdk/Developer/Library/Frameworks -c -j10 -enable-batch-mode -incremental -Xcc -ivfsstatcache -Xcc /Users/admin/builder/spi-builder-workspace/.derivedData/SDKStatCaches.noindex/watchos27.0-24R360-e829b21a6f8c9b70876ba0858053c04477534ef55a1706bf4c1112bbb242f0a2.sdkstatcache -output-file-map /Users/admin/builder/spi-builder-workspace/.derivedData/Build/Intermediates.noindex/DependencyInjectorObjectMapper.build/Debug-watchos/DependencyInjectorObjectMapper-t.build/Objects-normal/arm64/DependencyInjectorObjectMapper-OutputFileMap.json -save-temps -no-color-diagnostics -emit-dependencies -emit-module -emit-module-path /Users/admin/builder/spi-builder-workspace/.derivedData/Build/Intermediates.noindex/DependencyInjectorObjectMapper.build/Debug-watchos/DependencyInjectorObjectMapper-t.build/Objects-normal/arm64/DependencyInjectorObjectMapper.swiftmodule -serialize-diagnostics -validate-clang-modules-once -clang-build-session-file /Users/admin/builder/spi-builder-workspace/.derivedData/ModuleCache.noindex/Session.modulevalidation -Xcc -fmodules-prune-interval\=86400 -Xcc -fmodules-prune-after\=345600 -emit-const-values -const-gather-protocols-list /Users/admin/builder/spi-builder-workspace/.derivedData/Build/Intermediates.noindex/DependencyInjectorObjectMapper.build/Debug-watchos/DependencyInjectorObjectMapper-t.build/Objects-normal/arm64/DependencyInjectorObjectMapper_const_extract_protocols.json -Xcc -I/Users/admin/builder/spi-builder-workspace/.derivedData/Build/Products/Debug-watchos/include -Xcc -I/Users/admin/builder/spi-builder-workspace/.derivedData/Build/Intermediates.noindex/DependencyInjectorObjectMapper.build/Debug-watchos/DependencyInjectorObjectMapper-t.build/DerivedSources-normal/arm64 -Xcc -I/Users/admin/builder/spi-builder-workspace/.derivedData/Build/Intermediates.noindex/DependencyInjectorObjectMapper.build/Debug-watchos/DependencyInjectorObjectMapper-t.build/DerivedSources/arm64 -Xcc -I/Users/admin/builder/spi-builder-workspace/.derivedData/Build/Intermediates.noindex/DependencyInjectorObjectMapper.build/Debug-watchos/DependencyInjectorObjectMapper-t.build/DerivedSources -Xcc -DSWIFT_PACKAGE -Xcc -DDEBUG\=1 -emit-objc-header -emit-objc-header-path /Users/admin/builder/spi-builder-workspace/.derivedData/Build/Intermediates.noindex/DependencyInjectorObjectMapper.build/Debug-watchos/DependencyInjectorObjectMapper-t.build/Objects-normal/arm64/DependencyInjectorObjectMapper-Swift.h -working-directory /Users/admin/builder/spi-builder-workspace/.swiftpm/xcode -experimental-emit-module-separately -disable-cmo
SwiftDriver DependencyInjectorObjectMapper normal arm64_32 com.apple.xcode.tools.swift.compiler (in target 'DependencyInjectorObjectMapper' from project 'DependencyInjectorObjectMapper')
cd /Users/admin/builder/spi-builder-workspace/.swiftpm/xcode
builtin-SwiftDriver -- /Applications/Xcode-27.0.0-Release.Candidate.app/Contents/Developer/Toolchains/XcodeDefault.xctoolchain/usr/bin/swiftc -parse-as-library -module-name DependencyInjectorObjectMapper -Onone @/Users/admin/builder/spi-builder-workspace/.derivedData/Build/Intermediates.noindex/DependencyInjectorObjectMapper.build/Debug-watchos/DependencyInjectorObjectMapper-t.build/Objects-normal/arm64_32/DependencyInjectorObjectMapper.SwiftFileList -DSWIFT_PACKAGE -DDEBUG -DSWIFT_MODULE_RESOURCE_BUNDLE_UNAVAILABLE -DXcode -plugin-path /Applications/Xcode-27.0.0-Release.Candidate.app/Contents/Developer/Toolchains/XcodeDefault.xctoolchain/usr/lib/swift/host/plugins/testing -enable-experimental-feature DebugDescriptionMacro -sdk /Applications/Xcode-27.0.0-Release.Candidate.app/Contents/Developer/Platforms/WatchOS.platform/Developer/SDKs/WatchOS27.0.sdk -target arm64_32-apple-watchos9.0 -g -module-cache-path /Users/admin/builder/spi-builder-workspace/.derivedData/ModuleCache.noindex -Xfrontend -serialize-debugging-options -profile-coverage-mapping -profile-generate -enable-testing -index-store-path /Users/admin/builder/spi-builder-workspace/.derivedData/Index.noindex/DataStore -Xcc -D_LIBCPP_HARDENING_MODE\=_LIBCPP_HARDENING_MODE_DEBUG -swift-version 4 -I /Users/admin/builder/spi-builder-workspace/.derivedData/Build/Products/Debug-watchos -Isystem /Applications/Xcode-27.0.0-Release.Candidate.app/Contents/Developer/Platforms/WatchOS.platform/Developer/usr/lib -F /Users/admin/builder/spi-builder-workspace/.derivedData/Build/Products/Debug-watchos/PackageFrameworks -F /Users/admin/builder/spi-builder-workspace/.derivedData/Build/Products/Debug-watchos -F /Applications/Xcode-27.0.0-Release.Candidate.app/Contents/Developer/Platforms/WatchOS.platform/Developer/Library/Frameworks -F /Applications/Xcode-27.0.0-Release.Candidate.app/Contents/Developer/Platforms/WatchOS.platform/Developer/SDKs/WatchOS27.0.sdk/Developer/Library/Frameworks -c -j10 -enable-batch-mode -incremental -Xcc -ivfsstatcache -Xcc /Users/admin/builder/spi-builder-workspace/.derivedData/SDKStatCaches.noindex/watchos27.0-24R360-e829b21a6f8c9b70876ba0858053c04477534ef55a1706bf4c1112bbb242f0a2.sdkstatcache -output-file-map /Users/admin/builder/spi-builder-workspace/.derivedData/Build/Intermediates.noindex/DependencyInjectorObjectMapper.build/Debug-watchos/DependencyInjectorObjectMapper-t.build/Objects-normal/arm64_32/DependencyInjectorObjectMapper-OutputFileMap.json -save-temps -no-color-diagnostics -emit-dependencies -emit-module -emit-module-path /Users/admin/builder/spi-builder-workspace/.derivedData/Build/Intermediates.noindex/DependencyInjectorObjectMapper.build/Debug-watchos/DependencyInjectorObjectMapper-t.build/Objects-normal/arm64_32/DependencyInjectorObjectMapper.swiftmodule -serialize-diagnostics -validate-clang-modules-once -clang-build-session-file /Users/admin/builder/spi-builder-workspace/.derivedData/ModuleCache.noindex/Session.modulevalidation -Xcc -fmodules-prune-interval\=86400 -Xcc -fmodules-prune-after\=345600 -emit-const-values -const-gather-protocols-list /Users/admin/builder/spi-builder-workspace/.derivedData/Build/Intermediates.noindex/DependencyInjectorObjectMapper.build/Debug-watchos/DependencyInjectorObjectMapper-t.build/Objects-normal/arm64_32/DependencyInjectorObjectMapper_const_extract_protocols.json -Xcc -I/Users/admin/builder/spi-builder-workspace/.derivedData/Build/Products/Debug-watchos/include -Xcc -I/Users/admin/builder/spi-builder-workspace/.derivedData/Build/Intermediates.noindex/DependencyInjectorObjectMapper.build/Debug-watchos/DependencyInjectorObjectMapper-t.build/DerivedSources-normal/arm64_32 -Xcc -I/Users/admin/builder/spi-builder-workspace/.derivedData/Build/Intermediates.noindex/DependencyInjectorObjectMapper.build/Debug-watchos/DependencyInjectorObjectMapper-t.build/DerivedSources/arm64_32 -Xcc -I/Users/admin/builder/spi-builder-workspace/.derivedData/Build/Intermediates.noindex/DependencyInjectorObjectMapper.build/Debug-watchos/DependencyInjectorObjectMapper-t.build/DerivedSources -Xcc -DSWIFT_PACKAGE -Xcc -DDEBUG\=1 -emit-objc-header -emit-objc-header-path /Users/admin/builder/spi-builder-workspace/.derivedData/Build/Intermediates.noindex/DependencyInjectorObjectMapper.build/Debug-watchos/DependencyInjectorObjectMapper-t.build/Objects-normal/arm64_32/DependencyInjectorObjectMapper-Swift.h -working-directory /Users/admin/builder/spi-builder-workspace/.swiftpm/xcode -experimental-emit-module-separately -disable-cmo
SwiftDriverJobDiscovery normal arm64_32 Compiling TransformOf.swift, TransformOperators.swift (in target 'ObjectMapper' from project 'ObjectMapper')
SwiftDriverJobDiscovery normal arm64 Compiling Binder.swift (in target 'DependencyInjector' from project 'DependencyInjector')
SwiftDriverJobDiscovery normal arm64_32 Compiling Provider.swift (in target 'DependencyInjector' from project 'DependencyInjector')
SwiftDriver\ Compilation DependencyInjector normal arm64 com.apple.xcode.tools.swift.compiler (in target 'DependencyInjector' from project 'DependencyInjector')
cd /Users/admin/builder/spi-builder-workspace/.swiftpm/xcode
builtin-Swift-Compilation -- /Applications/Xcode-27.0.0-Release.Candidate.app/Contents/Developer/Toolchains/XcodeDefault.xctoolchain/usr/bin/swiftc -parse-as-library -module-name DependencyInjector -Onone @/Users/admin/builder/spi-builder-workspace/.derivedData/Build/Intermediates.noindex/DependencyInjector.build/Debug-watchos/DependencyInjector-t.build/Objects-normal/arm64/DependencyInjector.SwiftFileList -DSWIFT_PACKAGE -DDEBUG -DSWIFT_MODULE_RESOURCE_BUNDLE_UNAVAILABLE -DXcode -plugin-path /Applications/Xcode-27.0.0-Release.Candidate.app/Contents/Developer/Toolchains/XcodeDefault.xctoolchain/usr/lib/swift/host/plugins/testing -enable-experimental-feature DebugDescriptionMacro -sdk /Applications/Xcode-27.0.0-Release.Candidate.app/Contents/Developer/Platforms/WatchOS.platform/Developer/SDKs/WatchOS27.0.sdk -target arm64-apple-watchos9.0 -g -module-cache-path /Users/admin/builder/spi-builder-workspace/.derivedData/ModuleCache.noindex -Xfrontend -serialize-debugging-options -profile-coverage-mapping -profile-generate -enable-testing -suppress-warnings -index-store-path /Users/admin/builder/spi-builder-workspace/.derivedData/Index.noindex/DataStore -Xcc -D_LIBCPP_HARDENING_MODE\=_LIBCPP_HARDENING_MODE_DEBUG -swift-version 5 -I /Users/admin/builder/spi-builder-workspace/.derivedData/Build/Products/Debug-watchos -Isystem /Applications/Xcode-27.0.0-Release.Candidate.app/Contents/Developer/Platforms/WatchOS.platform/Developer/usr/lib -F /Users/admin/builder/spi-builder-workspace/.derivedData/Build/Products/Debug-watchos -F /Applications/Xcode-27.0.0-Release.Candidate.app/Contents/Developer/Platforms/WatchOS.platform/Developer/Library/Frameworks -F /Applications/Xcode-27.0.0-Release.Candidate.app/Contents/Developer/Platforms/WatchOS.platform/Developer/SDKs/WatchOS27.0.sdk/Developer/Library/Frameworks -c -j10 -enable-batch-mode -incremental -Xcc -ivfsstatcache -Xcc /Users/admin/builder/spi-builder-workspace/.derivedData/SDKStatCaches.noindex/watchos27.0-24R360-e829b21a6f8c9b70876ba0858053c04477534ef55a1706bf4c1112bbb242f0a2.sdkstatcache -output-file-map /Users/admin/builder/spi-builder-workspace/.derivedData/Build/Intermediates.noindex/DependencyInjector.build/Debug-watchos/DependencyInjector-t.build/Objects-normal/arm64/DependencyInjector-OutputFileMap.json -save-temps -no-color-diagnostics -explicit-module-build -module-cache-path /Users/admin/builder/spi-builder-workspace/.derivedData/Build/Intermediates.noindex/SwiftExplicitPrecompiledModules -clang-scanner-module-cache-path /Users/admin/builder/spi-builder-workspace/.derivedData/ModuleCache.noindex -sdk-module-cache-path /Users/admin/builder/spi-builder-workspace/.derivedData/SDKExplicitPrecompiledModules -emit-dependencies -emit-module -emit-module-path /Users/admin/builder/spi-builder-workspace/.derivedData/Build/Intermediates.noindex/DependencyInjector.build/Debug-watchos/DependencyInjector-t.build/Objects-normal/arm64/DependencyInjector.swiftmodule -serialize-diagnostics -dependency-scan-serialize-diagnostics-path /Users/admin/builder/spi-builder-workspace/.derivedData/Build/Intermediates.noindex/DependencyInjector.build/Debug-watchos/DependencyInjector-t.build/Objects-normal/arm64/DependencyInjector-dependency-scan.dia -validate-clang-modules-once -clang-build-session-file /Users/admin/builder/spi-builder-workspace/.derivedData/ModuleCache.noindex/Session.modulevalidation -Xcc -fmodules-prune-interval\=86400 -Xcc -fmodules-prune-after\=345600 -emit-const-values -const-gather-protocols-list /Users/admin/builder/spi-builder-workspace/.derivedData/Build/Intermediates.noindex/DependencyInjector.build/Debug-watchos/DependencyInjector-t.build/Objects-normal/arm64/DependencyInjector_const_extract_protocols.json -Xcc -I/Users/admin/builder/spi-builder-workspace/.derivedData/Build/Products/Debug-watchos/include -Xcc -I/Users/admin/builder/spi-builder-workspace/.derivedData/Build/Intermediates.noindex/DependencyInjector.build/Debug-watchos/DependencyInjector-t.build/DerivedSources-normal/arm64 -Xcc -I/Users/admin/builder/spi-builder-workspace/.derivedData/Build/Intermediates.noindex/DependencyInjector.build/Debug-watchos/DependencyInjector-t.build/DerivedSources/arm64 -Xcc -I/Users/admin/builder/spi-builder-workspace/.derivedData/Build/Intermediates.noindex/DependencyInjector.build/Debug-watchos/DependencyInjector-t.build/DerivedSources -Xcc -DSWIFT_PACKAGE -Xcc -DDEBUG\=1 -emit-objc-header -emit-objc-header-path /Users/admin/builder/spi-builder-workspace/.derivedData/Build/Intermediates.noindex/DependencyInjector.build/Debug-watchos/DependencyInjector-t.build/Objects-normal/arm64/DependencyInjector-Swift.h -working-directory /Users/admin/builder/spi-builder-workspace/.swiftpm/xcode -experimental-emit-module-separately -disable-cmo
Ld /Users/admin/builder/spi-builder-workspace/.derivedData/Build/Intermediates.noindex/DependencyInjector.build/Debug-watchos/DependencyInjector-t.build/Objects-normal/arm64/Binary/DependencyInjector.o normal arm64 (in target 'DependencyInjector' from project 'DependencyInjector')
cd /Users/admin/builder/spi-builder-workspace/.dependencies/checkouts/dependency-injector
/Applications/Xcode-27.0.0-Release.Candidate.app/Contents/Developer/Toolchains/XcodeDefault.xctoolchain/usr/bin/clang -Xlinker -reproducible -target arm64-apple-watchos9.0 -r -isysroot /Applications/Xcode-27.0.0-Release.Candidate.app/Contents/Developer/Platforms/WatchOS.platform/Developer/SDKs/WatchOS27.0.sdk -O0 -w -Xlinker -no_warn_duplicate_libraries -F/Users/admin/builder/spi-builder-workspace/.derivedData/Build/Intermediates.noindex/EagerLinkingTBDs/Debug-watchos -F/Users/admin/builder/spi-builder-workspace/.derivedData/Build/Products/Debug-watchos -iframework /Applications/Xcode-27.0.0-Release.Candidate.app/Contents/Developer/Platforms/WatchOS.platform/Developer/Library/Frameworks -iframework /Applications/Xcode-27.0.0-Release.Candidate.app/Contents/Developer/Platforms/WatchOS.platform/Developer/SDKs/WatchOS27.0.sdk/Developer/Library/Frameworks -filelist /Users/admin/builder/spi-builder-workspace/.derivedData/Build/Intermediates.noindex/DependencyInjector.build/Debug-watchos/DependencyInjector-t.build/Objects-normal/arm64/DependencyInjector.LinkFileList -nostdlib -Xlinker -object_path_lto -Xlinker /Users/admin/builder/spi-builder-workspace/.derivedData/Build/Intermediates.noindex/DependencyInjector.build/Debug-watchos/DependencyInjector-t.build/Objects-normal/arm64/DependencyInjector_lto.o -Xlinker -no_deduplicate -Xlinker -debug_variant -Xlinker -dependency_info -Xlinker /Users/admin/builder/spi-builder-workspace/.derivedData/Build/Intermediates.noindex/DependencyInjector.build/Debug-watchos/DependencyInjector-t.build/Objects-normal/arm64/DependencyInjector_dependency_info.dat -fobjc-link-runtime -L/Applications/Xcode-27.0.0-Release.Candidate.app/Contents/Developer/Toolchains/XcodeDefault.xctoolchain/usr/lib/swift/watchos -L/usr/lib/swift -Xlinker -add_ast_path -Xlinker /Users/admin/builder/spi-builder-workspace/.derivedData/Build/Intermediates.noindex/DependencyInjector.build/Debug-watchos/DependencyInjector-t.build/Objects-normal/arm64/DependencyInjector.swiftmodule -o /Users/admin/builder/spi-builder-workspace/.derivedData/Build/Intermediates.noindex/DependencyInjector.build/Debug-watchos/DependencyInjector-t.build/Objects-normal/arm64/Binary/DependencyInjector.o
SwiftCompile normal arm64 Compiling\ Map+DependencyInjector.swift /Users/admin/builder/spi-builder-workspace/Sources/DependencyInjectorObjectMapper/Map+DependencyInjector.swift (in target 'DependencyInjectorObjectMapper' from project 'DependencyInjectorObjectMapper')
SwiftCompile normal arm64 /Users/admin/builder/spi-builder-workspace/Sources/DependencyInjectorObjectMapper/Map+DependencyInjector.swift (in target 'DependencyInjectorObjectMapper' from project 'DependencyInjectorObjectMapper')
cd /Users/admin/builder/spi-builder-workspace/.swiftpm/xcode
builtin-SwiftPerFileCompile Map+DependencyInjector.swift
SwiftEmitModule normal arm64 Emitting\ module\ for\ DependencyInjectorObjectMapper (in target 'DependencyInjectorObjectMapper' from project 'DependencyInjectorObjectMapper')
SwiftCompile normal arm64 (in target 'DependencyInjectorObjectMapper' from project 'DependencyInjectorObjectMapper')
cd /Users/admin/builder/spi-builder-workspace/.swiftpm/xcode
SwiftCompile normal arm64 Compiling\ Binder+ObjectMapper.swift /Users/admin/builder/spi-builder-workspace/Sources/DependencyInjectorObjectMapper/Binder+ObjectMapper.swift (in target 'DependencyInjectorObjectMapper' from project 'DependencyInjectorObjectMapper')
SwiftCompile normal arm64 /Users/admin/builder/spi-builder-workspace/Sources/DependencyInjectorObjectMapper/Binder+ObjectMapper.swift (in target 'DependencyInjectorObjectMapper' from project 'DependencyInjectorObjectMapper')
cd /Users/admin/builder/spi-builder-workspace/.swiftpm/xcode
builtin-SwiftPerFileCompile Binder+ObjectMapper.swift
SwiftCompile normal arm64 Compiling\ Provider+ObjectMapper.swift /Users/admin/builder/spi-builder-workspace/Sources/DependencyInjectorObjectMapper/Provider+ObjectMapper.swift (in target 'DependencyInjectorObjectMapper' from project 'DependencyInjectorObjectMapper')
/Users/admin/builder/spi-builder-workspace/Sources/DependencyInjectorObjectMapper/Provider+ObjectMapper.swift:16:31: error: value of type 'any BaseMappable.Type' has no member 'init'
14 | convenience init(type: BaseMappable.Type) {
15 | self.init { (_, arguments) -> T? in
16 | if let res = type.init(JSON: arguments ?? [:]) as? T {
| `- error: value of type 'any BaseMappable.Type' has no member 'init'
17 | return res
18 | }
Failed frontend command:
/Applications/Xcode-27.0.0-Release.Candidate.app/Contents/Developer/Toolchains/XcodeDefault.xctoolchain/usr/bin/swift-frontend -frontend -c /Users/admin/builder/spi-builder-workspace/Sources/DependencyInjectorObjectMapper/Binder+ObjectMapper.swift /Users/admin/builder/spi-builder-workspace/Sources/DependencyInjectorObjectMapper/InjectorTransformer.swift /Users/admin/builder/spi-builder-workspace/Sources/DependencyInjectorObjectMapper/Map+DependencyInjector.swift -primary-file /Users/admin/builder/spi-builder-workspace/Sources/DependencyInjectorObjectMapper/Provider+ObjectMapper.swift -emit-dependencies-path /Users/admin/builder/spi-builder-workspace/.derivedData/Build/Intermediates.noindex/DependencyInjectorObjectMapper.build/Debug-watchos/DependencyInjectorObjectMapper-t.build/Objects-normal/arm64/Provider+ObjectMapper.d -emit-const-values-path /Users/admin/builder/spi-builder-workspace/.derivedData/Build/Intermediates.noindex/DependencyInjectorObjectMapper.build/Debug-watchos/DependencyInjectorObjectMapper-t.build/Objects-normal/arm64/Provider+ObjectMapper.swiftconstvalues -emit-reference-dependencies-path /Users/admin/builder/spi-builder-workspace/.derivedData/Build/Intermediates.noindex/DependencyInjectorObjectMapper.build/Debug-watchos/DependencyInjectorObjectMapper-t.build/Objects-normal/arm64/Provider+ObjectMapper.swiftdeps -serialize-diagnostics-path /Users/admin/builder/spi-builder-workspace/.derivedData/Build/Intermediates.noindex/DependencyInjectorObjectMapper.build/Debug-watchos/DependencyInjectorObjectMapper-t.build/Objects-normal/arm64/Provider+ObjectMapper.dia -target arm64-apple-watchos9.0 -Xllvm -aarch64-use-tbi -enable-objc-interop -stack-check -sdk /Applications/Xcode-27.0.0-Release.Candidate.app/Contents/Developer/Platforms/WatchOS.platform/Developer/SDKs/WatchOS27.0.sdk -I /Users/admin/builder/spi-builder-workspace/.derivedData/Build/Products/Debug-watchos -Isystem /Applications/Xcode-27.0.0-Release.Candidate.app/Contents/Developer/Platforms/WatchOS.platform/Developer/usr/lib -F /Users/admin/builder/spi-builder-workspace/.derivedData/Build/Products/Debug-watchos/PackageFrameworks -F /Users/admin/builder/spi-builder-workspace/.derivedData/Build/Products/Debug-watchos -F /Applications/Xcode-27.0.0-Release.Candidate.app/Contents/Developer/Platforms/WatchOS.platform/Developer/Library/Frameworks -F /Applications/Xcode-27.0.0-Release.Candidate.app/Contents/Developer/Platforms/WatchOS.platform/Developer/SDKs/WatchOS27.0.sdk/Developer/Library/Frameworks -module-cache-path /Users/admin/builder/spi-builder-workspace/.derivedData/ModuleCache.noindex -no-color-diagnostics -Xcc -fno-color-diagnostics -enable-testing -g -debug-info-format\=dwarf -dwarf-version\=4 -profile-generate -profile-coverage-mapping -swift-version 4 -Onone -D SWIFT_PACKAGE -D DEBUG -D SWIFT_MODULE_RESOURCE_BUNDLE_UNAVAILABLE -D Xcode -serialize-debugging-options -enable-experimental-feature DebugDescriptionMacro -empty-abi-descriptor -plugin-path /Applications/Xcode-27.0.0-Release.Candidate.app/Contents/Developer/Toolchains/XcodeDefault.xctoolchain/usr/lib/swift/host/plugins/testing -validate-clang-modules-once -clang-build-session-file /Users/admin/builder/spi-builder-workspace/.derivedData/ModuleCache.noindex/Session.modulevalidation -Xcc -working-directory -Xcc /Users/admin/builder/spi-builder-workspace/.swiftpm/xcode -enable-anonymous-context-mangled-names -file-compilation-dir /Users/admin/builder/spi-builder-workspace/.swiftpm/xcode -Xcc -D_LIBCPP_HARDENING_MODE\=_LIBCPP_HARDENING_MODE_DEBUG -Xcc -ivfsstatcache -Xcc /Users/admin/builder/spi-builder-workspace/.derivedData/SDKStatCaches.noindex/watchos27.0-24R360-e829b21a6f8c9b70876ba0858053c04477534ef55a1706bf4c1112bbb242f0a2.sdkstatcache -Xcc -fmodules-prune-interval\=86400 -Xcc -fmodules-prune-after\=345600 -Xcc -I/Users/admin/builder/spi-builder-workspace/.derivedData/Build/Products/Debug-watchos/include -Xcc -I/Users/admin/builder/spi-builder-workspace/.derivedData/Build/Intermediates.noindex/DependencyInjectorObjectMapper.build/Debug-watchos/DependencyInjectorObjectMapper-t.build/DerivedSources-normal/arm64 -Xcc -I/Users/admin/builder/spi-builder-workspace/.derivedData/Build/Intermediates.noindex/DependencyInjectorObjectMapper.build/Debug-watchos/DependencyInjectorObjectMapper-t.build/DerivedSources/arm64 -Xcc -I/Users/admin/builder/spi-builder-workspace/.derivedData/Build/Intermediates.noindex/DependencyInjectorObjectMapper.build/Debug-watchos/DependencyInjectorObjectMapper-t.build/DerivedSources -Xcc -DSWIFT_PACKAGE -Xcc -DDEBUG\=1 -no-auto-bridging-header-chaining -module-name DependencyInjectorObjectMapper -const-gather-protocols-file /Users/admin/builder/spi-builder-workspace/.derivedData/Build/Intermediates.noindex/DependencyInjectorObjectMapper.build/Debug-watchos/DependencyInjectorObjectMapper-t.build/Objects-normal/arm64/DependencyInjectorObjectMapper_const_extract_protocols.json -disable-clang-spi -target-sdk-version 27.0 -target-sdk-name watchos27.0 -external-plugin-path /Applications/Xcode-27.0.0-Release.Candidate.app/Contents/Developer/Platforms/WatchOS.platform/Developer/usr/lib/swift/host/plugins\#/Applications/Xcode-27.0.0-Release.Candidate.app/Contents/Developer/Platforms/WatchOS.platform/Developer/usr/bin/swift-plugin-server -external-plugin-path /Applications/Xcode-27.0.0-Release.Candidate.app/Contents/Developer/Platforms/WatchOS.platform/Developer/usr/local/lib/swift/host/plugins\#/Applications/Xcode-27.0.0-Release.Candidate.app/Contents/Developer/Platforms/WatchOS.platform/Developer/usr/bin/swift-plugin-server -in-process-plugin-server-path /Applications/Xcode-27.0.0-Release.Candidate.app/Contents/Developer/Toolchains/XcodeDefault.xctoolchain/usr/lib/swift/host/libSwiftInProcPluginServer.dylib -plugin-path /Applications/Xcode-27.0.0-Release.Candidate.app/Contents/Developer/Toolchains/XcodeDefault.xctoolchain/usr/lib/swift/host/plugins -plugin-path /Applications/Xcode-27.0.0-Release.Candidate.app/Contents/Developer/Toolchains/XcodeDefault.xctoolchain/usr/local/lib/swift/host/plugins -parse-as-library -o /Users/admin/builder/spi-builder-workspace/.derivedData/Build/Intermediates.noindex/DependencyInjectorObjectMapper.build/Debug-watchos/DependencyInjectorObjectMapper-t.build/Objects-normal/arm64/Provider+ObjectMapper.o -index-unit-output-path /DependencyInjectorObjectMapper.build/Debug-watchos/DependencyInjectorObjectMapper-t.build/Objects-normal/arm64/Provider+ObjectMapper.o -index-store-path /Users/admin/builder/spi-builder-workspace/.derivedData/Index.noindex/DataStore -index-system-modules
SwiftCompile normal arm64 /Users/admin/builder/spi-builder-workspace/Sources/DependencyInjectorObjectMapper/Provider+ObjectMapper.swift (in target 'DependencyInjectorObjectMapper' from project 'DependencyInjectorObjectMapper')
cd /Users/admin/builder/spi-builder-workspace/.swiftpm/xcode
builtin-SwiftPerFileCompile Provider+ObjectMapper.swift
SwiftCompile normal arm64 Compiling\ InjectorTransformer.swift /Users/admin/builder/spi-builder-workspace/Sources/DependencyInjectorObjectMapper/InjectorTransformer.swift (in target 'DependencyInjectorObjectMapper' from project 'DependencyInjectorObjectMapper')
SwiftCompile normal arm64 /Users/admin/builder/spi-builder-workspace/Sources/DependencyInjectorObjectMapper/InjectorTransformer.swift (in target 'DependencyInjectorObjectMapper' from project 'DependencyInjectorObjectMapper')
cd /Users/admin/builder/spi-builder-workspace/.swiftpm/xcode
builtin-SwiftPerFileCompile InjectorTransformer.swift
SwiftEmitModule normal arm64_32 Emitting\ module\ for\ DependencyInjectorObjectMapper (in target 'DependencyInjectorObjectMapper' from project 'DependencyInjectorObjectMapper')
SwiftCompile normal arm64_32 (in target 'DependencyInjectorObjectMapper' from project 'DependencyInjectorObjectMapper')
cd /Users/admin/builder/spi-builder-workspace/.swiftpm/xcode
SwiftCompile normal arm64_32 Compiling\ Provider+ObjectMapper.swift /Users/admin/builder/spi-builder-workspace/Sources/DependencyInjectorObjectMapper/Provider+ObjectMapper.swift (in target 'DependencyInjectorObjectMapper' from project 'DependencyInjectorObjectMapper')
SwiftCompile normal arm64_32 /Users/admin/builder/spi-builder-workspace/Sources/DependencyInjectorObjectMapper/Provider+ObjectMapper.swift (in target 'DependencyInjectorObjectMapper' from project 'DependencyInjectorObjectMapper')
cd /Users/admin/builder/spi-builder-workspace/.swiftpm/xcode
builtin-SwiftPerFileCompile Provider+ObjectMapper.swift
SwiftDriverJobDiscovery normal arm64_32 Compiling Injector.swift (in target 'DependencyInjector' from project 'DependencyInjector')
SwiftCompile normal arm64_32 Compiling\ Map+DependencyInjector.swift /Users/admin/builder/spi-builder-workspace/Sources/DependencyInjectorObjectMapper/Map+DependencyInjector.swift (in target 'DependencyInjectorObjectMapper' from project 'DependencyInjectorObjectMapper')
SwiftCompile normal arm64_32 /Users/admin/builder/spi-builder-workspace/Sources/DependencyInjectorObjectMapper/Map+DependencyInjector.swift (in target 'DependencyInjectorObjectMapper' from project 'DependencyInjectorObjectMapper')
cd /Users/admin/builder/spi-builder-workspace/.swiftpm/xcode
builtin-SwiftPerFileCompile Map+DependencyInjector.swift
SwiftDriverJobDiscovery normal arm64_32 Compiling Module.swift (in target 'DependencyInjector' from project 'DependencyInjector')
SwiftCompile normal arm64_32 Compiling\ Binder+ObjectMapper.swift /Users/admin/builder/spi-builder-workspace/Sources/DependencyInjectorObjectMapper/Binder+ObjectMapper.swift (in target 'DependencyInjectorObjectMapper' from project 'DependencyInjectorObjectMapper')
SwiftCompile normal arm64_32 /Users/admin/builder/spi-builder-workspace/Sources/DependencyInjectorObjectMapper/Binder+ObjectMapper.swift (in target 'DependencyInjectorObjectMapper' from project 'DependencyInjectorObjectMapper')
cd /Users/admin/builder/spi-builder-workspace/.swiftpm/xcode
builtin-SwiftPerFileCompile Binder+ObjectMapper.swift
SwiftDriverJobDiscovery normal arm64_32 Compiling HexColorTransform.swift, ISO8601DateTransform.swift, ImmutableMappable.swift (in target 'ObjectMapper' from project 'ObjectMapper')
SwiftCompile normal arm64_32 Compiling\ InjectorTransformer.swift /Users/admin/builder/spi-builder-workspace/Sources/DependencyInjectorObjectMapper/InjectorTransformer.swift (in target 'DependencyInjectorObjectMapper' from project 'DependencyInjectorObjectMapper')
SwiftCompile normal arm64_32 /Users/admin/builder/spi-builder-workspace/Sources/DependencyInjectorObjectMapper/InjectorTransformer.swift (in target 'DependencyInjectorObjectMapper' from project 'DependencyInjectorObjectMapper')
cd /Users/admin/builder/spi-builder-workspace/.swiftpm/xcode
builtin-SwiftPerFileCompile InjectorTransformer.swift
SwiftDriverJobDiscovery normal arm64 Compiling HexColorTransform.swift, ISO8601DateTransform.swift, ImmutableMappable.swift (in target 'ObjectMapper' from project 'ObjectMapper')
PruneExplicitPrecompiledModules /Users/admin/builder/spi-builder-workspace/.derivedData/Build/Intermediates.noindex/ExplicitPrecompiledModules
PruneExplicitPrecompiledModules /Users/admin/builder/spi-builder-workspace/.derivedData/SDKExplicitPrecompiledModules
PruneExplicitPrecompiledModules /Users/admin/builder/spi-builder-workspace/.derivedData/Build/Intermediates.noindex/SwiftExplicitPrecompiledModules
2026-09-16 04:40:03.317 xcodebuild[738:4740] [MT] IDERunDestination: Supported platforms for the buildables in the current scheme is empty.
** BUILD FAILED **
The following build commands failed:
SwiftCompile normal arm64 Compiling\ Provider+ObjectMapper.swift /Users/admin/builder/spi-builder-workspace/Sources/DependencyInjectorObjectMapper/Provider+ObjectMapper.swift (in target 'DependencyInjectorObjectMapper' from project 'DependencyInjectorObjectMapper')
SwiftCompile normal arm64 /Users/admin/builder/spi-builder-workspace/Sources/DependencyInjectorObjectMapper/Provider+ObjectMapper.swift (in target 'DependencyInjectorObjectMapper' from project 'DependencyInjectorObjectMapper')
Building workspace DependencyInjectorObjectMapper with scheme DependencyInjectorObjectMapper
(3 failures)
Command line invocation:
/Applications/Xcode-27.0.0-Release.Candidate.app/Contents/Developer/usr/bin/xcodebuild -IDEClonedSourcePackagesDirPathOverride=/Users/admin/builder/spi-builder-workspace/.dependencies -resolvePackageDependencies
Resolve Package Graph
Resolved source packages:
DependencyInjector: https://github.com/Digipolitan/dependency-injector.git @ 2.2.1
ObjectMapper: https://github.com/Hearst-DD/ObjectMapper.git @ 3.5.3
DependencyInjectorObjectMapper: /Users/admin/builder/spi-builder-workspace
resolved source packages: DependencyInjector, ObjectMapper, DependencyInjectorObjectMapper
2026-09-16 04:40:14.200 xcodebuild[819:5381] [MT] IDERunDestination: Supported platforms for the buildables in the current scheme is empty.
{
"dependencies" : [
{
"identity" : "dependency-injector",
"requirement" : {
"range" : [
{
"lower_bound" : "2.2.0",
"upper_bound" : "3.0.0"
}
]
},
"type" : "sourceControl",
"url" : "https://github.com/Digipolitan/dependency-injector.git"
},
{
"identity" : "objectmapper",
"requirement" : {
"range" : [
{
"lower_bound" : "3.4.0",
"upper_bound" : "4.0.0"
}
]
},
"type" : "sourceControl",
"url" : "https://github.com/Hearst-DD/ObjectMapper.git"
}
],
"manifest_display_name" : "DependencyInjectorObjectMapper",
"name" : "DependencyInjectorObjectMapper",
"path" : "/Users/admin/builder/spi-builder-workspace",
"platforms" : [
],
"products" : [
{
"name" : "DependencyInjectorObjectMapper",
"targets" : [
"DependencyInjectorObjectMapper"
],
"type" : {
"library" : [
"automatic"
]
}
}
],
"targets" : [
{
"c99name" : "DependencyInjectorObjectMapperTests",
"module_type" : "SwiftTarget",
"name" : "DependencyInjectorObjectMapperTests",
"path" : "Tests/DependencyInjectorObjectMapperTests",
"sources" : [
"Address.swift",
"AddressModel.swift",
"DefaultModule.swift",
"DependencyInjectorObjectMapperTests.swift",
"User.swift",
"UserModel.swift"
],
"target_dependencies" : [
"DependencyInjectorObjectMapper"
],
"type" : "test"
},
{
"c99name" : "DependencyInjectorObjectMapper",
"module_type" : "SwiftTarget",
"name" : "DependencyInjectorObjectMapper",
"path" : "Sources/DependencyInjectorObjectMapper",
"product_dependencies" : [
"DependencyInjector",
"ObjectMapper"
],
"product_memberships" : [
"DependencyInjectorObjectMapper"
],
"sources" : [
"Binder+ObjectMapper.swift",
"InjectorTransformer.swift",
"Map+DependencyInjector.swift",
"Provider+ObjectMapper.swift"
],
"type" : "library"
}
],
"tools_version" : "4.0"
}
{
"workspace" : {
"name" : "DependencyInjectorObjectMapper",
"schemes" : [
"DependencyInjectorObjectMapper"
]
}
}
2026-09-16 04:40:15.488 xcodebuild[827:5454] [MT] IDERunDestination: Supported platforms for the buildables in the current scheme is empty.
Running build ...
env DEVELOPER_DIR=/Applications/Xcode-27.0.0-Release.Candidate.app xcrun xcodebuild -IDEClonedSourcePackagesDirPathOverride=$PWD/.dependencies -skipMacroValidation -skipPackagePluginValidation -derivedDataPath $PWD/.derivedData build -scheme DependencyInjectorObjectMapper -destination generic/platform=watchOS
Command line invocation:
/Applications/Xcode-27.0.0-Release.Candidate.app/Contents/Developer/usr/bin/xcodebuild -IDEClonedSourcePackagesDirPathOverride=/Users/admin/builder/spi-builder-workspace/.dependencies -skipMacroValidation -skipPackagePluginValidation -derivedDataPath /Users/admin/builder/spi-builder-workspace/.derivedData build -scheme DependencyInjectorObjectMapper -destination generic/platform=watchOS
Resolve Package Graph
Resolved source packages:
DependencyInjectorObjectMapper: /Users/admin/builder/spi-builder-workspace
DependencyInjector: https://github.com/Digipolitan/dependency-injector.git @ 2.2.1
ObjectMapper: https://github.com/Hearst-DD/ObjectMapper.git @ 3.5.3
ComputePackagePrebuildTargetDependencyGraph
Prepare packages
CreateBuildRequest
SendProjectDescription
CreateBuildOperation
ComputeTargetDependencyGraph
note: Building targets in dependency order
note: Target dependency graph (6 targets)
Target 'DependencyInjectorObjectMapper-product' in project 'DependencyInjectorObjectMapper'
➜ Explicit dependency on target 'DependencyInjectorObjectMapper' in project 'DependencyInjectorObjectMapper'
➜ Explicit dependency on target 'DependencyInjector-product' in project 'DependencyInjector'
➜ Explicit dependency on target 'ObjectMapper-product' in project 'ObjectMapper'
Target 'DependencyInjectorObjectMapper' in project 'DependencyInjectorObjectMapper'
➜ Explicit dependency on target 'DependencyInjector-product' in project 'DependencyInjector'
➜ Explicit dependency on target 'ObjectMapper-product' in project 'ObjectMapper'
Target 'ObjectMapper-product' in project 'ObjectMapper'
➜ Explicit dependency on target 'ObjectMapper' in project 'ObjectMapper'
Target 'ObjectMapper' in project 'ObjectMapper' (no dependencies)
Target 'DependencyInjector-product' in project 'DependencyInjector'
➜ Explicit dependency on target 'DependencyInjector' in project 'DependencyInjector'
Target 'DependencyInjector' in project 'DependencyInjector' (no dependencies)
GatherProvisioningInputs
CreateBuildDescription
ClangStatCache /Applications/Xcode-27.0.0-Release.Candidate.app/Contents/Developer/Toolchains/XcodeDefault.xctoolchain/usr/bin/clang-stat-cache /Applications/Xcode-27.0.0-Release.Candidate.app/Contents/Developer/Platforms/WatchOS.platform/Developer/SDKs/WatchOS27.0.sdk /Users/admin/builder/spi-builder-workspace/.derivedData/SDKStatCaches.noindex/watchos27.0-24R360-e829b21a6f8c9b70876ba0858053c04477534ef55a1706bf4c1112bbb242f0a2.sdkstatcache
cd /Users/admin/builder/spi-builder-workspace/.swiftpm/xcode
/Applications/Xcode-27.0.0-Release.Candidate.app/Contents/Developer/Toolchains/XcodeDefault.xctoolchain/usr/bin/clang-stat-cache /Applications/Xcode-27.0.0-Release.Candidate.app/Contents/Developer/Platforms/WatchOS.platform/Developer/SDKs/WatchOS27.0.sdk -o /Users/admin/builder/spi-builder-workspace/.derivedData/SDKStatCaches.noindex/watchos27.0-24R360-e829b21a6f8c9b70876ba0858053c04477534ef55a1706bf4c1112bbb242f0a2.sdkstatcache
SwiftDriver ObjectMapper normal arm64_32 com.apple.xcode.tools.swift.compiler (in target 'ObjectMapper' from project 'ObjectMapper')
cd /Users/admin/builder/spi-builder-workspace/.swiftpm/xcode
builtin-SwiftDriver -- /Applications/Xcode-27.0.0-Release.Candidate.app/Contents/Developer/Toolchains/XcodeDefault.xctoolchain/usr/bin/swiftc -parse-as-library -module-name ObjectMapper -Onone @/Users/admin/builder/spi-builder-workspace/.derivedData/Build/Intermediates.noindex/ObjectMapper.build/Debug-watchos/ObjectMapper-t.build/Objects-normal/arm64_32/ObjectMapper.SwiftFileList -DSWIFT_PACKAGE -DDEBUG -DSWIFT_MODULE_RESOURCE_BUNDLE_UNAVAILABLE -DXcode -plugin-path /Applications/Xcode-27.0.0-Release.Candidate.app/Contents/Developer/Toolchains/XcodeDefault.xctoolchain/usr/lib/swift/host/plugins/testing -enable-experimental-feature DebugDescriptionMacro -sdk /Applications/Xcode-27.0.0-Release.Candidate.app/Contents/Developer/Platforms/WatchOS.platform/Developer/SDKs/WatchOS27.0.sdk -target arm64_32-apple-watchos9.0 -g -module-cache-path /Users/admin/builder/spi-builder-workspace/.derivedData/ModuleCache.noindex -Xfrontend -serialize-debugging-options -profile-coverage-mapping -profile-generate -enable-testing -suppress-warnings -index-store-path /Users/admin/builder/spi-builder-workspace/.derivedData/Index.noindex/DataStore -Xcc -D_LIBCPP_HARDENING_MODE\=_LIBCPP_HARDENING_MODE_DEBUG -swift-version 4.2 -I /Users/admin/builder/spi-builder-workspace/.derivedData/Build/Products/Debug-watchos -Isystem /Applications/Xcode-27.0.0-Release.Candidate.app/Contents/Developer/Platforms/WatchOS.platform/Developer/usr/lib -F /Users/admin/builder/spi-builder-workspace/.derivedData/Build/Products/Debug-watchos -F /Applications/Xcode-27.0.0-Release.Candidate.app/Contents/Developer/Platforms/WatchOS.platform/Developer/Library/Frameworks -F /Applications/Xcode-27.0.0-Release.Candidate.app/Contents/Developer/Platforms/WatchOS.platform/Developer/SDKs/WatchOS27.0.sdk/Developer/Library/Frameworks -c -j10 -enable-batch-mode -incremental -Xcc -ivfsstatcache -Xcc /Users/admin/builder/spi-builder-workspace/.derivedData/SDKStatCaches.noindex/watchos27.0-24R360-e829b21a6f8c9b70876ba0858053c04477534ef55a1706bf4c1112bbb242f0a2.sdkstatcache -output-file-map /Users/admin/builder/spi-builder-workspace/.derivedData/Build/Intermediates.noindex/ObjectMapper.build/Debug-watchos/ObjectMapper-t.build/Objects-normal/arm64_32/ObjectMapper-OutputFileMap.json -save-temps -no-color-diagnostics -emit-dependencies -emit-module -emit-module-path /Users/admin/builder/spi-builder-workspace/.derivedData/Build/Intermediates.noindex/ObjectMapper.build/Debug-watchos/ObjectMapper-t.build/Objects-normal/arm64_32/ObjectMapper.swiftmodule -serialize-diagnostics -validate-clang-modules-once -clang-build-session-file /Users/admin/builder/spi-builder-workspace/.derivedData/ModuleCache.noindex/Session.modulevalidation -Xcc -fmodules-prune-interval\=86400 -Xcc -fmodules-prune-after\=345600 -emit-const-values -const-gather-protocols-list /Users/admin/builder/spi-builder-workspace/.derivedData/Build/Intermediates.noindex/ObjectMapper.build/Debug-watchos/ObjectMapper-t.build/Objects-normal/arm64_32/ObjectMapper_const_extract_protocols.json -Xcc -I/Users/admin/builder/spi-builder-workspace/.derivedData/Build/Products/Debug-watchos/include -Xcc -I/Users/admin/builder/spi-builder-workspace/.derivedData/Build/Intermediates.noindex/ObjectMapper.build/Debug-watchos/ObjectMapper-t.build/DerivedSources-normal/arm64_32 -Xcc -I/Users/admin/builder/spi-builder-workspace/.derivedData/Build/Intermediates.noindex/ObjectMapper.build/Debug-watchos/ObjectMapper-t.build/DerivedSources/arm64_32 -Xcc -I/Users/admin/builder/spi-builder-workspace/.derivedData/Build/Intermediates.noindex/ObjectMapper.build/Debug-watchos/ObjectMapper-t.build/DerivedSources -Xcc -DSWIFT_PACKAGE -Xcc -DDEBUG\=1 -emit-objc-header -emit-objc-header-path /Users/admin/builder/spi-builder-workspace/.derivedData/Build/Intermediates.noindex/ObjectMapper.build/Debug-watchos/ObjectMapper-t.build/Objects-normal/arm64_32/ObjectMapper-Swift.h -working-directory /Users/admin/builder/spi-builder-workspace/.swiftpm/xcode -experimental-emit-module-separately -disable-cmo
SwiftDriver DependencyInjectorObjectMapper normal arm64_32 com.apple.xcode.tools.swift.compiler (in target 'DependencyInjectorObjectMapper' from project 'DependencyInjectorObjectMapper')
cd /Users/admin/builder/spi-builder-workspace/.swiftpm/xcode
builtin-SwiftDriver -- /Applications/Xcode-27.0.0-Release.Candidate.app/Contents/Developer/Toolchains/XcodeDefault.xctoolchain/usr/bin/swiftc -parse-as-library -module-name DependencyInjectorObjectMapper -Onone @/Users/admin/builder/spi-builder-workspace/.derivedData/Build/Intermediates.noindex/DependencyInjectorObjectMapper.build/Debug-watchos/DependencyInjectorObjectMapper-t.build/Objects-normal/arm64_32/DependencyInjectorObjectMapper.SwiftFileList -DSWIFT_PACKAGE -DDEBUG -DSWIFT_MODULE_RESOURCE_BUNDLE_UNAVAILABLE -DXcode -plugin-path /Applications/Xcode-27.0.0-Release.Candidate.app/Contents/Developer/Toolchains/XcodeDefault.xctoolchain/usr/lib/swift/host/plugins/testing -enable-experimental-feature DebugDescriptionMacro -sdk /Applications/Xcode-27.0.0-Release.Candidate.app/Contents/Developer/Platforms/WatchOS.platform/Developer/SDKs/WatchOS27.0.sdk -target arm64_32-apple-watchos9.0 -g -module-cache-path /Users/admin/builder/spi-builder-workspace/.derivedData/ModuleCache.noindex -Xfrontend -serialize-debugging-options -profile-coverage-mapping -profile-generate -enable-testing -index-store-path /Users/admin/builder/spi-builder-workspace/.derivedData/Index.noindex/DataStore -Xcc -D_LIBCPP_HARDENING_MODE\=_LIBCPP_HARDENING_MODE_DEBUG -swift-version 4 -I /Users/admin/builder/spi-builder-workspace/.derivedData/Build/Products/Debug-watchos -Isystem /Applications/Xcode-27.0.0-Release.Candidate.app/Contents/Developer/Platforms/WatchOS.platform/Developer/usr/lib -F /Users/admin/builder/spi-builder-workspace/.derivedData/Build/Products/Debug-watchos/PackageFrameworks -F /Users/admin/builder/spi-builder-workspace/.derivedData/Build/Products/Debug-watchos -F /Applications/Xcode-27.0.0-Release.Candidate.app/Contents/Developer/Platforms/WatchOS.platform/Developer/Library/Frameworks -F /Applications/Xcode-27.0.0-Release.Candidate.app/Contents/Developer/Platforms/WatchOS.platform/Developer/SDKs/WatchOS27.0.sdk/Developer/Library/Frameworks -c -j10 -enable-batch-mode -incremental -Xcc -ivfsstatcache -Xcc /Users/admin/builder/spi-builder-workspace/.derivedData/SDKStatCaches.noindex/watchos27.0-24R360-e829b21a6f8c9b70876ba0858053c04477534ef55a1706bf4c1112bbb242f0a2.sdkstatcache -output-file-map /Users/admin/builder/spi-builder-workspace/.derivedData/Build/Intermediates.noindex/DependencyInjectorObjectMapper.build/Debug-watchos/DependencyInjectorObjectMapper-t.build/Objects-normal/arm64_32/DependencyInjectorObjectMapper-OutputFileMap.json -save-temps -no-color-diagnostics -emit-dependencies -emit-module -emit-module-path /Users/admin/builder/spi-builder-workspace/.derivedData/Build/Intermediates.noindex/DependencyInjectorObjectMapper.build/Debug-watchos/DependencyInjectorObjectMapper-t.build/Objects-normal/arm64_32/DependencyInjectorObjectMapper.swiftmodule -serialize-diagnostics -validate-clang-modules-once -clang-build-session-file /Users/admin/builder/spi-builder-workspace/.derivedData/ModuleCache.noindex/Session.modulevalidation -Xcc -fmodules-prune-interval\=86400 -Xcc -fmodules-prune-after\=345600 -emit-const-values -const-gather-protocols-list /Users/admin/builder/spi-builder-workspace/.derivedData/Build/Intermediates.noindex/DependencyInjectorObjectMapper.build/Debug-watchos/DependencyInjectorObjectMapper-t.build/Objects-normal/arm64_32/DependencyInjectorObjectMapper_const_extract_protocols.json -Xcc -I/Users/admin/builder/spi-builder-workspace/.derivedData/Build/Products/Debug-watchos/include -Xcc -I/Users/admin/builder/spi-builder-workspace/.derivedData/Build/Intermediates.noindex/DependencyInjectorObjectMapper.build/Debug-watchos/DependencyInjectorObjectMapper-t.build/DerivedSources-normal/arm64_32 -Xcc -I/Users/admin/builder/spi-builder-workspace/.derivedData/Build/Intermediates.noindex/DependencyInjectorObjectMapper.build/Debug-watchos/DependencyInjectorObjectMapper-t.build/DerivedSources/arm64_32 -Xcc -I/Users/admin/builder/spi-builder-workspace/.derivedData/Build/Intermediates.noindex/DependencyInjectorObjectMapper.build/Debug-watchos/DependencyInjectorObjectMapper-t.build/DerivedSources -Xcc -DSWIFT_PACKAGE -Xcc -DDEBUG\=1 -emit-objc-header -emit-objc-header-path /Users/admin/builder/spi-builder-workspace/.derivedData/Build/Intermediates.noindex/DependencyInjectorObjectMapper.build/Debug-watchos/DependencyInjectorObjectMapper-t.build/Objects-normal/arm64_32/DependencyInjectorObjectMapper-Swift.h -working-directory /Users/admin/builder/spi-builder-workspace/.swiftpm/xcode -experimental-emit-module-separately -disable-cmo
SwiftDriver DependencyInjector normal arm64_32 com.apple.xcode.tools.swift.compiler (in target 'DependencyInjector' from project 'DependencyInjector')
cd /Users/admin/builder/spi-builder-workspace/.swiftpm/xcode
builtin-SwiftDriver -- /Applications/Xcode-27.0.0-Release.Candidate.app/Contents/Developer/Toolchains/XcodeDefault.xctoolchain/usr/bin/swiftc -parse-as-library -module-name DependencyInjector -Onone @/Users/admin/builder/spi-builder-workspace/.derivedData/Build/Intermediates.noindex/DependencyInjector.build/Debug-watchos/DependencyInjector-t.build/Objects-normal/arm64_32/DependencyInjector.SwiftFileList -DSWIFT_PACKAGE -DDEBUG -DSWIFT_MODULE_RESOURCE_BUNDLE_UNAVAILABLE -DXcode -plugin-path /Applications/Xcode-27.0.0-Release.Candidate.app/Contents/Developer/Toolchains/XcodeDefault.xctoolchain/usr/lib/swift/host/plugins/testing -enable-experimental-feature DebugDescriptionMacro -sdk /Applications/Xcode-27.0.0-Release.Candidate.app/Contents/Developer/Platforms/WatchOS.platform/Developer/SDKs/WatchOS27.0.sdk -target arm64_32-apple-watchos9.0 -g -module-cache-path /Users/admin/builder/spi-builder-workspace/.derivedData/ModuleCache.noindex -Xfrontend -serialize-debugging-options -profile-coverage-mapping -profile-generate -enable-testing -suppress-warnings -index-store-path /Users/admin/builder/spi-builder-workspace/.derivedData/Index.noindex/DataStore -Xcc -D_LIBCPP_HARDENING_MODE\=_LIBCPP_HARDENING_MODE_DEBUG -swift-version 5 -I /Users/admin/builder/spi-builder-workspace/.derivedData/Build/Products/Debug-watchos -Isystem /Applications/Xcode-27.0.0-Release.Candidate.app/Contents/Developer/Platforms/WatchOS.platform/Developer/usr/lib -F /Users/admin/builder/spi-builder-workspace/.derivedData/Build/Products/Debug-watchos -F /Applications/Xcode-27.0.0-Release.Candidate.app/Contents/Developer/Platforms/WatchOS.platform/Developer/Library/Frameworks -F /Applications/Xcode-27.0.0-Release.Candidate.app/Contents/Developer/Platforms/WatchOS.platform/Developer/SDKs/WatchOS27.0.sdk/Developer/Library/Frameworks -c -j10 -enable-batch-mode -incremental -Xcc -ivfsstatcache -Xcc /Users/admin/builder/spi-builder-workspace/.derivedData/SDKStatCaches.noindex/watchos27.0-24R360-e829b21a6f8c9b70876ba0858053c04477534ef55a1706bf4c1112bbb242f0a2.sdkstatcache -output-file-map /Users/admin/builder/spi-builder-workspace/.derivedData/Build/Intermediates.noindex/DependencyInjector.build/Debug-watchos/DependencyInjector-t.build/Objects-normal/arm64_32/DependencyInjector-OutputFileMap.json -save-temps -no-color-diagnostics -explicit-module-build -module-cache-path /Users/admin/builder/spi-builder-workspace/.derivedData/Build/Intermediates.noindex/SwiftExplicitPrecompiledModules -clang-scanner-module-cache-path /Users/admin/builder/spi-builder-workspace/.derivedData/ModuleCache.noindex -sdk-module-cache-path /Users/admin/builder/spi-builder-workspace/.derivedData/SDKExplicitPrecompiledModules -emit-dependencies -emit-module -emit-module-path /Users/admin/builder/spi-builder-workspace/.derivedData/Build/Intermediates.noindex/DependencyInjector.build/Debug-watchos/DependencyInjector-t.build/Objects-normal/arm64_32/DependencyInjector.swiftmodule -serialize-diagnostics -dependency-scan-serialize-diagnostics-path /Users/admin/builder/spi-builder-workspace/.derivedData/Build/Intermediates.noindex/DependencyInjector.build/Debug-watchos/DependencyInjector-t.build/Objects-normal/arm64_32/DependencyInjector-dependency-scan.dia -validate-clang-modules-once -clang-build-session-file /Users/admin/builder/spi-builder-workspace/.derivedData/ModuleCache.noindex/Session.modulevalidation -Xcc -fmodules-prune-interval\=86400 -Xcc -fmodules-prune-after\=345600 -emit-const-values -const-gather-protocols-list /Users/admin/builder/spi-builder-workspace/.derivedData/Build/Intermediates.noindex/DependencyInjector.build/Debug-watchos/DependencyInjector-t.build/Objects-normal/arm64_32/DependencyInjector_const_extract_protocols.json -Xcc -I/Users/admin/builder/spi-builder-workspace/.derivedData/Build/Products/Debug-watchos/include -Xcc -I/Users/admin/builder/spi-builder-workspace/.derivedData/Build/Intermediates.noindex/DependencyInjector.build/Debug-watchos/DependencyInjector-t.build/DerivedSources-normal/arm64_32 -Xcc -I/Users/admin/builder/spi-builder-workspace/.derivedData/Build/Intermediates.noindex/DependencyInjector.build/Debug-watchos/DependencyInjector-t.build/DerivedSources/arm64_32 -Xcc -I/Users/admin/builder/spi-builder-workspace/.derivedData/Build/Intermediates.noindex/DependencyInjector.build/Debug-watchos/DependencyInjector-t.build/DerivedSources -Xcc -DSWIFT_PACKAGE -Xcc -DDEBUG\=1 -emit-objc-header -emit-objc-header-path /Users/admin/builder/spi-builder-workspace/.derivedData/Build/Intermediates.noindex/DependencyInjector.build/Debug-watchos/DependencyInjector-t.build/Objects-normal/arm64_32/DependencyInjector-Swift.h -working-directory /Users/admin/builder/spi-builder-workspace/.swiftpm/xcode -experimental-emit-module-separately -disable-cmo
SwiftDriver ObjectMapper normal arm64 com.apple.xcode.tools.swift.compiler (in target 'ObjectMapper' from project 'ObjectMapper')
cd /Users/admin/builder/spi-builder-workspace/.swiftpm/xcode
builtin-SwiftDriver -- /Applications/Xcode-27.0.0-Release.Candidate.app/Contents/Developer/Toolchains/XcodeDefault.xctoolchain/usr/bin/swiftc -parse-as-library -module-name ObjectMapper -Onone @/Users/admin/builder/spi-builder-workspace/.derivedData/Build/Intermediates.noindex/ObjectMapper.build/Debug-watchos/ObjectMapper-t.build/Objects-normal/arm64/ObjectMapper.SwiftFileList -DSWIFT_PACKAGE -DDEBUG -DSWIFT_MODULE_RESOURCE_BUNDLE_UNAVAILABLE -DXcode -plugin-path /Applications/Xcode-27.0.0-Release.Candidate.app/Contents/Developer/Toolchains/XcodeDefault.xctoolchain/usr/lib/swift/host/plugins/testing -enable-experimental-feature DebugDescriptionMacro -sdk /Applications/Xcode-27.0.0-Release.Candidate.app/Contents/Developer/Platforms/WatchOS.platform/Developer/SDKs/WatchOS27.0.sdk -target arm64-apple-watchos9.0 -g -module-cache-path /Users/admin/builder/spi-builder-workspace/.derivedData/ModuleCache.noindex -Xfrontend -serialize-debugging-options -profile-coverage-mapping -profile-generate -enable-testing -suppress-warnings -index-store-path /Users/admin/builder/spi-builder-workspace/.derivedData/Index.noindex/DataStore -Xcc -D_LIBCPP_HARDENING_MODE\=_LIBCPP_HARDENING_MODE_DEBUG -swift-version 4.2 -I /Users/admin/builder/spi-builder-workspace/.derivedData/Build/Products/Debug-watchos -Isystem /Applications/Xcode-27.0.0-Release.Candidate.app/Contents/Developer/Platforms/WatchOS.platform/Developer/usr/lib -F /Users/admin/builder/spi-builder-workspace/.derivedData/Build/Products/Debug-watchos -F /Applications/Xcode-27.0.0-Release.Candidate.app/Contents/Developer/Platforms/WatchOS.platform/Developer/Library/Frameworks -F /Applications/Xcode-27.0.0-Release.Candidate.app/Contents/Developer/Platforms/WatchOS.platform/Developer/SDKs/WatchOS27.0.sdk/Developer/Library/Frameworks -c -j10 -enable-batch-mode -incremental -Xcc -ivfsstatcache -Xcc /Users/admin/builder/spi-builder-workspace/.derivedData/SDKStatCaches.noindex/watchos27.0-24R360-e829b21a6f8c9b70876ba0858053c04477534ef55a1706bf4c1112bbb242f0a2.sdkstatcache -output-file-map /Users/admin/builder/spi-builder-workspace/.derivedData/Build/Intermediates.noindex/ObjectMapper.build/Debug-watchos/ObjectMapper-t.build/Objects-normal/arm64/ObjectMapper-OutputFileMap.json -save-temps -no-color-diagnostics -emit-dependencies -emit-module -emit-module-path /Users/admin/builder/spi-builder-workspace/.derivedData/Build/Intermediates.noindex/ObjectMapper.build/Debug-watchos/ObjectMapper-t.build/Objects-normal/arm64/ObjectMapper.swiftmodule -serialize-diagnostics -validate-clang-modules-once -clang-build-session-file /Users/admin/builder/spi-builder-workspace/.derivedData/ModuleCache.noindex/Session.modulevalidation -Xcc -fmodules-prune-interval\=86400 -Xcc -fmodules-prune-after\=345600 -emit-const-values -const-gather-protocols-list /Users/admin/builder/spi-builder-workspace/.derivedData/Build/Intermediates.noindex/ObjectMapper.build/Debug-watchos/ObjectMapper-t.build/Objects-normal/arm64/ObjectMapper_const_extract_protocols.json -Xcc -I/Users/admin/builder/spi-builder-workspace/.derivedData/Build/Products/Debug-watchos/include -Xcc -I/Users/admin/builder/spi-builder-workspace/.derivedData/Build/Intermediates.noindex/ObjectMapper.build/Debug-watchos/ObjectMapper-t.build/DerivedSources-normal/arm64 -Xcc -I/Users/admin/builder/spi-builder-workspace/.derivedData/Build/Intermediates.noindex/ObjectMapper.build/Debug-watchos/ObjectMapper-t.build/DerivedSources/arm64 -Xcc -I/Users/admin/builder/spi-builder-workspace/.derivedData/Build/Intermediates.noindex/ObjectMapper.build/Debug-watchos/ObjectMapper-t.build/DerivedSources -Xcc -DSWIFT_PACKAGE -Xcc -DDEBUG\=1 -emit-objc-header -emit-objc-header-path /Users/admin/builder/spi-builder-workspace/.derivedData/Build/Intermediates.noindex/ObjectMapper.build/Debug-watchos/ObjectMapper-t.build/Objects-normal/arm64/ObjectMapper-Swift.h -working-directory /Users/admin/builder/spi-builder-workspace/.swiftpm/xcode -experimental-emit-module-separately -disable-cmo
SwiftDriver DependencyInjectorObjectMapper normal arm64 com.apple.xcode.tools.swift.compiler (in target 'DependencyInjectorObjectMapper' from project 'DependencyInjectorObjectMapper')
cd /Users/admin/builder/spi-builder-workspace/.swiftpm/xcode
builtin-SwiftDriver -- /Applications/Xcode-27.0.0-Release.Candidate.app/Contents/Developer/Toolchains/XcodeDefault.xctoolchain/usr/bin/swiftc -parse-as-library -module-name DependencyInjectorObjectMapper -Onone @/Users/admin/builder/spi-builder-workspace/.derivedData/Build/Intermediates.noindex/DependencyInjectorObjectMapper.build/Debug-watchos/DependencyInjectorObjectMapper-t.build/Objects-normal/arm64/DependencyInjectorObjectMapper.SwiftFileList -DSWIFT_PACKAGE -DDEBUG -DSWIFT_MODULE_RESOURCE_BUNDLE_UNAVAILABLE -DXcode -plugin-path /Applications/Xcode-27.0.0-Release.Candidate.app/Contents/Developer/Toolchains/XcodeDefault.xctoolchain/usr/lib/swift/host/plugins/testing -enable-experimental-feature DebugDescriptionMacro -sdk /Applications/Xcode-27.0.0-Release.Candidate.app/Contents/Developer/Platforms/WatchOS.platform/Developer/SDKs/WatchOS27.0.sdk -target arm64-apple-watchos9.0 -g -module-cache-path /Users/admin/builder/spi-builder-workspace/.derivedData/ModuleCache.noindex -Xfrontend -serialize-debugging-options -profile-coverage-mapping -profile-generate -enable-testing -index-store-path /Users/admin/builder/spi-builder-workspace/.derivedData/Index.noindex/DataStore -Xcc -D_LIBCPP_HARDENING_MODE\=_LIBCPP_HARDENING_MODE_DEBUG -swift-version 4 -I /Users/admin/builder/spi-builder-workspace/.derivedData/Build/Products/Debug-watchos -Isystem /Applications/Xcode-27.0.0-Release.Candidate.app/Contents/Developer/Platforms/WatchOS.platform/Developer/usr/lib -F /Users/admin/builder/spi-builder-workspace/.derivedData/Build/Products/Debug-watchos/PackageFrameworks -F /Users/admin/builder/spi-builder-workspace/.derivedData/Build/Products/Debug-watchos -F /Applications/Xcode-27.0.0-Release.Candidate.app/Contents/Developer/Platforms/WatchOS.platform/Developer/Library/Frameworks -F /Applications/Xcode-27.0.0-Release.Candidate.app/Contents/Developer/Platforms/WatchOS.platform/Developer/SDKs/WatchOS27.0.sdk/Developer/Library/Frameworks -c -j10 -enable-batch-mode -incremental -Xcc -ivfsstatcache -Xcc /Users/admin/builder/spi-builder-workspace/.derivedData/SDKStatCaches.noindex/watchos27.0-24R360-e829b21a6f8c9b70876ba0858053c04477534ef55a1706bf4c1112bbb242f0a2.sdkstatcache -output-file-map /Users/admin/builder/spi-builder-workspace/.derivedData/Build/Intermediates.noindex/DependencyInjectorObjectMapper.build/Debug-watchos/DependencyInjectorObjectMapper-t.build/Objects-normal/arm64/DependencyInjectorObjectMapper-OutputFileMap.json -save-temps -no-color-diagnostics -emit-dependencies -emit-module -emit-module-path /Users/admin/builder/spi-builder-workspace/.derivedData/Build/Intermediates.noindex/DependencyInjectorObjectMapper.build/Debug-watchos/DependencyInjectorObjectMapper-t.build/Objects-normal/arm64/DependencyInjectorObjectMapper.swiftmodule -serialize-diagnostics -validate-clang-modules-once -clang-build-session-file /Users/admin/builder/spi-builder-workspace/.derivedData/ModuleCache.noindex/Session.modulevalidation -Xcc -fmodules-prune-interval\=86400 -Xcc -fmodules-prune-after\=345600 -emit-const-values -const-gather-protocols-list /Users/admin/builder/spi-builder-workspace/.derivedData/Build/Intermediates.noindex/DependencyInjectorObjectMapper.build/Debug-watchos/DependencyInjectorObjectMapper-t.build/Objects-normal/arm64/DependencyInjectorObjectMapper_const_extract_protocols.json -Xcc -I/Users/admin/builder/spi-builder-workspace/.derivedData/Build/Products/Debug-watchos/include -Xcc -I/Users/admin/builder/spi-builder-workspace/.derivedData/Build/Intermediates.noindex/DependencyInjectorObjectMapper.build/Debug-watchos/DependencyInjectorObjectMapper-t.build/DerivedSources-normal/arm64 -Xcc -I/Users/admin/builder/spi-builder-workspace/.derivedData/Build/Intermediates.noindex/DependencyInjectorObjectMapper.build/Debug-watchos/DependencyInjectorObjectMapper-t.build/DerivedSources/arm64 -Xcc -I/Users/admin/builder/spi-builder-workspace/.derivedData/Build/Intermediates.noindex/DependencyInjectorObjectMapper.build/Debug-watchos/DependencyInjectorObjectMapper-t.build/DerivedSources -Xcc -DSWIFT_PACKAGE -Xcc -DDEBUG\=1 -emit-objc-header -emit-objc-header-path /Users/admin/builder/spi-builder-workspace/.derivedData/Build/Intermediates.noindex/DependencyInjectorObjectMapper.build/Debug-watchos/DependencyInjectorObjectMapper-t.build/Objects-normal/arm64/DependencyInjectorObjectMapper-Swift.h -working-directory /Users/admin/builder/spi-builder-workspace/.swiftpm/xcode -experimental-emit-module-separately -disable-cmo
SwiftCompile normal arm64 Compiling\ InjectorTransformer.swift /Users/admin/builder/spi-builder-workspace/Sources/DependencyInjectorObjectMapper/InjectorTransformer.swift (in target 'DependencyInjectorObjectMapper' from project 'DependencyInjectorObjectMapper')
SwiftCompile normal arm64 /Users/admin/builder/spi-builder-workspace/Sources/DependencyInjectorObjectMapper/InjectorTransformer.swift (in target 'DependencyInjectorObjectMapper' from project 'DependencyInjectorObjectMapper')
cd /Users/admin/builder/spi-builder-workspace/.swiftpm/xcode
builtin-SwiftPerFileCompile InjectorTransformer.swift
SwiftCompile normal arm64 Compiling\ Map+DependencyInjector.swift /Users/admin/builder/spi-builder-workspace/Sources/DependencyInjectorObjectMapper/Map+DependencyInjector.swift (in target 'DependencyInjectorObjectMapper' from project 'DependencyInjectorObjectMapper')
SwiftCompile normal arm64 /Users/admin/builder/spi-builder-workspace/Sources/DependencyInjectorObjectMapper/Map+DependencyInjector.swift (in target 'DependencyInjectorObjectMapper' from project 'DependencyInjectorObjectMapper')
cd /Users/admin/builder/spi-builder-workspace/.swiftpm/xcode
builtin-SwiftPerFileCompile Map+DependencyInjector.swift
SwiftCompile normal arm64 Compiling\ Binder+ObjectMapper.swift /Users/admin/builder/spi-builder-workspace/Sources/DependencyInjectorObjectMapper/Binder+ObjectMapper.swift (in target 'DependencyInjectorObjectMapper' from project 'DependencyInjectorObjectMapper')
SwiftCompile normal arm64 /Users/admin/builder/spi-builder-workspace/Sources/DependencyInjectorObjectMapper/Binder+ObjectMapper.swift (in target 'DependencyInjectorObjectMapper' from project 'DependencyInjectorObjectMapper')
cd /Users/admin/builder/spi-builder-workspace/.swiftpm/xcode
builtin-SwiftPerFileCompile Binder+ObjectMapper.swift
SwiftEmitModule normal arm64 Emitting\ module\ for\ DependencyInjectorObjectMapper (in target 'DependencyInjectorObjectMapper' from project 'DependencyInjectorObjectMapper')
SwiftCompile normal arm64 (in target 'DependencyInjectorObjectMapper' from project 'DependencyInjectorObjectMapper')
cd /Users/admin/builder/spi-builder-workspace/.swiftpm/xcode
SwiftEmitModule normal arm64_32 Emitting\ module\ for\ DependencyInjectorObjectMapper (in target 'DependencyInjectorObjectMapper' from project 'DependencyInjectorObjectMapper')
SwiftCompile normal arm64_32 (in target 'DependencyInjectorObjectMapper' from project 'DependencyInjectorObjectMapper')
cd /Users/admin/builder/spi-builder-workspace/.swiftpm/xcode
SwiftCompile normal arm64 Compiling\ Provider+ObjectMapper.swift /Users/admin/builder/spi-builder-workspace/Sources/DependencyInjectorObjectMapper/Provider+ObjectMapper.swift (in target 'DependencyInjectorObjectMapper' from project 'DependencyInjectorObjectMapper')
/Users/admin/builder/spi-builder-workspace/Sources/DependencyInjectorObjectMapper/Provider+ObjectMapper.swift:16:31: error: value of type 'any BaseMappable.Type' has no member 'init'
14 | convenience init(type: BaseMappable.Type) {
15 | self.init { (_, arguments) -> T? in
16 | if let res = type.init(JSON: arguments ?? [:]) as? T {
| `- error: value of type 'any BaseMappable.Type' has no member 'init'
17 | return res
18 | }
Failed frontend command:
/Applications/Xcode-27.0.0-Release.Candidate.app/Contents/Developer/Toolchains/XcodeDefault.xctoolchain/usr/bin/swift-frontend -frontend -c /Users/admin/builder/spi-builder-workspace/Sources/DependencyInjectorObjectMapper/Binder+ObjectMapper.swift /Users/admin/builder/spi-builder-workspace/Sources/DependencyInjectorObjectMapper/InjectorTransformer.swift /Users/admin/builder/spi-builder-workspace/Sources/DependencyInjectorObjectMapper/Map+DependencyInjector.swift -primary-file /Users/admin/builder/spi-builder-workspace/Sources/DependencyInjectorObjectMapper/Provider+ObjectMapper.swift -emit-dependencies-path /Users/admin/builder/spi-builder-workspace/.derivedData/Build/Intermediates.noindex/DependencyInjectorObjectMapper.build/Debug-watchos/DependencyInjectorObjectMapper-t.build/Objects-normal/arm64/Provider+ObjectMapper.d -emit-const-values-path /Users/admin/builder/spi-builder-workspace/.derivedData/Build/Intermediates.noindex/DependencyInjectorObjectMapper.build/Debug-watchos/DependencyInjectorObjectMapper-t.build/Objects-normal/arm64/Provider+ObjectMapper.swiftconstvalues -emit-reference-dependencies-path /Users/admin/builder/spi-builder-workspace/.derivedData/Build/Intermediates.noindex/DependencyInjectorObjectMapper.build/Debug-watchos/DependencyInjectorObjectMapper-t.build/Objects-normal/arm64/Provider+ObjectMapper.swiftdeps -serialize-diagnostics-path /Users/admin/builder/spi-builder-workspace/.derivedData/Build/Intermediates.noindex/DependencyInjectorObjectMapper.build/Debug-watchos/DependencyInjectorObjectMapper-t.build/Objects-normal/arm64/Provider+ObjectMapper.dia -target arm64-apple-watchos9.0 -Xllvm -aarch64-use-tbi -enable-objc-interop -stack-check -sdk /Applications/Xcode-27.0.0-Release.Candidate.app/Contents/Developer/Platforms/WatchOS.platform/Developer/SDKs/WatchOS27.0.sdk -I /Users/admin/builder/spi-builder-workspace/.derivedData/Build/Products/Debug-watchos -Isystem /Applications/Xcode-27.0.0-Release.Candidate.app/Contents/Developer/Platforms/WatchOS.platform/Developer/usr/lib -F /Users/admin/builder/spi-builder-workspace/.derivedData/Build/Products/Debug-watchos/PackageFrameworks -F /Users/admin/builder/spi-builder-workspace/.derivedData/Build/Products/Debug-watchos -F /Applications/Xcode-27.0.0-Release.Candidate.app/Contents/Developer/Platforms/WatchOS.platform/Developer/Library/Frameworks -F /Applications/Xcode-27.0.0-Release.Candidate.app/Contents/Developer/Platforms/WatchOS.platform/Developer/SDKs/WatchOS27.0.sdk/Developer/Library/Frameworks -module-cache-path /Users/admin/builder/spi-builder-workspace/.derivedData/ModuleCache.noindex -no-color-diagnostics -Xcc -fno-color-diagnostics -enable-testing -g -debug-info-format\=dwarf -dwarf-version\=4 -profile-generate -profile-coverage-mapping -swift-version 4 -Onone -D SWIFT_PACKAGE -D DEBUG -D SWIFT_MODULE_RESOURCE_BUNDLE_UNAVAILABLE -D Xcode -serialize-debugging-options -enable-experimental-feature DebugDescriptionMacro -empty-abi-descriptor -plugin-path /Applications/Xcode-27.0.0-Release.Candidate.app/Contents/Developer/Toolchains/XcodeDefault.xctoolchain/usr/lib/swift/host/plugins/testing -validate-clang-modules-once -clang-build-session-file /Users/admin/builder/spi-builder-workspace/.derivedData/ModuleCache.noindex/Session.modulevalidation -Xcc -working-directory -Xcc /Users/admin/builder/spi-builder-workspace/.swiftpm/xcode -enable-anonymous-context-mangled-names -file-compilation-dir /Users/admin/builder/spi-builder-workspace/.swiftpm/xcode -Xcc -D_LIBCPP_HARDENING_MODE\=_LIBCPP_HARDENING_MODE_DEBUG -Xcc -ivfsstatcache -Xcc /Users/admin/builder/spi-builder-workspace/.derivedData/SDKStatCaches.noindex/watchos27.0-24R360-e829b21a6f8c9b70876ba0858053c04477534ef55a1706bf4c1112bbb242f0a2.sdkstatcache -Xcc -fmodules-prune-interval\=86400 -Xcc -fmodules-prune-after\=345600 -Xcc -I/Users/admin/builder/spi-builder-workspace/.derivedData/Build/Products/Debug-watchos/include -Xcc -I/Users/admin/builder/spi-builder-workspace/.derivedData/Build/Intermediates.noindex/DependencyInjectorObjectMapper.build/Debug-watchos/DependencyInjectorObjectMapper-t.build/DerivedSources-normal/arm64 -Xcc -I/Users/admin/builder/spi-builder-workspace/.derivedData/Build/Intermediates.noindex/DependencyInjectorObjectMapper.build/Debug-watchos/DependencyInjectorObjectMapper-t.build/DerivedSources/arm64 -Xcc -I/Users/admin/builder/spi-builder-workspace/.derivedData/Build/Intermediates.noindex/DependencyInjectorObjectMapper.build/Debug-watchos/DependencyInjectorObjectMapper-t.build/DerivedSources -Xcc -DSWIFT_PACKAGE -Xcc -DDEBUG\=1 -no-auto-bridging-header-chaining -module-name DependencyInjectorObjectMapper -const-gather-protocols-file /Users/admin/builder/spi-builder-workspace/.derivedData/Build/Intermediates.noindex/DependencyInjectorObjectMapper.build/Debug-watchos/DependencyInjectorObjectMapper-t.build/Objects-normal/arm64/DependencyInjectorObjectMapper_const_extract_protocols.json -disable-clang-spi -target-sdk-version 27.0 -target-sdk-name watchos27.0 -external-plugin-path /Applications/Xcode-27.0.0-Release.Candidate.app/Contents/Developer/Platforms/WatchOS.platform/Developer/usr/lib/swift/host/plugins\#/Applications/Xcode-27.0.0-Release.Candidate.app/Contents/Developer/Platforms/WatchOS.platform/Developer/usr/bin/swift-plugin-server -external-plugin-path /Applications/Xcode-27.0.0-Release.Candidate.app/Contents/Developer/Platforms/WatchOS.platform/Developer/usr/local/lib/swift/host/plugins\#/Applications/Xcode-27.0.0-Release.Candidate.app/Contents/Developer/Platforms/WatchOS.platform/Developer/usr/bin/swift-plugin-server -in-process-plugin-server-path /Applications/Xcode-27.0.0-Release.Candidate.app/Contents/Developer/Toolchains/XcodeDefault.xctoolchain/usr/lib/swift/host/libSwiftInProcPluginServer.dylib -plugin-path /Applications/Xcode-27.0.0-Release.Candidate.app/Contents/Developer/Toolchains/XcodeDefault.xctoolchain/usr/lib/swift/host/plugins -plugin-path /Applications/Xcode-27.0.0-Release.Candidate.app/Contents/Developer/Toolchains/XcodeDefault.xctoolchain/usr/local/lib/swift/host/plugins -parse-as-library -o /Users/admin/builder/spi-builder-workspace/.derivedData/Build/Intermediates.noindex/DependencyInjectorObjectMapper.build/Debug-watchos/DependencyInjectorObjectMapper-t.build/Objects-normal/arm64/Provider+ObjectMapper.o -index-unit-output-path /DependencyInjectorObjectMapper.build/Debug-watchos/DependencyInjectorObjectMapper-t.build/Objects-normal/arm64/Provider+ObjectMapper.o -index-store-path /Users/admin/builder/spi-builder-workspace/.derivedData/Index.noindex/DataStore -index-system-modules
SwiftCompile normal arm64 /Users/admin/builder/spi-builder-workspace/Sources/DependencyInjectorObjectMapper/Provider+ObjectMapper.swift (in target 'DependencyInjectorObjectMapper' from project 'DependencyInjectorObjectMapper')
cd /Users/admin/builder/spi-builder-workspace/.swiftpm/xcode
builtin-SwiftPerFileCompile Provider+ObjectMapper.swift
SwiftCompile normal arm64_32 Compiling\ InjectorTransformer.swift /Users/admin/builder/spi-builder-workspace/Sources/DependencyInjectorObjectMapper/InjectorTransformer.swift (in target 'DependencyInjectorObjectMapper' from project 'DependencyInjectorObjectMapper')
SwiftCompile normal arm64_32 /Users/admin/builder/spi-builder-workspace/Sources/DependencyInjectorObjectMapper/InjectorTransformer.swift (in target 'DependencyInjectorObjectMapper' from project 'DependencyInjectorObjectMapper')
cd /Users/admin/builder/spi-builder-workspace/.swiftpm/xcode
builtin-SwiftPerFileCompile InjectorTransformer.swift
SwiftCompile normal arm64_32 Compiling\ Provider+ObjectMapper.swift /Users/admin/builder/spi-builder-workspace/Sources/DependencyInjectorObjectMapper/Provider+ObjectMapper.swift (in target 'DependencyInjectorObjectMapper' from project 'DependencyInjectorObjectMapper')
SwiftCompile normal arm64_32 /Users/admin/builder/spi-builder-workspace/Sources/DependencyInjectorObjectMapper/Provider+ObjectMapper.swift (in target 'DependencyInjectorObjectMapper' from project 'DependencyInjectorObjectMapper')
cd /Users/admin/builder/spi-builder-workspace/.swiftpm/xcode
builtin-SwiftPerFileCompile Provider+ObjectMapper.swift
SwiftCompile normal arm64_32 Compiling\ Map+DependencyInjector.swift /Users/admin/builder/spi-builder-workspace/Sources/DependencyInjectorObjectMapper/Map+DependencyInjector.swift (in target 'DependencyInjectorObjectMapper' from project 'DependencyInjectorObjectMapper')
SwiftCompile normal arm64_32 /Users/admin/builder/spi-builder-workspace/Sources/DependencyInjectorObjectMapper/Map+DependencyInjector.swift (in target 'DependencyInjectorObjectMapper' from project 'DependencyInjectorObjectMapper')
cd /Users/admin/builder/spi-builder-workspace/.swiftpm/xcode
builtin-SwiftPerFileCompile Map+DependencyInjector.swift
SwiftDriver\ Compilation ObjectMapper normal arm64_32 com.apple.xcode.tools.swift.compiler (in target 'ObjectMapper' from project 'ObjectMapper')
cd /Users/admin/builder/spi-builder-workspace/.swiftpm/xcode
builtin-Swift-Compilation -- /Applications/Xcode-27.0.0-Release.Candidate.app/Contents/Developer/Toolchains/XcodeDefault.xctoolchain/usr/bin/swiftc -parse-as-library -module-name ObjectMapper -Onone @/Users/admin/builder/spi-builder-workspace/.derivedData/Build/Intermediates.noindex/ObjectMapper.build/Debug-watchos/ObjectMapper-t.build/Objects-normal/arm64_32/ObjectMapper.SwiftFileList -DSWIFT_PACKAGE -DDEBUG -DSWIFT_MODULE_RESOURCE_BUNDLE_UNAVAILABLE -DXcode -plugin-path /Applications/Xcode-27.0.0-Release.Candidate.app/Contents/Developer/Toolchains/XcodeDefault.xctoolchain/usr/lib/swift/host/plugins/testing -enable-experimental-feature DebugDescriptionMacro -sdk /Applications/Xcode-27.0.0-Release.Candidate.app/Contents/Developer/Platforms/WatchOS.platform/Developer/SDKs/WatchOS27.0.sdk -target arm64_32-apple-watchos9.0 -g -module-cache-path /Users/admin/builder/spi-builder-workspace/.derivedData/ModuleCache.noindex -Xfrontend -serialize-debugging-options -profile-coverage-mapping -profile-generate -enable-testing -suppress-warnings -index-store-path /Users/admin/builder/spi-builder-workspace/.derivedData/Index.noindex/DataStore -Xcc -D_LIBCPP_HARDENING_MODE\=_LIBCPP_HARDENING_MODE_DEBUG -swift-version 4.2 -I /Users/admin/builder/spi-builder-workspace/.derivedData/Build/Products/Debug-watchos -Isystem /Applications/Xcode-27.0.0-Release.Candidate.app/Contents/Developer/Platforms/WatchOS.platform/Developer/usr/lib -F /Users/admin/builder/spi-builder-workspace/.derivedData/Build/Products/Debug-watchos -F /Applications/Xcode-27.0.0-Release.Candidate.app/Contents/Developer/Platforms/WatchOS.platform/Developer/Library/Frameworks -F /Applications/Xcode-27.0.0-Release.Candidate.app/Contents/Developer/Platforms/WatchOS.platform/Developer/SDKs/WatchOS27.0.sdk/Developer/Library/Frameworks -c -j10 -enable-batch-mode -incremental -Xcc -ivfsstatcache -Xcc /Users/admin/builder/spi-builder-workspace/.derivedData/SDKStatCaches.noindex/watchos27.0-24R360-e829b21a6f8c9b70876ba0858053c04477534ef55a1706bf4c1112bbb242f0a2.sdkstatcache -output-file-map /Users/admin/builder/spi-builder-workspace/.derivedData/Build/Intermediates.noindex/ObjectMapper.build/Debug-watchos/ObjectMapper-t.build/Objects-normal/arm64_32/ObjectMapper-OutputFileMap.json -save-temps -no-color-diagnostics -emit-dependencies -emit-module -emit-module-path /Users/admin/builder/spi-builder-workspace/.derivedData/Build/Intermediates.noindex/ObjectMapper.build/Debug-watchos/ObjectMapper-t.build/Objects-normal/arm64_32/ObjectMapper.swiftmodule -serialize-diagnostics -validate-clang-modules-once -clang-build-session-file /Users/admin/builder/spi-builder-workspace/.derivedData/ModuleCache.noindex/Session.modulevalidation -Xcc -fmodules-prune-interval\=86400 -Xcc -fmodules-prune-after\=345600 -emit-const-values -const-gather-protocols-list /Users/admin/builder/spi-builder-workspace/.derivedData/Build/Intermediates.noindex/ObjectMapper.build/Debug-watchos/ObjectMapper-t.build/Objects-normal/arm64_32/ObjectMapper_const_extract_protocols.json -Xcc -I/Users/admin/builder/spi-builder-workspace/.derivedData/Build/Products/Debug-watchos/include -Xcc -I/Users/admin/builder/spi-builder-workspace/.derivedData/Build/Intermediates.noindex/ObjectMapper.build/Debug-watchos/ObjectMapper-t.build/DerivedSources-normal/arm64_32 -Xcc -I/Users/admin/builder/spi-builder-workspace/.derivedData/Build/Intermediates.noindex/ObjectMapper.build/Debug-watchos/ObjectMapper-t.build/DerivedSources/arm64_32 -Xcc -I/Users/admin/builder/spi-builder-workspace/.derivedData/Build/Intermediates.noindex/ObjectMapper.build/Debug-watchos/ObjectMapper-t.build/DerivedSources -Xcc -DSWIFT_PACKAGE -Xcc -DDEBUG\=1 -emit-objc-header -emit-objc-header-path /Users/admin/builder/spi-builder-workspace/.derivedData/Build/Intermediates.noindex/ObjectMapper.build/Debug-watchos/ObjectMapper-t.build/Objects-normal/arm64_32/ObjectMapper-Swift.h -working-directory /Users/admin/builder/spi-builder-workspace/.swiftpm/xcode -experimental-emit-module-separately -disable-cmo
SwiftDriver\ Compilation ObjectMapper normal arm64 com.apple.xcode.tools.swift.compiler (in target 'ObjectMapper' from project 'ObjectMapper')
cd /Users/admin/builder/spi-builder-workspace/.swiftpm/xcode
builtin-Swift-Compilation -- /Applications/Xcode-27.0.0-Release.Candidate.app/Contents/Developer/Toolchains/XcodeDefault.xctoolchain/usr/bin/swiftc -parse-as-library -module-name ObjectMapper -Onone @/Users/admin/builder/spi-builder-workspace/.derivedData/Build/Intermediates.noindex/ObjectMapper.build/Debug-watchos/ObjectMapper-t.build/Objects-normal/arm64/ObjectMapper.SwiftFileList -DSWIFT_PACKAGE -DDEBUG -DSWIFT_MODULE_RESOURCE_BUNDLE_UNAVAILABLE -DXcode -plugin-path /Applications/Xcode-27.0.0-Release.Candidate.app/Contents/Developer/Toolchains/XcodeDefault.xctoolchain/usr/lib/swift/host/plugins/testing -enable-experimental-feature DebugDescriptionMacro -sdk /Applications/Xcode-27.0.0-Release.Candidate.app/Contents/Developer/Platforms/WatchOS.platform/Developer/SDKs/WatchOS27.0.sdk -target arm64-apple-watchos9.0 -g -module-cache-path /Users/admin/builder/spi-builder-workspace/.derivedData/ModuleCache.noindex -Xfrontend -serialize-debugging-options -profile-coverage-mapping -profile-generate -enable-testing -suppress-warnings -index-store-path /Users/admin/builder/spi-builder-workspace/.derivedData/Index.noindex/DataStore -Xcc -D_LIBCPP_HARDENING_MODE\=_LIBCPP_HARDENING_MODE_DEBUG -swift-version 4.2 -I /Users/admin/builder/spi-builder-workspace/.derivedData/Build/Products/Debug-watchos -Isystem /Applications/Xcode-27.0.0-Release.Candidate.app/Contents/Developer/Platforms/WatchOS.platform/Developer/usr/lib -F /Users/admin/builder/spi-builder-workspace/.derivedData/Build/Products/Debug-watchos -F /Applications/Xcode-27.0.0-Release.Candidate.app/Contents/Developer/Platforms/WatchOS.platform/Developer/Library/Frameworks -F /Applications/Xcode-27.0.0-Release.Candidate.app/Contents/Developer/Platforms/WatchOS.platform/Developer/SDKs/WatchOS27.0.sdk/Developer/Library/Frameworks -c -j10 -enable-batch-mode -incremental -Xcc -ivfsstatcache -Xcc /Users/admin/builder/spi-builder-workspace/.derivedData/SDKStatCaches.noindex/watchos27.0-24R360-e829b21a6f8c9b70876ba0858053c04477534ef55a1706bf4c1112bbb242f0a2.sdkstatcache -output-file-map /Users/admin/builder/spi-builder-workspace/.derivedData/Build/Intermediates.noindex/ObjectMapper.build/Debug-watchos/ObjectMapper-t.build/Objects-normal/arm64/ObjectMapper-OutputFileMap.json -save-temps -no-color-diagnostics -emit-dependencies -emit-module -emit-module-path /Users/admin/builder/spi-builder-workspace/.derivedData/Build/Intermediates.noindex/ObjectMapper.build/Debug-watchos/ObjectMapper-t.build/Objects-normal/arm64/ObjectMapper.swiftmodule -serialize-diagnostics -validate-clang-modules-once -clang-build-session-file /Users/admin/builder/spi-builder-workspace/.derivedData/ModuleCache.noindex/Session.modulevalidation -Xcc -fmodules-prune-interval\=86400 -Xcc -fmodules-prune-after\=345600 -emit-const-values -const-gather-protocols-list /Users/admin/builder/spi-builder-workspace/.derivedData/Build/Intermediates.noindex/ObjectMapper.build/Debug-watchos/ObjectMapper-t.build/Objects-normal/arm64/ObjectMapper_const_extract_protocols.json -Xcc -I/Users/admin/builder/spi-builder-workspace/.derivedData/Build/Products/Debug-watchos/include -Xcc -I/Users/admin/builder/spi-builder-workspace/.derivedData/Build/Intermediates.noindex/ObjectMapper.build/Debug-watchos/ObjectMapper-t.build/DerivedSources-normal/arm64 -Xcc -I/Users/admin/builder/spi-builder-workspace/.derivedData/Build/Intermediates.noindex/ObjectMapper.build/Debug-watchos/ObjectMapper-t.build/DerivedSources/arm64 -Xcc -I/Users/admin/builder/spi-builder-workspace/.derivedData/Build/Intermediates.noindex/ObjectMapper.build/Debug-watchos/ObjectMapper-t.build/DerivedSources -Xcc -DSWIFT_PACKAGE -Xcc -DDEBUG\=1 -emit-objc-header -emit-objc-header-path /Users/admin/builder/spi-builder-workspace/.derivedData/Build/Intermediates.noindex/ObjectMapper.build/Debug-watchos/ObjectMapper-t.build/Objects-normal/arm64/ObjectMapper-Swift.h -working-directory /Users/admin/builder/spi-builder-workspace/.swiftpm/xcode -experimental-emit-module-separately -disable-cmo
Ld /Users/admin/builder/spi-builder-workspace/.derivedData/Build/Intermediates.noindex/ObjectMapper.build/Debug-watchos/ObjectMapper-t.build/Objects-normal/arm64_32/Binary/ObjectMapper.o normal arm64_32 (in target 'ObjectMapper' from project 'ObjectMapper')
cd /Users/admin/builder/spi-builder-workspace/.dependencies/checkouts/ObjectMapper
/Applications/Xcode-27.0.0-Release.Candidate.app/Contents/Developer/Toolchains/XcodeDefault.xctoolchain/usr/bin/clang -Xlinker -reproducible -target arm64_32-apple-watchos9.0 -r -isysroot /Applications/Xcode-27.0.0-Release.Candidate.app/Contents/Developer/Platforms/WatchOS.platform/Developer/SDKs/WatchOS27.0.sdk -O0 -w -Xlinker -no_warn_duplicate_libraries -F/Users/admin/builder/spi-builder-workspace/.derivedData/Build/Intermediates.noindex/EagerLinkingTBDs/Debug-watchos -F/Users/admin/builder/spi-builder-workspace/.derivedData/Build/Products/Debug-watchos -iframework /Applications/Xcode-27.0.0-Release.Candidate.app/Contents/Developer/Platforms/WatchOS.platform/Developer/Library/Frameworks -iframework /Applications/Xcode-27.0.0-Release.Candidate.app/Contents/Developer/Platforms/WatchOS.platform/Developer/SDKs/WatchOS27.0.sdk/Developer/Library/Frameworks -filelist /Users/admin/builder/spi-builder-workspace/.derivedData/Build/Intermediates.noindex/ObjectMapper.build/Debug-watchos/ObjectMapper-t.build/Objects-normal/arm64_32/ObjectMapper.LinkFileList -nostdlib -Xlinker -object_path_lto -Xlinker /Users/admin/builder/spi-builder-workspace/.derivedData/Build/Intermediates.noindex/ObjectMapper.build/Debug-watchos/ObjectMapper-t.build/Objects-normal/arm64_32/ObjectMapper_lto.o -Xlinker -no_deduplicate -Xlinker -debug_variant -Xlinker -dependency_info -Xlinker /Users/admin/builder/spi-builder-workspace/.derivedData/Build/Intermediates.noindex/ObjectMapper.build/Debug-watchos/ObjectMapper-t.build/Objects-normal/arm64_32/ObjectMapper_dependency_info.dat -fobjc-link-runtime -L/Applications/Xcode-27.0.0-Release.Candidate.app/Contents/Developer/Toolchains/XcodeDefault.xctoolchain/usr/lib/swift/watchos -L/usr/lib/swift -Xlinker -add_ast_path -Xlinker /Users/admin/builder/spi-builder-workspace/.derivedData/Build/Intermediates.noindex/ObjectMapper.build/Debug-watchos/ObjectMapper-t.build/Objects-normal/arm64_32/ObjectMapper.swiftmodule -o /Users/admin/builder/spi-builder-workspace/.derivedData/Build/Intermediates.noindex/ObjectMapper.build/Debug-watchos/ObjectMapper-t.build/Objects-normal/arm64_32/Binary/ObjectMapper.o
Ld /Users/admin/builder/spi-builder-workspace/.derivedData/Build/Intermediates.noindex/ObjectMapper.build/Debug-watchos/ObjectMapper-t.build/Objects-normal/arm64/Binary/ObjectMapper.o normal arm64 (in target 'ObjectMapper' from project 'ObjectMapper')
cd /Users/admin/builder/spi-builder-workspace/.dependencies/checkouts/ObjectMapper
/Applications/Xcode-27.0.0-Release.Candidate.app/Contents/Developer/Toolchains/XcodeDefault.xctoolchain/usr/bin/clang -Xlinker -reproducible -target arm64-apple-watchos9.0 -r -isysroot /Applications/Xcode-27.0.0-Release.Candidate.app/Contents/Developer/Platforms/WatchOS.platform/Developer/SDKs/WatchOS27.0.sdk -O0 -w -Xlinker -no_warn_duplicate_libraries -F/Users/admin/builder/spi-builder-workspace/.derivedData/Build/Intermediates.noindex/EagerLinkingTBDs/Debug-watchos -F/Users/admin/builder/spi-builder-workspace/.derivedData/Build/Products/Debug-watchos -iframework /Applications/Xcode-27.0.0-Release.Candidate.app/Contents/Developer/Platforms/WatchOS.platform/Developer/Library/Frameworks -iframework /Applications/Xcode-27.0.0-Release.Candidate.app/Contents/Developer/Platforms/WatchOS.platform/Developer/SDKs/WatchOS27.0.sdk/Developer/Library/Frameworks -filelist /Users/admin/builder/spi-builder-workspace/.derivedData/Build/Intermediates.noindex/ObjectMapper.build/Debug-watchos/ObjectMapper-t.build/Objects-normal/arm64/ObjectMapper.LinkFileList -nostdlib -Xlinker -object_path_lto -Xlinker /Users/admin/builder/spi-builder-workspace/.derivedData/Build/Intermediates.noindex/ObjectMapper.build/Debug-watchos/ObjectMapper-t.build/Objects-normal/arm64/ObjectMapper_lto.o -Xlinker -no_deduplicate -Xlinker -debug_variant -Xlinker -dependency_info -Xlinker /Users/admin/builder/spi-builder-workspace/.derivedData/Build/Intermediates.noindex/ObjectMapper.build/Debug-watchos/ObjectMapper-t.build/Objects-normal/arm64/ObjectMapper_dependency_info.dat -fobjc-link-runtime -L/Applications/Xcode-27.0.0-Release.Candidate.app/Contents/Developer/Toolchains/XcodeDefault.xctoolchain/usr/lib/swift/watchos -L/usr/lib/swift -Xlinker -add_ast_path -Xlinker /Users/admin/builder/spi-builder-workspace/.derivedData/Build/Intermediates.noindex/ObjectMapper.build/Debug-watchos/ObjectMapper-t.build/Objects-normal/arm64/ObjectMapper.swiftmodule -o /Users/admin/builder/spi-builder-workspace/.derivedData/Build/Intermediates.noindex/ObjectMapper.build/Debug-watchos/ObjectMapper-t.build/Objects-normal/arm64/Binary/ObjectMapper.o
SwiftCompile normal arm64_32 Compiling\ Binder+ObjectMapper.swift /Users/admin/builder/spi-builder-workspace/Sources/DependencyInjectorObjectMapper/Binder+ObjectMapper.swift (in target 'DependencyInjectorObjectMapper' from project 'DependencyInjectorObjectMapper')
SwiftCompile normal arm64_32 /Users/admin/builder/spi-builder-workspace/Sources/DependencyInjectorObjectMapper/Binder+ObjectMapper.swift (in target 'DependencyInjectorObjectMapper' from project 'DependencyInjectorObjectMapper')
cd /Users/admin/builder/spi-builder-workspace/.swiftpm/xcode
builtin-SwiftPerFileCompile Binder+ObjectMapper.swift
CreateUniversalBinary /Users/admin/builder/spi-builder-workspace/.derivedData/Build/Products/Debug-watchos/ObjectMapper.o normal arm64\ arm64_32 (in target 'ObjectMapper' from project 'ObjectMapper')
cd /Users/admin/builder/spi-builder-workspace/.dependencies/checkouts/ObjectMapper
/Applications/Xcode-27.0.0-Release.Candidate.app/Contents/Developer/Toolchains/XcodeDefault.xctoolchain/usr/bin/lipo -create /Users/admin/builder/spi-builder-workspace/.derivedData/Build/Intermediates.noindex/ObjectMapper.build/Debug-watchos/ObjectMapper-t.build/Objects-normal/arm64/Binary/ObjectMapper.o /Users/admin/builder/spi-builder-workspace/.derivedData/Build/Intermediates.noindex/ObjectMapper.build/Debug-watchos/ObjectMapper-t.build/Objects-normal/arm64_32/Binary/ObjectMapper.o -output /Users/admin/builder/spi-builder-workspace/.derivedData/Build/Products/Debug-watchos/ObjectMapper.o
PruneExplicitPrecompiledModules /Users/admin/builder/spi-builder-workspace/.derivedData/Build/Intermediates.noindex/ExplicitPrecompiledModules
PruneExplicitPrecompiledModules /Users/admin/builder/spi-builder-workspace/.derivedData/Build/Intermediates.noindex/SwiftExplicitPrecompiledModules
PruneExplicitPrecompiledModules /Users/admin/builder/spi-builder-workspace/.derivedData/SDKExplicitPrecompiledModules
2026-09-16 04:40:16.601 xcodebuild[828:5479] [MT] IDERunDestination: Supported platforms for the buildables in the current scheme is empty.
** BUILD FAILED **
The following build commands failed:
SwiftCompile normal arm64 Compiling\ Provider+ObjectMapper.swift /Users/admin/builder/spi-builder-workspace/Sources/DependencyInjectorObjectMapper/Provider+ObjectMapper.swift (in target 'DependencyInjectorObjectMapper' from project 'DependencyInjectorObjectMapper')
SwiftCompile normal arm64 /Users/admin/builder/spi-builder-workspace/Sources/DependencyInjectorObjectMapper/Provider+ObjectMapper.swift (in target 'DependencyInjectorObjectMapper' from project 'DependencyInjectorObjectMapper')
Building workspace DependencyInjectorObjectMapper with scheme DependencyInjectorObjectMapper
(3 failures)
BUILD FAILURE 6.4 watchOS