The Swift Package Index logo.Swift Package Index

Build Information

Failed to build device-input, reference main (501e95), with Swift 6.4 for Wasm on 29 Sep 2026 05:54:50 UTC.

Build Command

bash -c docker run --pull=always --rm -v "checkouts-54344843-2":/host -w "$PWD" -e JAVA_HOME="/root/.sdkman/candidates/java/current" -e SPI_BUILD="1" -e SPI_PROCESSING="1" registry.gitlab.com/saguaro1/spi-images:wasm-6.4-latest swift build --swift-sdk swift-6.4.x-DEVELOPMENT-SNAPSHOT-2026-09-04-a_wasm 2>&1

Build Log

========================================
RunAll
========================================
Builder version: 5.1.0
Interrupt handler set up.
========================================
Checkout
========================================
Clone URL: https://github.com/sersoft-gmbh/device-input.git
Reference: main
Initialized empty Git repository in /host/spi-builder-workspace/.git/
hint: Using 'master' as the name for the initial branch. This default branch name
hint: is subject to change. To configure the initial branch name to use in all
hint: of your new repositories, which will suppress this warning, call:
hint:
hint: 	git config --global init.defaultBranch <name>
hint:
hint: Names commonly chosen instead of 'master' are 'main', 'trunk' and
hint: 'development'. The just-created branch can be renamed via this command:
hint:
hint: 	git branch -m <name>
From https://github.com/sersoft-gmbh/device-input
 * branch            main       -> FETCH_HEAD
 * [new branch]      main       -> origin/main
HEAD is now at 501e959 Add Swift 6.4 support, drop Swift 6.0 support
Cloned https://github.com/sersoft-gmbh/device-input.git
Revision (git rev-parse @):
501e959a5beac5e9885c49a038efdd17a08829c0
SPI manifest file found: $PWD/.spi.yml
SUCCESS checkout https://github.com/sersoft-gmbh/device-input.git at main
========================================
Build
========================================
Selected platform:         wasm
Swift version:             6.4
Building package at path:  $PWD
https://github.com/sersoft-gmbh/device-input.git
Running build ...
bash -c docker run --pull=always --rm -v "checkouts-54344843-2":/host -w "$PWD" -e JAVA_HOME="/root/.sdkman/candidates/java/current" -e SPI_BUILD="1" -e SPI_PROCESSING="1" registry.gitlab.com/saguaro1/spi-images:wasm-6.4-latest swift build --swift-sdk swift-6.4.x-DEVELOPMENT-SNAPSHOT-2026-09-04-a_wasm 2>&1
wasm-6.4-latest: Pulling from saguaro1/spi-images
Digest: sha256:4328fdb43c680d205c1d6761b1e3267aa38277eefdda9ddfb17b6a0f1a77857a
Status: Image is up to date for registry.gitlab.com/saguaro1/spi-images:wasm-6.4-latest
Fetching https://github.com/sersoft-gmbh/swift-filestreamer
Fetching https://github.com/apple/swift-system
Fetching https://github.com/apple/swift-docc-plugin
[1/2345] Fetching swift-docc-plugin
[189/4558] Fetching swift-docc-plugin, swift-filestreamer
[1210/11544] Fetching swift-docc-plugin, swift-filestreamer, swift-system
Fetched https://github.com/apple/swift-docc-plugin (0.56s)
[5405/9199] Fetching swift-filestreamer, swift-system
Fetched https://github.com/sersoft-gmbh/swift-filestreamer (0.64s)
Fetched https://github.com/apple/swift-system (0.64s)
Computing version for https://github.com/sersoft-gmbh/swift-filestreamer
Computed https://github.com/sersoft-gmbh/swift-filestreamer at 0.12.0 (0.81s)
Computing version for https://github.com/apple/swift-docc-plugin
Computed https://github.com/apple/swift-docc-plugin at 1.5.0 (1.09s)
Fetching https://github.com/swiftlang/swift-docc-symbolkit
[1/3832] Fetching swift-docc-symbolkit
Fetched https://github.com/swiftlang/swift-docc-symbolkit (0.66s)
Computing version for https://github.com/swiftlang/swift-docc-symbolkit
Computed https://github.com/swiftlang/swift-docc-symbolkit at 1.0.0 (0.91s)
Computing version for https://github.com/apple/swift-system
Computed https://github.com/apple/swift-system at 1.8.1 (0.22s)
Creating working copy for https://github.com/swiftlang/swift-docc-symbolkit
Working copy of https://github.com/swiftlang/swift-docc-symbolkit resolved at 1.0.0
Creating working copy for https://github.com/sersoft-gmbh/swift-filestreamer
Working copy of https://github.com/sersoft-gmbh/swift-filestreamer resolved at 0.12.0
Creating working copy for https://github.com/apple/swift-docc-plugin
Working copy of https://github.com/apple/swift-docc-plugin resolved at 1.5.0
Creating working copy for https://github.com/apple/swift-system
Working copy of https://github.com/apple/swift-system resolved at 1.8.1
Building for debugging...
[Constructing description]
[Planning deferred tasks]
/host/spi-builder-workspace/Sources/CInput/grabdevice.c:16:22: error: call to undeclared function '_IOW'; ISO C99 and later do not support implicit function declarations [-Wimplicit-function-declaration]
   16 |     return ioctl(fd, EVIOCGRAB, action);
      |                      ^
/host/spi-builder-workspace/Sources/CInput/grabdevice.c:11:19: note: expanded from macro 'EVIOCGRAB'
   11 | #define EVIOCGRAB _IOW('E', 0x90, int)
      |                   ^
/host/spi-builder-workspace/Sources/CInput/grabdevice.c:16:22: error: expected expression
/host/spi-builder-workspace/Sources/CInput/grabdevice.c:11:35: note: expanded from macro 'EVIOCGRAB'
   11 | #define EVIOCGRAB _IOW('E', 0x90, int)
      |                                   ^
2 errors generated.
error: CompileC /host/spi-builder-workspace/.build/out/Intermediates.noindex/device-input.build/Debug-webassembly-wasm32/CInput-t.build/Objects-normal/wasm32/grabdevice.o /host/spi-builder-workspace/Sources/CInput/grabdevice.c normal wasm32 c com.apple.compilers.llvm.clang.1_0.compiler failed with a nonzero exit code. Command line:     cd /host

    Using response file: /host/spi-builder-workspace/.build/out/Intermediates.noindex/device-input.build/Debug-webassembly-wasm32/CInput-t.build/Objects-normal/wasm32/9f65232cb83f8421e3a495a5062eba382369c975104ee97bafc405ab795bfc5e-common-args.resp

    /usr/bin/clang -x c -target wasm32-unknown-wasip1 -fmessage-length\=0 -fdiagnostics-show-note-include-stack -fmacro-backtrace-limit\=0 -fcolor-diagnostics -Wno-trigraphs -Wno-missing-field-initializers -Wno-missing-prototypes -Wno-return-type -Wno-missing-braces -Wparentheses -Wswitch -Wno-unused-function -Wno-unused-label -Wno-unused-parameter -Wno-unused-variable -Wunused-value -Wno-empty-body -Wno-uninitialized -Wno-unknown-pragmas -Wno-shadow -Wno-four-char-constants -Wno-conversion -Wno-constant-conversion -Wno-int-conversion -Wno-bool-conversion -Wno-enum-conversion -Wno-float-conversion -Wno-non-literal-null-conversion -Wno-objc-literal-conversion -Wno-shorten-64-to-32 -Wpointer-sign -Wno-newline-eof -Wno-implicit-fallthrough -fstrict-aliasing -Wdeprecated-declarations -Wno-sign-conversion -Wno-infinite-recursion -Wno-comma -Wno-block-capture-autoreleasing -Wno-strict-prototypes -Wno-semicolon-before-method-body --sysroot /root/.swiftpm/swift-sdks/swift-6.4.x-DEVELOPMENT-SNAPSHOT-2026-09-04-a_wasm.artifactbundle/swift-6.4.x-DEVELOPMENT-SNAPSHOT-2026-09-04-a_wasm/wasm32-unknown-wasip1/WASI.sdk @/host/spi-builder-workspace/.build/out/Intermediates.noindex/device-input.build/Debug-webassembly-wasm32/CInput-t.build/Objects-normal/wasm32/9f65232cb83f8421e3a495a5062eba382369c975104ee97bafc405ab795bfc5e-common-args.resp -MMD -MT dependencies -MF /host/spi-builder-workspace/.build/out/Intermediates.noindex/device-input.build/Debug-webassembly-wasm32/CInput-t.build/Objects-normal/wasm32/grabdevice.d --serialize-diagnostics /host/spi-builder-workspace/.build/out/Intermediates.noindex/device-input.build/Debug-webassembly-wasm32/CInput-t.build/Objects-normal/wasm32/grabdevice.dia -c /host/spi-builder-workspace/Sources/CInput/grabdevice.c -o /host/spi-builder-workspace/.build/out/Intermediates.noindex/device-input.build/Debug-webassembly-wasm32/CInput-t.build/Objects-normal/wasm32/grabdevice.o
error: Build failed
BUILD FAILURE 6.4 wasm