Build Information
Failed to build EffectComponents, reference main (8b63ae), with Swift 6.2 for iOS using Xcode 26.3 on 11 Aug 2026 22:44:56 UTC.
Build Command
No build command. This typically means the build failed at an early stage where we determine the build command.Build Log
========================================
RunAll
========================================
Builder version: undefined version: run 'make version' to update
Interrupt handler set up.
========================================
Checkout
========================================
Clone URL: https://github.com/couchdeveloper/EffectComponents.git
Reference: main
Initialized empty Git repository in /Users/admin/builder/spi-builder-workspace/.git/
From https://github.com/couchdeveloper/EffectComponents
* branch main -> FETCH_HEAD
* [new branch] main -> origin/main
HEAD is now at 8b63ae5 feat! Major Design and Feature Improvements (#22)
Cloned https://github.com/couchdeveloper/EffectComponents.git
Revision (git rev-parse @):
8b63ae533d75c8bd3a03ff47a89254b0ebe43e7b
SUCCESS checkout https://github.com/couchdeveloper/EffectComponents.git at main
========================================
Build
========================================
Selected platform: iOS
Swift version: 6.2
Building package at path: $PWD
https://github.com/couchdeveloper/EffectComponents.git
Command line invocation:
/Applications/Xcode-26.3.0.app/Contents/Developer/usr/bin/xcodebuild -IDEClonedSourcePackagesDirPathOverride=/Users/admin/builder/spi-builder-workspace/.dependencies -resolvePackageDependencies
Resolve Package Graph
package 'spi-builder-workspace' is using Swift tools version 6.3.0 but the installed version is 6.2.4
Resolved source packages:
spi-builder-workspace: (null)
2026-08-11 18:44:48.274 xcodebuild[538:3108] [MT] IDERunDestination: Supported platforms for the buildables in the current scheme is empty.
2026-08-11 18:44:55.798 xcodebuild[538:3108] [MT] IDERunDestination: Supported platforms for the buildables in the current scheme is empty.
2026-08-11 18:44:55.852 xcodebuild[538:3108] Writing error result bundle to /var/folders/xq/y_g06wb113726d38xsyx71_h0000gn/T/ResultBundle_2026-11-08_18-44-0055.xcresult
xcodebuild: error: Could not resolve package dependencies:
package 'spi-builder-workspace' is using Swift tools version 6.3.0 but the installed version is 6.2.4
Command line invocation:
/Applications/Xcode-26.3.0.app/Contents/Developer/usr/bin/xcodebuild -IDEClonedSourcePackagesDirPathOverride=/Users/admin/builder/spi-builder-workspace/.dependencies -resolvePackageDependencies
Resolve Package Graph
package 'spi-builder-workspace' is using Swift tools version 6.3.0 but the installed version is 6.2.4
Resolved source packages:
spi-builder-workspace: (null)
2026-08-11 18:44:56.524 xcodebuild[600:3639] [MT] IDERunDestination: Supported platforms for the buildables in the current scheme is empty.
2026-08-11 18:44:56.684 xcodebuild[600:3639] [MT] IDERunDestination: Supported platforms for the buildables in the current scheme is empty.
2026-08-11 18:44:56.696 xcodebuild[600:3639] Writing error result bundle to /var/folders/xq/y_g06wb113726d38xsyx71_h0000gn/T/ResultBundle_2026-11-08_18-44-0056.xcresult
xcodebuild: error: Could not resolve package dependencies:
package 'spi-builder-workspace' is using Swift tools version 6.3.0 but the installed version is 6.2.4
BUILD FAILURE 6.2 iOS