Build Information
Failed to build Pry, reference v1.3.1 (74d6d4), with Swift 6.4 for visionOS using Xcode 27.0 on 24 Sep 2026 19:27:42 UTC.
Build Command
env DEVELOPER_DIR=/Applications/Xcode-27.0.0-Release.Candidate.app xcrun xcodebuild -IDEClonedSourcePackagesDirPathOverride=$PWD/.dependencies -skipMacroValidation -skipPackagePluginValidation -derivedDataPath $PWD/.derivedData build -scheme Pry -destination generic/platform=xrOSBuild Log
note: Emplaced /Users/admin/builder/spi-builder-workspace/.derivedData/Build/Products/Debug-xros/Pry_Pry.bundle/Assets.car (in target 'Pry_Pry' from project 'Pry')
ProcessInfoPlistFile /Users/admin/builder/spi-builder-workspace/.derivedData/Build/Products/Debug-xros/Pry_Pry.bundle/Info.plist /Users/admin/builder/spi-builder-workspace/.derivedData/Build/Intermediates.noindex/Pry.build/Debug-xros/Pry_Pry-b.build/empty-Pry_Pry.plist (in target 'Pry_Pry' from project 'Pry')
cd /Users/admin/builder/spi-builder-workspace
builtin-infoPlistUtility /Users/admin/builder/spi-builder-workspace/.derivedData/Build/Intermediates.noindex/Pry.build/Debug-xros/Pry_Pry-b.build/empty-Pry_Pry.plist -producttype com.apple.product-type.bundle -expandbuildsettings -format binary -platform xros -additionalcontentfile /Users/admin/builder/spi-builder-workspace/.derivedData/Build/Intermediates.noindex/Pry.build/Debug-xros/Pry_Pry-b.build/assetcatalog_generated_info.plist -o /Users/admin/builder/spi-builder-workspace/.derivedData/Build/Products/Debug-xros/Pry_Pry.bundle/Info.plist
RegisterExecutionPolicyException /Users/admin/builder/spi-builder-workspace/.derivedData/Build/Products/Debug-xros/Pry_Pry.bundle (in target 'Pry_Pry' from project 'Pry')
cd /Users/admin/builder/spi-builder-workspace
builtin-RegisterExecutionPolicyException /Users/admin/builder/spi-builder-workspace/.derivedData/Build/Products/Debug-xros/Pry_Pry.bundle
Touch /Users/admin/builder/spi-builder-workspace/.derivedData/Build/Products/Debug-xros/Pry_Pry.bundle (in target 'Pry_Pry' from project 'Pry')
cd /Users/admin/builder/spi-builder-workspace
/usr/bin/touch -c /Users/admin/builder/spi-builder-workspace/.derivedData/Build/Products/Debug-xros/Pry_Pry.bundle
SwiftExplicitDependencyGeneratePcm arm64 /Users/admin/builder/spi-builder-workspace/.derivedData/SDKExplicitPrecompiledModules/_SwiftConcurrencyShims-9H7TQT237JM0VTD7TXCR6CNM9.pcm
SwiftExplicitDependencyGeneratePcm arm64 /Users/admin/builder/spi-builder-workspace/.derivedData/SDKExplicitPrecompiledModules/SwiftShims-2HAZ94YF1BA79JLFTAIV7APMW.pcm
SwiftExplicitDependencyGeneratePcm arm64 /Users/admin/builder/spi-builder-workspace/.derivedData/SDKExplicitPrecompiledModules/ShaderGraph-60HTPBNDVX0CX5JIAYFVTA9L4.pcm
SwiftExplicitDependencyGeneratePcm arm64 /Users/admin/builder/spi-builder-workspace/.derivedData/SDKExplicitPrecompiledModules/_Builtin_stdarg-62NPPE4D8O3BNLU35D74TGLVQ.pcm
SwiftExplicitDependencyGeneratePcm arm64 /Users/admin/builder/spi-builder-workspace/.derivedData/SDKExplicitPrecompiledModules/_Builtin_float-1J8SO31WACP82RKV0LOTRKG39.pcm
SwiftExplicitDependencyGeneratePcm arm64 /Users/admin/builder/spi-builder-workspace/.derivedData/SDKExplicitPrecompiledModules/_Builtin_stddef-2IE0R9M96I5XG0WY72N2UIQ8V.pcm
SwiftExplicitDependencyGeneratePcm arm64 /Users/admin/builder/spi-builder-workspace/.derivedData/SDKExplicitPrecompiledModules/_Builtin_stdbool-1Q6BTYNEVHC9M74WL5O5GJ1ZM.pcm
SwiftExplicitDependencyGeneratePcm arm64 /Users/admin/builder/spi-builder-workspace/.derivedData/SDKExplicitPrecompiledModules/ptrauth-9Q1PN7OTQZN7B0Z9D7V7Q8UB1.pcm
SwiftExplicitDependencyGeneratePcm arm64 /Users/admin/builder/spi-builder-workspace/.derivedData/SDKExplicitPrecompiledModules/DeveloperToolsSupport-194HZPFNNCEHRVXIO6O8L9S0O.pcm
SwiftExplicitDependencyGeneratePcm arm64 /Users/admin/builder/spi-builder-workspace/.derivedData/SDKExplicitPrecompiledModules/ptrcheck-98Y8DWD0HPCMRMDFKAEZCA81O.pcm
SwiftExplicitDependencyGeneratePcm arm64 /Users/admin/builder/spi-builder-workspace/.derivedData/SDKExplicitPrecompiledModules/_AvailabilityInternal-6BH9T8OE123ARKKFOJFR111NS.pcm
SwiftExplicitDependencyGeneratePcm arm64 /Users/admin/builder/spi-builder-workspace/.derivedData/SDKExplicitPrecompiledModules/_DarwinFoundation1-AVZIQZ8HOAUXTT5CXVE5TNG7E.pcm
SwiftExplicitDependencyGeneratePcm arm64 /Users/admin/builder/spi-builder-workspace/.derivedData/SDKExplicitPrecompiledModules/_DarwinFoundation2-E0NXA4K8N3W3XTJG0EDH15WR2.pcm
SwiftExplicitDependencyGeneratePcm arm64 /Users/admin/builder/spi-builder-workspace/.derivedData/SDKExplicitPrecompiledModules/_Builtin_limits-599EXAY0E7DPK78D1JASUXYCQ.pcm
SwiftExplicitDependencyGeneratePcm arm64 /Users/admin/builder/spi-builder-workspace/.derivedData/SDKExplicitPrecompiledModules/ExtensionFoundation-BU61P2CEAMM06XGJDUB248XC8.pcm
SwiftExplicitDependencyGeneratePcm arm64 /Users/admin/builder/spi-builder-workspace/.derivedData/SDKExplicitPrecompiledModules/_Builtin_stdint-F1DLW8WMMSOC414RWOQWK8OS8.pcm
SwiftExplicitDependencyGeneratePcm arm64 /Users/admin/builder/spi-builder-workspace/.derivedData/SDKExplicitPrecompiledModules/sys_types-A3BBS6FJZK4C974FRQ5ZCTND7.pcm
SwiftExplicitDependencyGeneratePcm arm64 /Users/admin/builder/spi-builder-workspace/.derivedData/SDKExplicitPrecompiledModules/_Builtin_tgmath-6A504NZTD9420A66PPDYUHISN.pcm
SwiftExplicitDependencyGeneratePcm arm64 /Users/admin/builder/spi-builder-workspace/.derivedData/SDKExplicitPrecompiledModules/string_h-BGPLTZ4H9HACR813QKF6VS72D.pcm
SwiftExplicitDependencyGeneratePcm arm64 /Users/admin/builder/spi-builder-workspace/.derivedData/SDKExplicitPrecompiledModules/_DarwinFoundation3-C1P0SZMW1CBYZ1956G2WPAGVQ.pcm
SwiftExplicitDependencyGeneratePcm arm64 /Users/admin/builder/spi-builder-workspace/.derivedData/SDKExplicitPrecompiledModules/_Builtin_intrinsics-3111M8ALPD4YFW0NUUUBCM0JD.pcm
SwiftExplicitDependencyGeneratePcm arm64 /Users/admin/builder/spi-builder-workspace/.derivedData/SDKExplicitPrecompiledModules/_Builtin_stdatomic-158FFQF46AB7DZCSEC3RCRTFC.pcm
SwiftExplicitDependencyGeneratePcm arm64 /Users/admin/builder/spi-builder-workspace/.derivedData/SDKExplicitPrecompiledModules/_Builtin_inttypes-9DU9NJC5HKVLIXJ97CZROETBU.pcm
SwiftExplicitDependencyGeneratePcm arm64 /Users/admin/builder/spi-builder-workspace/.derivedData/SDKExplicitPrecompiledModules/Darwin-ET1KOXI5QIB2QZ81K0LJ5SCNP.pcm
SwiftExplicitDependencyGeneratePcm arm64 /Users/admin/builder/spi-builder-workspace/.derivedData/SDKExplicitPrecompiledModules/simd-7J2M7D2SOHYQ7IO8MYH2RXTKH.pcm
SwiftExplicitDependencyGeneratePcm arm64 /Users/admin/builder/spi-builder-workspace/.derivedData/SDKExplicitPrecompiledModules/ObjectiveC-7UYOWV2RO2CMEGURP3Y7WLPAT.pcm
SwiftExplicitDependencyGeneratePcm arm64 /Users/admin/builder/spi-builder-workspace/.derivedData/SDKExplicitPrecompiledModules/MachO-6F2CAO15JWU9TP0S5ZC6PL9IB.pcm
SwiftExplicitDependencyGeneratePcm arm64 /Users/admin/builder/spi-builder-workspace/.derivedData/SDKExplicitPrecompiledModules/os_object-A49MUZWNB60JKCX0NMFXESEZD.pcm
SwiftExplicitDependencyGeneratePcm arm64 /Users/admin/builder/spi-builder-workspace/.derivedData/SDKExplicitPrecompiledModules/os_workgroup-1J3Q9ELSMX5271913GPIT75QV.pcm
SwiftExplicitDependencyGeneratePcm arm64 /Users/admin/builder/spi-builder-workspace/.derivedData/SDKExplicitPrecompiledModules/Dispatch-7TDXDXPVVCZ0IQLPT2W4Z1AW3.pcm
SwiftExplicitDependencyGeneratePcm arm64 /Users/admin/builder/spi-builder-workspace/.derivedData/SDKExplicitPrecompiledModules/Spatial-92H2FIVGSGXGN6Z0PM4QAD9U8.pcm
SwiftExplicitDependencyGeneratePcm arm64 /Users/admin/builder/spi-builder-workspace/.derivedData/SDKExplicitPrecompiledModules/dnssd-3O0RNR51LL3EG0N1T07ZFMALS.pcm
SwiftExplicitDependencyGeneratePcm arm64 /Users/admin/builder/spi-builder-workspace/.derivedData/SDKExplicitPrecompiledModules/XPC-1U8J3QOEPI1JREQTBJYCK4Z2Z.pcm
SwiftExplicitDependencyGeneratePcm arm64 /Users/admin/builder/spi-builder-workspace/.derivedData/SDKExplicitPrecompiledModules/CoreFoundation-5D49BF05JAG3T79HLXZS0QOEB.pcm
SwiftExplicitDependencyGeneratePcm arm64 /Users/admin/builder/spi-builder-workspace/.derivedData/SDKExplicitPrecompiledModules/os-7D3ZMGEZW9BBPJG5AFYWTJQLV.pcm
SwiftExplicitDependencyGeneratePcm arm64 /Users/admin/builder/spi-builder-workspace/.derivedData/SDKExplicitPrecompiledModules/Security-4BDO3J0PXFNR7ZRKSDSXCO6IM.pcm
SwiftExplicitDependencyGeneratePcm arm64 /Users/admin/builder/spi-builder-workspace/.derivedData/SDKExplicitPrecompiledModules/CoreAudioTypes-312R5U71UD8UC735GBX55K3US.pcm
SwiftExplicitDependencyGeneratePcm arm64 /Users/admin/builder/spi-builder-workspace/.derivedData/SDKExplicitPrecompiledModules/CFNetwork-8XNJAT23SK5D0OET9NV9X387I.pcm
SwiftExplicitDependencyGeneratePcm arm64 /Users/admin/builder/spi-builder-workspace/.derivedData/SDKExplicitPrecompiledModules/CoreGraphics-AY8OPKLJIGMHZ9MYROUT854WA.pcm
SwiftExplicitDependencyGeneratePcm arm64 /Users/admin/builder/spi-builder-workspace/.derivedData/SDKExplicitPrecompiledModules/CoreAudio-BNVVZ0H6VD0B9Q2N4KZUSB6RB.pcm
SwiftExplicitDependencyGeneratePcm arm64 /Users/admin/builder/spi-builder-workspace/.derivedData/SDKExplicitPrecompiledModules/Foundation-48S9SVOOX01R4NP8KF0LJG57Z.pcm
SwiftExplicitDependencyGeneratePcm arm64 /Users/admin/builder/spi-builder-workspace/.derivedData/SDKExplicitPrecompiledModules/ImageIO-IAKQMD68GVR7DW77YOHGK8X7.pcm
SwiftExplicitDependencyGeneratePcm arm64 /Users/admin/builder/spi-builder-workspace/.derivedData/SDKExplicitPrecompiledModules/CoreText-3Q9AYRR8Y0RMYX4VGST56EDCZ.pcm
SwiftExplicitDependencyGeneratePcm arm64 /Users/admin/builder/spi-builder-workspace/.derivedData/SDKExplicitPrecompiledModules/LocalAuthentication-DY23D7R1X7DY7BV7FZ6NHSR9L.pcm
SwiftExplicitDependencyGeneratePcm arm64 /Users/admin/builder/spi-builder-workspace/.derivedData/SDKExplicitPrecompiledModules/OSLog-3CTW8AFBZNTJNTYU2CNXR306R.pcm
SwiftExplicitDependencyGeneratePcm arm64 /Users/admin/builder/spi-builder-workspace/.derivedData/SDKExplicitPrecompiledModules/UniformTypeIdentifiers-9BPZRHV9PRGRSU35W243D89CW.pcm
SwiftExplicitDependencyGeneratePcm arm64 /Users/admin/builder/spi-builder-workspace/.derivedData/SDKExplicitPrecompiledModules/DataDetection-7LQD8Z3LW2FUEO4CR6TGECXW0.pcm
SwiftExplicitDependencyGeneratePcm arm64 /Users/admin/builder/spi-builder-workspace/.derivedData/SDKExplicitPrecompiledModules/UserNotifications-6JIY9EEYAYYTJITYYQZF42LAH.pcm
SwiftExplicitDependencyGeneratePcm arm64 /Users/admin/builder/spi-builder-workspace/.derivedData/SDKExplicitPrecompiledModules/CoreMIDI-3PXS069A7G7J69W6C2O4U64TR.pcm
SwiftExplicitDependencyGeneratePcm arm64 /Users/admin/builder/spi-builder-workspace/.derivedData/SDKExplicitPrecompiledModules/IOSurface-2D5KLETWRIPRMLT8HCRTTINH3.pcm
SwiftExplicitDependencyGeneratePcm arm64 /Users/admin/builder/spi-builder-workspace/.derivedData/SDKExplicitPrecompiledModules/FileProvider-C1CJK6EJC5IUBTWZU8FS47OM3.pcm
SwiftExplicitDependencyGeneratePcm arm64 /Users/admin/builder/spi-builder-workspace/.derivedData/SDKExplicitPrecompiledModules/CoreTransferable-EFMTSDPFE8WPPM5HOZ47P0KQO.pcm
SwiftExplicitDependencyGeneratePcm arm64 /Users/admin/builder/spi-builder-workspace/.derivedData/SDKExplicitPrecompiledModules/Symbols-ECOU17NNJUYRSDVSZI1SX0DNL.pcm
SwiftExplicitDependencyGeneratePcm arm64 /Users/admin/builder/spi-builder-workspace/.derivedData/SDKExplicitPrecompiledModules/_LocationEssentials-32JNDL0Y7WK6X17R1HPKJCQEE.pcm
SwiftExplicitDependencyGeneratePcm arm64 /Users/admin/builder/spi-builder-workspace/.derivedData/SDKExplicitPrecompiledModules/Network-59OXS1WBU0E96MTVI1BQ4Y8O0.pcm
SwiftExplicitDependencyGeneratePcm arm64 /Users/admin/builder/spi-builder-workspace/.derivedData/SDKExplicitPrecompiledModules/Contacts-1IFE72YGM1DQUEA1F68BJFI9Z.pcm
SwiftExplicitDependencyGeneratePcm arm64 /Users/admin/builder/spi-builder-workspace/.derivedData/SDKExplicitPrecompiledModules/CoreData-5V8622D8G59RJKITQSAST89GC.pcm
SwiftExplicitDependencyGeneratePcm arm64 /Users/admin/builder/spi-builder-workspace/.derivedData/SDKExplicitPrecompiledModules/UIUtilities-F3U0HSZMZSXCP772P753OT1G5.pcm
SwiftExplicitDependencyGeneratePcm arm64 /Users/admin/builder/spi-builder-workspace/.derivedData/SDKExplicitPrecompiledModules/Accessibility-8QB8DU95K5GFNCPAUIMZLHBIU.pcm
SwiftExplicitDependencyGeneratePcm arm64 /Users/admin/builder/spi-builder-workspace/.derivedData/SDKExplicitPrecompiledModules/Metal-CAKGHYH5ACDACD017V00QOQC9.pcm
SwiftExplicitDependencyGeneratePcm arm64 /Users/admin/builder/spi-builder-workspace/.derivedData/SDKExplicitPrecompiledModules/OpenGLES-CKJ9EEPIRPNP44Q12R6YOKS1E.pcm
SwiftExplicitDependencyGeneratePcm arm64 /Users/admin/builder/spi-builder-workspace/.derivedData/SDKExplicitPrecompiledModules/AudioToolbox-BIB990ZQT6Y2YX7R0HKENKU6T.pcm
SwiftExplicitDependencyGeneratePcm arm64 /Users/admin/builder/spi-builder-workspace/.derivedData/SDKExplicitPrecompiledModules/CoreLocation-E62WUNIY48I4BO5WNB3SVVIP8.pcm
SwiftExplicitDependencyGeneratePcm arm64 /Users/admin/builder/spi-builder-workspace/.derivedData/SDKExplicitPrecompiledModules/AVRouting-A58BUG9HB1NCTPD2PCCO84ARM.pcm
SwiftExplicitDependencyGeneratePcm arm64 /Users/admin/builder/spi-builder-workspace/.derivedData/SDKExplicitPrecompiledModules/CloudKit-9K4EB62PA7PVXL9OWVELANKAH.pcm
SwiftExplicitDependencyGeneratePcm arm64 /Users/admin/builder/spi-builder-workspace/.derivedData/SDKExplicitPrecompiledModules/CoreMotion-DCVNRIJ2COFK7QG37YNW48EGV.pcm
SwiftExplicitDependencyGeneratePcm arm64 /Users/admin/builder/spi-builder-workspace/.derivedData/SDKExplicitPrecompiledModules/EventKit-65KQH6SN58CBNDV1E7B0YX4AW.pcm
SwiftExplicitDependencyCompileModuleFromInterface arm64 /Users/admin/builder/spi-builder-workspace/.derivedData/SDKExplicitPrecompiledModules/ShaderGraph-2OFKF1ZTC6DI1.swiftmodule
SwiftExplicitDependencyGeneratePcm arm64 /Users/admin/builder/spi-builder-workspace/.derivedData/SDKExplicitPrecompiledModules/CoreVideo-4PK3Q849TG28PPFW9ON3UC1O9.pcm
SwiftExplicitDependencyGeneratePcm arm64 /Users/admin/builder/spi-builder-workspace/.derivedData/SDKExplicitPrecompiledModules/QuartzCore-6ZHUATRF8P4D51R22KZF8F6EG.pcm
SwiftExplicitDependencyGeneratePcm arm64 /Users/admin/builder/spi-builder-workspace/.derivedData/SDKExplicitPrecompiledModules/CoreML-C2BW2527PDNODK16LJ9I668C8.pcm
SwiftExplicitDependencyGeneratePcm arm64 /Users/admin/builder/spi-builder-workspace/.derivedData/SDKExplicitPrecompiledModules/CoreImage-9GN6OPXIJ356C54K347I7T417.pcm
SwiftExplicitDependencyGeneratePcm arm64 /Users/admin/builder/spi-builder-workspace/.derivedData/SDKExplicitPrecompiledModules/ARKitFoundation-BT979VLYXKXTC443T81YQQEY1.pcm
SwiftExplicitDependencyGeneratePcm arm64 /Users/admin/builder/spi-builder-workspace/.derivedData/SDKExplicitPrecompiledModules/CoreMedia-X23SRPCPJE6SQFHHHYCZ7WVC.pcm
SwiftExplicitDependencyGeneratePcm arm64 /Users/admin/builder/spi-builder-workspace/.derivedData/SDKExplicitPrecompiledModules/SwiftUICore-374BUSM2QWS9MQO694AHOADDT.pcm
SwiftExplicitDependencyGeneratePcm arm64 /Users/admin/builder/spi-builder-workspace/.derivedData/SDKExplicitPrecompiledModules/UIKit-1PV3XTOUQPUVY5I4MLPUAXR9J.pcm
SwiftExplicitDependencyGeneratePcm arm64 /Users/admin/builder/spi-builder-workspace/.derivedData/SDKExplicitPrecompiledModules/Vision-3I7AR38LZFB22SF4LQC7Q6KA.pcm
SwiftExplicitDependencyGeneratePcm arm64 /Users/admin/builder/spi-builder-workspace/.derivedData/SDKExplicitPrecompiledModules/VideoToolbox-3P3B69YG5JT8YUFOCSUNDM59.pcm
SwiftExplicitDependencyGeneratePcm arm64 /Users/admin/builder/spi-builder-workspace/.derivedData/SDKExplicitPrecompiledModules/MediaToolbox-ANHHEHPC85W3ECWTCJ308UFOE.pcm
SwiftExplicitDependencyGeneratePcm arm64 /Users/admin/builder/spi-builder-workspace/.derivedData/SDKExplicitPrecompiledModules/AVFAudio-7A6YZTGYW2RLZD9E99CP5838N.pcm
SwiftExplicitDependencyGeneratePcm arm64 /Users/admin/builder/spi-builder-workspace/.derivedData/SDKExplicitPrecompiledModules/AVFoundation-81FTBCX2AZLM90X977V6F8213.pcm
SwiftExplicitDependencyGeneratePcm arm64 /Users/admin/builder/spi-builder-workspace/.derivedData/SDKExplicitPrecompiledModules/Photos-EHNGJ5DMDJCAX13GCOIM16JAN.pcm
SwiftExplicitDependencyGeneratePcm arm64 /Users/admin/builder/spi-builder-workspace/.derivedData/SDKExplicitPrecompiledModules/ARKitCore-3XTE32VQMIOYU5QR9S293LZS1.pcm
SwiftExplicitDependencyGeneratePcm arm64 /Users/admin/builder/spi-builder-workspace/.derivedData/SDKExplicitPrecompiledModules/GameController-X9URPRY7QBKI12E33T2Y28WV.pcm
SwiftExplicitDependencyGeneratePcm arm64 /Users/admin/builder/spi-builder-workspace/.derivedData/SDKExplicitPrecompiledModules/SwiftUI-C448PJ9D4ZYA5OED1YDWBD562.pcm
SwiftExplicitDependencyGeneratePcm arm64 /Users/admin/builder/spi-builder-workspace/.derivedData/SDKExplicitPrecompiledModules/ARKit-DR3A0F7OE5VAP1U4QICI8GJ1B.pcm
SwiftEmitModule normal arm64 Emitting\ module\ for\ Pry (in target 'Pry' from project 'Pry')
SwiftCompile normal arm64 (in target 'Pry' from project 'Pry')
cd /Users/admin/builder/spi-builder-workspace/.swiftpm/xcode
/Users/admin/builder/spi-builder-workspace/Sources/Pry/Internal/Extensions/Date+.swift:5:19: warning: 'public' modifier is redundant for instance method declared in a public extension
3 | @_spi(PryPro) public extension Date {
4 |
5 | @_spi(PryPro) public func formatFullTimestamp() -> String {
| `- warning: 'public' modifier is redundant for instance method declared in a public extension
6 | let formatter = DateFormatter()
7 | formatter.dateFormat = "yyyy-MM-dd HH:mm:ss.SSS"
/Users/admin/builder/spi-builder-workspace/Sources/Pry/Internal/Extensions/Date+.swift:11:19: warning: 'public' modifier is redundant for property declared in a public extension
9 | }
10 |
11 | @_spi(PryPro) public var formattedTimestamp: String {
| `- warning: 'public' modifier is redundant for property declared in a public extension
12 | let formatter = DateFormatter()
13 | formatter.dateFormat = "HH:mm:ss.SSS"
/Users/admin/builder/spi-builder-workspace/Sources/Pry/Internal/Extensions/Date+.swift:17:19: warning: 'public' modifier is redundant for property declared in a public extension
15 | }
16 |
17 | @_spi(PryPro) public var relativeTimestamp: String {
| `- warning: 'public' modifier is redundant for property declared in a public extension
18 | let seconds = -timeIntervalSinceNow
19 | switch seconds {
/Users/admin/builder/spi-builder-workspace/Sources/Pry/Internal/Extensions/Int+.swift:6:19: warning: 'public' modifier is redundant for instance method declared in a public extension
4 | @_spi(PryPro) public extension Int {
5 |
6 | @_spi(PryPro) public func formatBytes() -> String {
| `- warning: 'public' modifier is redundant for instance method declared in a public extension
7 | let formatter = ByteCountFormatter()
8 | formatter.countStyle = .binary
/Users/admin/builder/spi-builder-workspace/Sources/Pry/Internal/Extensions/Int+.swift:12:19: warning: 'public' modifier is redundant for instance method declared in a public extension
10 | }
11 |
12 | @_spi(PryPro) public func statusTextColor() -> Color {
| `- warning: 'public' modifier is redundant for instance method declared in a public extension
13 | PryTheme.Colors.statusForeground(self)
14 | }
/Users/admin/builder/spi-builder-workspace/Sources/Pry/Internal/Extensions/Int+.swift:16:19: warning: 'public' modifier is redundant for instance method declared in a public extension
14 | }
15 |
16 | @_spi(PryPro) public func statusBackgroundColor() -> Color {
| `- warning: 'public' modifier is redundant for instance method declared in a public extension
17 | PryTheme.Colors.statusBackground(self)
18 | }
/Users/admin/builder/spi-builder-workspace/Sources/Pry/Internal/Extensions/Int+.swift:23:19: warning: 'public' modifier is redundant for instance method declared in a public extension
21 | @_spi(PryPro) public extension Optional where Wrapped == Int {
22 |
23 | @_spi(PryPro) public func statusTextColor() -> Color {
| `- warning: 'public' modifier is redundant for instance method declared in a public extension
24 | self?.statusTextColor() ?? PryTheme.Colors.textSecondary
25 | }
/Users/admin/builder/spi-builder-workspace/Sources/Pry/Internal/Extensions/Int+.swift:27:19: warning: 'public' modifier is redundant for instance method declared in a public extension
25 | }
26 |
27 | @_spi(PryPro) public func statusBackgroundColor() -> Color {
| `- warning: 'public' modifier is redundant for instance method declared in a public extension
28 | self?.statusBackgroundColor() ?? PryTheme.Colors.surface
29 | }
/Users/admin/builder/spi-builder-workspace/Sources/Pry/Internal/Extensions/NSNumber+.swift:4:19: warning: 'public' modifier is redundant for property declared in a public extension
2 |
3 | @_spi(PryPro) public extension NSNumber {
4 | @_spi(PryPro) public var isBool: Bool {
| `- warning: 'public' modifier is redundant for property declared in a public extension
5 | return CFBooleanGetTypeID() == CFGetTypeID(self)
6 | }
/Users/admin/builder/spi-builder-workspace/Sources/Pry/Internal/Extensions/String+.swift:10:19: warning: 'public' modifier is redundant for instance method declared in a public extension
8 | private var parsedURL: URL? { URL(string: self) }
9 |
10 | @_spi(PryPro) public func extractProtocol() -> String {
| `- warning: 'public' modifier is redundant for instance method declared in a public extension
11 | components(separatedBy: "://").first ?? ""
12 | }
/Users/admin/builder/spi-builder-workspace/Sources/Pry/Internal/Extensions/String+.swift:14:19: warning: 'public' modifier is redundant for instance method declared in a public extension
12 | }
13 |
14 | @_spi(PryPro) public func extractHost() -> String {
| `- warning: 'public' modifier is redundant for instance method declared in a public extension
15 | guard let url = parsedURL else { return self }
16 | return url.host ?? self
/Users/admin/builder/spi-builder-workspace/Sources/Pry/Internal/Extensions/String+.swift:19:19: warning: 'public' modifier is redundant for instance method declared in a public extension
17 | }
18 |
19 | @_spi(PryPro) public func extractPath() -> String {
| `- warning: 'public' modifier is redundant for instance method declared in a public extension
20 | guard let url = parsedURL else { return "/" }
21 | let path = url.path
/Users/admin/builder/spi-builder-workspace/Sources/Pry/Internal/Extensions/String+.swift:25:19: warning: 'public' modifier is redundant for instance method declared in a public extension
23 | }
24 |
25 | @_spi(PryPro) public func extractQuery() -> String? {
| `- warning: 'public' modifier is redundant for instance method declared in a public extension
26 | guard let query = parsedURL?.query,
27 | !query.isEmpty else { return nil }
/Users/admin/builder/spi-builder-workspace/Sources/Pry/Internal/Extensions/String+.swift:33:19: warning: 'public' modifier is redundant for instance method declared in a public extension
31 | // MARK: - HTTP
32 |
33 | @_spi(PryPro) public func methodColor() -> Color {
| `- warning: 'public' modifier is redundant for instance method declared in a public extension
34 | PryTheme.Colors.methodColor(self)
35 | }
/Users/admin/builder/spi-builder-workspace/Sources/Pry/Internal/Extensions/String+.swift:37:19: warning: 'public' modifier is redundant for instance method declared in a public extension
35 | }
36 |
37 | @_spi(PryPro) public func sanitizedURL() -> String {
| `- warning: 'public' modifier is redundant for instance method declared in a public extension
38 | guard let urlComponents = URLComponents(string: self) else { return self }
39 |
/Users/admin/builder/spi-builder-workspace/Sources/Pry/Internal/Extensions/String+.swift:53:19: warning: 'public' modifier is redundant for instance method declared in a public extension
51 | }
52 |
53 | @_spi(PryPro) public func sanitizedError() -> String {
| `- warning: 'public' modifier is redundant for instance method declared in a public extension
54 | var sanitized = self
55 |
/Users/admin/builder/spi-builder-workspace/Sources/Pry/Internal/Extensions/TimeInterval+.swift:4:19: warning: 'public' modifier is redundant for property declared in a public extension
2 |
3 | @_spi(PryPro) public extension TimeInterval {
4 | @_spi(PryPro) public var formattedDuration: String {
| `- warning: 'public' modifier is redundant for property declared in a public extension
5 | if self < 1 {
6 | return String(format: "%.0fms", self * 1000)
/Users/admin/builder/spi-builder-workspace/Sources/Pry/Internal/Extensions/TimeInterval+.swift:14:19: warning: 'public' modifier is redundant for property declared in a public extension
12 |
13 | @_spi(PryPro) public extension Optional where Wrapped == TimeInterval {
14 | @_spi(PryPro) public var formattedDuration: String {
| `- warning: 'public' modifier is redundant for property declared in a public extension
15 | guard let value = self else { return "-" }
16 | return value.formattedDuration
Pry/Environment+Pry.swift:10:43: warning: Storing a class type in '@Entry var pryStore' may invalidate dependents on every update because the default value is reallocated on every access. Initialize the default value elsewhere and reference it from the '@Entry' declaration. (from macro '_SwiftUIEntryTypeCheck')
`- /Users/admin/builder/spi-builder-workspace/Sources/Pry/Public/Environment+Pry.swift:10:54: note: expanded code originates here
8 | /// inspector.log("Hello", type: .info)
9 | /// ```
10 | @Entry public var pryStore: PryStore = PryStore()
| `- note: in expansion of macro 'Entry' on property 'pryStore' here
+--- macro expansion @Entry -----------------------------------------
|3 | static var defaultValue: PryStore = PryStore()
|4 | #sourceLocation(file: "Pry/Environment+Pry.swift", line: 10)
|5 | private static let _typeCheck: Void = #_SwiftUIEntryTypeCheck(Value.self, macroName: "Entry", propertyName: "pryStore")
| | `- warning: Storing a class type in '@Entry var pryStore' may invalidate dependents on every update because the default value is reallocated on every access. Initialize the default value elsewhere and reference it from the '@Entry' declaration. (from macro '_SwiftUIEntryTypeCheck')
|6 | #sourceLocation()
|7 | }
+--------------------------------------------------------------------
11 |
12 | /// When true, the inspector is displaying an imported session in read-only mode.
SwiftCompile normal arm64 Compiling\ ConsoleMonitorView.swift,\ DeeplinkDetail.swift,\ DeeplinkMonitorView.swift,\ DeeplinkRow.swift,\ DeeplinkSimulator.swift,\ GraphQLOperationType+Color.swift,\ HeadersView.swift,\ JWTDetailView.swift /Users/admin/builder/spi-builder-workspace/Sources/Pry/UI/Console/ConsoleMonitorView.swift /Users/admin/builder/spi-builder-workspace/Sources/Pry/UI/Deeplinks/DeeplinkDetail.swift /Users/admin/builder/spi-builder-workspace/Sources/Pry/UI/Deeplinks/DeeplinkMonitorView.swift /Users/admin/builder/spi-builder-workspace/Sources/Pry/UI/Deeplinks/DeeplinkRow.swift /Users/admin/builder/spi-builder-workspace/Sources/Pry/UI/Deeplinks/DeeplinkSimulator.swift /Users/admin/builder/spi-builder-workspace/Sources/Pry/UI/Network/GraphQLOperationType+Color.swift /Users/admin/builder/spi-builder-workspace/Sources/Pry/UI/Network/HeadersView.swift /Users/admin/builder/spi-builder-workspace/Sources/Pry/UI/Network/JWTDetailView.swift (in target 'Pry' from project 'Pry')
SwiftCompile normal arm64 /Users/admin/builder/spi-builder-workspace/Sources/Pry/UI/Console/ConsoleMonitorView.swift (in target 'Pry' from project 'Pry')
cd /Users/admin/builder/spi-builder-workspace/.swiftpm/xcode
builtin-SwiftPerFileCompile ConsoleMonitorView.swift
SwiftCompile normal arm64 /Users/admin/builder/spi-builder-workspace/Sources/Pry/UI/Deeplinks/DeeplinkDetail.swift (in target 'Pry' from project 'Pry')
cd /Users/admin/builder/spi-builder-workspace/.swiftpm/xcode
builtin-SwiftPerFileCompile DeeplinkDetail.swift
SwiftCompile normal arm64 /Users/admin/builder/spi-builder-workspace/Sources/Pry/UI/Deeplinks/DeeplinkMonitorView.swift (in target 'Pry' from project 'Pry')
cd /Users/admin/builder/spi-builder-workspace/.swiftpm/xcode
builtin-SwiftPerFileCompile DeeplinkMonitorView.swift
SwiftCompile normal arm64 /Users/admin/builder/spi-builder-workspace/Sources/Pry/UI/Deeplinks/DeeplinkRow.swift (in target 'Pry' from project 'Pry')
cd /Users/admin/builder/spi-builder-workspace/.swiftpm/xcode
builtin-SwiftPerFileCompile DeeplinkRow.swift
SwiftCompile normal arm64 /Users/admin/builder/spi-builder-workspace/Sources/Pry/UI/Deeplinks/DeeplinkSimulator.swift (in target 'Pry' from project 'Pry')
cd /Users/admin/builder/spi-builder-workspace/.swiftpm/xcode
builtin-SwiftPerFileCompile DeeplinkSimulator.swift
SwiftCompile normal arm64 /Users/admin/builder/spi-builder-workspace/Sources/Pry/UI/Network/GraphQLOperationType+Color.swift (in target 'Pry' from project 'Pry')
cd /Users/admin/builder/spi-builder-workspace/.swiftpm/xcode
builtin-SwiftPerFileCompile GraphQLOperationType+Color.swift
SwiftCompile normal arm64 /Users/admin/builder/spi-builder-workspace/Sources/Pry/UI/Network/HeadersView.swift (in target 'Pry' from project 'Pry')
cd /Users/admin/builder/spi-builder-workspace/.swiftpm/xcode
builtin-SwiftPerFileCompile HeadersView.swift
SwiftCompile normal arm64 /Users/admin/builder/spi-builder-workspace/Sources/Pry/UI/Network/JWTDetailView.swift (in target 'Pry' from project 'Pry')
cd /Users/admin/builder/spi-builder-workspace/.swiftpm/xcode
builtin-SwiftPerFileCompile JWTDetailView.swift
SwiftCompile normal arm64 Compiling\ NetworkLogger.swift,\ ProInterceptorHooks.swift,\ PryConfig.swift,\ PryLifecycle.swift,\ PushNotificationInterceptor.swift,\ URLSessionConfiguration+Swizzle.swift,\ URLSessionInterceptor.swift,\ ContentLanguage.swift,\ GraphQLParser.swift /Users/admin/builder/spi-builder-workspace/Sources/Pry/Internal/Interceptor/NetworkLogger.swift /Users/admin/builder/spi-builder-workspace/Sources/Pry/Internal/Interceptor/ProInterceptorHooks.swift /Users/admin/builder/spi-builder-workspace/Sources/Pry/Internal/Interceptor/PryConfig.swift /Users/admin/builder/spi-builder-workspace/Sources/Pry/Internal/Interceptor/PryLifecycle.swift /Users/admin/builder/spi-builder-workspace/Sources/Pry/Internal/Interceptor/PushNotificationInterceptor.swift /Users/admin/builder/spi-builder-workspace/Sources/Pry/Internal/Interceptor/URLSessionConfiguration+Swizzle.swift /Users/admin/builder/spi-builder-workspace/Sources/Pry/Internal/Interceptor/URLSessionInterceptor.swift /Users/admin/builder/spi-builder-workspace/Sources/Pry/Internal/Parsers/ContentLanguage.swift /Users/admin/builder/spi-builder-workspace/Sources/Pry/Internal/Parsers/GraphQLParser.swift (in target 'Pry' from project 'Pry')
/Users/admin/builder/spi-builder-workspace/Sources/Pry/Internal/Interceptor/NetworkLogger.swift:70:48: warning: reference to captured var 'entry' in concurrently-executing code [#SendableClosureCaptures]
68 |
69 | queue.async { [weak self] in
70 | self?.pendingRequests[requestID] = entry
| `- warning: reference to captured var 'entry' in concurrently-executing code [#SendableClosureCaptures]
71 | }
72 |
/Users/admin/builder/spi-builder-workspace/Sources/Pry/Internal/Interceptor/PushNotificationInterceptor.swift:145:104: warning: passing non-Sendable parameter 'completionHandler' to function expecting a '@Sendable' closure
137 | _ center: UNUserNotificationCenter,
138 | willPresent notification: UNNotification,
139 | withCompletionHandler completionHandler: @escaping (UNNotificationPresentationOptions) -> Void
| `- note: parameter 'completionHandler' is implicitly non-Sendable
140 | ) {
141 | PushNotificationInterceptor.logNotification(notification)
:
143 | let selector = #selector(userNotificationCenter(_:willPresent:withCompletionHandler:))
144 | if original.responds(to: selector) {
145 | original.userNotificationCenter?(center, willPresent: notification, withCompletionHandler: completionHandler)
| `- warning: passing non-Sendable parameter 'completionHandler' to function expecting a '@Sendable' closure
146 | } else {
147 | // Default: show banner in foreground
/Users/admin/builder/spi-builder-workspace/Sources/Pry/Internal/Interceptor/PushNotificationInterceptor.swift:161:99: warning: passing non-Sendable parameter 'completionHandler' to function expecting a '@Sendable' closure
154 | _ center: UNUserNotificationCenter,
155 | didReceive response: UNNotificationResponse,
156 | withCompletionHandler completionHandler: @escaping () -> Void
| `- note: parameter 'completionHandler' is implicitly non-Sendable
157 | ) {
158 | PushNotificationInterceptor.logNotification(response.notification)
159 |
160 | if original.responds(to: #selector(userNotificationCenter(_:didReceive:withCompletionHandler:))) {
161 | original.userNotificationCenter?(center, didReceive: response, withCompletionHandler: completionHandler)
| `- warning: passing non-Sendable parameter 'completionHandler' to function expecting a '@Sendable' closure
162 | } else {
163 | completionHandler()
/Users/admin/builder/spi-builder-workspace/Sources/Pry/Internal/Interceptor/URLSessionInterceptor.swift:146:17: warning: capture of 'send' with non-Sendable type '() -> ()' in a '@Sendable' closure [#SendableClosureCaptures]
144 | if throttle.delay > 0 {
145 | DispatchQueue.global().asyncAfter(deadline: .now() + throttle.delay) {
146 | send()
| |- warning: capture of 'send' with non-Sendable type '() -> ()' in a '@Sendable' closure [#SendableClosureCaptures]
| `- note: a function type must be marked '@Sendable' to conform to 'Sendable'
147 | }
148 | } else {
/Users/admin/builder/spi-builder-workspace/Sources/Pry/Internal/Interceptor/URLSessionInterceptor.swift:196:9: warning: 'nonisolated(unsafe)' is unnecessary for a constant with 'Sendable' type 'PryURLProtocol', consider removing it
194 | onResult: @escaping @Sendable (Result) -> Void
195 | ) {
196 | nonisolated(unsafe) let protocolSelf = self
| `- warning: 'nonisolated(unsafe)' is unnecessary for a constant with 'Sendable' type 'PryURLProtocol', consider removing it
197 | let timeout = PryInterceptorHooks.breakpointTimeout
198 | DispatchQueue.global(qos: .userInitiated).async {
/Users/admin/builder/spi-builder-workspace/Sources/Pry/Internal/Interceptor/URLSessionInterceptor.swift:221:9: warning: 'nonisolated(unsafe)' is unnecessary for a constant with 'Sendable' type 'PryURLProtocol', consider removing it
219 | waiter: @escaping @Sendable () async -> ProRequestBreakpointResult
220 | ) {
221 | nonisolated(unsafe) let protocolSelf = self
| `- warning: 'nonisolated(unsafe)' is unnecessary for a constant with 'Sendable' type 'PryURLProtocol', consider removing it
222 |
223 | awaitBreakpoint(
/Users/admin/builder/spi-builder-workspace/Sources/Pry/Internal/Interceptor/URLSessionInterceptor.swift:258:9: warning: 'nonisolated(unsafe)' is unnecessary for a constant with 'Sendable' type 'PryURLProtocol', consider removing it
256 | }
257 |
258 | nonisolated(unsafe) let protocolSelf = self
| `- warning: 'nonisolated(unsafe)' is unnecessary for a constant with 'Sendable' type 'PryURLProtocol', consider removing it
259 | let originalRequest = self.request
260 | let requestID = self.requestID
/Users/admin/builder/spi-builder-workspace/Sources/Pry/Internal/Interceptor/URLSessionInterceptor.swift:361:17: warning: capture of 'deliver' with non-Sendable type '() -> ()' in a '@Sendable' closure [#SendableClosureCaptures]
359 | if mock.delay > 0 {
360 | DispatchQueue.global().asyncAfter(deadline: .now() + mock.delay) {
361 | deliver()
| |- warning: capture of 'deliver' with non-Sendable type '() -> ()' in a '@Sendable' closure [#SendableClosureCaptures]
| `- note: a function type must be marked '@Sendable' to conform to 'Sendable'
362 | }
363 | } else {
[#SendableClosureCaptures]: <https://docs.swift.org/compiler/documentation/diagnostics/sendable-closure-captures>
SwiftCompile normal arm64 /Users/admin/builder/spi-builder-workspace/Sources/Pry/Internal/Interceptor/NetworkLogger.swift (in target 'Pry' from project 'Pry')
cd /Users/admin/builder/spi-builder-workspace/.swiftpm/xcode
builtin-SwiftPerFileCompile NetworkLogger.swift
SwiftCompile normal arm64 /Users/admin/builder/spi-builder-workspace/Sources/Pry/Internal/Interceptor/ProInterceptorHooks.swift (in target 'Pry' from project 'Pry')
cd /Users/admin/builder/spi-builder-workspace/.swiftpm/xcode
builtin-SwiftPerFileCompile ProInterceptorHooks.swift
SwiftCompile normal arm64 /Users/admin/builder/spi-builder-workspace/Sources/Pry/Internal/Interceptor/PryConfig.swift (in target 'Pry' from project 'Pry')
cd /Users/admin/builder/spi-builder-workspace/.swiftpm/xcode
builtin-SwiftPerFileCompile PryConfig.swift
SwiftCompile normal arm64 /Users/admin/builder/spi-builder-workspace/Sources/Pry/Internal/Interceptor/PryLifecycle.swift (in target 'Pry' from project 'Pry')
cd /Users/admin/builder/spi-builder-workspace/.swiftpm/xcode
builtin-SwiftPerFileCompile PryLifecycle.swift
SwiftCompile normal arm64 /Users/admin/builder/spi-builder-workspace/Sources/Pry/Internal/Interceptor/PushNotificationInterceptor.swift (in target 'Pry' from project 'Pry')
cd /Users/admin/builder/spi-builder-workspace/.swiftpm/xcode
builtin-SwiftPerFileCompile PushNotificationInterceptor.swift
SwiftCompile normal arm64 /Users/admin/builder/spi-builder-workspace/Sources/Pry/Internal/Interceptor/URLSessionConfiguration+Swizzle.swift (in target 'Pry' from project 'Pry')
cd /Users/admin/builder/spi-builder-workspace/.swiftpm/xcode
builtin-SwiftPerFileCompile URLSessionConfiguration+Swizzle.swift
SwiftCompile normal arm64 /Users/admin/builder/spi-builder-workspace/Sources/Pry/Internal/Interceptor/URLSessionInterceptor.swift (in target 'Pry' from project 'Pry')
cd /Users/admin/builder/spi-builder-workspace/.swiftpm/xcode
builtin-SwiftPerFileCompile URLSessionInterceptor.swift
SwiftCompile normal arm64 /Users/admin/builder/spi-builder-workspace/Sources/Pry/Internal/Parsers/ContentLanguage.swift (in target 'Pry' from project 'Pry')
cd /Users/admin/builder/spi-builder-workspace/.swiftpm/xcode
builtin-SwiftPerFileCompile ContentLanguage.swift
SwiftCompile normal arm64 /Users/admin/builder/spi-builder-workspace/Sources/Pry/Internal/Parsers/GraphQLParser.swift (in target 'Pry' from project 'Pry')
cd /Users/admin/builder/spi-builder-workspace/.swiftpm/xcode
builtin-SwiftPerFileCompile GraphQLParser.swift
SwiftCompile normal arm64 Compiling\ NetworkCurlGenerator.swift,\ NetworkDetailOverview.swift,\ NetworkDetailRequest.swift,\ NetworkDetailResponse.swift,\ NetworkFilterSheet.swift,\ NetworkMonitorView.swift,\ NetworkRequestDetail.swift,\ NetworkRequestRow.swift /Users/admin/builder/spi-builder-workspace/Sources/Pry/UI/Network/NetworkCurlGenerator.swift /Users/admin/builder/spi-builder-workspace/Sources/Pry/UI/Network/NetworkDetailOverview.swift /Users/admin/builder/spi-builder-workspace/Sources/Pry/UI/Network/NetworkDetailRequest.swift /Users/admin/builder/spi-builder-workspace/Sources/Pry/UI/Network/NetworkDetailResponse.swift /Users/admin/builder/spi-builder-workspace/Sources/Pry/UI/Network/NetworkFilterSheet.swift /Users/admin/builder/spi-builder-workspace/Sources/Pry/UI/Network/NetworkMonitorView.swift /Users/admin/builder/spi-builder-workspace/Sources/Pry/UI/Network/NetworkRequestDetail.swift /Users/admin/builder/spi-builder-workspace/Sources/Pry/UI/Network/NetworkRequestRow.swift (in target 'Pry' from project 'Pry')
SwiftCompile normal arm64 /Users/admin/builder/spi-builder-workspace/Sources/Pry/UI/Network/NetworkCurlGenerator.swift (in target 'Pry' from project 'Pry')
cd /Users/admin/builder/spi-builder-workspace/.swiftpm/xcode
builtin-SwiftPerFileCompile NetworkCurlGenerator.swift
SwiftCompile normal arm64 /Users/admin/builder/spi-builder-workspace/Sources/Pry/UI/Network/NetworkDetailOverview.swift (in target 'Pry' from project 'Pry')
cd /Users/admin/builder/spi-builder-workspace/.swiftpm/xcode
builtin-SwiftPerFileCompile NetworkDetailOverview.swift
SwiftCompile normal arm64 /Users/admin/builder/spi-builder-workspace/Sources/Pry/UI/Network/NetworkDetailRequest.swift (in target 'Pry' from project 'Pry')
cd /Users/admin/builder/spi-builder-workspace/.swiftpm/xcode
builtin-SwiftPerFileCompile NetworkDetailRequest.swift
SwiftCompile normal arm64 /Users/admin/builder/spi-builder-workspace/Sources/Pry/UI/Network/NetworkDetailResponse.swift (in target 'Pry' from project 'Pry')
cd /Users/admin/builder/spi-builder-workspace/.swiftpm/xcode
builtin-SwiftPerFileCompile NetworkDetailResponse.swift
SwiftCompile normal arm64 /Users/admin/builder/spi-builder-workspace/Sources/Pry/UI/Network/NetworkFilterSheet.swift (in target 'Pry' from project 'Pry')
cd /Users/admin/builder/spi-builder-workspace/.swiftpm/xcode
builtin-SwiftPerFileCompile NetworkFilterSheet.swift
SwiftCompile normal arm64 /Users/admin/builder/spi-builder-workspace/Sources/Pry/UI/Network/NetworkMonitorView.swift (in target 'Pry' from project 'Pry')
cd /Users/admin/builder/spi-builder-workspace/.swiftpm/xcode
builtin-SwiftPerFileCompile NetworkMonitorView.swift
SwiftCompile normal arm64 /Users/admin/builder/spi-builder-workspace/Sources/Pry/UI/Network/NetworkRequestDetail.swift (in target 'Pry' from project 'Pry')
cd /Users/admin/builder/spi-builder-workspace/.swiftpm/xcode
builtin-SwiftPerFileCompile NetworkRequestDetail.swift
SwiftCompile normal arm64 /Users/admin/builder/spi-builder-workspace/Sources/Pry/UI/Network/NetworkRequestRow.swift (in target 'Pry' from project 'Pry')
cd /Users/admin/builder/spi-builder-workspace/.swiftpm/xcode
builtin-SwiftPerFileCompile NetworkRequestRow.swift
SwiftCompile normal arm64 Compiling\ ImagePreviewView.swift,\ JSONRenderer.swift,\ TextRenderer.swift,\ CopyButton.swift,\ DetailRow.swift,\ DetailSection.swift,\ EmptyState.swift,\ FilterChipBar.swift /Users/admin/builder/spi-builder-workspace/Sources/Pry/UI/Shared/CodeBlock/ImagePreviewView.swift /Users/admin/builder/spi-builder-workspace/Sources/Pry/UI/Shared/CodeBlock/JSONRenderer.swift /Users/admin/builder/spi-builder-workspace/Sources/Pry/UI/Shared/CodeBlock/TextRenderer.swift /Users/admin/builder/spi-builder-workspace/Sources/Pry/UI/Shared/CopyButton.swift /Users/admin/builder/spi-builder-workspace/Sources/Pry/UI/Shared/DetailRow.swift /Users/admin/builder/spi-builder-workspace/Sources/Pry/UI/Shared/DetailSection.swift /Users/admin/builder/spi-builder-workspace/Sources/Pry/UI/Shared/EmptyState.swift /Users/admin/builder/spi-builder-workspace/Sources/Pry/UI/Shared/FilterChipBar.swift (in target 'Pry' from project 'Pry')
SwiftCompile normal arm64 /Users/admin/builder/spi-builder-workspace/Sources/Pry/UI/Shared/CodeBlock/ImagePreviewView.swift (in target 'Pry' from project 'Pry')
cd /Users/admin/builder/spi-builder-workspace/.swiftpm/xcode
builtin-SwiftPerFileCompile ImagePreviewView.swift
SwiftCompile normal arm64 /Users/admin/builder/spi-builder-workspace/Sources/Pry/UI/Shared/CodeBlock/JSONRenderer.swift (in target 'Pry' from project 'Pry')
cd /Users/admin/builder/spi-builder-workspace/.swiftpm/xcode
builtin-SwiftPerFileCompile JSONRenderer.swift
SwiftCompile normal arm64 /Users/admin/builder/spi-builder-workspace/Sources/Pry/UI/Shared/CodeBlock/TextRenderer.swift (in target 'Pry' from project 'Pry')
cd /Users/admin/builder/spi-builder-workspace/.swiftpm/xcode
builtin-SwiftPerFileCompile TextRenderer.swift
SwiftCompile normal arm64 /Users/admin/builder/spi-builder-workspace/Sources/Pry/UI/Shared/CopyButton.swift (in target 'Pry' from project 'Pry')
cd /Users/admin/builder/spi-builder-workspace/.swiftpm/xcode
builtin-SwiftPerFileCompile CopyButton.swift
SwiftCompile normal arm64 /Users/admin/builder/spi-builder-workspace/Sources/Pry/UI/Shared/DetailRow.swift (in target 'Pry' from project 'Pry')
cd /Users/admin/builder/spi-builder-workspace/.swiftpm/xcode
builtin-SwiftPerFileCompile DetailRow.swift
SwiftCompile normal arm64 /Users/admin/builder/spi-builder-workspace/Sources/Pry/UI/Shared/DetailSection.swift (in target 'Pry' from project 'Pry')
cd /Users/admin/builder/spi-builder-workspace/.swiftpm/xcode
builtin-SwiftPerFileCompile DetailSection.swift
SwiftCompile normal arm64 /Users/admin/builder/spi-builder-workspace/Sources/Pry/UI/Shared/EmptyState.swift (in target 'Pry' from project 'Pry')
cd /Users/admin/builder/spi-builder-workspace/.swiftpm/xcode
builtin-SwiftPerFileCompile EmptyState.swift
SwiftCompile normal arm64 /Users/admin/builder/spi-builder-workspace/Sources/Pry/UI/Shared/FilterChipBar.swift (in target 'Pry' from project 'Pry')
cd /Users/admin/builder/spi-builder-workspace/.swiftpm/xcode
builtin-SwiftPerFileCompile FilterChipBar.swift
SwiftCompile normal arm64 Compiling\ AppHubView.swift,\ CookiesView.swift,\ EnvironmentView.swift,\ PermissionsView.swift,\ PrySettingsView.swift,\ UserDefaultsView.swift,\ ConsoleLogDetail.swift,\ ConsoleLogRow.swift /Users/admin/builder/spi-builder-workspace/Sources/Pry/UI/App/AppHubView.swift /Users/admin/builder/spi-builder-workspace/Sources/Pry/UI/App/CookiesView.swift /Users/admin/builder/spi-builder-workspace/Sources/Pry/UI/App/EnvironmentView.swift /Users/admin/builder/spi-builder-workspace/Sources/Pry/UI/App/PermissionsView.swift /Users/admin/builder/spi-builder-workspace/Sources/Pry/UI/App/PrySettingsView.swift /Users/admin/builder/spi-builder-workspace/Sources/Pry/UI/App/UserDefaultsView.swift /Users/admin/builder/spi-builder-workspace/Sources/Pry/UI/Console/ConsoleLogDetail.swift /Users/admin/builder/spi-builder-workspace/Sources/Pry/UI/Console/ConsoleLogRow.swift (in target 'Pry' from project 'Pry')
/Users/admin/builder/spi-builder-workspace/Sources/Pry/UI/App/EnvironmentView.swift:96:22: error: 'UIScreen' is unavailable in visionOS
94 |
95 | private var screenSize: String {
96 | let bounds = UIScreen.main.bounds
| `- error: 'UIScreen' is unavailable in visionOS
97 | return "\(Int(bounds.width)) x \(Int(bounds.height)) pt"
98 | }
/Applications/Xcode-27.0.0-Release.Candidate.app/Contents/Developer/Platforms/XROS.platform/Developer/SDKs/XROS27.0.sdk/System/Library/Frameworks/UIKit.framework/Headers/UIScreen.h:54:12: note: 'UIScreen' has been explicitly marked unavailable here
52 |
53 | UIKIT_EXTERN API_AVAILABLE(ios(2.0)) API_UNAVAILABLE(visionos, watchos) NS_SWIFT_UI_ACTOR
54 | @interface UIScreen : NSObject <UITraitEnvironment>
| `- note: 'UIScreen' has been explicitly marked unavailable here
55 |
56 | @property(class, nonatomic, readonly) NSArray<UIScreen *> *screens API_DEPRECATED("Use UIApplication.shared.openSessions to find open sessions with scenes from other screens", ios(3.2, 16.0), visionos(1.0, 1.0)) API_UNAVAILABLE(watchos); // all screens currently attached to the device
/Users/admin/builder/spi-builder-workspace/Sources/Pry/UI/App/EnvironmentView.swift:101:16: error: 'UIScreen' is unavailable in visionOS
99 |
100 | private var screenScale: String {
101 | "\(Int(UIScreen.main.scale))x"
| `- error: 'UIScreen' is unavailable in visionOS
102 | }
103 |
/Applications/Xcode-27.0.0-Release.Candidate.app/Contents/Developer/Platforms/XROS.platform/Developer/SDKs/XROS27.0.sdk/System/Library/Frameworks/UIKit.framework/Headers/UIScreen.h:54:12: note: 'UIScreen' has been explicitly marked unavailable here
52 |
53 | UIKIT_EXTERN API_AVAILABLE(ios(2.0)) API_UNAVAILABLE(visionos, watchos) NS_SWIFT_UI_ACTOR
54 | @interface UIScreen : NSObject <UITraitEnvironment>
| `- note: 'UIScreen' has been explicitly marked unavailable here
55 |
56 | @property(class, nonatomic, readonly) NSArray<UIScreen *> *screens API_DEPRECATED("Use UIApplication.shared.openSessions to find open sessions with scenes from other screens", ios(3.2, 16.0), visionos(1.0, 1.0)) API_UNAVAILABLE(watchos); // all screens currently attached to the device
Failed frontend command:
/Applications/Xcode-27.0.0-Release.Candidate.app/Contents/Developer/Toolchains/XcodeDefault.xctoolchain/usr/bin/swift-frontend -frontend -c /Users/admin/builder/spi-builder-workspace/.derivedData/Build/Intermediates.noindex/Pry.build/Debug-xros/Pry-t.build/DerivedSources/resource_bundle_accessor.swift /Users/admin/builder/spi-builder-workspace/Sources/Pry/Internal/Extensions/Date+.swift /Users/admin/builder/spi-builder-workspace/Sources/Pry/Internal/Extensions/Int+.swift /Users/admin/builder/spi-builder-workspace/Sources/Pry/Internal/Extensions/NSNumber+.swift /Users/admin/builder/spi-builder-workspace/Sources/Pry/Internal/Extensions/String+.swift /Users/admin/builder/spi-builder-workspace/Sources/Pry/Internal/Extensions/TimeInterval+.swift /Users/admin/builder/spi-builder-workspace/Sources/Pry/Internal/Extensions/UNUserNotificationCenter+.swift /Users/admin/builder/spi-builder-workspace/Sources/Pry/Internal/Extensions/URL+.swift /Users/admin/builder/spi-builder-workspace/Sources/Pry/Internal/HTTPStatus.swift /Users/admin/builder/spi-builder-workspace/Sources/Pry/Internal/Interceptor/NetworkLogger.swift /Users/admin/builder/spi-builder-workspace/Sources/Pry/Internal/Interceptor/ProInterceptorHooks.swift /Users/admin/builder/spi-builder-workspace/Sources/Pry/Internal/Interceptor/PryConfig.swift /Users/admin/builder/spi-builder-workspace/Sources/Pry/Internal/Interceptor/PryLifecycle.swift /Users/admin/builder/spi-builder-workspace/Sources/Pry/Internal/Interceptor/PushNotificationInterceptor.swift /Users/admin/builder/spi-builder-workspace/Sources/Pry/Internal/Interceptor/URLSessionConfiguration+Swizzle.swift /Users/admin/builder/spi-builder-workspace/Sources/Pry/Internal/Interceptor/URLSessionInterceptor.swift /Users/admin/builder/spi-builder-workspace/Sources/Pry/Internal/Parsers/ContentLanguage.swift /Users/admin/builder/spi-builder-workspace/Sources/Pry/Internal/Parsers/GraphQLParser.swift /Users/admin/builder/spi-builder-workspace/Sources/Pry/Internal/Parsers/JWTDecoder.swift /Users/admin/builder/spi-builder-workspace/Sources/Pry/Internal/PreferenceStorage.swift /Users/admin/builder/spi-builder-workspace/Sources/Pry/PreviewContent/Mocks.swift /Users/admin/builder/spi-builder-workspace/Sources/Pry/PreviewContent/PryStore+Preview.swift /Users/admin/builder/spi-builder-workspace/Sources/Pry/Public/Environment+Pry.swift /Users/admin/builder/spi-builder-workspace/Sources/Pry/Public/Models/DeeplinkEntry.swift /Users/admin/builder/spi-builder-workspace/Sources/Pry/Public/Models/LogEntry.swift /Users/admin/builder/spi-builder-workspace/Sources/Pry/Public/Models/LogType.swift /Users/admin/builder/spi-builder-workspace/Sources/Pry/Public/Models/NetworkEntry.swift /Users/admin/builder/spi-builder-workspace/Sources/Pry/Public/Models/PushNotificationEntry.swift /Users/admin/builder/spi-builder-workspace/Sources/Pry/Public/Models/RedirectHop.swift /Users/admin/builder/spi-builder-workspace/Sources/Pry/Public/PryContentView.swift /Users/admin/builder/spi-builder-workspace/Sources/Pry/Public/PryHooks.swift /Users/admin/builder/spi-builder-workspace/Sources/Pry/Public/PryModifier.swift /Users/admin/builder/spi-builder-workspace/Sources/Pry/Public/PryStore.swift /Users/admin/builder/spi-builder-workspace/Sources/Pry/Public/PryTrigger.swift -primary-file /Users/admin/builder/spi-builder-workspace/Sources/Pry/UI/App/AppHubView.swift -primary-file /Users/admin/builder/spi-builder-workspace/Sources/Pry/UI/App/CookiesView.swift -primary-file /Users/admin/builder/spi-builder-workspace/Sources/Pry/UI/App/EnvironmentView.swift -primary-file /Users/admin/builder/spi-builder-workspace/Sources/Pry/UI/App/PermissionsView.swift -primary-file /Users/admin/builder/spi-builder-workspace/Sources/Pry/UI/App/PrySettingsView.swift -primary-file /Users/admin/builder/spi-builder-workspace/Sources/Pry/UI/App/UserDefaultsView.swift -primary-file /Users/admin/builder/spi-builder-workspace/Sources/Pry/UI/Console/ConsoleLogDetail.swift -primary-file /Users/admin/builder/spi-builder-workspace/Sources/Pry/UI/Console/ConsoleLogRow.swift /Users/admin/builder/spi-builder-workspace/Sources/Pry/UI/Console/ConsoleMonitorView.swift /Users/admin/builder/spi-builder-workspace/Sources/Pry/UI/Deeplinks/DeeplinkDetail.swift /Users/admin/builder/spi-builder-workspace/Sources/Pry/UI/Deeplinks/DeeplinkMonitorView.swift /Users/admin/builder/spi-builder-workspace/Sources/Pry/UI/Deeplinks/DeeplinkRow.swift /Users/admin/builder/spi-builder-workspace/Sources/Pry/UI/Deeplinks/DeeplinkSimulator.swift /Users/admin/builder/spi-builder-workspace/Sources/Pry/UI/Network/GraphQLOperationType+Color.swift /Users/admin/builder/spi-builder-workspace/Sources/Pry/UI/Network/HeadersView.swift /Users/admin/builder/spi-builder-workspace/Sources/Pry/UI/Network/JWTDetailView.swift /Users/admin/builder/spi-builder-workspace/Sources/Pry/UI/Network/NetworkCurlGenerator.swift /Users/admin/builder/spi-builder-workspace/Sources/Pry/UI/Network/NetworkDetailOverview.swift /Users/admin/builder/spi-builder-workspace/Sources/Pry/UI/Network/NetworkDetailRequest.swift /Users/admin/builder/spi-builder-workspace/Sources/Pry/UI/Network/NetworkDetailResponse.swift /Users/admin/builder/spi-builder-workspace/Sources/Pry/UI/Network/NetworkFilterSheet.swift /Users/admin/builder/spi-builder-workspace/Sources/Pry/UI/Network/NetworkMonitorView.swift /Users/admin/builder/spi-builder-workspace/Sources/Pry/UI/Network/NetworkRequestDetail.swift /Users/admin/builder/spi-builder-workspace/Sources/Pry/UI/Network/NetworkRequestRow.swift /Users/admin/builder/spi-builder-workspace/Sources/Pry/UI/Network/NetworkStatsView.swift /Users/admin/builder/spi-builder-workspace/Sources/Pry/UI/PryRootView.swift /Users/admin/builder/spi-builder-workspace/Sources/Pry/UI/PushNotifications/PushNotificationDetail.swift /Users/admin/builder/spi-builder-workspace/Sources/Pry/UI/PushNotifications/PushNotificationSimulator.swift /Users/admin/builder/spi-builder-workspace/Sources/Pry/UI/PushNotifications/PushNotificationsView.swift /Users/admin/builder/spi-builder-workspace/Sources/Pry/UI/Shared/CodeBlock/CodeBlockView.swift /Users/admin/builder/spi-builder-workspace/Sources/Pry/UI/Shared/CodeBlock/FormDataRenderer.swift /Users/admin/builder/spi-builder-workspace/Sources/Pry/UI/Shared/CodeBlock/HighlightedText.swift /Users/admin/builder/spi-builder-workspace/Sources/Pry/UI/Shared/CodeBlock/ImagePreviewView.swift /Users/admin/builder/spi-builder-workspace/Sources/Pry/UI/Shared/CodeBlock/JSONRenderer.swift /Users/admin/builder/spi-builder-workspace/Sources/Pry/UI/Shared/CodeBlock/TextRenderer.swift /Users/admin/builder/spi-builder-workspace/Sources/Pry/UI/Shared/CopyButton.swift /Users/admin/builder/spi-builder-workspace/Sources/Pry/UI/Shared/DetailRow.swift /Users/admin/builder/spi-builder-workspace/Sources/Pry/UI/Shared/DetailSection.swift /Users/admin/builder/spi-builder-workspace/Sources/Pry/UI/Shared/EmptyState.swift /Users/admin/builder/spi-builder-workspace/Sources/Pry/UI/Shared/FilterChipBar.swift /Users/admin/builder/spi-builder-workspace/Sources/Pry/UI/Shared/FloatingActionButton.swift /Users/admin/builder/spi-builder-workspace/Sources/Pry/UI/Shared/ShakeDetector.swift /Users/admin/builder/spi-builder-workspace/Sources/Pry/UI/Shared/SheetHeader.swift /Users/admin/builder/spi-builder-workspace/Sources/Pry/UI/Theme/AdaptiveColor.swift /Users/admin/builder/spi-builder-workspace/Sources/Pry/UI/Theme/Color+Hex.swift /Users/admin/builder/spi-builder-workspace/Sources/Pry/UI/Theme/PryStyles.swift /Users/admin/builder/spi-builder-workspace/Sources/Pry/UI/Theme/PryTheme.swift /Users/admin/builder/spi-builder-workspace/.derivedData/Build/Intermediates.noindex/Pry.build/Debug-xros/Pry-t.build/DerivedSources/GeneratedAssetSymbols.swift -supplementary-output-file-map /Users/admin/builder/spi-builder-workspace/.derivedData/Build/Intermediates.noindex/Pry.build/Debug-xros/Pry-t.build/Objects-normal/arm64/supplementaryOutputs-5 -target arm64-apple-xros2.0 -module-can-import-version DeveloperToolsSupport 24.0.24 24.0.24 -disable-cross-import-overlay-search -swift-module-cross-import Contacts /Applications/Xcode-27.0.0-Release.Candidate.app/Contents/Developer/Platforms/XROS.platform/Developer/SDKs/XROS.sdk/System/Library/Frameworks/Contacts.framework/Modules/Contacts.swiftcrossimport/AppIntents.swiftoverlay -swift-module-cross-import Contacts /Applications/Xcode-27.0.0-Release.Candidate.app/Contents/Developer/Platforms/XROS.platform/Developer/SDKs/XROS27.0.sdk/System/Library/Frameworks/Contacts.framework/Modules/Contacts.swiftcrossimport/AppIntents.swiftoverlay -swift-module-cross-import Photos /Applications/Xcode-27.0.0-Release.Candidate.app/Contents/Developer/Platforms/XROS.platform/Developer/SDKs/XROS.sdk/System/Library/Frameworks/Photos.framework/Modules/Photos.swiftcrossimport/AppIntents.swiftoverlay -swift-module-cross-import Photos /Applications/Xcode-27.0.0-Release.Candidate.app/Contents/Developer/Platforms/XROS.platform/Developer/SDKs/XROS27.0.sdk/System/Library/Frameworks/Photos.framework/Modules/Photos.swiftcrossimport/AppIntents.swiftoverlay -swift-module-cross-import UserNotifications /Applications/Xcode-27.0.0-Release.Candidate.app/Contents/Developer/Platforms/XROS.platform/Developer/SDKs/XROS.sdk/System/Library/Frameworks/UserNotifications.framework/Modules/UserNotifications.swiftcrossimport/AppIntents.swiftoverlay -load-resolved-plugin /Applications/Xcode-27.0.0-Release.Candidate.app/Contents/Developer/Platforms/XROS.platform/Developer/usr/lib/swift/host/plugins/libFoundationMacros.dylib\#/Applications/Xcode-27.0.0-Release.Candidate.app/Contents/Developer/Platforms/XROS.platform/Developer/usr/bin/swift-plugin-server\#FoundationMacros -load-resolved-plugin /Applications/Xcode-27.0.0-Release.Candidate.app/Contents/Developer/Platforms/XROS.platform/Developer/usr/lib/swift/host/plugins/libObservationMacros.dylib\#/Applications/Xcode-27.0.0-Release.Candidate.app/Contents/Developer/Platforms/XROS.platform/Developer/usr/bin/swift-plugin-server\#ObservationMacros -load-resolved-plugin /Applications/Xcode-27.0.0-Release.Candidate.app/Contents/Developer/Platforms/XROS.platform/Developer/usr/lib/swift/host/plugins/libPreviewsMacros.dylib\#/Applications/Xcode-27.0.0-Release.Candidate.app/Contents/Developer/Platforms/XROS.platform/Developer/usr/bin/swift-plugin-server\#PreviewsMacros -load-resolved-plugin /Applications/Xcode-27.0.0-Release.Candidate.app/Contents/Developer/Platforms/XROS.platform/Developer/usr/lib/swift/host/plugins/libSwiftMacros.dylib\#/Applications/Xcode-27.0.0-Release.Candidate.app/Contents/Developer/Platforms/XROS.platform/Developer/usr/bin/swift-plugin-server\#SwiftMacros -load-resolved-plugin /Applications/Xcode-27.0.0-Release.Candidate.app/Contents/Developer/Platforms/XROS.platform/Developer/usr/lib/swift/host/plugins/libSwiftUIMacros.dylib\#/Applications/Xcode-27.0.0-Release.Candidate.app/Contents/Developer/Platforms/XROS.platform/Developer/usr/bin/swift-plugin-server\#SwiftUIMacros -disable-implicit-swift-modules -Xcc -fno-implicit-modules -Xcc -fno-implicit-module-maps -explicit-swift-module-map-file /Users/admin/builder/spi-builder-workspace/.derivedData/Build/Intermediates.noindex/Pry.build/Debug-xros/Pry-t.build/Objects-normal/arm64/Pry-dependencies-1.json -Xllvm -aarch64-use-tbi -enable-objc-interop -stack-check -sdk /Applications/Xcode-27.0.0-Release.Candidate.app/Contents/Developer/Platforms/XROS.platform/Developer/SDKs/XROS27.0.sdk -I /Users/admin/builder/spi-builder-workspace/.derivedData/Build/Products/Debug-xros -Isystem /Applications/Xcode-27.0.0-Release.Candidate.app/Contents/Developer/Platforms/XROS.platform/Developer/usr/lib -F /Users/admin/builder/spi-builder-workspace/.derivedData/Build/Products/Debug-xros -F /Applications/Xcode-27.0.0-Release.Candidate.app/Contents/Developer/Platforms/XROS.platform/Developer/Library/Frameworks -F /Applications/Xcode-27.0.0-Release.Candidate.app/Contents/Developer/Platforms/XROS.platform/Developer/SDKs/XROS27.0.sdk/Developer/Library/Frameworks -module-cache-path /Users/admin/builder/spi-builder-workspace/.derivedData/Build/Intermediates.noindex/SwiftExplicitPrecompiledModules -no-color-diagnostics -Xcc -fno-color-diagnostics -enable-testing -g -debug-info-format\=dwarf -dwarf-version\=5 -profile-generate -profile-coverage-mapping -swift-version 6 -Onone -D SWIFT_PACKAGE -D DEBUG -D SWIFT_MODULE_RESOURCE_BUNDLE_AVAILABLE -D Xcode -serialize-debugging-options -enable-experimental-feature DebugDescriptionMacro -empty-abi-descriptor -validate-clang-modules-once -clang-build-session-file /Users/admin/builder/spi-builder-workspace/.derivedData/ModuleCache.noindex/Session.modulevalidation -Xcc -working-directory -Xcc /Users/admin/builder/spi-builder-workspace/.swiftpm/xcode -enable-anonymous-context-mangled-names -file-compilation-dir /Users/admin/builder/spi-builder-workspace/.swiftpm/xcode -Xcc -D_LIBCPP_HARDENING_MODE\=_LIBCPP_HARDENING_MODE_DEBUG -Xcc -ivfsstatcache -Xcc /Users/admin/builder/spi-builder-workspace/.derivedData/SDKStatCaches.noindex/xros27.0-24M361-e829b21a6f8c9b70876ba0858053c044735bd543db762f57723cac368afd1ce4.sdkstatcache -Xcc -fmodules-prune-interval\=86400 -Xcc -fmodules-prune-after\=345600 -Xcc -I/Users/admin/builder/spi-builder-workspace/.derivedData/Build/Products/Debug-xros/include -Xcc -I/Users/admin/builder/spi-builder-workspace/.derivedData/Build/Intermediates.noindex/Pry.build/Debug-xros/Pry-t.build/DerivedSources-normal/arm64 -Xcc -I/Users/admin/builder/spi-builder-workspace/.derivedData/Build/Intermediates.noindex/Pry.build/Debug-xros/Pry-t.build/DerivedSources/arm64 -Xcc -I/Users/admin/builder/spi-builder-workspace/.derivedData/Build/Intermediates.noindex/Pry.build/Debug-xros/Pry-t.build/DerivedSources -Xcc -DSWIFT_PACKAGE -Xcc -DDEBUG\=1 -no-auto-bridging-header-chaining -module-name Pry -package-name spi_builder_workspace -const-gather-protocols-file /Users/admin/builder/spi-builder-workspace/.derivedData/Build/Intermediates.noindex/Pry.build/Debug-xros/Pry-t.build/Objects-normal/arm64/Pry_const_extract_protocols.json -disable-clang-spi -clang-target arm64-apple-xros27.0 -target-sdk-version 27.0 -target-sdk-name xros27.0 -in-process-plugin-server-path /Applications/Xcode-27.0.0-Release.Candidate.app/Contents/Developer/Toolchains/XcodeDefault.xctoolchain/usr/lib/swift/host/libSwiftInProcPluginServer.dylib -parse-as-library -o /Users/admin/builder/spi-builder-workspace/.derivedData/Build/Intermediates.noindex/Pry.build/Debug-xros/Pry-t.build/Objects-normal/arm64/AppHubView.o -o /Users/admin/builder/spi-builder-workspace/.derivedData/Build/Intermediates.noindex/Pry.build/Debug-xros/Pry-t.build/Objects-normal/arm64/CookiesView.o -o /Users/admin/builder/spi-builder-workspace/.derivedData/Build/Intermediates.noindex/Pry.build/Debug-xros/Pry-t.build/Objects-normal/arm64/EnvironmentView.o -o /Users/admin/builder/spi-builder-workspace/.derivedData/Build/Intermediates.noindex/Pry.build/Debug-xros/Pry-t.build/Objects-normal/arm64/PermissionsView.o -o /Users/admin/builder/spi-builder-workspace/.derivedData/Build/Intermediates.noindex/Pry.build/Debug-xros/Pry-t.build/Objects-normal/arm64/PrySettingsView.o -o /Users/admin/builder/spi-builder-workspace/.derivedData/Build/Intermediates.noindex/Pry.build/Debug-xros/Pry-t.build/Objects-normal/arm64/UserDefaultsView.o -o /Users/admin/builder/spi-builder-workspace/.derivedData/Build/Intermediates.noindex/Pry.build/Debug-xros/Pry-t.build/Objects-normal/arm64/ConsoleLogDetail.o -o /Users/admin/builder/spi-builder-workspace/.derivedData/Build/Intermediates.noindex/Pry.build/Debug-xros/Pry-t.build/Objects-normal/arm64/ConsoleLogRow.o -debug-module-path /Users/admin/builder/spi-builder-workspace/.derivedData/Build/Intermediates.noindex/Pry.build/Debug-xros/Pry-t.build/Objects-normal/arm64/Pry.swiftmodule -index-unit-output-path /Pry.build/Debug-xros/Pry-t.build/Objects-normal/arm64/AppHubView.o -index-unit-output-path /Pry.build/Debug-xros/Pry-t.build/Objects-normal/arm64/CookiesView.o -index-unit-output-path /Pry.build/Debug-xros/Pry-t.build/Objects-normal/arm64/EnvironmentView.o -index-unit-output-path /Pry.build/Debug-xros/Pry-t.build/Objects-normal/arm64/PermissionsView.o -index-unit-output-path /Pry.build/Debug-xros/Pry-t.build/Objects-normal/arm64/PrySettingsView.o -index-unit-output-path /Pry.build/Debug-xros/Pry-t.build/Objects-normal/arm64/UserDefaultsView.o -index-unit-output-path /Pry.build/Debug-xros/Pry-t.build/Objects-normal/arm64/ConsoleLogDetail.o -index-unit-output-path /Pry.build/Debug-xros/Pry-t.build/Objects-normal/arm64/ConsoleLogRow.o -index-store-path /Users/admin/builder/spi-builder-workspace/.derivedData/Index.noindex/DataStore -index-system-modules
SwiftCompile normal arm64 /Users/admin/builder/spi-builder-workspace/Sources/Pry/UI/App/AppHubView.swift (in target 'Pry' from project 'Pry')
cd /Users/admin/builder/spi-builder-workspace/.swiftpm/xcode
builtin-SwiftPerFileCompile AppHubView.swift
SwiftCompile normal arm64 /Users/admin/builder/spi-builder-workspace/Sources/Pry/UI/App/CookiesView.swift (in target 'Pry' from project 'Pry')
cd /Users/admin/builder/spi-builder-workspace/.swiftpm/xcode
builtin-SwiftPerFileCompile CookiesView.swift
SwiftCompile normal arm64 /Users/admin/builder/spi-builder-workspace/Sources/Pry/UI/App/EnvironmentView.swift (in target 'Pry' from project 'Pry')
cd /Users/admin/builder/spi-builder-workspace/.swiftpm/xcode
builtin-SwiftPerFileCompile EnvironmentView.swift
SwiftCompile normal arm64 /Users/admin/builder/spi-builder-workspace/Sources/Pry/UI/App/PermissionsView.swift (in target 'Pry' from project 'Pry')
cd /Users/admin/builder/spi-builder-workspace/.swiftpm/xcode
builtin-SwiftPerFileCompile PermissionsView.swift
SwiftCompile normal arm64 /Users/admin/builder/spi-builder-workspace/Sources/Pry/UI/App/PrySettingsView.swift (in target 'Pry' from project 'Pry')
cd /Users/admin/builder/spi-builder-workspace/.swiftpm/xcode
builtin-SwiftPerFileCompile PrySettingsView.swift
SwiftCompile normal arm64 /Users/admin/builder/spi-builder-workspace/Sources/Pry/UI/App/UserDefaultsView.swift (in target 'Pry' from project 'Pry')
cd /Users/admin/builder/spi-builder-workspace/.swiftpm/xcode
builtin-SwiftPerFileCompile UserDefaultsView.swift
SwiftCompile normal arm64 /Users/admin/builder/spi-builder-workspace/Sources/Pry/UI/Console/ConsoleLogDetail.swift (in target 'Pry' from project 'Pry')
cd /Users/admin/builder/spi-builder-workspace/.swiftpm/xcode
builtin-SwiftPerFileCompile ConsoleLogDetail.swift
SwiftCompile normal arm64 /Users/admin/builder/spi-builder-workspace/Sources/Pry/UI/Console/ConsoleLogRow.swift (in target 'Pry' from project 'Pry')
cd /Users/admin/builder/spi-builder-workspace/.swiftpm/xcode
builtin-SwiftPerFileCompile ConsoleLogRow.swift
SwiftCompile normal arm64 Compiling\ NetworkEntry.swift,\ PushNotificationEntry.swift,\ RedirectHop.swift,\ PryContentView.swift,\ PryHooks.swift,\ PryModifier.swift,\ PryStore.swift,\ PryTrigger.swift /Users/admin/builder/spi-builder-workspace/Sources/Pry/Public/Models/NetworkEntry.swift /Users/admin/builder/spi-builder-workspace/Sources/Pry/Public/Models/PushNotificationEntry.swift /Users/admin/builder/spi-builder-workspace/Sources/Pry/Public/Models/RedirectHop.swift /Users/admin/builder/spi-builder-workspace/Sources/Pry/Public/PryContentView.swift /Users/admin/builder/spi-builder-workspace/Sources/Pry/Public/PryHooks.swift /Users/admin/builder/spi-builder-workspace/Sources/Pry/Public/PryModifier.swift /Users/admin/builder/spi-builder-workspace/Sources/Pry/Public/PryStore.swift /Users/admin/builder/spi-builder-workspace/Sources/Pry/Public/PryTrigger.swift (in target 'Pry' from project 'Pry')
/Users/admin/builder/spi-builder-workspace/Sources/Pry/Public/PryStore.swift:301:35: warning: conditional cast from 'String' to 'String' always succeeds
299 | ) {
300 | let flatUserInfo = userInfo.reduce(into: [String: String]()) { result, pair in
301 | if let key = pair.key as? String {
| `- warning: conditional cast from 'String' to 'String' always succeeds
302 | result[key] = String(describing: pair.value)
303 | }
SwiftCompile normal arm64 /Users/admin/builder/spi-builder-workspace/Sources/Pry/Public/Models/NetworkEntry.swift (in target 'Pry' from project 'Pry')
cd /Users/admin/builder/spi-builder-workspace/.swiftpm/xcode
builtin-SwiftPerFileCompile NetworkEntry.swift
SwiftCompile normal arm64 /Users/admin/builder/spi-builder-workspace/Sources/Pry/Public/Models/PushNotificationEntry.swift (in target 'Pry' from project 'Pry')
cd /Users/admin/builder/spi-builder-workspace/.swiftpm/xcode
builtin-SwiftPerFileCompile PushNotificationEntry.swift
SwiftCompile normal arm64 /Users/admin/builder/spi-builder-workspace/Sources/Pry/Public/Models/RedirectHop.swift (in target 'Pry' from project 'Pry')
cd /Users/admin/builder/spi-builder-workspace/.swiftpm/xcode
builtin-SwiftPerFileCompile RedirectHop.swift
SwiftCompile normal arm64 /Users/admin/builder/spi-builder-workspace/Sources/Pry/Public/PryContentView.swift (in target 'Pry' from project 'Pry')
cd /Users/admin/builder/spi-builder-workspace/.swiftpm/xcode
builtin-SwiftPerFileCompile PryContentView.swift
SwiftCompile normal arm64 /Users/admin/builder/spi-builder-workspace/Sources/Pry/Public/PryHooks.swift (in target 'Pry' from project 'Pry')
cd /Users/admin/builder/spi-builder-workspace/.swiftpm/xcode
builtin-SwiftPerFileCompile PryHooks.swift
SwiftCompile normal arm64 /Users/admin/builder/spi-builder-workspace/Sources/Pry/Public/PryModifier.swift (in target 'Pry' from project 'Pry')
cd /Users/admin/builder/spi-builder-workspace/.swiftpm/xcode
builtin-SwiftPerFileCompile PryModifier.swift
SwiftCompile normal arm64 /Users/admin/builder/spi-builder-workspace/Sources/Pry/Public/PryStore.swift (in target 'Pry' from project 'Pry')
cd /Users/admin/builder/spi-builder-workspace/.swiftpm/xcode
builtin-SwiftPerFileCompile PryStore.swift
SwiftCompile normal arm64 /Users/admin/builder/spi-builder-workspace/Sources/Pry/Public/PryTrigger.swift (in target 'Pry' from project 'Pry')
cd /Users/admin/builder/spi-builder-workspace/.swiftpm/xcode
builtin-SwiftPerFileCompile PryTrigger.swift
SwiftCompile normal arm64 Compiling\ JWTDecoder.swift,\ PreferenceStorage.swift,\ Mocks.swift,\ PryStore+Preview.swift,\ Environment+Pry.swift,\ DeeplinkEntry.swift,\ LogEntry.swift,\ LogType.swift /Users/admin/builder/spi-builder-workspace/Sources/Pry/Internal/Parsers/JWTDecoder.swift /Users/admin/builder/spi-builder-workspace/Sources/Pry/Internal/PreferenceStorage.swift /Users/admin/builder/spi-builder-workspace/Sources/Pry/PreviewContent/Mocks.swift /Users/admin/builder/spi-builder-workspace/Sources/Pry/PreviewContent/PryStore+Preview.swift /Users/admin/builder/spi-builder-workspace/Sources/Pry/Public/Environment+Pry.swift /Users/admin/builder/spi-builder-workspace/Sources/Pry/Public/Models/DeeplinkEntry.swift /Users/admin/builder/spi-builder-workspace/Sources/Pry/Public/Models/LogEntry.swift /Users/admin/builder/spi-builder-workspace/Sources/Pry/Public/Models/LogType.swift (in target 'Pry' from project 'Pry')
Pry/Environment+Pry.swift:10:43: warning: Storing a class type in '@Entry var pryStore' may invalidate dependents on every update because the default value is reallocated on every access. Initialize the default value elsewhere and reference it from the '@Entry' declaration. (from macro '_SwiftUIEntryTypeCheck')
`- /Users/admin/builder/spi-builder-workspace/Sources/Pry/Public/Environment+Pry.swift:10:54: note: expanded code originates here
8 | /// inspector.log("Hello", type: .info)
9 | /// ```
10 | @Entry public var pryStore: PryStore = PryStore()
| `- note: in expansion of macro 'Entry' on property 'pryStore' here
+--- macro expansion @Entry -----------------------------------------
|3 | static var defaultValue: PryStore = PryStore()
|4 | #sourceLocation(file: "Pry/Environment+Pry.swift", line: 10)
|5 | private static let _typeCheck: Void = #_SwiftUIEntryTypeCheck(Value.self, macroName: "Entry", propertyName: "pryStore")
| | `- warning: Storing a class type in '@Entry var pryStore' may invalidate dependents on every update because the default value is reallocated on every access. Initialize the default value elsewhere and reference it from the '@Entry' declaration. (from macro '_SwiftUIEntryTypeCheck')
|6 | #sourceLocation()
|7 | }
+--------------------------------------------------------------------
11 |
12 | /// When true, the inspector is displaying an imported session in read-only mode.
SwiftCompile normal arm64 /Users/admin/builder/spi-builder-workspace/Sources/Pry/Internal/Parsers/JWTDecoder.swift (in target 'Pry' from project 'Pry')
cd /Users/admin/builder/spi-builder-workspace/.swiftpm/xcode
builtin-SwiftPerFileCompile JWTDecoder.swift
SwiftCompile normal arm64 /Users/admin/builder/spi-builder-workspace/Sources/Pry/Internal/PreferenceStorage.swift (in target 'Pry' from project 'Pry')
cd /Users/admin/builder/spi-builder-workspace/.swiftpm/xcode
builtin-SwiftPerFileCompile PreferenceStorage.swift
SwiftCompile normal arm64 /Users/admin/builder/spi-builder-workspace/Sources/Pry/PreviewContent/Mocks.swift (in target 'Pry' from project 'Pry')
cd /Users/admin/builder/spi-builder-workspace/.swiftpm/xcode
builtin-SwiftPerFileCompile Mocks.swift
SwiftCompile normal arm64 /Users/admin/builder/spi-builder-workspace/Sources/Pry/PreviewContent/PryStore+Preview.swift (in target 'Pry' from project 'Pry')
cd /Users/admin/builder/spi-builder-workspace/.swiftpm/xcode
builtin-SwiftPerFileCompile PryStore+Preview.swift
SwiftCompile normal arm64 /Users/admin/builder/spi-builder-workspace/Sources/Pry/Public/Environment+Pry.swift (in target 'Pry' from project 'Pry')
cd /Users/admin/builder/spi-builder-workspace/.swiftpm/xcode
builtin-SwiftPerFileCompile Environment+Pry.swift
SwiftCompile normal arm64 /Users/admin/builder/spi-builder-workspace/Sources/Pry/Public/Models/DeeplinkEntry.swift (in target 'Pry' from project 'Pry')
cd /Users/admin/builder/spi-builder-workspace/.swiftpm/xcode
builtin-SwiftPerFileCompile DeeplinkEntry.swift
SwiftCompile normal arm64 /Users/admin/builder/spi-builder-workspace/Sources/Pry/Public/Models/LogEntry.swift (in target 'Pry' from project 'Pry')
cd /Users/admin/builder/spi-builder-workspace/.swiftpm/xcode
builtin-SwiftPerFileCompile LogEntry.swift
SwiftCompile normal arm64 /Users/admin/builder/spi-builder-workspace/Sources/Pry/Public/Models/LogType.swift (in target 'Pry' from project 'Pry')
cd /Users/admin/builder/spi-builder-workspace/.swiftpm/xcode
builtin-SwiftPerFileCompile LogType.swift
SwiftCompile normal arm64 Compiling\ resource_bundle_accessor.swift,\ Date+.swift,\ Int+.swift,\ NSNumber+.swift,\ String+.swift,\ TimeInterval+.swift,\ UNUserNotificationCenter+.swift,\ URL+.swift,\ HTTPStatus.swift /Users/admin/builder/spi-builder-workspace/.derivedData/Build/Intermediates.noindex/Pry.build/Debug-xros/Pry-t.build/DerivedSources/resource_bundle_accessor.swift /Users/admin/builder/spi-builder-workspace/Sources/Pry/Internal/Extensions/Date+.swift /Users/admin/builder/spi-builder-workspace/Sources/Pry/Internal/Extensions/Int+.swift /Users/admin/builder/spi-builder-workspace/Sources/Pry/Internal/Extensions/NSNumber+.swift /Users/admin/builder/spi-builder-workspace/Sources/Pry/Internal/Extensions/String+.swift /Users/admin/builder/spi-builder-workspace/Sources/Pry/Internal/Extensions/TimeInterval+.swift /Users/admin/builder/spi-builder-workspace/Sources/Pry/Internal/Extensions/UNUserNotificationCenter+.swift /Users/admin/builder/spi-builder-workspace/Sources/Pry/Internal/Extensions/URL+.swift /Users/admin/builder/spi-builder-workspace/Sources/Pry/Internal/HTTPStatus.swift (in target 'Pry' from project 'Pry')
/Users/admin/builder/spi-builder-workspace/Sources/Pry/Internal/Extensions/Date+.swift:5:19: warning: 'public' modifier is redundant for instance method declared in a public extension
3 | @_spi(PryPro) public extension Date {
4 |
5 | @_spi(PryPro) public func formatFullTimestamp() -> String {
| `- warning: 'public' modifier is redundant for instance method declared in a public extension
6 | let formatter = DateFormatter()
7 | formatter.dateFormat = "yyyy-MM-dd HH:mm:ss.SSS"
/Users/admin/builder/spi-builder-workspace/Sources/Pry/Internal/Extensions/Date+.swift:11:19: warning: 'public' modifier is redundant for property declared in a public extension
9 | }
10 |
11 | @_spi(PryPro) public var formattedTimestamp: String {
| `- warning: 'public' modifier is redundant for property declared in a public extension
12 | let formatter = DateFormatter()
13 | formatter.dateFormat = "HH:mm:ss.SSS"
/Users/admin/builder/spi-builder-workspace/Sources/Pry/Internal/Extensions/Date+.swift:17:19: warning: 'public' modifier is redundant for property declared in a public extension
15 | }
16 |
17 | @_spi(PryPro) public var relativeTimestamp: String {
| `- warning: 'public' modifier is redundant for property declared in a public extension
18 | let seconds = -timeIntervalSinceNow
19 | switch seconds {
/Users/admin/builder/spi-builder-workspace/Sources/Pry/Internal/Extensions/Int+.swift:6:19: warning: 'public' modifier is redundant for instance method declared in a public extension
4 | @_spi(PryPro) public extension Int {
5 |
6 | @_spi(PryPro) public func formatBytes() -> String {
| `- warning: 'public' modifier is redundant for instance method declared in a public extension
7 | let formatter = ByteCountFormatter()
8 | formatter.countStyle = .binary
/Users/admin/builder/spi-builder-workspace/Sources/Pry/Internal/Extensions/Int+.swift:12:19: warning: 'public' modifier is redundant for instance method declared in a public extension
10 | }
11 |
12 | @_spi(PryPro) public func statusTextColor() -> Color {
| `- warning: 'public' modifier is redundant for instance method declared in a public extension
13 | PryTheme.Colors.statusForeground(self)
14 | }
/Users/admin/builder/spi-builder-workspace/Sources/Pry/Internal/Extensions/Int+.swift:16:19: warning: 'public' modifier is redundant for instance method declared in a public extension
14 | }
15 |
16 | @_spi(PryPro) public func statusBackgroundColor() -> Color {
| `- warning: 'public' modifier is redundant for instance method declared in a public extension
17 | PryTheme.Colors.statusBackground(self)
18 | }
/Users/admin/builder/spi-builder-workspace/Sources/Pry/Internal/Extensions/Int+.swift:23:19: warning: 'public' modifier is redundant for instance method declared in a public extension
21 | @_spi(PryPro) public extension Optional where Wrapped == Int {
22 |
23 | @_spi(PryPro) public func statusTextColor() -> Color {
| `- warning: 'public' modifier is redundant for instance method declared in a public extension
24 | self?.statusTextColor() ?? PryTheme.Colors.textSecondary
25 | }
/Users/admin/builder/spi-builder-workspace/Sources/Pry/Internal/Extensions/Int+.swift:27:19: warning: 'public' modifier is redundant for instance method declared in a public extension
25 | }
26 |
27 | @_spi(PryPro) public func statusBackgroundColor() -> Color {
| `- warning: 'public' modifier is redundant for instance method declared in a public extension
28 | self?.statusBackgroundColor() ?? PryTheme.Colors.surface
29 | }
/Users/admin/builder/spi-builder-workspace/Sources/Pry/Internal/Extensions/NSNumber+.swift:4:19: warning: 'public' modifier is redundant for property declared in a public extension
2 |
3 | @_spi(PryPro) public extension NSNumber {
4 | @_spi(PryPro) public var isBool: Bool {
| `- warning: 'public' modifier is redundant for property declared in a public extension
5 | return CFBooleanGetTypeID() == CFGetTypeID(self)
6 | }
/Users/admin/builder/spi-builder-workspace/Sources/Pry/Internal/Extensions/String+.swift:10:19: warning: 'public' modifier is redundant for instance method declared in a public extension
8 | private var parsedURL: URL? { URL(string: self) }
9 |
10 | @_spi(PryPro) public func extractProtocol() -> String {
| `- warning: 'public' modifier is redundant for instance method declared in a public extension
11 | components(separatedBy: "://").first ?? ""
12 | }
/Users/admin/builder/spi-builder-workspace/Sources/Pry/Internal/Extensions/String+.swift:14:19: warning: 'public' modifier is redundant for instance method declared in a public extension
12 | }
13 |
14 | @_spi(PryPro) public func extractHost() -> String {
| `- warning: 'public' modifier is redundant for instance method declared in a public extension
15 | guard let url = parsedURL else { return self }
16 | return url.host ?? self
/Users/admin/builder/spi-builder-workspace/Sources/Pry/Internal/Extensions/String+.swift:19:19: warning: 'public' modifier is redundant for instance method declared in a public extension
17 | }
18 |
19 | @_spi(PryPro) public func extractPath() -> String {
| `- warning: 'public' modifier is redundant for instance method declared in a public extension
20 | guard let url = parsedURL else { return "/" }
21 | let path = url.path
/Users/admin/builder/spi-builder-workspace/Sources/Pry/Internal/Extensions/String+.swift:25:19: warning: 'public' modifier is redundant for instance method declared in a public extension
23 | }
24 |
25 | @_spi(PryPro) public func extractQuery() -> String? {
| `- warning: 'public' modifier is redundant for instance method declared in a public extension
26 | guard let query = parsedURL?.query,
27 | !query.isEmpty else { return nil }
/Users/admin/builder/spi-builder-workspace/Sources/Pry/Internal/Extensions/String+.swift:33:19: warning: 'public' modifier is redundant for instance method declared in a public extension
31 | // MARK: - HTTP
32 |
33 | @_spi(PryPro) public func methodColor() -> Color {
| `- warning: 'public' modifier is redundant for instance method declared in a public extension
34 | PryTheme.Colors.methodColor(self)
35 | }
/Users/admin/builder/spi-builder-workspace/Sources/Pry/Internal/Extensions/String+.swift:37:19: warning: 'public' modifier is redundant for instance method declared in a public extension
35 | }
36 |
37 | @_spi(PryPro) public func sanitizedURL() -> String {
| `- warning: 'public' modifier is redundant for instance method declared in a public extension
38 | guard let urlComponents = URLComponents(string: self) else { return self }
39 |
/Users/admin/builder/spi-builder-workspace/Sources/Pry/Internal/Extensions/String+.swift:53:19: warning: 'public' modifier is redundant for instance method declared in a public extension
51 | }
52 |
53 | @_spi(PryPro) public func sanitizedError() -> String {
| `- warning: 'public' modifier is redundant for instance method declared in a public extension
54 | var sanitized = self
55 |
/Users/admin/builder/spi-builder-workspace/Sources/Pry/Internal/Extensions/TimeInterval+.swift:4:19: warning: 'public' modifier is redundant for property declared in a public extension
2 |
3 | @_spi(PryPro) public extension TimeInterval {
4 | @_spi(PryPro) public var formattedDuration: String {
| `- warning: 'public' modifier is redundant for property declared in a public extension
5 | if self < 1 {
6 | return String(format: "%.0fms", self * 1000)
/Users/admin/builder/spi-builder-workspace/Sources/Pry/Internal/Extensions/TimeInterval+.swift:14:19: warning: 'public' modifier is redundant for property declared in a public extension
12 |
13 | @_spi(PryPro) public extension Optional where Wrapped == TimeInterval {
14 | @_spi(PryPro) public var formattedDuration: String {
| `- warning: 'public' modifier is redundant for property declared in a public extension
15 | guard let value = self else { return "-" }
16 | return value.formattedDuration
SwiftCompile normal arm64 /Users/admin/builder/spi-builder-workspace/.derivedData/Build/Intermediates.noindex/Pry.build/Debug-xros/Pry-t.build/DerivedSources/resource_bundle_accessor.swift (in target 'Pry' from project 'Pry')
cd /Users/admin/builder/spi-builder-workspace/.swiftpm/xcode
builtin-SwiftPerFileCompile resource_bundle_accessor.swift
SwiftCompile normal arm64 /Users/admin/builder/spi-builder-workspace/Sources/Pry/Internal/Extensions/Date+.swift (in target 'Pry' from project 'Pry')
cd /Users/admin/builder/spi-builder-workspace/.swiftpm/xcode
builtin-SwiftPerFileCompile Date+.swift
SwiftCompile normal arm64 /Users/admin/builder/spi-builder-workspace/Sources/Pry/Internal/Extensions/Int+.swift (in target 'Pry' from project 'Pry')
cd /Users/admin/builder/spi-builder-workspace/.swiftpm/xcode
builtin-SwiftPerFileCompile Int+.swift
SwiftCompile normal arm64 /Users/admin/builder/spi-builder-workspace/Sources/Pry/Internal/Extensions/NSNumber+.swift (in target 'Pry' from project 'Pry')
cd /Users/admin/builder/spi-builder-workspace/.swiftpm/xcode
builtin-SwiftPerFileCompile NSNumber+.swift
SwiftCompile normal arm64 /Users/admin/builder/spi-builder-workspace/Sources/Pry/Internal/Extensions/String+.swift (in target 'Pry' from project 'Pry')
cd /Users/admin/builder/spi-builder-workspace/.swiftpm/xcode
builtin-SwiftPerFileCompile String+.swift
SwiftCompile normal arm64 /Users/admin/builder/spi-builder-workspace/Sources/Pry/Internal/Extensions/TimeInterval+.swift (in target 'Pry' from project 'Pry')
cd /Users/admin/builder/spi-builder-workspace/.swiftpm/xcode
builtin-SwiftPerFileCompile TimeInterval+.swift
SwiftCompile normal arm64 /Users/admin/builder/spi-builder-workspace/Sources/Pry/Internal/Extensions/UNUserNotificationCenter+.swift (in target 'Pry' from project 'Pry')
cd /Users/admin/builder/spi-builder-workspace/.swiftpm/xcode
builtin-SwiftPerFileCompile UNUserNotificationCenter+.swift
SwiftCompile normal arm64 /Users/admin/builder/spi-builder-workspace/Sources/Pry/Internal/Extensions/URL+.swift (in target 'Pry' from project 'Pry')
cd /Users/admin/builder/spi-builder-workspace/.swiftpm/xcode
builtin-SwiftPerFileCompile URL+.swift
SwiftCompile normal arm64 /Users/admin/builder/spi-builder-workspace/Sources/Pry/Internal/HTTPStatus.swift (in target 'Pry' from project 'Pry')
cd /Users/admin/builder/spi-builder-workspace/.swiftpm/xcode
builtin-SwiftPerFileCompile HTTPStatus.swift
SwiftCompile normal arm64 Compiling\ NetworkStatsView.swift,\ PryRootView.swift,\ PushNotificationDetail.swift,\ PushNotificationSimulator.swift,\ PushNotificationsView.swift,\ CodeBlockView.swift,\ FormDataRenderer.swift,\ HighlightedText.swift /Users/admin/builder/spi-builder-workspace/Sources/Pry/UI/Network/NetworkStatsView.swift /Users/admin/builder/spi-builder-workspace/Sources/Pry/UI/PryRootView.swift /Users/admin/builder/spi-builder-workspace/Sources/Pry/UI/PushNotifications/PushNotificationDetail.swift /Users/admin/builder/spi-builder-workspace/Sources/Pry/UI/PushNotifications/PushNotificationSimulator.swift /Users/admin/builder/spi-builder-workspace/Sources/Pry/UI/PushNotifications/PushNotificationsView.swift /Users/admin/builder/spi-builder-workspace/Sources/Pry/UI/Shared/CodeBlock/CodeBlockView.swift /Users/admin/builder/spi-builder-workspace/Sources/Pry/UI/Shared/CodeBlock/FormDataRenderer.swift /Users/admin/builder/spi-builder-workspace/Sources/Pry/UI/Shared/CodeBlock/HighlightedText.swift (in target 'Pry' from project 'Pry')
SwiftCompile normal arm64 /Users/admin/builder/spi-builder-workspace/Sources/Pry/UI/Network/NetworkStatsView.swift (in target 'Pry' from project 'Pry')
cd /Users/admin/builder/spi-builder-workspace/.swiftpm/xcode
builtin-SwiftPerFileCompile NetworkStatsView.swift
SwiftCompile normal arm64 /Users/admin/builder/spi-builder-workspace/Sources/Pry/UI/PryRootView.swift (in target 'Pry' from project 'Pry')
cd /Users/admin/builder/spi-builder-workspace/.swiftpm/xcode
builtin-SwiftPerFileCompile PryRootView.swift
SwiftCompile normal arm64 /Users/admin/builder/spi-builder-workspace/Sources/Pry/UI/PushNotifications/PushNotificationDetail.swift (in target 'Pry' from project 'Pry')
cd /Users/admin/builder/spi-builder-workspace/.swiftpm/xcode
builtin-SwiftPerFileCompile PushNotificationDetail.swift
SwiftCompile normal arm64 /Users/admin/builder/spi-builder-workspace/Sources/Pry/UI/PushNotifications/PushNotificationSimulator.swift (in target 'Pry' from project 'Pry')
cd /Users/admin/builder/spi-builder-workspace/.swiftpm/xcode
builtin-SwiftPerFileCompile PushNotificationSimulator.swift
SwiftCompile normal arm64 /Users/admin/builder/spi-builder-workspace/Sources/Pry/UI/PushNotifications/PushNotificationsView.swift (in target 'Pry' from project 'Pry')
cd /Users/admin/builder/spi-builder-workspace/.swiftpm/xcode
builtin-SwiftPerFileCompile PushNotificationsView.swift
SwiftCompile normal arm64 /Users/admin/builder/spi-builder-workspace/Sources/Pry/UI/Shared/CodeBlock/CodeBlockView.swift (in target 'Pry' from project 'Pry')
cd /Users/admin/builder/spi-builder-workspace/.swiftpm/xcode
builtin-SwiftPerFileCompile CodeBlockView.swift
SwiftCompile normal arm64 /Users/admin/builder/spi-builder-workspace/Sources/Pry/UI/Shared/CodeBlock/FormDataRenderer.swift (in target 'Pry' from project 'Pry')
cd /Users/admin/builder/spi-builder-workspace/.swiftpm/xcode
builtin-SwiftPerFileCompile FormDataRenderer.swift
SwiftCompile normal arm64 /Users/admin/builder/spi-builder-workspace/Sources/Pry/UI/Shared/CodeBlock/HighlightedText.swift (in target 'Pry' from project 'Pry')
cd /Users/admin/builder/spi-builder-workspace/.swiftpm/xcode
builtin-SwiftPerFileCompile HighlightedText.swift
/Users/admin/builder/spi-builder-workspace/Sources/Pry/UI/PushNotifications/PushNotificationSimulator.swift:362:21: warning: no 'async' operations occur within 'await' expression [#UnnecessaryEffectMarker]
360 | guard granted else {
361 | // Permission denied — log directly as fallback so user sees something
362 | await logDirectly(content: content)
| `- warning: no 'async' operations occur within 'await' expression [#UnnecessaryEffectMarker]
363 | return
364 | }
[#UnnecessaryEffectMarker]: <https://docs.swift.org/compiler/documentation/diagnostics/unnecessary-effect-marker>
SwiftCompile normal arm64 Compiling\ FloatingActionButton.swift,\ ShakeDetector.swift,\ SheetHeader.swift,\ AdaptiveColor.swift,\ Color+Hex.swift,\ PryStyles.swift,\ PryTheme.swift,\ GeneratedAssetSymbols.swift /Users/admin/builder/spi-builder-workspace/Sources/Pry/UI/Shared/FloatingActionButton.swift /Users/admin/builder/spi-builder-workspace/Sources/Pry/UI/Shared/ShakeDetector.swift /Users/admin/builder/spi-builder-workspace/Sources/Pry/UI/Shared/SheetHeader.swift /Users/admin/builder/spi-builder-workspace/Sources/Pry/UI/Theme/AdaptiveColor.swift /Users/admin/builder/spi-builder-workspace/Sources/Pry/UI/Theme/Color+Hex.swift /Users/admin/builder/spi-builder-workspace/Sources/Pry/UI/Theme/PryStyles.swift /Users/admin/builder/spi-builder-workspace/Sources/Pry/UI/Theme/PryTheme.swift /Users/admin/builder/spi-builder-workspace/.derivedData/Build/Intermediates.noindex/Pry.build/Debug-xros/Pry-t.build/DerivedSources/GeneratedAssetSymbols.swift (in target 'Pry' from project 'Pry')
SwiftCompile normal arm64 /Users/admin/builder/spi-builder-workspace/Sources/Pry/UI/Shared/FloatingActionButton.swift (in target 'Pry' from project 'Pry')
cd /Users/admin/builder/spi-builder-workspace/.swiftpm/xcode
builtin-SwiftPerFileCompile FloatingActionButton.swift
SwiftCompile normal arm64 /Users/admin/builder/spi-builder-workspace/Sources/Pry/UI/Shared/ShakeDetector.swift (in target 'Pry' from project 'Pry')
cd /Users/admin/builder/spi-builder-workspace/.swiftpm/xcode
builtin-SwiftPerFileCompile ShakeDetector.swift
SwiftCompile normal arm64 /Users/admin/builder/spi-builder-workspace/Sources/Pry/UI/Shared/SheetHeader.swift (in target 'Pry' from project 'Pry')
cd /Users/admin/builder/spi-builder-workspace/.swiftpm/xcode
builtin-SwiftPerFileCompile SheetHeader.swift
SwiftCompile normal arm64 /Users/admin/builder/spi-builder-workspace/Sources/Pry/UI/Theme/AdaptiveColor.swift (in target 'Pry' from project 'Pry')
cd /Users/admin/builder/spi-builder-workspace/.swiftpm/xcode
builtin-SwiftPerFileCompile AdaptiveColor.swift
SwiftCompile normal arm64 /Users/admin/builder/spi-builder-workspace/Sources/Pry/UI/Theme/Color+Hex.swift (in target 'Pry' from project 'Pry')
cd /Users/admin/builder/spi-builder-workspace/.swiftpm/xcode
builtin-SwiftPerFileCompile Color+Hex.swift
SwiftCompile normal arm64 /Users/admin/builder/spi-builder-workspace/Sources/Pry/UI/Theme/PryStyles.swift (in target 'Pry' from project 'Pry')
cd /Users/admin/builder/spi-builder-workspace/.swiftpm/xcode
builtin-SwiftPerFileCompile PryStyles.swift
SwiftCompile normal arm64 /Users/admin/builder/spi-builder-workspace/Sources/Pry/UI/Theme/PryTheme.swift (in target 'Pry' from project 'Pry')
cd /Users/admin/builder/spi-builder-workspace/.swiftpm/xcode
builtin-SwiftPerFileCompile PryTheme.swift
SwiftCompile normal arm64 /Users/admin/builder/spi-builder-workspace/.derivedData/Build/Intermediates.noindex/Pry.build/Debug-xros/Pry-t.build/DerivedSources/GeneratedAssetSymbols.swift (in target 'Pry' from project 'Pry')
cd /Users/admin/builder/spi-builder-workspace/.swiftpm/xcode
builtin-SwiftPerFileCompile GeneratedAssetSymbols.swift
SwiftDriverJobDiscovery normal arm64 Compiling NetworkLogger.swift, ProInterceptorHooks.swift, PryConfig.swift, PryLifecycle.swift, PushNotificationInterceptor.swift, URLSessionConfiguration+Swizzle.swift, URLSessionInterceptor.swift, ContentLanguage.swift, GraphQLParser.swift (in target 'Pry' from project 'Pry')
SwiftDriverJobDiscovery normal arm64 Emitting module for Pry (in target 'Pry' from project 'Pry')
SwiftDriver\ Compilation\ Requirements Pry normal arm64 com.apple.xcode.tools.swift.compiler (in target 'Pry' from project 'Pry')
cd /Users/admin/builder/spi-builder-workspace/.swiftpm/xcode
builtin-Swift-Compilation-Requirements -- /Applications/Xcode-27.0.0-Release.Candidate.app/Contents/Developer/Toolchains/XcodeDefault.xctoolchain/usr/bin/swiftc -parse-as-library -module-name Pry -Onone @/Users/admin/builder/spi-builder-workspace/.derivedData/Build/Intermediates.noindex/Pry.build/Debug-xros/Pry-t.build/Objects-normal/arm64/Pry.SwiftFileList -DSWIFT_PACKAGE -DDEBUG -DSWIFT_MODULE_RESOURCE_BUNDLE_AVAILABLE -DXcode -plugin-path /Applications/Xcode-27.0.0-Release.Candidate.app/Contents/Developer/Toolchains/XcodeDefault.xctoolchain/usr/lib/swift/host/plugins/testing -enable-experimental-feature DebugDescriptionMacro -sdk /Applications/Xcode-27.0.0-Release.Candidate.app/Contents/Developer/Platforms/XROS.platform/Developer/SDKs/XROS27.0.sdk -target arm64-apple-xros2.0 -g -module-cache-path /Users/admin/builder/spi-builder-workspace/.derivedData/ModuleCache.noindex -Xfrontend -serialize-debugging-options -profile-coverage-mapping -profile-generate -enable-testing -index-store-path /Users/admin/builder/spi-builder-workspace/.derivedData/Index.noindex/DataStore -Xcc -D_LIBCPP_HARDENING_MODE\=_LIBCPP_HARDENING_MODE_DEBUG -swift-version 6 -I /Users/admin/builder/spi-builder-workspace/.derivedData/Build/Products/Debug-xros -Isystem /Applications/Xcode-27.0.0-Release.Candidate.app/Contents/Developer/Platforms/XROS.platform/Developer/usr/lib -F /Users/admin/builder/spi-builder-workspace/.derivedData/Build/Products/Debug-xros -F /Applications/Xcode-27.0.0-Release.Candidate.app/Contents/Developer/Platforms/XROS.platform/Developer/Library/Frameworks -F /Applications/Xcode-27.0.0-Release.Candidate.app/Contents/Developer/Platforms/XROS.platform/Developer/SDKs/XROS27.0.sdk/Developer/Library/Frameworks -c -j10 -enable-batch-mode -incremental -Xcc -ivfsstatcache -Xcc /Users/admin/builder/spi-builder-workspace/.derivedData/SDKStatCaches.noindex/xros27.0-24M361-e829b21a6f8c9b70876ba0858053c044735bd543db762f57723cac368afd1ce4.sdkstatcache -output-file-map /Users/admin/builder/spi-builder-workspace/.derivedData/Build/Intermediates.noindex/Pry.build/Debug-xros/Pry-t.build/Objects-normal/arm64/Pry-OutputFileMap.json -save-temps -no-color-diagnostics -explicit-module-build -module-cache-path /Users/admin/builder/spi-builder-workspace/.derivedData/Build/Intermediates.noindex/SwiftExplicitPrecompiledModules -clang-scanner-module-cache-path /Users/admin/builder/spi-builder-workspace/.derivedData/ModuleCache.noindex -sdk-module-cache-path /Users/admin/builder/spi-builder-workspace/.derivedData/SDKExplicitPrecompiledModules -emit-dependencies -emit-module -emit-module-path /Users/admin/builder/spi-builder-workspace/.derivedData/Build/Intermediates.noindex/Pry.build/Debug-xros/Pry-t.build/Objects-normal/arm64/Pry.swiftmodule -serialize-diagnostics -dependency-scan-serialize-diagnostics-path /Users/admin/builder/spi-builder-workspace/.derivedData/Build/Intermediates.noindex/Pry.build/Debug-xros/Pry-t.build/Objects-normal/arm64/Pry-dependency-scan.dia -validate-clang-modules-once -clang-build-session-file /Users/admin/builder/spi-builder-workspace/.derivedData/ModuleCache.noindex/Session.modulevalidation -Xcc -fmodules-prune-interval\=86400 -Xcc -fmodules-prune-after\=345600 -package-name spi_builder_workspace -emit-const-values -const-gather-protocols-list /Users/admin/builder/spi-builder-workspace/.derivedData/Build/Intermediates.noindex/Pry.build/Debug-xros/Pry-t.build/Objects-normal/arm64/Pry_const_extract_protocols.json -Xcc -I/Users/admin/builder/spi-builder-workspace/.derivedData/Build/Products/Debug-xros/include -Xcc -I/Users/admin/builder/spi-builder-workspace/.derivedData/Build/Intermediates.noindex/Pry.build/Debug-xros/Pry-t.build/DerivedSources-normal/arm64 -Xcc -I/Users/admin/builder/spi-builder-workspace/.derivedData/Build/Intermediates.noindex/Pry.build/Debug-xros/Pry-t.build/DerivedSources/arm64 -Xcc -I/Users/admin/builder/spi-builder-workspace/.derivedData/Build/Intermediates.noindex/Pry.build/Debug-xros/Pry-t.build/DerivedSources -Xcc -DSWIFT_PACKAGE -Xcc -DDEBUG\=1 -emit-objc-header -emit-objc-header-path /Users/admin/builder/spi-builder-workspace/.derivedData/Build/Intermediates.noindex/Pry.build/Debug-xros/Pry-t.build/Objects-normal/arm64/Pry-Swift.h -working-directory /Users/admin/builder/spi-builder-workspace/.swiftpm/xcode -experimental-emit-module-separately -disable-cmo
SwiftMergeGeneratedHeaders /Users/admin/builder/spi-builder-workspace/.derivedData/Build/Intermediates.noindex/GeneratedModuleMaps-xros/Pry-Swift.h /Users/admin/builder/spi-builder-workspace/.derivedData/Build/Intermediates.noindex/Pry.build/Debug-xros/Pry-t.build/Objects-normal/arm64/Pry-Swift.h (in target 'Pry' from project 'Pry')
cd /Users/admin/builder/spi-builder-workspace
builtin-swiftHeaderTool -arch arm64 /Users/admin/builder/spi-builder-workspace/.derivedData/Build/Intermediates.noindex/Pry.build/Debug-xros/Pry-t.build/Objects-normal/arm64/Pry-Swift.h -o /Users/admin/builder/spi-builder-workspace/.derivedData/Build/Intermediates.noindex/GeneratedModuleMaps-xros/Pry-Swift.h
Copy /Users/admin/builder/spi-builder-workspace/.derivedData/Build/Products/Debug-xros/Pry.swiftmodule/arm64-apple-xros.swiftmodule /Users/admin/builder/spi-builder-workspace/.derivedData/Build/Intermediates.noindex/Pry.build/Debug-xros/Pry-t.build/Objects-normal/arm64/Pry.swiftmodule (in target 'Pry' from project 'Pry')
cd /Users/admin/builder/spi-builder-workspace
builtin-copy -exclude .DS_Store -exclude CVS -exclude .svn -exclude .git -exclude .hg -resolve-src-symlinks -rename /Users/admin/builder/spi-builder-workspace/.derivedData/Build/Intermediates.noindex/Pry.build/Debug-xros/Pry-t.build/Objects-normal/arm64/Pry.swiftmodule /Users/admin/builder/spi-builder-workspace/.derivedData/Build/Products/Debug-xros/Pry.swiftmodule/arm64-apple-xros.swiftmodule
Copy /Users/admin/builder/spi-builder-workspace/.derivedData/Build/Products/Debug-xros/Pry.swiftmodule/arm64-apple-xros.swiftdoc /Users/admin/builder/spi-builder-workspace/.derivedData/Build/Intermediates.noindex/Pry.build/Debug-xros/Pry-t.build/Objects-normal/arm64/Pry.swiftdoc (in target 'Pry' from project 'Pry')
cd /Users/admin/builder/spi-builder-workspace
builtin-copy -exclude .DS_Store -exclude CVS -exclude .svn -exclude .git -exclude .hg -resolve-src-symlinks -rename /Users/admin/builder/spi-builder-workspace/.derivedData/Build/Intermediates.noindex/Pry.build/Debug-xros/Pry-t.build/Objects-normal/arm64/Pry.swiftdoc /Users/admin/builder/spi-builder-workspace/.derivedData/Build/Products/Debug-xros/Pry.swiftmodule/arm64-apple-xros.swiftdoc
Copy /Users/admin/builder/spi-builder-workspace/.derivedData/Build/Products/Debug-xros/Pry.swiftmodule/arm64-apple-xros.abi.json /Users/admin/builder/spi-builder-workspace/.derivedData/Build/Intermediates.noindex/Pry.build/Debug-xros/Pry-t.build/Objects-normal/arm64/Pry.abi.json (in target 'Pry' from project 'Pry')
cd /Users/admin/builder/spi-builder-workspace
builtin-copy -exclude .DS_Store -exclude CVS -exclude .svn -exclude .git -exclude .hg -resolve-src-symlinks -rename /Users/admin/builder/spi-builder-workspace/.derivedData/Build/Intermediates.noindex/Pry.build/Debug-xros/Pry-t.build/Objects-normal/arm64/Pry.abi.json /Users/admin/builder/spi-builder-workspace/.derivedData/Build/Products/Debug-xros/Pry.swiftmodule/arm64-apple-xros.abi.json
Copy /Users/admin/builder/spi-builder-workspace/.derivedData/Build/Products/Debug-xros/Pry.swiftmodule/Project/arm64-apple-xros.swiftsourceinfo /Users/admin/builder/spi-builder-workspace/.derivedData/Build/Intermediates.noindex/Pry.build/Debug-xros/Pry-t.build/Objects-normal/arm64/Pry.swiftsourceinfo (in target 'Pry' from project 'Pry')
cd /Users/admin/builder/spi-builder-workspace
builtin-copy -exclude .DS_Store -exclude CVS -exclude .svn -exclude .git -exclude .hg -resolve-src-symlinks -rename /Users/admin/builder/spi-builder-workspace/.derivedData/Build/Intermediates.noindex/Pry.build/Debug-xros/Pry-t.build/Objects-normal/arm64/Pry.swiftsourceinfo /Users/admin/builder/spi-builder-workspace/.derivedData/Build/Products/Debug-xros/Pry.swiftmodule/Project/arm64-apple-xros.swiftsourceinfo
SwiftDriverJobDiscovery normal arm64 Compiling resource_bundle_accessor.swift, Date+.swift, Int+.swift, NSNumber+.swift, String+.swift, TimeInterval+.swift, UNUserNotificationCenter+.swift, URL+.swift, HTTPStatus.swift (in target 'Pry' from project 'Pry')
SwiftDriverJobDiscovery normal arm64 Compiling FloatingActionButton.swift, ShakeDetector.swift, SheetHeader.swift, AdaptiveColor.swift, Color+Hex.swift, PryStyles.swift, PryTheme.swift, GeneratedAssetSymbols.swift (in target 'Pry' from project 'Pry')
SwiftDriverJobDiscovery normal arm64 Compiling JWTDecoder.swift, PreferenceStorage.swift, Mocks.swift, PryStore+Preview.swift, Environment+Pry.swift, DeeplinkEntry.swift, LogEntry.swift, LogType.swift (in target 'Pry' from project 'Pry')
SwiftDriverJobDiscovery normal arm64 Compiling NetworkEntry.swift, PushNotificationEntry.swift, RedirectHop.swift, PryContentView.swift, PryHooks.swift, PryModifier.swift, PryStore.swift, PryTrigger.swift (in target 'Pry' from project 'Pry')
SwiftDriverJobDiscovery normal arm64 Compiling ImagePreviewView.swift, JSONRenderer.swift, TextRenderer.swift, CopyButton.swift, DetailRow.swift, DetailSection.swift, EmptyState.swift, FilterChipBar.swift (in target 'Pry' from project 'Pry')
SwiftDriverJobDiscovery normal arm64 Compiling ConsoleMonitorView.swift, DeeplinkDetail.swift, DeeplinkMonitorView.swift, DeeplinkRow.swift, DeeplinkSimulator.swift, GraphQLOperationType+Color.swift, HeadersView.swift, JWTDetailView.swift (in target 'Pry' from project 'Pry')
PruneExplicitPrecompiledModules /Users/admin/builder/spi-builder-workspace/.derivedData/Build/Intermediates.noindex/SwiftExplicitPrecompiledModules
PruneExplicitPrecompiledModules /Users/admin/builder/spi-builder-workspace/.derivedData/SDKExplicitPrecompiledModules
PruneExplicitPrecompiledModules /Users/admin/builder/spi-builder-workspace/.derivedData/Build/Intermediates.noindex/ExplicitPrecompiledModules
2026-09-24 15:27:23.045 xcodebuild[627:3910] [MT] IDERunDestination: Supported platforms for the buildables in the current scheme is empty.
** BUILD FAILED **
The following build commands failed:
SwiftCompile normal arm64 Compiling\ AppHubView.swift,\ CookiesView.swift,\ EnvironmentView.swift,\ PermissionsView.swift,\ PrySettingsView.swift,\ UserDefaultsView.swift,\ ConsoleLogDetail.swift,\ ConsoleLogRow.swift /Users/admin/builder/spi-builder-workspace/Sources/Pry/UI/App/AppHubView.swift /Users/admin/builder/spi-builder-workspace/Sources/Pry/UI/App/CookiesView.swift /Users/admin/builder/spi-builder-workspace/Sources/Pry/UI/App/EnvironmentView.swift /Users/admin/builder/spi-builder-workspace/Sources/Pry/UI/App/PermissionsView.swift /Users/admin/builder/spi-builder-workspace/Sources/Pry/UI/App/PrySettingsView.swift /Users/admin/builder/spi-builder-workspace/Sources/Pry/UI/App/UserDefaultsView.swift /Users/admin/builder/spi-builder-workspace/Sources/Pry/UI/Console/ConsoleLogDetail.swift /Users/admin/builder/spi-builder-workspace/Sources/Pry/UI/Console/ConsoleLogRow.swift (in target 'Pry' from project 'Pry')
SwiftCompile normal arm64 /Users/admin/builder/spi-builder-workspace/Sources/Pry/UI/App/EnvironmentView.swift (in target 'Pry' from project 'Pry')
Building workspace Pry with scheme Pry
(3 failures)
Command line invocation:
/Applications/Xcode-27.0.0-Release.Candidate.app/Contents/Developer/usr/bin/xcodebuild -IDEClonedSourcePackagesDirPathOverride=/Users/admin/builder/spi-builder-workspace/.dependencies -resolvePackageDependencies
Resolve Package Graph
Resolved source packages:
Pry: /Users/admin/builder/spi-builder-workspace
resolved source packages: Pry
2026-09-24 15:27:37.288 xcodebuild[788:4734] [MT] IDERunDestination: Supported platforms for the buildables in the current scheme is empty.
{
"dependencies" : [
],
"manifest_display_name" : "Pry",
"name" : "Pry",
"path" : "/Users/admin/builder/spi-builder-workspace",
"platforms" : [
{
"name" : "ios",
"version" : "18.0"
}
],
"products" : [
{
"name" : "Pry",
"targets" : [
"Pry"
],
"type" : {
"library" : [
"automatic"
]
}
}
],
"targets" : [
{
"c99name" : "PryTests",
"module_type" : "SwiftTarget",
"name" : "PryTests",
"path" : "Tests/PryTests",
"sources" : [
"GraphQLParserTests.swift",
"TestFixtures.swift"
],
"target_dependencies" : [
"Pry"
],
"type" : "test"
},
{
"c99name" : "Pry",
"module_type" : "SwiftTarget",
"name" : "Pry",
"path" : "Sources/Pry",
"product_memberships" : [
"Pry"
],
"resources" : [
{
"path" : "/Users/admin/builder/spi-builder-workspace/Sources/Pry/Resources/Assets.xcassets",
"rule" : {
"process" : {
}
}
}
],
"sources" : [
"Internal/Extensions/Date+.swift",
"Internal/Extensions/Int+.swift",
"Internal/Extensions/NSNumber+.swift",
"Internal/Extensions/String+.swift",
"Internal/Extensions/TimeInterval+.swift",
"Internal/Extensions/UNUserNotificationCenter+.swift",
"Internal/Extensions/URL+.swift",
"Internal/HTTPStatus.swift",
"Internal/Interceptor/NetworkLogger.swift",
"Internal/Interceptor/ProInterceptorHooks.swift",
"Internal/Interceptor/PryConfig.swift",
"Internal/Interceptor/PryLifecycle.swift",
"Internal/Interceptor/PushNotificationInterceptor.swift",
"Internal/Interceptor/URLSessionConfiguration+Swizzle.swift",
"Internal/Interceptor/URLSessionInterceptor.swift",
"Internal/Parsers/ContentLanguage.swift",
"Internal/Parsers/GraphQLParser.swift",
"Internal/Parsers/JWTDecoder.swift",
"Internal/PreferenceStorage.swift",
"PreviewContent/Mocks.swift",
"PreviewContent/PryStore+Preview.swift",
"Public/Environment+Pry.swift",
"Public/Models/DeeplinkEntry.swift",
"Public/Models/LogEntry.swift",
"Public/Models/LogType.swift",
"Public/Models/NetworkEntry.swift",
"Public/Models/PushNotificationEntry.swift",
"Public/Models/RedirectHop.swift",
"Public/PryContentView.swift",
"Public/PryHooks.swift",
"Public/PryModifier.swift",
"Public/PryStore.swift",
"Public/PryTrigger.swift",
"UI/App/AppHubView.swift",
"UI/App/CookiesView.swift",
"UI/App/EnvironmentView.swift",
"UI/App/PermissionsView.swift",
"UI/App/PrySettingsView.swift",
"UI/App/UserDefaultsView.swift",
"UI/Console/ConsoleLogDetail.swift",
"UI/Console/ConsoleLogRow.swift",
"UI/Console/ConsoleMonitorView.swift",
"UI/Deeplinks/DeeplinkDetail.swift",
"UI/Deeplinks/DeeplinkMonitorView.swift",
"UI/Deeplinks/DeeplinkRow.swift",
"UI/Deeplinks/DeeplinkSimulator.swift",
"UI/Network/GraphQLOperationType+Color.swift",
"UI/Network/HeadersView.swift",
"UI/Network/JWTDetailView.swift",
"UI/Network/NetworkCurlGenerator.swift",
"UI/Network/NetworkDetailOverview.swift",
"UI/Network/NetworkDetailRequest.swift",
"UI/Network/NetworkDetailResponse.swift",
"UI/Network/NetworkFilterSheet.swift",
"UI/Network/NetworkMonitorView.swift",
"UI/Network/NetworkRequestDetail.swift",
"UI/Network/NetworkRequestRow.swift",
"UI/Network/NetworkStatsView.swift",
"UI/PryRootView.swift",
"UI/PushNotifications/PushNotificationDetail.swift",
"UI/PushNotifications/PushNotificationSimulator.swift",
"UI/PushNotifications/PushNotificationsView.swift",
"UI/Shared/CodeBlock/CodeBlockView.swift",
"UI/Shared/CodeBlock/FormDataRenderer.swift",
"UI/Shared/CodeBlock/HighlightedText.swift",
"UI/Shared/CodeBlock/ImagePreviewView.swift",
"UI/Shared/CodeBlock/JSONRenderer.swift",
"UI/Shared/CodeBlock/TextRenderer.swift",
"UI/Shared/CopyButton.swift",
"UI/Shared/DetailRow.swift",
"UI/Shared/DetailSection.swift",
"UI/Shared/EmptyState.swift",
"UI/Shared/FilterChipBar.swift",
"UI/Shared/FloatingActionButton.swift",
"UI/Shared/ShakeDetector.swift",
"UI/Shared/SheetHeader.swift",
"UI/Theme/AdaptiveColor.swift",
"UI/Theme/Color+Hex.swift",
"UI/Theme/PryStyles.swift",
"UI/Theme/PryTheme.swift"
],
"type" : "library"
}
],
"tools_version" : "6.1"
}
{
"workspace" : {
"name" : "Pry",
"schemes" : [
"Pry"
]
}
}
2026-09-24 15:27:38.542 xcodebuild[796:4805] [MT] IDERunDestination: Supported platforms for the buildables in the current scheme is empty.
Running build ...
env DEVELOPER_DIR=/Applications/Xcode-27.0.0-Release.Candidate.app xcrun xcodebuild -IDEClonedSourcePackagesDirPathOverride=$PWD/.dependencies -skipMacroValidation -skipPackagePluginValidation -derivedDataPath $PWD/.derivedData build -scheme Pry -destination generic/platform=xrOS
Command line invocation:
/Applications/Xcode-27.0.0-Release.Candidate.app/Contents/Developer/usr/bin/xcodebuild -IDEClonedSourcePackagesDirPathOverride=/Users/admin/builder/spi-builder-workspace/.dependencies -skipMacroValidation -skipPackagePluginValidation -derivedDataPath /Users/admin/builder/spi-builder-workspace/.derivedData build -scheme Pry -destination generic/platform=xrOS
Resolve Package Graph
Resolved source packages:
Pry: /Users/admin/builder/spi-builder-workspace
ComputePackagePrebuildTargetDependencyGraph
Prepare packages
CreateBuildRequest
SendProjectDescription
CreateBuildOperation
ComputeTargetDependencyGraph
note: Building targets in dependency order
note: Target dependency graph (3 targets)
Target 'Pry-product' in project 'Pry'
➜ Explicit dependency on target 'Pry' in project 'Pry'
➜ Explicit dependency on target 'Pry_Pry' in project 'Pry'
Target 'Pry' in project 'Pry'
➜ Explicit dependency on target 'Pry_Pry' in project 'Pry'
Target 'Pry_Pry' in project 'Pry' (no dependencies)
GatherProvisioningInputs
CreateBuildDescription
ClangStatCache /Applications/Xcode-27.0.0-Release.Candidate.app/Contents/Developer/Toolchains/XcodeDefault.xctoolchain/usr/bin/clang-stat-cache /Applications/Xcode-27.0.0-Release.Candidate.app/Contents/Developer/Platforms/XROS.platform/Developer/SDKs/XROS27.0.sdk /Users/admin/builder/spi-builder-workspace/.derivedData/SDKStatCaches.noindex/xros27.0-24M361-e829b21a6f8c9b70876ba0858053c044735bd543db762f57723cac368afd1ce4.sdkstatcache
cd /Users/admin/builder/spi-builder-workspace/.swiftpm/xcode
/Applications/Xcode-27.0.0-Release.Candidate.app/Contents/Developer/Toolchains/XcodeDefault.xctoolchain/usr/bin/clang-stat-cache /Applications/Xcode-27.0.0-Release.Candidate.app/Contents/Developer/Platforms/XROS.platform/Developer/SDKs/XROS27.0.sdk -o /Users/admin/builder/spi-builder-workspace/.derivedData/SDKStatCaches.noindex/xros27.0-24M361-e829b21a6f8c9b70876ba0858053c044735bd543db762f57723cac368afd1ce4.sdkstatcache
SwiftDriver Pry normal arm64 com.apple.xcode.tools.swift.compiler (in target 'Pry' from project 'Pry')
cd /Users/admin/builder/spi-builder-workspace/.swiftpm/xcode
builtin-SwiftDriver -- /Applications/Xcode-27.0.0-Release.Candidate.app/Contents/Developer/Toolchains/XcodeDefault.xctoolchain/usr/bin/swiftc -parse-as-library -module-name Pry -Onone @/Users/admin/builder/spi-builder-workspace/.derivedData/Build/Intermediates.noindex/Pry.build/Debug-xros/Pry-t.build/Objects-normal/arm64/Pry.SwiftFileList -DSWIFT_PACKAGE -DDEBUG -DSWIFT_MODULE_RESOURCE_BUNDLE_AVAILABLE -DXcode -plugin-path /Applications/Xcode-27.0.0-Release.Candidate.app/Contents/Developer/Toolchains/XcodeDefault.xctoolchain/usr/lib/swift/host/plugins/testing -enable-experimental-feature DebugDescriptionMacro -sdk /Applications/Xcode-27.0.0-Release.Candidate.app/Contents/Developer/Platforms/XROS.platform/Developer/SDKs/XROS27.0.sdk -target arm64-apple-xros2.0 -g -module-cache-path /Users/admin/builder/spi-builder-workspace/.derivedData/ModuleCache.noindex -Xfrontend -serialize-debugging-options -profile-coverage-mapping -profile-generate -enable-testing -index-store-path /Users/admin/builder/spi-builder-workspace/.derivedData/Index.noindex/DataStore -Xcc -D_LIBCPP_HARDENING_MODE\=_LIBCPP_HARDENING_MODE_DEBUG -swift-version 6 -I /Users/admin/builder/spi-builder-workspace/.derivedData/Build/Products/Debug-xros -Isystem /Applications/Xcode-27.0.0-Release.Candidate.app/Contents/Developer/Platforms/XROS.platform/Developer/usr/lib -F /Users/admin/builder/spi-builder-workspace/.derivedData/Build/Products/Debug-xros -F /Applications/Xcode-27.0.0-Release.Candidate.app/Contents/Developer/Platforms/XROS.platform/Developer/Library/Frameworks -F /Applications/Xcode-27.0.0-Release.Candidate.app/Contents/Developer/Platforms/XROS.platform/Developer/SDKs/XROS27.0.sdk/Developer/Library/Frameworks -c -j10 -enable-batch-mode -incremental -Xcc -ivfsstatcache -Xcc /Users/admin/builder/spi-builder-workspace/.derivedData/SDKStatCaches.noindex/xros27.0-24M361-e829b21a6f8c9b70876ba0858053c044735bd543db762f57723cac368afd1ce4.sdkstatcache -output-file-map /Users/admin/builder/spi-builder-workspace/.derivedData/Build/Intermediates.noindex/Pry.build/Debug-xros/Pry-t.build/Objects-normal/arm64/Pry-OutputFileMap.json -save-temps -no-color-diagnostics -explicit-module-build -module-cache-path /Users/admin/builder/spi-builder-workspace/.derivedData/Build/Intermediates.noindex/SwiftExplicitPrecompiledModules -clang-scanner-module-cache-path /Users/admin/builder/spi-builder-workspace/.derivedData/ModuleCache.noindex -sdk-module-cache-path /Users/admin/builder/spi-builder-workspace/.derivedData/SDKExplicitPrecompiledModules -emit-dependencies -emit-module -emit-module-path /Users/admin/builder/spi-builder-workspace/.derivedData/Build/Intermediates.noindex/Pry.build/Debug-xros/Pry-t.build/Objects-normal/arm64/Pry.swiftmodule -serialize-diagnostics -dependency-scan-serialize-diagnostics-path /Users/admin/builder/spi-builder-workspace/.derivedData/Build/Intermediates.noindex/Pry.build/Debug-xros/Pry-t.build/Objects-normal/arm64/Pry-dependency-scan.dia -validate-clang-modules-once -clang-build-session-file /Users/admin/builder/spi-builder-workspace/.derivedData/ModuleCache.noindex/Session.modulevalidation -Xcc -fmodules-prune-interval\=86400 -Xcc -fmodules-prune-after\=345600 -package-name spi_builder_workspace -emit-const-values -const-gather-protocols-list /Users/admin/builder/spi-builder-workspace/.derivedData/Build/Intermediates.noindex/Pry.build/Debug-xros/Pry-t.build/Objects-normal/arm64/Pry_const_extract_protocols.json -Xcc -I/Users/admin/builder/spi-builder-workspace/.derivedData/Build/Products/Debug-xros/include -Xcc -I/Users/admin/builder/spi-builder-workspace/.derivedData/Build/Intermediates.noindex/Pry.build/Debug-xros/Pry-t.build/DerivedSources-normal/arm64 -Xcc -I/Users/admin/builder/spi-builder-workspace/.derivedData/Build/Intermediates.noindex/Pry.build/Debug-xros/Pry-t.build/DerivedSources/arm64 -Xcc -I/Users/admin/builder/spi-builder-workspace/.derivedData/Build/Intermediates.noindex/Pry.build/Debug-xros/Pry-t.build/DerivedSources -Xcc -DSWIFT_PACKAGE -Xcc -DDEBUG\=1 -emit-objc-header -emit-objc-header-path /Users/admin/builder/spi-builder-workspace/.derivedData/Build/Intermediates.noindex/Pry.build/Debug-xros/Pry-t.build/Objects-normal/arm64/Pry-Swift.h -working-directory /Users/admin/builder/spi-builder-workspace/.swiftpm/xcode -experimental-emit-module-separately -disable-cmo
SwiftCompile normal arm64 Compiling\ NetworkLogger.swift,\ ProInterceptorHooks.swift,\ PryConfig.swift,\ PryLifecycle.swift,\ PushNotificationInterceptor.swift,\ URLSessionConfiguration+Swizzle.swift,\ URLSessionInterceptor.swift,\ ContentLanguage.swift,\ GraphQLParser.swift /Users/admin/builder/spi-builder-workspace/Sources/Pry/Internal/Interceptor/NetworkLogger.swift /Users/admin/builder/spi-builder-workspace/Sources/Pry/Internal/Interceptor/ProInterceptorHooks.swift /Users/admin/builder/spi-builder-workspace/Sources/Pry/Internal/Interceptor/PryConfig.swift /Users/admin/builder/spi-builder-workspace/Sources/Pry/Internal/Interceptor/PryLifecycle.swift /Users/admin/builder/spi-builder-workspace/Sources/Pry/Internal/Interceptor/PushNotificationInterceptor.swift /Users/admin/builder/spi-builder-workspace/Sources/Pry/Internal/Interceptor/URLSessionConfiguration+Swizzle.swift /Users/admin/builder/spi-builder-workspace/Sources/Pry/Internal/Interceptor/URLSessionInterceptor.swift /Users/admin/builder/spi-builder-workspace/Sources/Pry/Internal/Parsers/ContentLanguage.swift /Users/admin/builder/spi-builder-workspace/Sources/Pry/Internal/Parsers/GraphQLParser.swift (in target 'Pry' from project 'Pry')
SwiftCompile normal arm64 /Users/admin/builder/spi-builder-workspace/Sources/Pry/Internal/Interceptor/NetworkLogger.swift (in target 'Pry' from project 'Pry')
cd /Users/admin/builder/spi-builder-workspace/.swiftpm/xcode
builtin-SwiftPerFileCompile NetworkLogger.swift
SwiftCompile normal arm64 /Users/admin/builder/spi-builder-workspace/Sources/Pry/Internal/Interceptor/ProInterceptorHooks.swift (in target 'Pry' from project 'Pry')
cd /Users/admin/builder/spi-builder-workspace/.swiftpm/xcode
builtin-SwiftPerFileCompile ProInterceptorHooks.swift
SwiftCompile normal arm64 /Users/admin/builder/spi-builder-workspace/Sources/Pry/Internal/Interceptor/PryConfig.swift (in target 'Pry' from project 'Pry')
cd /Users/admin/builder/spi-builder-workspace/.swiftpm/xcode
builtin-SwiftPerFileCompile PryConfig.swift
SwiftCompile normal arm64 /Users/admin/builder/spi-builder-workspace/Sources/Pry/Internal/Interceptor/PryLifecycle.swift (in target 'Pry' from project 'Pry')
cd /Users/admin/builder/spi-builder-workspace/.swiftpm/xcode
builtin-SwiftPerFileCompile PryLifecycle.swift
SwiftCompile normal arm64 /Users/admin/builder/spi-builder-workspace/Sources/Pry/Internal/Interceptor/PushNotificationInterceptor.swift (in target 'Pry' from project 'Pry')
cd /Users/admin/builder/spi-builder-workspace/.swiftpm/xcode
builtin-SwiftPerFileCompile PushNotificationInterceptor.swift
SwiftCompile normal arm64 /Users/admin/builder/spi-builder-workspace/Sources/Pry/Internal/Interceptor/URLSessionConfiguration+Swizzle.swift (in target 'Pry' from project 'Pry')
cd /Users/admin/builder/spi-builder-workspace/.swiftpm/xcode
builtin-SwiftPerFileCompile URLSessionConfiguration+Swizzle.swift
SwiftCompile normal arm64 /Users/admin/builder/spi-builder-workspace/Sources/Pry/Internal/Interceptor/URLSessionInterceptor.swift (in target 'Pry' from project 'Pry')
cd /Users/admin/builder/spi-builder-workspace/.swiftpm/xcode
builtin-SwiftPerFileCompile URLSessionInterceptor.swift
SwiftCompile normal arm64 /Users/admin/builder/spi-builder-workspace/Sources/Pry/Internal/Parsers/ContentLanguage.swift (in target 'Pry' from project 'Pry')
cd /Users/admin/builder/spi-builder-workspace/.swiftpm/xcode
builtin-SwiftPerFileCompile ContentLanguage.swift
SwiftCompile normal arm64 /Users/admin/builder/spi-builder-workspace/Sources/Pry/Internal/Parsers/GraphQLParser.swift (in target 'Pry' from project 'Pry')
cd /Users/admin/builder/spi-builder-workspace/.swiftpm/xcode
builtin-SwiftPerFileCompile GraphQLParser.swift
/Users/admin/builder/spi-builder-workspace/Sources/Pry/Internal/Interceptor/NetworkLogger.swift:70:48: warning: reference to captured var 'entry' in concurrently-executing code [#SendableClosureCaptures]
68 |
69 | queue.async { [weak self] in
70 | self?.pendingRequests[requestID] = entry
| `- warning: reference to captured var 'entry' in concurrently-executing code [#SendableClosureCaptures]
71 | }
72 |
/Users/admin/builder/spi-builder-workspace/Sources/Pry/Internal/Interceptor/PushNotificationInterceptor.swift:145:104: warning: passing non-Sendable parameter 'completionHandler' to function expecting a '@Sendable' closure
137 | _ center: UNUserNotificationCenter,
138 | willPresent notification: UNNotification,
139 | withCompletionHandler completionHandler: @escaping (UNNotificationPresentationOptions) -> Void
| `- note: parameter 'completionHandler' is implicitly non-Sendable
140 | ) {
141 | PushNotificationInterceptor.logNotification(notification)
:
143 | let selector = #selector(userNotificationCenter(_:willPresent:withCompletionHandler:))
144 | if original.responds(to: selector) {
145 | original.userNotificationCenter?(center, willPresent: notification, withCompletionHandler: completionHandler)
| `- warning: passing non-Sendable parameter 'completionHandler' to function expecting a '@Sendable' closure
146 | } else {
147 | // Default: show banner in foreground
/Users/admin/builder/spi-builder-workspace/Sources/Pry/Internal/Interceptor/PushNotificationInterceptor.swift:161:99: warning: passing non-Sendable parameter 'completionHandler' to function expecting a '@Sendable' closure
154 | _ center: UNUserNotificationCenter,
155 | didReceive response: UNNotificationResponse,
156 | withCompletionHandler completionHandler: @escaping () -> Void
| `- note: parameter 'completionHandler' is implicitly non-Sendable
157 | ) {
158 | PushNotificationInterceptor.logNotification(response.notification)
159 |
160 | if original.responds(to: #selector(userNotificationCenter(_:didReceive:withCompletionHandler:))) {
161 | original.userNotificationCenter?(center, didReceive: response, withCompletionHandler: completionHandler)
| `- warning: passing non-Sendable parameter 'completionHandler' to function expecting a '@Sendable' closure
162 | } else {
163 | completionHandler()
/Users/admin/builder/spi-builder-workspace/Sources/Pry/Internal/Interceptor/URLSessionInterceptor.swift:146:17: warning: capture of 'send' with non-Sendable type '() -> ()' in a '@Sendable' closure [#SendableClosureCaptures]
144 | if throttle.delay > 0 {
145 | DispatchQueue.global().asyncAfter(deadline: .now() + throttle.delay) {
146 | send()
| |- warning: capture of 'send' with non-Sendable type '() -> ()' in a '@Sendable' closure [#SendableClosureCaptures]
| `- note: a function type must be marked '@Sendable' to conform to 'Sendable'
147 | }
148 | } else {
/Users/admin/builder/spi-builder-workspace/Sources/Pry/Internal/Interceptor/URLSessionInterceptor.swift:196:9: warning: 'nonisolated(unsafe)' is unnecessary for a constant with 'Sendable' type 'PryURLProtocol', consider removing it
194 | onResult: @escaping @Sendable (Result) -> Void
195 | ) {
196 | nonisolated(unsafe) let protocolSelf = self
| `- warning: 'nonisolated(unsafe)' is unnecessary for a constant with 'Sendable' type 'PryURLProtocol', consider removing it
197 | let timeout = PryInterceptorHooks.breakpointTimeout
198 | DispatchQueue.global(qos: .userInitiated).async {
/Users/admin/builder/spi-builder-workspace/Sources/Pry/Internal/Interceptor/URLSessionInterceptor.swift:221:9: warning: 'nonisolated(unsafe)' is unnecessary for a constant with 'Sendable' type 'PryURLProtocol', consider removing it
219 | waiter: @escaping @Sendable () async -> ProRequestBreakpointResult
220 | ) {
221 | nonisolated(unsafe) let protocolSelf = self
| `- warning: 'nonisolated(unsafe)' is unnecessary for a constant with 'Sendable' type 'PryURLProtocol', consider removing it
222 |
223 | awaitBreakpoint(
/Users/admin/builder/spi-builder-workspace/Sources/Pry/Internal/Interceptor/URLSessionInterceptor.swift:258:9: warning: 'nonisolated(unsafe)' is unnecessary for a constant with 'Sendable' type 'PryURLProtocol', consider removing it
256 | }
257 |
258 | nonisolated(unsafe) let protocolSelf = self
| `- warning: 'nonisolated(unsafe)' is unnecessary for a constant with 'Sendable' type 'PryURLProtocol', consider removing it
259 | let originalRequest = self.request
260 | let requestID = self.requestID
/Users/admin/builder/spi-builder-workspace/Sources/Pry/Internal/Interceptor/URLSessionInterceptor.swift:361:17: warning: capture of 'deliver' with non-Sendable type '() -> ()' in a '@Sendable' closure [#SendableClosureCaptures]
359 | if mock.delay > 0 {
360 | DispatchQueue.global().asyncAfter(deadline: .now() + mock.delay) {
361 | deliver()
| |- warning: capture of 'deliver' with non-Sendable type '() -> ()' in a '@Sendable' closure [#SendableClosureCaptures]
| `- note: a function type must be marked '@Sendable' to conform to 'Sendable'
362 | }
363 | } else {
[#SendableClosureCaptures]: <https://docs.swift.org/compiler/documentation/diagnostics/sendable-closure-captures>
SwiftCompile normal arm64 Compiling\ ConsoleMonitorView.swift,\ DeeplinkDetail.swift,\ DeeplinkMonitorView.swift,\ DeeplinkRow.swift,\ DeeplinkSimulator.swift,\ GraphQLOperationType+Color.swift,\ HeadersView.swift,\ JWTDetailView.swift /Users/admin/builder/spi-builder-workspace/Sources/Pry/UI/Console/ConsoleMonitorView.swift /Users/admin/builder/spi-builder-workspace/Sources/Pry/UI/Deeplinks/DeeplinkDetail.swift /Users/admin/builder/spi-builder-workspace/Sources/Pry/UI/Deeplinks/DeeplinkMonitorView.swift /Users/admin/builder/spi-builder-workspace/Sources/Pry/UI/Deeplinks/DeeplinkRow.swift /Users/admin/builder/spi-builder-workspace/Sources/Pry/UI/Deeplinks/DeeplinkSimulator.swift /Users/admin/builder/spi-builder-workspace/Sources/Pry/UI/Network/GraphQLOperationType+Color.swift /Users/admin/builder/spi-builder-workspace/Sources/Pry/UI/Network/HeadersView.swift /Users/admin/builder/spi-builder-workspace/Sources/Pry/UI/Network/JWTDetailView.swift (in target 'Pry' from project 'Pry')
SwiftCompile normal arm64 /Users/admin/builder/spi-builder-workspace/Sources/Pry/UI/Console/ConsoleMonitorView.swift (in target 'Pry' from project 'Pry')
cd /Users/admin/builder/spi-builder-workspace/.swiftpm/xcode
builtin-SwiftPerFileCompile ConsoleMonitorView.swift
SwiftCompile normal arm64 /Users/admin/builder/spi-builder-workspace/Sources/Pry/UI/Deeplinks/DeeplinkDetail.swift (in target 'Pry' from project 'Pry')
cd /Users/admin/builder/spi-builder-workspace/.swiftpm/xcode
builtin-SwiftPerFileCompile DeeplinkDetail.swift
SwiftCompile normal arm64 /Users/admin/builder/spi-builder-workspace/Sources/Pry/UI/Deeplinks/DeeplinkMonitorView.swift (in target 'Pry' from project 'Pry')
cd /Users/admin/builder/spi-builder-workspace/.swiftpm/xcode
builtin-SwiftPerFileCompile DeeplinkMonitorView.swift
SwiftCompile normal arm64 /Users/admin/builder/spi-builder-workspace/Sources/Pry/UI/Deeplinks/DeeplinkRow.swift (in target 'Pry' from project 'Pry')
cd /Users/admin/builder/spi-builder-workspace/.swiftpm/xcode
builtin-SwiftPerFileCompile DeeplinkRow.swift
SwiftCompile normal arm64 /Users/admin/builder/spi-builder-workspace/Sources/Pry/UI/Deeplinks/DeeplinkSimulator.swift (in target 'Pry' from project 'Pry')
cd /Users/admin/builder/spi-builder-workspace/.swiftpm/xcode
builtin-SwiftPerFileCompile DeeplinkSimulator.swift
SwiftCompile normal arm64 /Users/admin/builder/spi-builder-workspace/Sources/Pry/UI/Network/GraphQLOperationType+Color.swift (in target 'Pry' from project 'Pry')
cd /Users/admin/builder/spi-builder-workspace/.swiftpm/xcode
builtin-SwiftPerFileCompile GraphQLOperationType+Color.swift
SwiftCompile normal arm64 /Users/admin/builder/spi-builder-workspace/Sources/Pry/UI/Network/HeadersView.swift (in target 'Pry' from project 'Pry')
cd /Users/admin/builder/spi-builder-workspace/.swiftpm/xcode
builtin-SwiftPerFileCompile HeadersView.swift
SwiftCompile normal arm64 /Users/admin/builder/spi-builder-workspace/Sources/Pry/UI/Network/JWTDetailView.swift (in target 'Pry' from project 'Pry')
cd /Users/admin/builder/spi-builder-workspace/.swiftpm/xcode
builtin-SwiftPerFileCompile JWTDetailView.swift
SwiftCompile normal arm64 Compiling\ NetworkCurlGenerator.swift,\ NetworkDetailOverview.swift,\ NetworkDetailRequest.swift,\ NetworkDetailResponse.swift,\ NetworkFilterSheet.swift,\ NetworkMonitorView.swift,\ NetworkRequestDetail.swift,\ NetworkRequestRow.swift /Users/admin/builder/spi-builder-workspace/Sources/Pry/UI/Network/NetworkCurlGenerator.swift /Users/admin/builder/spi-builder-workspace/Sources/Pry/UI/Network/NetworkDetailOverview.swift /Users/admin/builder/spi-builder-workspace/Sources/Pry/UI/Network/NetworkDetailRequest.swift /Users/admin/builder/spi-builder-workspace/Sources/Pry/UI/Network/NetworkDetailResponse.swift /Users/admin/builder/spi-builder-workspace/Sources/Pry/UI/Network/NetworkFilterSheet.swift /Users/admin/builder/spi-builder-workspace/Sources/Pry/UI/Network/NetworkMonitorView.swift /Users/admin/builder/spi-builder-workspace/Sources/Pry/UI/Network/NetworkRequestDetail.swift /Users/admin/builder/spi-builder-workspace/Sources/Pry/UI/Network/NetworkRequestRow.swift (in target 'Pry' from project 'Pry')
SwiftCompile normal arm64 /Users/admin/builder/spi-builder-workspace/Sources/Pry/UI/Network/NetworkCurlGenerator.swift (in target 'Pry' from project 'Pry')
cd /Users/admin/builder/spi-builder-workspace/.swiftpm/xcode
builtin-SwiftPerFileCompile NetworkCurlGenerator.swift
SwiftCompile normal arm64 /Users/admin/builder/spi-builder-workspace/Sources/Pry/UI/Network/NetworkDetailOverview.swift (in target 'Pry' from project 'Pry')
cd /Users/admin/builder/spi-builder-workspace/.swiftpm/xcode
builtin-SwiftPerFileCompile NetworkDetailOverview.swift
SwiftCompile normal arm64 /Users/admin/builder/spi-builder-workspace/Sources/Pry/UI/Network/NetworkDetailRequest.swift (in target 'Pry' from project 'Pry')
cd /Users/admin/builder/spi-builder-workspace/.swiftpm/xcode
builtin-SwiftPerFileCompile NetworkDetailRequest.swift
SwiftCompile normal arm64 /Users/admin/builder/spi-builder-workspace/Sources/Pry/UI/Network/NetworkDetailResponse.swift (in target 'Pry' from project 'Pry')
cd /Users/admin/builder/spi-builder-workspace/.swiftpm/xcode
builtin-SwiftPerFileCompile NetworkDetailResponse.swift
SwiftCompile normal arm64 /Users/admin/builder/spi-builder-workspace/Sources/Pry/UI/Network/NetworkFilterSheet.swift (in target 'Pry' from project 'Pry')
cd /Users/admin/builder/spi-builder-workspace/.swiftpm/xcode
builtin-SwiftPerFileCompile NetworkFilterSheet.swift
SwiftCompile normal arm64 /Users/admin/builder/spi-builder-workspace/Sources/Pry/UI/Network/NetworkMonitorView.swift (in target 'Pry' from project 'Pry')
cd /Users/admin/builder/spi-builder-workspace/.swiftpm/xcode
builtin-SwiftPerFileCompile NetworkMonitorView.swift
SwiftCompile normal arm64 /Users/admin/builder/spi-builder-workspace/Sources/Pry/UI/Network/NetworkRequestDetail.swift (in target 'Pry' from project 'Pry')
cd /Users/admin/builder/spi-builder-workspace/.swiftpm/xcode
builtin-SwiftPerFileCompile NetworkRequestDetail.swift
SwiftCompile normal arm64 /Users/admin/builder/spi-builder-workspace/Sources/Pry/UI/Network/NetworkRequestRow.swift (in target 'Pry' from project 'Pry')
cd /Users/admin/builder/spi-builder-workspace/.swiftpm/xcode
builtin-SwiftPerFileCompile NetworkRequestRow.swift
SwiftCompile normal arm64 Compiling\ NetworkEntry.swift,\ PushNotificationEntry.swift,\ RedirectHop.swift,\ PryContentView.swift,\ PryHooks.swift,\ PryModifier.swift,\ PryStore.swift,\ PryTrigger.swift /Users/admin/builder/spi-builder-workspace/Sources/Pry/Public/Models/NetworkEntry.swift /Users/admin/builder/spi-builder-workspace/Sources/Pry/Public/Models/PushNotificationEntry.swift /Users/admin/builder/spi-builder-workspace/Sources/Pry/Public/Models/RedirectHop.swift /Users/admin/builder/spi-builder-workspace/Sources/Pry/Public/PryContentView.swift /Users/admin/builder/spi-builder-workspace/Sources/Pry/Public/PryHooks.swift /Users/admin/builder/spi-builder-workspace/Sources/Pry/Public/PryModifier.swift /Users/admin/builder/spi-builder-workspace/Sources/Pry/Public/PryStore.swift /Users/admin/builder/spi-builder-workspace/Sources/Pry/Public/PryTrigger.swift (in target 'Pry' from project 'Pry')
/Users/admin/builder/spi-builder-workspace/Sources/Pry/Public/PryStore.swift:301:35: warning: conditional cast from 'String' to 'String' always succeeds
299 | ) {
300 | let flatUserInfo = userInfo.reduce(into: [String: String]()) { result, pair in
301 | if let key = pair.key as? String {
| `- warning: conditional cast from 'String' to 'String' always succeeds
302 | result[key] = String(describing: pair.value)
303 | }
SwiftCompile normal arm64 /Users/admin/builder/spi-builder-workspace/Sources/Pry/Public/Models/NetworkEntry.swift (in target 'Pry' from project 'Pry')
cd /Users/admin/builder/spi-builder-workspace/.swiftpm/xcode
builtin-SwiftPerFileCompile NetworkEntry.swift
SwiftCompile normal arm64 /Users/admin/builder/spi-builder-workspace/Sources/Pry/Public/Models/PushNotificationEntry.swift (in target 'Pry' from project 'Pry')
cd /Users/admin/builder/spi-builder-workspace/.swiftpm/xcode
builtin-SwiftPerFileCompile PushNotificationEntry.swift
SwiftCompile normal arm64 /Users/admin/builder/spi-builder-workspace/Sources/Pry/Public/Models/RedirectHop.swift (in target 'Pry' from project 'Pry')
cd /Users/admin/builder/spi-builder-workspace/.swiftpm/xcode
builtin-SwiftPerFileCompile RedirectHop.swift
SwiftCompile normal arm64 /Users/admin/builder/spi-builder-workspace/Sources/Pry/Public/PryContentView.swift (in target 'Pry' from project 'Pry')
cd /Users/admin/builder/spi-builder-workspace/.swiftpm/xcode
builtin-SwiftPerFileCompile PryContentView.swift
SwiftCompile normal arm64 /Users/admin/builder/spi-builder-workspace/Sources/Pry/Public/PryHooks.swift (in target 'Pry' from project 'Pry')
cd /Users/admin/builder/spi-builder-workspace/.swiftpm/xcode
builtin-SwiftPerFileCompile PryHooks.swift
SwiftCompile normal arm64 /Users/admin/builder/spi-builder-workspace/Sources/Pry/Public/PryModifier.swift (in target 'Pry' from project 'Pry')
cd /Users/admin/builder/spi-builder-workspace/.swiftpm/xcode
builtin-SwiftPerFileCompile PryModifier.swift
SwiftCompile normal arm64 /Users/admin/builder/spi-builder-workspace/Sources/Pry/Public/PryStore.swift (in target 'Pry' from project 'Pry')
cd /Users/admin/builder/spi-builder-workspace/.swiftpm/xcode
builtin-SwiftPerFileCompile PryStore.swift
SwiftCompile normal arm64 /Users/admin/builder/spi-builder-workspace/Sources/Pry/Public/PryTrigger.swift (in target 'Pry' from project 'Pry')
cd /Users/admin/builder/spi-builder-workspace/.swiftpm/xcode
builtin-SwiftPerFileCompile PryTrigger.swift
SwiftCompile normal arm64 Compiling\ ImagePreviewView.swift,\ JSONRenderer.swift,\ TextRenderer.swift,\ CopyButton.swift,\ DetailRow.swift,\ DetailSection.swift,\ EmptyState.swift,\ FilterChipBar.swift /Users/admin/builder/spi-builder-workspace/Sources/Pry/UI/Shared/CodeBlock/ImagePreviewView.swift /Users/admin/builder/spi-builder-workspace/Sources/Pry/UI/Shared/CodeBlock/JSONRenderer.swift /Users/admin/builder/spi-builder-workspace/Sources/Pry/UI/Shared/CodeBlock/TextRenderer.swift /Users/admin/builder/spi-builder-workspace/Sources/Pry/UI/Shared/CopyButton.swift /Users/admin/builder/spi-builder-workspace/Sources/Pry/UI/Shared/DetailRow.swift /Users/admin/builder/spi-builder-workspace/Sources/Pry/UI/Shared/DetailSection.swift /Users/admin/builder/spi-builder-workspace/Sources/Pry/UI/Shared/EmptyState.swift /Users/admin/builder/spi-builder-workspace/Sources/Pry/UI/Shared/FilterChipBar.swift (in target 'Pry' from project 'Pry')
SwiftCompile normal arm64 /Users/admin/builder/spi-builder-workspace/Sources/Pry/UI/Shared/CodeBlock/ImagePreviewView.swift (in target 'Pry' from project 'Pry')
cd /Users/admin/builder/spi-builder-workspace/.swiftpm/xcode
builtin-SwiftPerFileCompile ImagePreviewView.swift
SwiftCompile normal arm64 /Users/admin/builder/spi-builder-workspace/Sources/Pry/UI/Shared/CodeBlock/JSONRenderer.swift (in target 'Pry' from project 'Pry')
cd /Users/admin/builder/spi-builder-workspace/.swiftpm/xcode
builtin-SwiftPerFileCompile JSONRenderer.swift
SwiftCompile normal arm64 /Users/admin/builder/spi-builder-workspace/Sources/Pry/UI/Shared/CodeBlock/TextRenderer.swift (in target 'Pry' from project 'Pry')
cd /Users/admin/builder/spi-builder-workspace/.swiftpm/xcode
builtin-SwiftPerFileCompile TextRenderer.swift
SwiftCompile normal arm64 /Users/admin/builder/spi-builder-workspace/Sources/Pry/UI/Shared/CopyButton.swift (in target 'Pry' from project 'Pry')
cd /Users/admin/builder/spi-builder-workspace/.swiftpm/xcode
builtin-SwiftPerFileCompile CopyButton.swift
SwiftCompile normal arm64 /Users/admin/builder/spi-builder-workspace/Sources/Pry/UI/Shared/DetailRow.swift (in target 'Pry' from project 'Pry')
cd /Users/admin/builder/spi-builder-workspace/.swiftpm/xcode
builtin-SwiftPerFileCompile DetailRow.swift
SwiftCompile normal arm64 /Users/admin/builder/spi-builder-workspace/Sources/Pry/UI/Shared/DetailSection.swift (in target 'Pry' from project 'Pry')
cd /Users/admin/builder/spi-builder-workspace/.swiftpm/xcode
builtin-SwiftPerFileCompile DetailSection.swift
SwiftCompile normal arm64 /Users/admin/builder/spi-builder-workspace/Sources/Pry/UI/Shared/EmptyState.swift (in target 'Pry' from project 'Pry')
cd /Users/admin/builder/spi-builder-workspace/.swiftpm/xcode
builtin-SwiftPerFileCompile EmptyState.swift
SwiftCompile normal arm64 /Users/admin/builder/spi-builder-workspace/Sources/Pry/UI/Shared/FilterChipBar.swift (in target 'Pry' from project 'Pry')
cd /Users/admin/builder/spi-builder-workspace/.swiftpm/xcode
builtin-SwiftPerFileCompile FilterChipBar.swift
SwiftCompile normal arm64 Compiling\ JWTDecoder.swift,\ PreferenceStorage.swift,\ Mocks.swift,\ PryStore+Preview.swift,\ Environment+Pry.swift,\ DeeplinkEntry.swift,\ LogEntry.swift,\ LogType.swift /Users/admin/builder/spi-builder-workspace/Sources/Pry/Internal/Parsers/JWTDecoder.swift /Users/admin/builder/spi-builder-workspace/Sources/Pry/Internal/PreferenceStorage.swift /Users/admin/builder/spi-builder-workspace/Sources/Pry/PreviewContent/Mocks.swift /Users/admin/builder/spi-builder-workspace/Sources/Pry/PreviewContent/PryStore+Preview.swift /Users/admin/builder/spi-builder-workspace/Sources/Pry/Public/Environment+Pry.swift /Users/admin/builder/spi-builder-workspace/Sources/Pry/Public/Models/DeeplinkEntry.swift /Users/admin/builder/spi-builder-workspace/Sources/Pry/Public/Models/LogEntry.swift /Users/admin/builder/spi-builder-workspace/Sources/Pry/Public/Models/LogType.swift (in target 'Pry' from project 'Pry')
Pry/Environment+Pry.swift:10:43: warning: Storing a class type in '@Entry var pryStore' may invalidate dependents on every update because the default value is reallocated on every access. Initialize the default value elsewhere and reference it from the '@Entry' declaration. (from macro '_SwiftUIEntryTypeCheck')
`- /Users/admin/builder/spi-builder-workspace/Sources/Pry/Public/Environment+Pry.swift:10:54: note: expanded code originates here
8 | /// inspector.log("Hello", type: .info)
9 | /// ```
10 | @Entry public var pryStore: PryStore = PryStore()
| `- note: in expansion of macro 'Entry' on property 'pryStore' here
+--- macro expansion @Entry -----------------------------------------
|3 | static var defaultValue: PryStore = PryStore()
|4 | #sourceLocation(file: "Pry/Environment+Pry.swift", line: 10)
|5 | private static let _typeCheck: Void = #_SwiftUIEntryTypeCheck(Value.self, macroName: "Entry", propertyName: "pryStore")
| | `- warning: Storing a class type in '@Entry var pryStore' may invalidate dependents on every update because the default value is reallocated on every access. Initialize the default value elsewhere and reference it from the '@Entry' declaration. (from macro '_SwiftUIEntryTypeCheck')
|6 | #sourceLocation()
|7 | }
+--------------------------------------------------------------------
11 |
12 | /// When true, the inspector is displaying an imported session in read-only mode.
SwiftCompile normal arm64 /Users/admin/builder/spi-builder-workspace/Sources/Pry/Internal/Parsers/JWTDecoder.swift (in target 'Pry' from project 'Pry')
cd /Users/admin/builder/spi-builder-workspace/.swiftpm/xcode
builtin-SwiftPerFileCompile JWTDecoder.swift
SwiftCompile normal arm64 /Users/admin/builder/spi-builder-workspace/Sources/Pry/Internal/PreferenceStorage.swift (in target 'Pry' from project 'Pry')
cd /Users/admin/builder/spi-builder-workspace/.swiftpm/xcode
builtin-SwiftPerFileCompile PreferenceStorage.swift
SwiftCompile normal arm64 /Users/admin/builder/spi-builder-workspace/Sources/Pry/PreviewContent/Mocks.swift (in target 'Pry' from project 'Pry')
cd /Users/admin/builder/spi-builder-workspace/.swiftpm/xcode
builtin-SwiftPerFileCompile Mocks.swift
SwiftCompile normal arm64 /Users/admin/builder/spi-builder-workspace/Sources/Pry/PreviewContent/PryStore+Preview.swift (in target 'Pry' from project 'Pry')
cd /Users/admin/builder/spi-builder-workspace/.swiftpm/xcode
builtin-SwiftPerFileCompile PryStore+Preview.swift
SwiftCompile normal arm64 /Users/admin/builder/spi-builder-workspace/Sources/Pry/Public/Environment+Pry.swift (in target 'Pry' from project 'Pry')
cd /Users/admin/builder/spi-builder-workspace/.swiftpm/xcode
builtin-SwiftPerFileCompile Environment+Pry.swift
SwiftCompile normal arm64 /Users/admin/builder/spi-builder-workspace/Sources/Pry/Public/Models/DeeplinkEntry.swift (in target 'Pry' from project 'Pry')
cd /Users/admin/builder/spi-builder-workspace/.swiftpm/xcode
builtin-SwiftPerFileCompile DeeplinkEntry.swift
SwiftCompile normal arm64 /Users/admin/builder/spi-builder-workspace/Sources/Pry/Public/Models/LogEntry.swift (in target 'Pry' from project 'Pry')
cd /Users/admin/builder/spi-builder-workspace/.swiftpm/xcode
builtin-SwiftPerFileCompile LogEntry.swift
SwiftCompile normal arm64 /Users/admin/builder/spi-builder-workspace/Sources/Pry/Public/Models/LogType.swift (in target 'Pry' from project 'Pry')
cd /Users/admin/builder/spi-builder-workspace/.swiftpm/xcode
builtin-SwiftPerFileCompile LogType.swift
SwiftCompile normal arm64 Compiling\ NetworkStatsView.swift,\ PryRootView.swift,\ PushNotificationDetail.swift,\ PushNotificationSimulator.swift,\ PushNotificationsView.swift,\ CodeBlockView.swift,\ FormDataRenderer.swift,\ HighlightedText.swift /Users/admin/builder/spi-builder-workspace/Sources/Pry/UI/Network/NetworkStatsView.swift /Users/admin/builder/spi-builder-workspace/Sources/Pry/UI/PryRootView.swift /Users/admin/builder/spi-builder-workspace/Sources/Pry/UI/PushNotifications/PushNotificationDetail.swift /Users/admin/builder/spi-builder-workspace/Sources/Pry/UI/PushNotifications/PushNotificationSimulator.swift /Users/admin/builder/spi-builder-workspace/Sources/Pry/UI/PushNotifications/PushNotificationsView.swift /Users/admin/builder/spi-builder-workspace/Sources/Pry/UI/Shared/CodeBlock/CodeBlockView.swift /Users/admin/builder/spi-builder-workspace/Sources/Pry/UI/Shared/CodeBlock/FormDataRenderer.swift /Users/admin/builder/spi-builder-workspace/Sources/Pry/UI/Shared/CodeBlock/HighlightedText.swift (in target 'Pry' from project 'Pry')
SwiftCompile normal arm64 /Users/admin/builder/spi-builder-workspace/Sources/Pry/UI/Network/NetworkStatsView.swift (in target 'Pry' from project 'Pry')
cd /Users/admin/builder/spi-builder-workspace/.swiftpm/xcode
builtin-SwiftPerFileCompile NetworkStatsView.swift
SwiftCompile normal arm64 /Users/admin/builder/spi-builder-workspace/Sources/Pry/UI/PryRootView.swift (in target 'Pry' from project 'Pry')
cd /Users/admin/builder/spi-builder-workspace/.swiftpm/xcode
builtin-SwiftPerFileCompile PryRootView.swift
SwiftCompile normal arm64 /Users/admin/builder/spi-builder-workspace/Sources/Pry/UI/PushNotifications/PushNotificationDetail.swift (in target 'Pry' from project 'Pry')
cd /Users/admin/builder/spi-builder-workspace/.swiftpm/xcode
builtin-SwiftPerFileCompile PushNotificationDetail.swift
SwiftCompile normal arm64 /Users/admin/builder/spi-builder-workspace/Sources/Pry/UI/PushNotifications/PushNotificationSimulator.swift (in target 'Pry' from project 'Pry')
cd /Users/admin/builder/spi-builder-workspace/.swiftpm/xcode
builtin-SwiftPerFileCompile PushNotificationSimulator.swift
SwiftCompile normal arm64 /Users/admin/builder/spi-builder-workspace/Sources/Pry/UI/PushNotifications/PushNotificationsView.swift (in target 'Pry' from project 'Pry')
cd /Users/admin/builder/spi-builder-workspace/.swiftpm/xcode
builtin-SwiftPerFileCompile PushNotificationsView.swift
SwiftCompile normal arm64 /Users/admin/builder/spi-builder-workspace/Sources/Pry/UI/Shared/CodeBlock/CodeBlockView.swift (in target 'Pry' from project 'Pry')
cd /Users/admin/builder/spi-builder-workspace/.swiftpm/xcode
builtin-SwiftPerFileCompile CodeBlockView.swift
SwiftCompile normal arm64 /Users/admin/builder/spi-builder-workspace/Sources/Pry/UI/Shared/CodeBlock/FormDataRenderer.swift (in target 'Pry' from project 'Pry')
cd /Users/admin/builder/spi-builder-workspace/.swiftpm/xcode
builtin-SwiftPerFileCompile FormDataRenderer.swift
SwiftCompile normal arm64 /Users/admin/builder/spi-builder-workspace/Sources/Pry/UI/Shared/CodeBlock/HighlightedText.swift (in target 'Pry' from project 'Pry')
cd /Users/admin/builder/spi-builder-workspace/.swiftpm/xcode
builtin-SwiftPerFileCompile HighlightedText.swift
SwiftCompile normal arm64 Compiling\ resource_bundle_accessor.swift,\ Date+.swift,\ Int+.swift,\ NSNumber+.swift,\ String+.swift,\ TimeInterval+.swift,\ UNUserNotificationCenter+.swift,\ URL+.swift,\ HTTPStatus.swift /Users/admin/builder/spi-builder-workspace/.derivedData/Build/Intermediates.noindex/Pry.build/Debug-xros/Pry-t.build/DerivedSources/resource_bundle_accessor.swift /Users/admin/builder/spi-builder-workspace/Sources/Pry/Internal/Extensions/Date+.swift /Users/admin/builder/spi-builder-workspace/Sources/Pry/Internal/Extensions/Int+.swift /Users/admin/builder/spi-builder-workspace/Sources/Pry/Internal/Extensions/NSNumber+.swift /Users/admin/builder/spi-builder-workspace/Sources/Pry/Internal/Extensions/String+.swift /Users/admin/builder/spi-builder-workspace/Sources/Pry/Internal/Extensions/TimeInterval+.swift /Users/admin/builder/spi-builder-workspace/Sources/Pry/Internal/Extensions/UNUserNotificationCenter+.swift /Users/admin/builder/spi-builder-workspace/Sources/Pry/Internal/Extensions/URL+.swift /Users/admin/builder/spi-builder-workspace/Sources/Pry/Internal/HTTPStatus.swift (in target 'Pry' from project 'Pry')
/Users/admin/builder/spi-builder-workspace/Sources/Pry/Internal/Extensions/Date+.swift:5:19: warning: 'public' modifier is redundant for instance method declared in a public extension
3 | @_spi(PryPro) public extension Date {
4 |
5 | @_spi(PryPro) public func formatFullTimestamp() -> String {
| `- warning: 'public' modifier is redundant for instance method declared in a public extension
6 | let formatter = DateFormatter()
7 | formatter.dateFormat = "yyyy-MM-dd HH:mm:ss.SSS"
/Users/admin/builder/spi-builder-workspace/Sources/Pry/Internal/Extensions/Date+.swift:11:19: warning: 'public' modifier is redundant for property declared in a public extension
9 | }
10 |
11 | @_spi(PryPro) public var formattedTimestamp: String {
| `- warning: 'public' modifier is redundant for property declared in a public extension
12 | let formatter = DateFormatter()
13 | formatter.dateFormat = "HH:mm:ss.SSS"
/Users/admin/builder/spi-builder-workspace/Sources/Pry/Internal/Extensions/Date+.swift:17:19: warning: 'public' modifier is redundant for property declared in a public extension
15 | }
16 |
17 | @_spi(PryPro) public var relativeTimestamp: String {
| `- warning: 'public' modifier is redundant for property declared in a public extension
18 | let seconds = -timeIntervalSinceNow
19 | switch seconds {
/Users/admin/builder/spi-builder-workspace/Sources/Pry/Internal/Extensions/Int+.swift:6:19: warning: 'public' modifier is redundant for instance method declared in a public extension
4 | @_spi(PryPro) public extension Int {
5 |
6 | @_spi(PryPro) public func formatBytes() -> String {
| `- warning: 'public' modifier is redundant for instance method declared in a public extension
7 | let formatter = ByteCountFormatter()
8 | formatter.countStyle = .binary
/Users/admin/builder/spi-builder-workspace/Sources/Pry/Internal/Extensions/Int+.swift:12:19: warning: 'public' modifier is redundant for instance method declared in a public extension
10 | }
11 |
12 | @_spi(PryPro) public func statusTextColor() -> Color {
| `- warning: 'public' modifier is redundant for instance method declared in a public extension
13 | PryTheme.Colors.statusForeground(self)
14 | }
/Users/admin/builder/spi-builder-workspace/Sources/Pry/Internal/Extensions/Int+.swift:16:19: warning: 'public' modifier is redundant for instance method declared in a public extension
14 | }
15 |
16 | @_spi(PryPro) public func statusBackgroundColor() -> Color {
| `- warning: 'public' modifier is redundant for instance method declared in a public extension
17 | PryTheme.Colors.statusBackground(self)
18 | }
/Users/admin/builder/spi-builder-workspace/Sources/Pry/Internal/Extensions/Int+.swift:23:19: warning: 'public' modifier is redundant for instance method declared in a public extension
21 | @_spi(PryPro) public extension Optional where Wrapped == Int {
22 |
23 | @_spi(PryPro) public func statusTextColor() -> Color {
| `- warning: 'public' modifier is redundant for instance method declared in a public extension
24 | self?.statusTextColor() ?? PryTheme.Colors.textSecondary
25 | }
/Users/admin/builder/spi-builder-workspace/Sources/Pry/Internal/Extensions/Int+.swift:27:19: warning: 'public' modifier is redundant for instance method declared in a public extension
25 | }
26 |
27 | @_spi(PryPro) public func statusBackgroundColor() -> Color {
| `- warning: 'public' modifier is redundant for instance method declared in a public extension
28 | self?.statusBackgroundColor() ?? PryTheme.Colors.surface
29 | }
/Users/admin/builder/spi-builder-workspace/Sources/Pry/Internal/Extensions/NSNumber+.swift:4:19: warning: 'public' modifier is redundant for property declared in a public extension
2 |
3 | @_spi(PryPro) public extension NSNumber {
4 | @_spi(PryPro) public var isBool: Bool {
| `- warning: 'public' modifier is redundant for property declared in a public extension
5 | return CFBooleanGetTypeID() == CFGetTypeID(self)
6 | }
/Users/admin/builder/spi-builder-workspace/Sources/Pry/Internal/Extensions/String+.swift:10:19: warning: 'public' modifier is redundant for instance method declared in a public extension
8 | private var parsedURL: URL? { URL(string: self) }
9 |
10 | @_spi(PryPro) public func extractProtocol() -> String {
| `- warning: 'public' modifier is redundant for instance method declared in a public extension
11 | components(separatedBy: "://").first ?? ""
12 | }
/Users/admin/builder/spi-builder-workspace/Sources/Pry/Internal/Extensions/String+.swift:14:19: warning: 'public' modifier is redundant for instance method declared in a public extension
12 | }
13 |
14 | @_spi(PryPro) public func extractHost() -> String {
| `- warning: 'public' modifier is redundant for instance method declared in a public extension
15 | guard let url = parsedURL else { return self }
16 | return url.host ?? self
/Users/admin/builder/spi-builder-workspace/Sources/Pry/Internal/Extensions/String+.swift:19:19: warning: 'public' modifier is redundant for instance method declared in a public extension
17 | }
18 |
19 | @_spi(PryPro) public func extractPath() -> String {
| `- warning: 'public' modifier is redundant for instance method declared in a public extension
20 | guard let url = parsedURL else { return "/" }
21 | let path = url.path
/Users/admin/builder/spi-builder-workspace/Sources/Pry/Internal/Extensions/String+.swift:25:19: warning: 'public' modifier is redundant for instance method declared in a public extension
23 | }
24 |
25 | @_spi(PryPro) public func extractQuery() -> String? {
| `- warning: 'public' modifier is redundant for instance method declared in a public extension
26 | guard let query = parsedURL?.query,
27 | !query.isEmpty else { return nil }
/Users/admin/builder/spi-builder-workspace/Sources/Pry/Internal/Extensions/String+.swift:33:19: warning: 'public' modifier is redundant for instance method declared in a public extension
31 | // MARK: - HTTP
32 |
33 | @_spi(PryPro) public func methodColor() -> Color {
| `- warning: 'public' modifier is redundant for instance method declared in a public extension
34 | PryTheme.Colors.methodColor(self)
35 | }
/Users/admin/builder/spi-builder-workspace/Sources/Pry/Internal/Extensions/String+.swift:37:19: warning: 'public' modifier is redundant for instance method declared in a public extension
35 | }
36 |
37 | @_spi(PryPro) public func sanitizedURL() -> String {
| `- warning: 'public' modifier is redundant for instance method declared in a public extension
38 | guard let urlComponents = URLComponents(string: self) else { return self }
39 |
/Users/admin/builder/spi-builder-workspace/Sources/Pry/Internal/Extensions/String+.swift:53:19: warning: 'public' modifier is redundant for instance method declared in a public extension
51 | }
52 |
53 | @_spi(PryPro) public func sanitizedError() -> String {
| `- warning: 'public' modifier is redundant for instance method declared in a public extension
54 | var sanitized = self
55 |
/Users/admin/builder/spi-builder-workspace/Sources/Pry/Internal/Extensions/TimeInterval+.swift:4:19: warning: 'public' modifier is redundant for property declared in a public extension
2 |
3 | @_spi(PryPro) public extension TimeInterval {
4 | @_spi(PryPro) public var formattedDuration: String {
| `- warning: 'public' modifier is redundant for property declared in a public extension
5 | if self < 1 {
6 | return String(format: "%.0fms", self * 1000)
/Users/admin/builder/spi-builder-workspace/Sources/Pry/Internal/Extensions/TimeInterval+.swift:14:19: warning: 'public' modifier is redundant for property declared in a public extension
12 |
13 | @_spi(PryPro) public extension Optional where Wrapped == TimeInterval {
14 | @_spi(PryPro) public var formattedDuration: String {
| `- warning: 'public' modifier is redundant for property declared in a public extension
15 | guard let value = self else { return "-" }
16 | return value.formattedDuration
SwiftCompile normal arm64 /Users/admin/builder/spi-builder-workspace/.derivedData/Build/Intermediates.noindex/Pry.build/Debug-xros/Pry-t.build/DerivedSources/resource_bundle_accessor.swift (in target 'Pry' from project 'Pry')
cd /Users/admin/builder/spi-builder-workspace/.swiftpm/xcode
builtin-SwiftPerFileCompile resource_bundle_accessor.swift
SwiftCompile normal arm64 /Users/admin/builder/spi-builder-workspace/Sources/Pry/Internal/Extensions/Date+.swift (in target 'Pry' from project 'Pry')
cd /Users/admin/builder/spi-builder-workspace/.swiftpm/xcode
builtin-SwiftPerFileCompile Date+.swift
SwiftCompile normal arm64 /Users/admin/builder/spi-builder-workspace/Sources/Pry/Internal/Extensions/Int+.swift (in target 'Pry' from project 'Pry')
cd /Users/admin/builder/spi-builder-workspace/.swiftpm/xcode
builtin-SwiftPerFileCompile Int+.swift
SwiftCompile normal arm64 /Users/admin/builder/spi-builder-workspace/Sources/Pry/Internal/Extensions/NSNumber+.swift (in target 'Pry' from project 'Pry')
cd /Users/admin/builder/spi-builder-workspace/.swiftpm/xcode
builtin-SwiftPerFileCompile NSNumber+.swift
SwiftCompile normal arm64 /Users/admin/builder/spi-builder-workspace/Sources/Pry/Internal/Extensions/String+.swift (in target 'Pry' from project 'Pry')
cd /Users/admin/builder/spi-builder-workspace/.swiftpm/xcode
builtin-SwiftPerFileCompile String+.swift
SwiftCompile normal arm64 /Users/admin/builder/spi-builder-workspace/Sources/Pry/Internal/Extensions/TimeInterval+.swift (in target 'Pry' from project 'Pry')
cd /Users/admin/builder/spi-builder-workspace/.swiftpm/xcode
builtin-SwiftPerFileCompile TimeInterval+.swift
SwiftCompile normal arm64 /Users/admin/builder/spi-builder-workspace/Sources/Pry/Internal/Extensions/UNUserNotificationCenter+.swift (in target 'Pry' from project 'Pry')
cd /Users/admin/builder/spi-builder-workspace/.swiftpm/xcode
builtin-SwiftPerFileCompile UNUserNotificationCenter+.swift
SwiftCompile normal arm64 /Users/admin/builder/spi-builder-workspace/Sources/Pry/Internal/Extensions/URL+.swift (in target 'Pry' from project 'Pry')
cd /Users/admin/builder/spi-builder-workspace/.swiftpm/xcode
builtin-SwiftPerFileCompile URL+.swift
SwiftCompile normal arm64 /Users/admin/builder/spi-builder-workspace/Sources/Pry/Internal/HTTPStatus.swift (in target 'Pry' from project 'Pry')
cd /Users/admin/builder/spi-builder-workspace/.swiftpm/xcode
builtin-SwiftPerFileCompile HTTPStatus.swift
SwiftEmitModule normal arm64 Emitting\ module\ for\ Pry (in target 'Pry' from project 'Pry')
SwiftCompile normal arm64 (in target 'Pry' from project 'Pry')
cd /Users/admin/builder/spi-builder-workspace/.swiftpm/xcode
/Users/admin/builder/spi-builder-workspace/Sources/Pry/Internal/Extensions/Date+.swift:5:19: warning: 'public' modifier is redundant for instance method declared in a public extension
3 | @_spi(PryPro) public extension Date {
4 |
5 | @_spi(PryPro) public func formatFullTimestamp() -> String {
| `- warning: 'public' modifier is redundant for instance method declared in a public extension
6 | let formatter = DateFormatter()
7 | formatter.dateFormat = "yyyy-MM-dd HH:mm:ss.SSS"
/Users/admin/builder/spi-builder-workspace/Sources/Pry/Internal/Extensions/Date+.swift:11:19: warning: 'public' modifier is redundant for property declared in a public extension
9 | }
10 |
11 | @_spi(PryPro) public var formattedTimestamp: String {
| `- warning: 'public' modifier is redundant for property declared in a public extension
12 | let formatter = DateFormatter()
13 | formatter.dateFormat = "HH:mm:ss.SSS"
/Users/admin/builder/spi-builder-workspace/Sources/Pry/Internal/Extensions/Date+.swift:17:19: warning: 'public' modifier is redundant for property declared in a public extension
15 | }
16 |
17 | @_spi(PryPro) public var relativeTimestamp: String {
| `- warning: 'public' modifier is redundant for property declared in a public extension
18 | let seconds = -timeIntervalSinceNow
19 | switch seconds {
/Users/admin/builder/spi-builder-workspace/Sources/Pry/Internal/Extensions/Int+.swift:6:19: warning: 'public' modifier is redundant for instance method declared in a public extension
4 | @_spi(PryPro) public extension Int {
5 |
6 | @_spi(PryPro) public func formatBytes() -> String {
| `- warning: 'public' modifier is redundant for instance method declared in a public extension
7 | let formatter = ByteCountFormatter()
8 | formatter.countStyle = .binary
/Users/admin/builder/spi-builder-workspace/Sources/Pry/Internal/Extensions/Int+.swift:12:19: warning: 'public' modifier is redundant for instance method declared in a public extension
10 | }
11 |
12 | @_spi(PryPro) public func statusTextColor() -> Color {
| `- warning: 'public' modifier is redundant for instance method declared in a public extension
13 | PryTheme.Colors.statusForeground(self)
14 | }
/Users/admin/builder/spi-builder-workspace/Sources/Pry/Internal/Extensions/Int+.swift:16:19: warning: 'public' modifier is redundant for instance method declared in a public extension
14 | }
15 |
16 | @_spi(PryPro) public func statusBackgroundColor() -> Color {
| `- warning: 'public' modifier is redundant for instance method declared in a public extension
17 | PryTheme.Colors.statusBackground(self)
18 | }
/Users/admin/builder/spi-builder-workspace/Sources/Pry/Internal/Extensions/Int+.swift:23:19: warning: 'public' modifier is redundant for instance method declared in a public extension
21 | @_spi(PryPro) public extension Optional where Wrapped == Int {
22 |
23 | @_spi(PryPro) public func statusTextColor() -> Color {
| `- warning: 'public' modifier is redundant for instance method declared in a public extension
24 | self?.statusTextColor() ?? PryTheme.Colors.textSecondary
25 | }
/Users/admin/builder/spi-builder-workspace/Sources/Pry/Internal/Extensions/Int+.swift:27:19: warning: 'public' modifier is redundant for instance method declared in a public extension
25 | }
26 |
27 | @_spi(PryPro) public func statusBackgroundColor() -> Color {
| `- warning: 'public' modifier is redundant for instance method declared in a public extension
28 | self?.statusBackgroundColor() ?? PryTheme.Colors.surface
29 | }
/Users/admin/builder/spi-builder-workspace/Sources/Pry/Internal/Extensions/NSNumber+.swift:4:19: warning: 'public' modifier is redundant for property declared in a public extension
2 |
3 | @_spi(PryPro) public extension NSNumber {
4 | @_spi(PryPro) public var isBool: Bool {
| `- warning: 'public' modifier is redundant for property declared in a public extension
5 | return CFBooleanGetTypeID() == CFGetTypeID(self)
6 | }
/Users/admin/builder/spi-builder-workspace/Sources/Pry/Internal/Extensions/String+.swift:10:19: warning: 'public' modifier is redundant for instance method declared in a public extension
8 | private var parsedURL: URL? { URL(string: self) }
9 |
10 | @_spi(PryPro) public func extractProtocol() -> String {
| `- warning: 'public' modifier is redundant for instance method declared in a public extension
11 | components(separatedBy: "://").first ?? ""
12 | }
/Users/admin/builder/spi-builder-workspace/Sources/Pry/Internal/Extensions/String+.swift:14:19: warning: 'public' modifier is redundant for instance method declared in a public extension
12 | }
13 |
14 | @_spi(PryPro) public func extractHost() -> String {
| `- warning: 'public' modifier is redundant for instance method declared in a public extension
15 | guard let url = parsedURL else { return self }
16 | return url.host ?? self
/Users/admin/builder/spi-builder-workspace/Sources/Pry/Internal/Extensions/String+.swift:19:19: warning: 'public' modifier is redundant for instance method declared in a public extension
17 | }
18 |
19 | @_spi(PryPro) public func extractPath() -> String {
| `- warning: 'public' modifier is redundant for instance method declared in a public extension
20 | guard let url = parsedURL else { return "/" }
21 | let path = url.path
/Users/admin/builder/spi-builder-workspace/Sources/Pry/Internal/Extensions/String+.swift:25:19: warning: 'public' modifier is redundant for instance method declared in a public extension
23 | }
24 |
25 | @_spi(PryPro) public func extractQuery() -> String? {
| `- warning: 'public' modifier is redundant for instance method declared in a public extension
26 | guard let query = parsedURL?.query,
27 | !query.isEmpty else { return nil }
/Users/admin/builder/spi-builder-workspace/Sources/Pry/Internal/Extensions/String+.swift:33:19: warning: 'public' modifier is redundant for instance method declared in a public extension
31 | // MARK: - HTTP
32 |
33 | @_spi(PryPro) public func methodColor() -> Color {
| `- warning: 'public' modifier is redundant for instance method declared in a public extension
34 | PryTheme.Colors.methodColor(self)
35 | }
/Users/admin/builder/spi-builder-workspace/Sources/Pry/Internal/Extensions/String+.swift:37:19: warning: 'public' modifier is redundant for instance method declared in a public extension
35 | }
36 |
37 | @_spi(PryPro) public func sanitizedURL() -> String {
| `- warning: 'public' modifier is redundant for instance method declared in a public extension
38 | guard let urlComponents = URLComponents(string: self) else { return self }
39 |
/Users/admin/builder/spi-builder-workspace/Sources/Pry/Internal/Extensions/String+.swift:53:19: warning: 'public' modifier is redundant for instance method declared in a public extension
51 | }
52 |
53 | @_spi(PryPro) public func sanitizedError() -> String {
| `- warning: 'public' modifier is redundant for instance method declared in a public extension
54 | var sanitized = self
55 |
/Users/admin/builder/spi-builder-workspace/Sources/Pry/Internal/Extensions/TimeInterval+.swift:4:19: warning: 'public' modifier is redundant for property declared in a public extension
2 |
3 | @_spi(PryPro) public extension TimeInterval {
4 | @_spi(PryPro) public var formattedDuration: String {
| `- warning: 'public' modifier is redundant for property declared in a public extension
5 | if self < 1 {
6 | return String(format: "%.0fms", self * 1000)
/Users/admin/builder/spi-builder-workspace/Sources/Pry/Internal/Extensions/TimeInterval+.swift:14:19: warning: 'public' modifier is redundant for property declared in a public extension
12 |
13 | @_spi(PryPro) public extension Optional where Wrapped == TimeInterval {
14 | @_spi(PryPro) public var formattedDuration: String {
| `- warning: 'public' modifier is redundant for property declared in a public extension
15 | guard let value = self else { return "-" }
16 | return value.formattedDuration
SwiftCompile normal arm64 Compiling\ AppHubView.swift,\ CookiesView.swift,\ EnvironmentView.swift,\ PermissionsView.swift,\ PrySettingsView.swift,\ UserDefaultsView.swift,\ ConsoleLogDetail.swift,\ ConsoleLogRow.swift /Users/admin/builder/spi-builder-workspace/Sources/Pry/UI/App/AppHubView.swift /Users/admin/builder/spi-builder-workspace/Sources/Pry/UI/App/CookiesView.swift /Users/admin/builder/spi-builder-workspace/Sources/Pry/UI/App/EnvironmentView.swift /Users/admin/builder/spi-builder-workspace/Sources/Pry/UI/App/PermissionsView.swift /Users/admin/builder/spi-builder-workspace/Sources/Pry/UI/App/PrySettingsView.swift /Users/admin/builder/spi-builder-workspace/Sources/Pry/UI/App/UserDefaultsView.swift /Users/admin/builder/spi-builder-workspace/Sources/Pry/UI/Console/ConsoleLogDetail.swift /Users/admin/builder/spi-builder-workspace/Sources/Pry/UI/Console/ConsoleLogRow.swift (in target 'Pry' from project 'Pry')
/Users/admin/builder/spi-builder-workspace/Sources/Pry/UI/App/EnvironmentView.swift:96:22: error: 'UIScreen' is unavailable in visionOS
94 |
95 | private var screenSize: String {
96 | let bounds = UIScreen.main.bounds
| `- error: 'UIScreen' is unavailable in visionOS
97 | return "\(Int(bounds.width)) x \(Int(bounds.height)) pt"
98 | }
/Applications/Xcode-27.0.0-Release.Candidate.app/Contents/Developer/Platforms/XROS.platform/Developer/SDKs/XROS27.0.sdk/System/Library/Frameworks/UIKit.framework/Headers/UIScreen.h:54:12: note: 'UIScreen' has been explicitly marked unavailable here
52 |
53 | UIKIT_EXTERN API_AVAILABLE(ios(2.0)) API_UNAVAILABLE(visionos, watchos) NS_SWIFT_UI_ACTOR
54 | @interface UIScreen : NSObject <UITraitEnvironment>
| `- note: 'UIScreen' has been explicitly marked unavailable here
55 |
56 | @property(class, nonatomic, readonly) NSArray<UIScreen *> *screens API_DEPRECATED("Use UIApplication.shared.openSessions to find open sessions with scenes from other screens", ios(3.2, 16.0), visionos(1.0, 1.0)) API_UNAVAILABLE(watchos); // all screens currently attached to the device
/Users/admin/builder/spi-builder-workspace/Sources/Pry/UI/App/EnvironmentView.swift:101:16: error: 'UIScreen' is unavailable in visionOS
99 |
100 | private var screenScale: String {
101 | "\(Int(UIScreen.main.scale))x"
| `- error: 'UIScreen' is unavailable in visionOS
102 | }
103 |
/Applications/Xcode-27.0.0-Release.Candidate.app/Contents/Developer/Platforms/XROS.platform/Developer/SDKs/XROS27.0.sdk/System/Library/Frameworks/UIKit.framework/Headers/UIScreen.h:54:12: note: 'UIScreen' has been explicitly marked unavailable here
52 |
53 | UIKIT_EXTERN API_AVAILABLE(ios(2.0)) API_UNAVAILABLE(visionos, watchos) NS_SWIFT_UI_ACTOR
54 | @interface UIScreen : NSObject <UITraitEnvironment>
| `- note: 'UIScreen' has been explicitly marked unavailable here
55 |
56 | @property(class, nonatomic, readonly) NSArray<UIScreen *> *screens API_DEPRECATED("Use UIApplication.shared.openSessions to find open sessions with scenes from other screens", ios(3.2, 16.0), visionos(1.0, 1.0)) API_UNAVAILABLE(watchos); // all screens currently attached to the device
Failed frontend command:
/Applications/Xcode-27.0.0-Release.Candidate.app/Contents/Developer/Toolchains/XcodeDefault.xctoolchain/usr/bin/swift-frontend -frontend -c /Users/admin/builder/spi-builder-workspace/.derivedData/Build/Intermediates.noindex/Pry.build/Debug-xros/Pry-t.build/DerivedSources/resource_bundle_accessor.swift /Users/admin/builder/spi-builder-workspace/Sources/Pry/Internal/Extensions/Date+.swift /Users/admin/builder/spi-builder-workspace/Sources/Pry/Internal/Extensions/Int+.swift /Users/admin/builder/spi-builder-workspace/Sources/Pry/Internal/Extensions/NSNumber+.swift /Users/admin/builder/spi-builder-workspace/Sources/Pry/Internal/Extensions/String+.swift /Users/admin/builder/spi-builder-workspace/Sources/Pry/Internal/Extensions/TimeInterval+.swift /Users/admin/builder/spi-builder-workspace/Sources/Pry/Internal/Extensions/UNUserNotificationCenter+.swift /Users/admin/builder/spi-builder-workspace/Sources/Pry/Internal/Extensions/URL+.swift /Users/admin/builder/spi-builder-workspace/Sources/Pry/Internal/HTTPStatus.swift /Users/admin/builder/spi-builder-workspace/Sources/Pry/Internal/Interceptor/NetworkLogger.swift /Users/admin/builder/spi-builder-workspace/Sources/Pry/Internal/Interceptor/ProInterceptorHooks.swift /Users/admin/builder/spi-builder-workspace/Sources/Pry/Internal/Interceptor/PryConfig.swift /Users/admin/builder/spi-builder-workspace/Sources/Pry/Internal/Interceptor/PryLifecycle.swift /Users/admin/builder/spi-builder-workspace/Sources/Pry/Internal/Interceptor/PushNotificationInterceptor.swift /Users/admin/builder/spi-builder-workspace/Sources/Pry/Internal/Interceptor/URLSessionConfiguration+Swizzle.swift /Users/admin/builder/spi-builder-workspace/Sources/Pry/Internal/Interceptor/URLSessionInterceptor.swift /Users/admin/builder/spi-builder-workspace/Sources/Pry/Internal/Parsers/ContentLanguage.swift /Users/admin/builder/spi-builder-workspace/Sources/Pry/Internal/Parsers/GraphQLParser.swift /Users/admin/builder/spi-builder-workspace/Sources/Pry/Internal/Parsers/JWTDecoder.swift /Users/admin/builder/spi-builder-workspace/Sources/Pry/Internal/PreferenceStorage.swift /Users/admin/builder/spi-builder-workspace/Sources/Pry/PreviewContent/Mocks.swift /Users/admin/builder/spi-builder-workspace/Sources/Pry/PreviewContent/PryStore+Preview.swift /Users/admin/builder/spi-builder-workspace/Sources/Pry/Public/Environment+Pry.swift /Users/admin/builder/spi-builder-workspace/Sources/Pry/Public/Models/DeeplinkEntry.swift /Users/admin/builder/spi-builder-workspace/Sources/Pry/Public/Models/LogEntry.swift /Users/admin/builder/spi-builder-workspace/Sources/Pry/Public/Models/LogType.swift /Users/admin/builder/spi-builder-workspace/Sources/Pry/Public/Models/NetworkEntry.swift /Users/admin/builder/spi-builder-workspace/Sources/Pry/Public/Models/PushNotificationEntry.swift /Users/admin/builder/spi-builder-workspace/Sources/Pry/Public/Models/RedirectHop.swift /Users/admin/builder/spi-builder-workspace/Sources/Pry/Public/PryContentView.swift /Users/admin/builder/spi-builder-workspace/Sources/Pry/Public/PryHooks.swift /Users/admin/builder/spi-builder-workspace/Sources/Pry/Public/PryModifier.swift /Users/admin/builder/spi-builder-workspace/Sources/Pry/Public/PryStore.swift /Users/admin/builder/spi-builder-workspace/Sources/Pry/Public/PryTrigger.swift -primary-file /Users/admin/builder/spi-builder-workspace/Sources/Pry/UI/App/AppHubView.swift -primary-file /Users/admin/builder/spi-builder-workspace/Sources/Pry/UI/App/CookiesView.swift -primary-file /Users/admin/builder/spi-builder-workspace/Sources/Pry/UI/App/EnvironmentView.swift -primary-file /Users/admin/builder/spi-builder-workspace/Sources/Pry/UI/App/PermissionsView.swift -primary-file /Users/admin/builder/spi-builder-workspace/Sources/Pry/UI/App/PrySettingsView.swift -primary-file /Users/admin/builder/spi-builder-workspace/Sources/Pry/UI/App/UserDefaultsView.swift -primary-file /Users/admin/builder/spi-builder-workspace/Sources/Pry/UI/Console/ConsoleLogDetail.swift -primary-file /Users/admin/builder/spi-builder-workspace/Sources/Pry/UI/Console/ConsoleLogRow.swift /Users/admin/builder/spi-builder-workspace/Sources/Pry/UI/Console/ConsoleMonitorView.swift /Users/admin/builder/spi-builder-workspace/Sources/Pry/UI/Deeplinks/DeeplinkDetail.swift /Users/admin/builder/spi-builder-workspace/Sources/Pry/UI/Deeplinks/DeeplinkMonitorView.swift /Users/admin/builder/spi-builder-workspace/Sources/Pry/UI/Deeplinks/DeeplinkRow.swift /Users/admin/builder/spi-builder-workspace/Sources/Pry/UI/Deeplinks/DeeplinkSimulator.swift /Users/admin/builder/spi-builder-workspace/Sources/Pry/UI/Network/GraphQLOperationType+Color.swift /Users/admin/builder/spi-builder-workspace/Sources/Pry/UI/Network/HeadersView.swift /Users/admin/builder/spi-builder-workspace/Sources/Pry/UI/Network/JWTDetailView.swift /Users/admin/builder/spi-builder-workspace/Sources/Pry/UI/Network/NetworkCurlGenerator.swift /Users/admin/builder/spi-builder-workspace/Sources/Pry/UI/Network/NetworkDetailOverview.swift /Users/admin/builder/spi-builder-workspace/Sources/Pry/UI/Network/NetworkDetailRequest.swift /Users/admin/builder/spi-builder-workspace/Sources/Pry/UI/Network/NetworkDetailResponse.swift /Users/admin/builder/spi-builder-workspace/Sources/Pry/UI/Network/NetworkFilterSheet.swift /Users/admin/builder/spi-builder-workspace/Sources/Pry/UI/Network/NetworkMonitorView.swift /Users/admin/builder/spi-builder-workspace/Sources/Pry/UI/Network/NetworkRequestDetail.swift /Users/admin/builder/spi-builder-workspace/Sources/Pry/UI/Network/NetworkRequestRow.swift /Users/admin/builder/spi-builder-workspace/Sources/Pry/UI/Network/NetworkStatsView.swift /Users/admin/builder/spi-builder-workspace/Sources/Pry/UI/PryRootView.swift /Users/admin/builder/spi-builder-workspace/Sources/Pry/UI/PushNotifications/PushNotificationDetail.swift /Users/admin/builder/spi-builder-workspace/Sources/Pry/UI/PushNotifications/PushNotificationSimulator.swift /Users/admin/builder/spi-builder-workspace/Sources/Pry/UI/PushNotifications/PushNotificationsView.swift /Users/admin/builder/spi-builder-workspace/Sources/Pry/UI/Shared/CodeBlock/CodeBlockView.swift /Users/admin/builder/spi-builder-workspace/Sources/Pry/UI/Shared/CodeBlock/FormDataRenderer.swift /Users/admin/builder/spi-builder-workspace/Sources/Pry/UI/Shared/CodeBlock/HighlightedText.swift /Users/admin/builder/spi-builder-workspace/Sources/Pry/UI/Shared/CodeBlock/ImagePreviewView.swift /Users/admin/builder/spi-builder-workspace/Sources/Pry/UI/Shared/CodeBlock/JSONRenderer.swift /Users/admin/builder/spi-builder-workspace/Sources/Pry/UI/Shared/CodeBlock/TextRenderer.swift /Users/admin/builder/spi-builder-workspace/Sources/Pry/UI/Shared/CopyButton.swift /Users/admin/builder/spi-builder-workspace/Sources/Pry/UI/Shared/DetailRow.swift /Users/admin/builder/spi-builder-workspace/Sources/Pry/UI/Shared/DetailSection.swift /Users/admin/builder/spi-builder-workspace/Sources/Pry/UI/Shared/EmptyState.swift /Users/admin/builder/spi-builder-workspace/Sources/Pry/UI/Shared/FilterChipBar.swift /Users/admin/builder/spi-builder-workspace/Sources/Pry/UI/Shared/FloatingActionButton.swift /Users/admin/builder/spi-builder-workspace/Sources/Pry/UI/Shared/ShakeDetector.swift /Users/admin/builder/spi-builder-workspace/Sources/Pry/UI/Shared/SheetHeader.swift /Users/admin/builder/spi-builder-workspace/Sources/Pry/UI/Theme/AdaptiveColor.swift /Users/admin/builder/spi-builder-workspace/Sources/Pry/UI/Theme/Color+Hex.swift /Users/admin/builder/spi-builder-workspace/Sources/Pry/UI/Theme/PryStyles.swift /Users/admin/builder/spi-builder-workspace/Sources/Pry/UI/Theme/PryTheme.swift /Users/admin/builder/spi-builder-workspace/.derivedData/Build/Intermediates.noindex/Pry.build/Debug-xros/Pry-t.build/DerivedSources/GeneratedAssetSymbols.swift -supplementary-output-file-map /Users/admin/builder/spi-builder-workspace/.derivedData/Build/Intermediates.noindex/Pry.build/Debug-xros/Pry-t.build/Objects-normal/arm64/supplementaryOutputs-5 -target arm64-apple-xros2.0 -module-can-import-version DeveloperToolsSupport 24.0.24 24.0.24 -disable-cross-import-overlay-search -swift-module-cross-import Contacts /Applications/Xcode-27.0.0-Release.Candidate.app/Contents/Developer/Platforms/XROS.platform/Developer/SDKs/XROS.sdk/System/Library/Frameworks/Contacts.framework/Modules/Contacts.swiftcrossimport/AppIntents.swiftoverlay -swift-module-cross-import Contacts /Applications/Xcode-27.0.0-Release.Candidate.app/Contents/Developer/Platforms/XROS.platform/Developer/SDKs/XROS27.0.sdk/System/Library/Frameworks/Contacts.framework/Modules/Contacts.swiftcrossimport/AppIntents.swiftoverlay -swift-module-cross-import Photos /Applications/Xcode-27.0.0-Release.Candidate.app/Contents/Developer/Platforms/XROS.platform/Developer/SDKs/XROS.sdk/System/Library/Frameworks/Photos.framework/Modules/Photos.swiftcrossimport/AppIntents.swiftoverlay -swift-module-cross-import Photos /Applications/Xcode-27.0.0-Release.Candidate.app/Contents/Developer/Platforms/XROS.platform/Developer/SDKs/XROS27.0.sdk/System/Library/Frameworks/Photos.framework/Modules/Photos.swiftcrossimport/AppIntents.swiftoverlay -swift-module-cross-import UserNotifications /Applications/Xcode-27.0.0-Release.Candidate.app/Contents/Developer/Platforms/XROS.platform/Developer/SDKs/XROS.sdk/System/Library/Frameworks/UserNotifications.framework/Modules/UserNotifications.swiftcrossimport/AppIntents.swiftoverlay -load-resolved-plugin /Applications/Xcode-27.0.0-Release.Candidate.app/Contents/Developer/Platforms/XROS.platform/Developer/usr/lib/swift/host/plugins/libFoundationMacros.dylib\#/Applications/Xcode-27.0.0-Release.Candidate.app/Contents/Developer/Platforms/XROS.platform/Developer/usr/bin/swift-plugin-server\#FoundationMacros -load-resolved-plugin /Applications/Xcode-27.0.0-Release.Candidate.app/Contents/Developer/Platforms/XROS.platform/Developer/usr/lib/swift/host/plugins/libObservationMacros.dylib\#/Applications/Xcode-27.0.0-Release.Candidate.app/Contents/Developer/Platforms/XROS.platform/Developer/usr/bin/swift-plugin-server\#ObservationMacros -load-resolved-plugin /Applications/Xcode-27.0.0-Release.Candidate.app/Contents/Developer/Platforms/XROS.platform/Developer/usr/lib/swift/host/plugins/libPreviewsMacros.dylib\#/Applications/Xcode-27.0.0-Release.Candidate.app/Contents/Developer/Platforms/XROS.platform/Developer/usr/bin/swift-plugin-server\#PreviewsMacros -load-resolved-plugin /Applications/Xcode-27.0.0-Release.Candidate.app/Contents/Developer/Platforms/XROS.platform/Developer/usr/lib/swift/host/plugins/libSwiftMacros.dylib\#/Applications/Xcode-27.0.0-Release.Candidate.app/Contents/Developer/Platforms/XROS.platform/Developer/usr/bin/swift-plugin-server\#SwiftMacros -load-resolved-plugin /Applications/Xcode-27.0.0-Release.Candidate.app/Contents/Developer/Platforms/XROS.platform/Developer/usr/lib/swift/host/plugins/libSwiftUIMacros.dylib\#/Applications/Xcode-27.0.0-Release.Candidate.app/Contents/Developer/Platforms/XROS.platform/Developer/usr/bin/swift-plugin-server\#SwiftUIMacros -disable-implicit-swift-modules -Xcc -fno-implicit-modules -Xcc -fno-implicit-module-maps -explicit-swift-module-map-file /Users/admin/builder/spi-builder-workspace/.derivedData/Build/Intermediates.noindex/Pry.build/Debug-xros/Pry-t.build/Objects-normal/arm64/Pry-dependencies-1.json -Xllvm -aarch64-use-tbi -enable-objc-interop -stack-check -sdk /Applications/Xcode-27.0.0-Release.Candidate.app/Contents/Developer/Platforms/XROS.platform/Developer/SDKs/XROS27.0.sdk -I /Users/admin/builder/spi-builder-workspace/.derivedData/Build/Products/Debug-xros -Isystem /Applications/Xcode-27.0.0-Release.Candidate.app/Contents/Developer/Platforms/XROS.platform/Developer/usr/lib -F /Users/admin/builder/spi-builder-workspace/.derivedData/Build/Products/Debug-xros -F /Applications/Xcode-27.0.0-Release.Candidate.app/Contents/Developer/Platforms/XROS.platform/Developer/Library/Frameworks -F /Applications/Xcode-27.0.0-Release.Candidate.app/Contents/Developer/Platforms/XROS.platform/Developer/SDKs/XROS27.0.sdk/Developer/Library/Frameworks -module-cache-path /Users/admin/builder/spi-builder-workspace/.derivedData/Build/Intermediates.noindex/SwiftExplicitPrecompiledModules -no-color-diagnostics -Xcc -fno-color-diagnostics -enable-testing -g -debug-info-format\=dwarf -dwarf-version\=5 -profile-generate -profile-coverage-mapping -swift-version 6 -Onone -D SWIFT_PACKAGE -D DEBUG -D SWIFT_MODULE_RESOURCE_BUNDLE_AVAILABLE -D Xcode -serialize-debugging-options -enable-experimental-feature DebugDescriptionMacro -empty-abi-descriptor -validate-clang-modules-once -clang-build-session-file /Users/admin/builder/spi-builder-workspace/.derivedData/ModuleCache.noindex/Session.modulevalidation -Xcc -working-directory -Xcc /Users/admin/builder/spi-builder-workspace/.swiftpm/xcode -enable-anonymous-context-mangled-names -file-compilation-dir /Users/admin/builder/spi-builder-workspace/.swiftpm/xcode -Xcc -D_LIBCPP_HARDENING_MODE\=_LIBCPP_HARDENING_MODE_DEBUG -Xcc -ivfsstatcache -Xcc /Users/admin/builder/spi-builder-workspace/.derivedData/SDKStatCaches.noindex/xros27.0-24M361-e829b21a6f8c9b70876ba0858053c044735bd543db762f57723cac368afd1ce4.sdkstatcache -Xcc -fmodules-prune-interval\=86400 -Xcc -fmodules-prune-after\=345600 -Xcc -I/Users/admin/builder/spi-builder-workspace/.derivedData/Build/Products/Debug-xros/include -Xcc -I/Users/admin/builder/spi-builder-workspace/.derivedData/Build/Intermediates.noindex/Pry.build/Debug-xros/Pry-t.build/DerivedSources-normal/arm64 -Xcc -I/Users/admin/builder/spi-builder-workspace/.derivedData/Build/Intermediates.noindex/Pry.build/Debug-xros/Pry-t.build/DerivedSources/arm64 -Xcc -I/Users/admin/builder/spi-builder-workspace/.derivedData/Build/Intermediates.noindex/Pry.build/Debug-xros/Pry-t.build/DerivedSources -Xcc -DSWIFT_PACKAGE -Xcc -DDEBUG\=1 -no-auto-bridging-header-chaining -module-name Pry -package-name spi_builder_workspace -const-gather-protocols-file /Users/admin/builder/spi-builder-workspace/.derivedData/Build/Intermediates.noindex/Pry.build/Debug-xros/Pry-t.build/Objects-normal/arm64/Pry_const_extract_protocols.json -disable-clang-spi -clang-target arm64-apple-xros27.0 -target-sdk-version 27.0 -target-sdk-name xros27.0 -in-process-plugin-server-path /Applications/Xcode-27.0.0-Release.Candidate.app/Contents/Developer/Toolchains/XcodeDefault.xctoolchain/usr/lib/swift/host/libSwiftInProcPluginServer.dylib -parse-as-library -o /Users/admin/builder/spi-builder-workspace/.derivedData/Build/Intermediates.noindex/Pry.build/Debug-xros/Pry-t.build/Objects-normal/arm64/AppHubView.o -o /Users/admin/builder/spi-builder-workspace/.derivedData/Build/Intermediates.noindex/Pry.build/Debug-xros/Pry-t.build/Objects-normal/arm64/CookiesView.o -o /Users/admin/builder/spi-builder-workspace/.derivedData/Build/Intermediates.noindex/Pry.build/Debug-xros/Pry-t.build/Objects-normal/arm64/EnvironmentView.o -o /Users/admin/builder/spi-builder-workspace/.derivedData/Build/Intermediates.noindex/Pry.build/Debug-xros/Pry-t.build/Objects-normal/arm64/PermissionsView.o -o /Users/admin/builder/spi-builder-workspace/.derivedData/Build/Intermediates.noindex/Pry.build/Debug-xros/Pry-t.build/Objects-normal/arm64/PrySettingsView.o -o /Users/admin/builder/spi-builder-workspace/.derivedData/Build/Intermediates.noindex/Pry.build/Debug-xros/Pry-t.build/Objects-normal/arm64/UserDefaultsView.o -o /Users/admin/builder/spi-builder-workspace/.derivedData/Build/Intermediates.noindex/Pry.build/Debug-xros/Pry-t.build/Objects-normal/arm64/ConsoleLogDetail.o -o /Users/admin/builder/spi-builder-workspace/.derivedData/Build/Intermediates.noindex/Pry.build/Debug-xros/Pry-t.build/Objects-normal/arm64/ConsoleLogRow.o -debug-module-path /Users/admin/builder/spi-builder-workspace/.derivedData/Build/Intermediates.noindex/Pry.build/Debug-xros/Pry-t.build/Objects-normal/arm64/Pry.swiftmodule -index-unit-output-path /Pry.build/Debug-xros/Pry-t.build/Objects-normal/arm64/AppHubView.o -index-unit-output-path /Pry.build/Debug-xros/Pry-t.build/Objects-normal/arm64/CookiesView.o -index-unit-output-path /Pry.build/Debug-xros/Pry-t.build/Objects-normal/arm64/EnvironmentView.o -index-unit-output-path /Pry.build/Debug-xros/Pry-t.build/Objects-normal/arm64/PermissionsView.o -index-unit-output-path /Pry.build/Debug-xros/Pry-t.build/Objects-normal/arm64/PrySettingsView.o -index-unit-output-path /Pry.build/Debug-xros/Pry-t.build/Objects-normal/arm64/UserDefaultsView.o -index-unit-output-path /Pry.build/Debug-xros/Pry-t.build/Objects-normal/arm64/ConsoleLogDetail.o -index-unit-output-path /Pry.build/Debug-xros/Pry-t.build/Objects-normal/arm64/ConsoleLogRow.o -index-store-path /Users/admin/builder/spi-builder-workspace/.derivedData/Index.noindex/DataStore -index-system-modules
SwiftCompile normal arm64 /Users/admin/builder/spi-builder-workspace/Sources/Pry/UI/App/AppHubView.swift (in target 'Pry' from project 'Pry')
cd /Users/admin/builder/spi-builder-workspace/.swiftpm/xcode
builtin-SwiftPerFileCompile AppHubView.swift
SwiftCompile normal arm64 /Users/admin/builder/spi-builder-workspace/Sources/Pry/UI/App/CookiesView.swift (in target 'Pry' from project 'Pry')
cd /Users/admin/builder/spi-builder-workspace/.swiftpm/xcode
builtin-SwiftPerFileCompile CookiesView.swift
SwiftCompile normal arm64 /Users/admin/builder/spi-builder-workspace/Sources/Pry/UI/App/EnvironmentView.swift (in target 'Pry' from project 'Pry')
cd /Users/admin/builder/spi-builder-workspace/.swiftpm/xcode
builtin-SwiftPerFileCompile EnvironmentView.swift
SwiftCompile normal arm64 /Users/admin/builder/spi-builder-workspace/Sources/Pry/UI/App/PermissionsView.swift (in target 'Pry' from project 'Pry')
cd /Users/admin/builder/spi-builder-workspace/.swiftpm/xcode
builtin-SwiftPerFileCompile PermissionsView.swift
SwiftCompile normal arm64 /Users/admin/builder/spi-builder-workspace/Sources/Pry/UI/App/PrySettingsView.swift (in target 'Pry' from project 'Pry')
cd /Users/admin/builder/spi-builder-workspace/.swiftpm/xcode
builtin-SwiftPerFileCompile PrySettingsView.swift
SwiftCompile normal arm64 /Users/admin/builder/spi-builder-workspace/Sources/Pry/UI/App/UserDefaultsView.swift (in target 'Pry' from project 'Pry')
cd /Users/admin/builder/spi-builder-workspace/.swiftpm/xcode
builtin-SwiftPerFileCompile UserDefaultsView.swift
SwiftCompile normal arm64 /Users/admin/builder/spi-builder-workspace/Sources/Pry/UI/Console/ConsoleLogDetail.swift (in target 'Pry' from project 'Pry')
cd /Users/admin/builder/spi-builder-workspace/.swiftpm/xcode
builtin-SwiftPerFileCompile ConsoleLogDetail.swift
SwiftCompile normal arm64 /Users/admin/builder/spi-builder-workspace/Sources/Pry/UI/Console/ConsoleLogRow.swift (in target 'Pry' from project 'Pry')
cd /Users/admin/builder/spi-builder-workspace/.swiftpm/xcode
builtin-SwiftPerFileCompile ConsoleLogRow.swift
SwiftCompile normal arm64 Compiling\ FloatingActionButton.swift,\ ShakeDetector.swift,\ SheetHeader.swift,\ AdaptiveColor.swift,\ Color+Hex.swift,\ PryStyles.swift,\ PryTheme.swift,\ GeneratedAssetSymbols.swift /Users/admin/builder/spi-builder-workspace/Sources/Pry/UI/Shared/FloatingActionButton.swift /Users/admin/builder/spi-builder-workspace/Sources/Pry/UI/Shared/ShakeDetector.swift /Users/admin/builder/spi-builder-workspace/Sources/Pry/UI/Shared/SheetHeader.swift /Users/admin/builder/spi-builder-workspace/Sources/Pry/UI/Theme/AdaptiveColor.swift /Users/admin/builder/spi-builder-workspace/Sources/Pry/UI/Theme/Color+Hex.swift /Users/admin/builder/spi-builder-workspace/Sources/Pry/UI/Theme/PryStyles.swift /Users/admin/builder/spi-builder-workspace/Sources/Pry/UI/Theme/PryTheme.swift /Users/admin/builder/spi-builder-workspace/.derivedData/Build/Intermediates.noindex/Pry.build/Debug-xros/Pry-t.build/DerivedSources/GeneratedAssetSymbols.swift (in target 'Pry' from project 'Pry')
SwiftCompile normal arm64 /Users/admin/builder/spi-builder-workspace/Sources/Pry/UI/Shared/FloatingActionButton.swift (in target 'Pry' from project 'Pry')
cd /Users/admin/builder/spi-builder-workspace/.swiftpm/xcode
builtin-SwiftPerFileCompile FloatingActionButton.swift
SwiftCompile normal arm64 /Users/admin/builder/spi-builder-workspace/Sources/Pry/UI/Shared/ShakeDetector.swift (in target 'Pry' from project 'Pry')
cd /Users/admin/builder/spi-builder-workspace/.swiftpm/xcode
builtin-SwiftPerFileCompile ShakeDetector.swift
SwiftCompile normal arm64 /Users/admin/builder/spi-builder-workspace/Sources/Pry/UI/Shared/SheetHeader.swift (in target 'Pry' from project 'Pry')
cd /Users/admin/builder/spi-builder-workspace/.swiftpm/xcode
builtin-SwiftPerFileCompile SheetHeader.swift
SwiftCompile normal arm64 /Users/admin/builder/spi-builder-workspace/Sources/Pry/UI/Theme/AdaptiveColor.swift (in target 'Pry' from project 'Pry')
cd /Users/admin/builder/spi-builder-workspace/.swiftpm/xcode
builtin-SwiftPerFileCompile AdaptiveColor.swift
SwiftCompile normal arm64 /Users/admin/builder/spi-builder-workspace/Sources/Pry/UI/Theme/Color+Hex.swift (in target 'Pry' from project 'Pry')
cd /Users/admin/builder/spi-builder-workspace/.swiftpm/xcode
builtin-SwiftPerFileCompile Color+Hex.swift
SwiftCompile normal arm64 /Users/admin/builder/spi-builder-workspace/Sources/Pry/UI/Theme/PryStyles.swift (in target 'Pry' from project 'Pry')
cd /Users/admin/builder/spi-builder-workspace/.swiftpm/xcode
builtin-SwiftPerFileCompile PryStyles.swift
SwiftCompile normal arm64 /Users/admin/builder/spi-builder-workspace/Sources/Pry/UI/Theme/PryTheme.swift (in target 'Pry' from project 'Pry')
cd /Users/admin/builder/spi-builder-workspace/.swiftpm/xcode
builtin-SwiftPerFileCompile PryTheme.swift
SwiftCompile normal arm64 /Users/admin/builder/spi-builder-workspace/.derivedData/Build/Intermediates.noindex/Pry.build/Debug-xros/Pry-t.build/DerivedSources/GeneratedAssetSymbols.swift (in target 'Pry' from project 'Pry')
cd /Users/admin/builder/spi-builder-workspace/.swiftpm/xcode
builtin-SwiftPerFileCompile GeneratedAssetSymbols.swift
SwiftDriverJobDiscovery normal arm64 Compiling resource_bundle_accessor.swift, Date+.swift, Int+.swift, NSNumber+.swift, String+.swift, TimeInterval+.swift, UNUserNotificationCenter+.swift, URL+.swift, HTTPStatus.swift (in target 'Pry' from project 'Pry')
SwiftDriverJobDiscovery normal arm64 Compiling JWTDecoder.swift, PreferenceStorage.swift, Mocks.swift, PryStore+Preview.swift, Environment+Pry.swift, DeeplinkEntry.swift, LogEntry.swift, LogType.swift (in target 'Pry' from project 'Pry')
SwiftDriverJobDiscovery normal arm64 Compiling NetworkLogger.swift, ProInterceptorHooks.swift, PryConfig.swift, PryLifecycle.swift, PushNotificationInterceptor.swift, URLSessionConfiguration+Swizzle.swift, URLSessionInterceptor.swift, ContentLanguage.swift, GraphQLParser.swift (in target 'Pry' from project 'Pry')
SwiftDriverJobDiscovery normal arm64 Compiling NetworkEntry.swift, PushNotificationEntry.swift, RedirectHop.swift, PryContentView.swift, PryHooks.swift, PryModifier.swift, PryStore.swift, PryTrigger.swift (in target 'Pry' from project 'Pry')
PruneExplicitPrecompiledModules /Users/admin/builder/spi-builder-workspace/.derivedData/SDKExplicitPrecompiledModules
PruneExplicitPrecompiledModules /Users/admin/builder/spi-builder-workspace/.derivedData/Build/Intermediates.noindex/ExplicitPrecompiledModules
PruneExplicitPrecompiledModules /Users/admin/builder/spi-builder-workspace/.derivedData/Build/Intermediates.noindex/SwiftExplicitPrecompiledModules
2026-09-24 15:27:39.495 xcodebuild[797:4830] [MT] IDERunDestination: Supported platforms for the buildables in the current scheme is empty.
** BUILD FAILED **
The following build commands failed:
SwiftCompile normal arm64 Compiling\ AppHubView.swift,\ CookiesView.swift,\ EnvironmentView.swift,\ PermissionsView.swift,\ PrySettingsView.swift,\ UserDefaultsView.swift,\ ConsoleLogDetail.swift,\ ConsoleLogRow.swift /Users/admin/builder/spi-builder-workspace/Sources/Pry/UI/App/AppHubView.swift /Users/admin/builder/spi-builder-workspace/Sources/Pry/UI/App/CookiesView.swift /Users/admin/builder/spi-builder-workspace/Sources/Pry/UI/App/EnvironmentView.swift /Users/admin/builder/spi-builder-workspace/Sources/Pry/UI/App/PermissionsView.swift /Users/admin/builder/spi-builder-workspace/Sources/Pry/UI/App/PrySettingsView.swift /Users/admin/builder/spi-builder-workspace/Sources/Pry/UI/App/UserDefaultsView.swift /Users/admin/builder/spi-builder-workspace/Sources/Pry/UI/Console/ConsoleLogDetail.swift /Users/admin/builder/spi-builder-workspace/Sources/Pry/UI/Console/ConsoleLogRow.swift (in target 'Pry' from project 'Pry')
SwiftCompile normal arm64 /Users/admin/builder/spi-builder-workspace/Sources/Pry/UI/App/EnvironmentView.swift (in target 'Pry' from project 'Pry')
Building workspace Pry with scheme Pry
(3 failures)
BUILD FAILURE 6.4 visionOS