The Swift Package Index logo.Swift Package Index

Build Information

Failed to build SwiftFetch, reference 1.0.4 (3a67d8), with Swift 6.4 for Wasm on 23 Sep 2026 13:28:49 UTC.

Build Command

bash -c docker run --pull=always --rm -v "checkouts-54344843-0":/host -w "$PWD" -e JAVA_HOME="/root/.sdkman/candidates/java/current" -e SPI_BUILD="1" -e SPI_PROCESSING="1" registry.gitlab.com/saguaro1/spi-images:wasm-6.4-latest swift build --swift-sdk swift-6.4.x-DEVELOPMENT-SNAPSHOT-2026-09-04-a_wasm 2>&1

Build Log

========================================
RunAll
========================================
Builder version: 5.1.0
Interrupt handler set up.
========================================
Checkout
========================================
Clone URL: https://github.com/neeteshraj/SwiftFetch.git
Reference: 1.0.4
Initialized empty Git repository in /host/spi-builder-workspace/.git/
hint: Using 'master' as the name for the initial branch. This default branch name
hint: is subject to change. To configure the initial branch name to use in all
hint: of your new repositories, which will suppress this warning, call:
hint:
hint: 	git config --global init.defaultBranch <name>
hint:
hint: Names commonly chosen instead of 'master' are 'main', 'trunk' and
hint: 'development'. The just-created branch can be renamed via this command:
hint:
hint: 	git branch -m <name>
From https://github.com/neeteshraj/SwiftFetch
 * tag               1.0.4      -> FETCH_HEAD
HEAD is now at 3a67d81 Update CHANGELOG and README to reflect removal of global helpers in SwiftFetch. Promote instance-based usage with new configuration guidelines. Adjust tests for improved clarity.
Cloned https://github.com/neeteshraj/SwiftFetch.git
Revision (git rev-parse @):
3a67d81286ead0b1d5ffb5c68eeade82a87cd736
SUCCESS checkout https://github.com/neeteshraj/SwiftFetch.git at 1.0.4
========================================
Build
========================================
Selected platform:         wasm
Swift version:             6.4
Building package at path:  $PWD
https://github.com/neeteshraj/SwiftFetch.git
Running build ...
bash -c docker run --pull=always --rm -v "checkouts-54344843-0":/host -w "$PWD" -e JAVA_HOME="/root/.sdkman/candidates/java/current" -e SPI_BUILD="1" -e SPI_PROCESSING="1" registry.gitlab.com/saguaro1/spi-images:wasm-6.4-latest swift build --swift-sdk swift-6.4.x-DEVELOPMENT-SNAPSHOT-2026-09-04-a_wasm 2>&1
wasm-6.4-latest: Pulling from saguaro1/spi-images
Digest: sha256:4328fdb43c680d205c1d6761b1e3267aa38277eefdda9ddfb17b6a0f1a77857a
Status: Image is up to date for registry.gitlab.com/saguaro1/spi-images:wasm-6.4-latest
Building for debugging...
[Planning deferred tasks]
error: SwiftCompile normal wasm32 failed with a nonzero exit code. Command line:     cd /host

/host/spi-builder-workspace/Sources/SwiftFetch/FetchClient.swift:62:29: error: 'URLSession' is unavailable: This type has moved to the FoundationNetworking module. Import that module to use it.
 60 |         public var defaultQuery: [String: String]
 61 |         /// The underlying session, useful for testing via `URLProtocol` injection.
 62 |         public var session: URLSession
    |                             `- error: 'URLSession' is unavailable: This type has moved to the FoundationNetworking module. Import that module to use it.
 63 |         /// Optional retry policy; disabled by default.
 64 |         public var retryPolicy: RetryPolicy
Foundation.URLSession:2:18: note: 'URLSession' has been explicitly marked unavailable here
1 | @available(*, unavailable, message: "This type has moved to the FoundationNetworking module. Import that module to use it.")
2 | public typealias URLSession = AnyObject
  |                  `- note: 'URLSession' has been explicitly marked unavailable here
/host/spi-builder-workspace/Sources/SwiftFetch/FetchInterceptor.swift:7:55: error: cannot find type 'URLRequest' in scope
 5 | public protocol FetchInterceptor {
 6 |     /// Give the interceptor a chance to mutate or replace the outbound URLRequest.
 7 |     func adapt(_ request: URLRequest) async throws -> URLRequest
   |                                                       `- error: cannot find type 'URLRequest' in scope
 8 |
 9 |     /// Observe the final result (success or error) for the given request.
/host/spi-builder-workspace/Sources/SwiftFetch/FetchInterceptor.swift:7:27: error: cannot find type 'URLRequest' in scope
 5 | public protocol FetchInterceptor {
 6 |     /// Give the interceptor a chance to mutate or replace the outbound URLRequest.
 7 |     func adapt(_ request: URLRequest) async throws -> URLRequest
   |                           `- error: cannot find type 'URLRequest' in scope
 8 |
 9 |     /// Observe the final result (success or error) for the given request.
/host/spi-builder-workspace/Sources/SwiftFetch/FetchInterceptor.swift:10:79: error: cannot find type 'URLRequest' in scope
 8 |
 9 |     /// Observe the final result (success or error) for the given request.
10 |     func didReceive(_ result: Result<FetchResponse, FetchError>, for request: URLRequest) async
   |                                                                               `- error: cannot find type 'URLRequest' in scope
11 | }
12 |
/host/spi-builder-workspace/Sources/SwiftFetch/FetchClient.swift:68:38: error: cannot find type 'URLRequest' in scope
 66 |         public var interceptors: [FetchInterceptor]
 67 |         /// Optional metrics hook invoked with timing and result details.
 68 |         public var metricsHandler: ((URLRequest, FetchResponse?, FetchError?, TimeInterval) -> Void)?
    |                                      `- error: cannot find type 'URLRequest' in scope
 69 |
 70 |         public init(
/host/spi-builder-workspace/Sources/SwiftFetch/FetchClient.swift:77:31: error: cannot find type 'URLRequest' in scope
 75 |             retryPolicy: RetryPolicy = .init(),
 76 |             interceptors: [FetchInterceptor] = [],
 77 |             metricsHandler: ((URLRequest, FetchResponse?, FetchError?, TimeInterval) -> Void)? = nil
    |                               `- error: cannot find type 'URLRequest' in scope
 78 |         ) {
 79 |             self.baseURL = baseURL
/host/spi-builder-workspace/Sources/SwiftFetch/FetchClient.swift:74:22: error: 'URLSession' is unavailable: This type has moved to the FoundationNetworking module. Import that module to use it.
 72 |             defaultHeaders: [String: String] = [:],
 73 |             defaultQuery: [String: String] = [:],
 74 |             session: URLSession = .shared,
    |                      `- error: 'URLSession' is unavailable: This type has moved to the FoundationNetworking module. Import that module to use it.
 75 |             retryPolicy: RetryPolicy = .init(),
 76 |             interceptors: [FetchInterceptor] = [],
Foundation.URLSession:2:18: note: 'URLSession' has been explicitly marked unavailable here
1 | @available(*, unavailable, message: "This type has moved to the FoundationNetworking module. Import that module to use it.")
2 | public typealias URLSession = AnyObject
  |                  `- note: 'URLSession' has been explicitly marked unavailable here
/host/spi-builder-workspace/Sources/SwiftFetch/FetchClient.swift:74:36: error: type 'URLSession' (aka 'AnyObject') has no member 'shared'
 72 |             defaultHeaders: [String: String] = [:],
 73 |             defaultQuery: [String: String] = [:],
 74 |             session: URLSession = .shared,
    |                                    `- error: type 'URLSession' (aka 'AnyObject') has no member 'shared'
 75 |             retryPolicy: RetryPolicy = .init(),
 76 |             interceptors: [FetchInterceptor] = [],
/host/spi-builder-workspace/Sources/SwiftFetch/FetchClient.swift:74:36: error: value of type '_' expected to be instance of class or class-constrained type
 72 |             defaultHeaders: [String: String] = [:],
 73 |             defaultQuery: [String: String] = [:],
 74 |             session: URLSession = .shared,
    |                                    `- error: value of type '_' expected to be instance of class or class-constrained type
 75 |             retryPolicy: RetryPolicy = .init(),
 76 |             interceptors: [FetchInterceptor] = [],
/host/spi-builder-workspace/Sources/SwiftFetch/FetchClient.swift:252:44: error: cannot find type 'URLRequest' in scope
250 |
251 |     /// Executes the HTTP request once and maps errors into `FetchError`.
252 |     private func performOnce(_ urlRequest: URLRequest) async throws -> FetchResponse {
    |                                            `- error: cannot find type 'URLRequest' in scope
253 |         do {
254 |             let (data, response) = try await configuration.session.data(for: urlRequest)
/host/spi-builder-workspace/Sources/SwiftFetch/FetchClient.swift:308:76: error: cannot find type 'URLRequest' in scope
306 |     }
307 |
308 |     private func applyInterceptors(to request: URLRequest) async throws -> URLRequest {
    |                                                                            `- error: cannot find type 'URLRequest' in scope
309 |         var current = request
310 |         for interceptor in configuration.interceptors {
/host/spi-builder-workspace/Sources/SwiftFetch/FetchClient.swift:308:48: error: cannot find type 'URLRequest' in scope
306 |     }
307 |
308 |     private func applyInterceptors(to request: URLRequest) async throws -> URLRequest {
    |                                                `- error: cannot find type 'URLRequest' in scope
309 |         var current = request
310 |         for interceptor in configuration.interceptors {
/host/spi-builder-workspace/Sources/SwiftFetch/FetchClient.swift:318:22: error: cannot find type 'URLRequest' in scope
316 |     private func notifyInterceptors(
317 |         _ result: Result<FetchResponse, FetchError>,
318 |         for request: URLRequest
    |                      `- error: cannot find type 'URLRequest' in scope
319 |     ) async {
320 |         for interceptor in configuration.interceptors {
/host/spi-builder-workspace/Sources/SwiftFetch/FetchInterceptor.swift:14:55: error: cannot find type 'URLRequest' in scope
12 |
13 | public extension FetchInterceptor {
14 |     func adapt(_ request: URLRequest) async throws -> URLRequest { request }
   |                                                       `- error: cannot find type 'URLRequest' in scope
15 |     func didReceive(_ result: Result<FetchResponse, FetchError>, for request: URLRequest) async {}
16 | }
/host/spi-builder-workspace/Sources/SwiftFetch/FetchInterceptor.swift:14:27: error: cannot find type 'URLRequest' in scope
12 |
13 | public extension FetchInterceptor {
14 |     func adapt(_ request: URLRequest) async throws -> URLRequest { request }
   |                           `- error: cannot find type 'URLRequest' in scope
15 |     func didReceive(_ result: Result<FetchResponse, FetchError>, for request: URLRequest) async {}
16 | }
/host/spi-builder-workspace/Sources/SwiftFetch/FetchInterceptor.swift:15:79: error: cannot find type 'URLRequest' in scope
13 | public extension FetchInterceptor {
14 |     func adapt(_ request: URLRequest) async throws -> URLRequest { request }
15 |     func didReceive(_ result: Result<FetchResponse, FetchError>, for request: URLRequest) async {}
   |                                                                               `- error: cannot find type 'URLRequest' in scope
16 | }
17 |
/host/spi-builder-workspace/Sources/SwiftFetch/FetchRequest.swift:17:29: error: cannot find type 'URLRequest' in scope
15 |     public var timeoutInterval: TimeInterval?
16 |     /// Optional cache policy override applied to the `URLRequest`.
17 |     public var cachePolicy: URLRequest.CachePolicy?
   |                             `- error: cannot find type 'URLRequest' in scope
18 |
19 |     public init(
/host/spi-builder-workspace/Sources/SwiftFetch/FetchRequest.swift:27:22: error: cannot find type 'URLRequest' in scope
25 |         contentLength: Int64? = nil,
26 |         timeoutInterval: TimeInterval? = nil,
27 |         cachePolicy: URLRequest.CachePolicy? = nil
   |                      `- error: cannot find type 'URLRequest' in scope
28 |     ) {
29 |         self.url = url
/host/spi-builder-workspace/Sources/SwiftFetch/FetchResponse.swift:6:26: error: 'HTTPURLResponse' is unavailable: This type has moved to the FoundationNetworking module. Import that module to use it.
 4 | public struct FetchResponse {
 5 |     public let data: Data
 6 |     public let response: HTTPURLResponse
   |                          `- error: 'HTTPURLResponse' is unavailable: This type has moved to the FoundationNetworking module. Import that module to use it.
 7 |
 8 |     /// Convenience accessor for `HTTPURLResponse.statusCode`.
Foundation.HTTPURLResponse:2:18: note: 'HTTPURLResponse' has been explicitly marked unavailable here
1 | @available(*, unavailable, message: "This type has moved to the FoundationNetworking module. Import that module to use it.")
2 | public typealias HTTPURLResponse = AnyObject
  |                  `- note: 'HTTPURLResponse' has been explicitly marked unavailable here
/host/spi-builder-workspace/Sources/SwiftFetch/FetchService.swift:19:27: error: cannot find type 'URLRequest' in scope
 17 |         retryPolicy: FetchClient.RetryPolicy = .init(),
 18 |         interceptors: [FetchInterceptor] = [],
 19 |         metricsHandler: ((URLRequest, FetchResponse?, FetchError?, TimeInterval) -> Void)? = nil
    |                           `- error: cannot find type 'URLRequest' in scope
 20 |     ) {
 21 |         self.client = FetchClient(
/host/spi-builder-workspace/Sources/SwiftFetch/FetchService.swift:16:18: error: 'URLSession' is unavailable: This type has moved to the FoundationNetworking module. Import that module to use it.
 14 |         defaultHeaders: [String: String] = [:],
 15 |         defaultQuery: [String: String] = [:],
 16 |         session: URLSession = .shared,
    |                  `- error: 'URLSession' is unavailable: This type has moved to the FoundationNetworking module. Import that module to use it.
 17 |         retryPolicy: FetchClient.RetryPolicy = .init(),
 18 |         interceptors: [FetchInterceptor] = [],
Foundation.URLSession:2:18: note: 'URLSession' has been explicitly marked unavailable here
1 | @available(*, unavailable, message: "This type has moved to the FoundationNetworking module. Import that module to use it.")
2 | public typealias URLSession = AnyObject
  |                  `- note: 'URLSession' has been explicitly marked unavailable here
/host/spi-builder-workspace/Sources/SwiftFetch/FetchService.swift:16:32: error: value of type '_' expected to be instance of class or class-constrained type
 14 |         defaultHeaders: [String: String] = [:],
 15 |         defaultQuery: [String: String] = [:],
 16 |         session: URLSession = .shared,
    |                                `- error: value of type '_' expected to be instance of class or class-constrained type
 17 |         retryPolicy: FetchClient.RetryPolicy = .init(),
 18 |         interceptors: [FetchInterceptor] = [],
/host/spi-builder-workspace/Sources/SwiftFetch/FetchService.swift:16:32: error: type 'URLSession' (aka 'AnyObject') has no member 'shared'
 14 |         defaultHeaders: [String: String] = [:],
 15 |         defaultQuery: [String: String] = [:],
 16 |         session: URLSession = .shared,
    |                                `- error: type 'URLSession' (aka 'AnyObject') has no member 'shared'
 17 |         retryPolicy: FetchClient.RetryPolicy = .init(),
 18 |         interceptors: [FetchInterceptor] = [],
/host/spi-builder-workspace/Sources/SwiftFetch/LoggingInterceptor.swift:24:62: error: cannot find type 'URLRequest' in scope
22 |     }
23 |
24 |     public func adapt(_ request: URLRequest) async throws -> URLRequest {
   |                                                              `- error: cannot find type 'URLRequest' in scope
25 |         var summary = "[SwiftFetch] → \(request.httpMethod ?? "GET") \(request.url?.absoluteString ?? "<nil>")"
26 |         if let headers = request.allHTTPHeaderFields, !headers.isEmpty {
/host/spi-builder-workspace/Sources/SwiftFetch/LoggingInterceptor.swift:24:34: error: cannot find type 'URLRequest' in scope
22 |     }
23 |
24 |     public func adapt(_ request: URLRequest) async throws -> URLRequest {
   |                                  `- error: cannot find type 'URLRequest' in scope
25 |         var summary = "[SwiftFetch] → \(request.httpMethod ?? "GET") \(request.url?.absoluteString ?? "<nil>")"
26 |         if let headers = request.allHTTPHeaderFields, !headers.isEmpty {
/host/spi-builder-workspace/Sources/SwiftFetch/LoggingInterceptor.swift:39:86: error: cannot find type 'URLRequest' in scope
37 |     }
38 |
39 |     public func didReceive(_ result: Result<FetchResponse, FetchError>, for request: URLRequest) async {
   |                                                                                      `- error: cannot find type 'URLRequest' in scope
40 |         switch result {
41 |         case .success(let response):
/host/spi-builder-workspace/Sources/SwiftFetch/SwiftFetch.swift:13:27: error: cannot find type 'URLRequest' in scope
11 |         retryPolicy: FetchClient.RetryPolicy = .init(),
12 |         interceptors: [FetchInterceptor] = [],
13 |         metricsHandler: ((URLRequest, FetchResponse?, FetchError?, TimeInterval) -> Void)? = nil,
   |                           `- error: cannot find type 'URLRequest' in scope
14 |         session: URLSession = .shared
15 |     ) -> FetchService {
/host/spi-builder-workspace/Sources/SwiftFetch/SwiftFetch.swift:14:18: error: 'URLSession' is unavailable: This type has moved to the FoundationNetworking module. Import that module to use it.
12 |         interceptors: [FetchInterceptor] = [],
13 |         metricsHandler: ((URLRequest, FetchResponse?, FetchError?, TimeInterval) -> Void)? = nil,
14 |         session: URLSession = .shared
   |                  `- error: 'URLSession' is unavailable: This type has moved to the FoundationNetworking module. Import that module to use it.
15 |     ) -> FetchService {
16 |         FetchService(
Foundation.URLSession:2:18: note: 'URLSession' has been explicitly marked unavailable here
1 | @available(*, unavailable, message: "This type has moved to the FoundationNetworking module. Import that module to use it.")
2 | public typealias URLSession = AnyObject
  |                  `- note: 'URLSession' has been explicitly marked unavailable here
/host/spi-builder-workspace/Sources/SwiftFetch/SwiftFetch.swift:14:32: error: value of type '_' expected to be instance of class or class-constrained type
12 |         interceptors: [FetchInterceptor] = [],
13 |         metricsHandler: ((URLRequest, FetchResponse?, FetchError?, TimeInterval) -> Void)? = nil,
14 |         session: URLSession = .shared
   |                                `- error: value of type '_' expected to be instance of class or class-constrained type
15 |     ) -> FetchService {
16 |         FetchService(
/host/spi-builder-workspace/Sources/SwiftFetch/SwiftFetch.swift:14:32: error: type 'URLSession' (aka 'AnyObject') has no member 'shared'
12 |         interceptors: [FetchInterceptor] = [],
13 |         metricsHandler: ((URLRequest, FetchResponse?, FetchError?, TimeInterval) -> Void)? = nil,
14 |         session: URLSession = .shared
   |                                `- error: type 'URLSession' (aka 'AnyObject') has no member 'shared'
15 |     ) -> FetchService {
16 |         FetchService(
Failed frontend command:
/usr/bin/swift-frontend -frontend -emit-module -experimental-skip-non-inlinable-function-bodies-without-types /host/spi-builder-workspace/Sources/SwiftFetch/FetchClient.swift /host/spi-builder-workspace/Sources/SwiftFetch/FetchError.swift /host/spi-builder-workspace/Sources/SwiftFetch/FetchInterceptor.swift /host/spi-builder-workspace/Sources/SwiftFetch/FetchRequest.swift /host/spi-builder-workspace/Sources/SwiftFetch/FetchResponse.swift /host/spi-builder-workspace/Sources/SwiftFetch/FetchService.swift /host/spi-builder-workspace/Sources/SwiftFetch/HTTPMethod.swift /host/spi-builder-workspace/Sources/SwiftFetch/LoggingInterceptor.swift /host/spi-builder-workspace/Sources/SwiftFetch/MockFetchClient.swift /host/spi-builder-workspace/Sources/SwiftFetch/MultipartFormData.swift /host/spi-builder-workspace/Sources/SwiftFetch/SwiftFetch.swift -target wasm32-unknown-wasip1 -disable-objc-interop -sdk /root/.swiftpm/swift-sdks/swift-6.4.x-DEVELOPMENT-SNAPSHOT-2026-09-04-a_wasm.artifactbundle/swift-6.4.x-DEVELOPMENT-SNAPSHOT-2026-09-04-a_wasm/wasm32-unknown-wasip1/WASI.sdk -sysroot /root/.swiftpm/swift-sdks/swift-6.4.x-DEVELOPMENT-SNAPSHOT-2026-09-04-a_wasm.artifactbundle/swift-6.4.x-DEVELOPMENT-SNAPSHOT-2026-09-04-a_wasm/wasm32-unknown-wasip1/WASI.sdk -I /host/spi-builder-workspace/.build/out/Products/Debug-webassembly-wasm32 -module-cache-path /host/spi-builder-workspace/.build/out/ModuleCache.noindex -color-diagnostics -Xcc -fcolor-diagnostics -enable-testing -g -debug-info-format\=dwarf -dwarf-version\=4 -swift-version 5 -Onone -D SWIFT_PACKAGE -D DEBUG -D SWIFT_MODULE_RESOURCE_BUNDLE_UNAVAILABLE -D Xcode -serialize-debugging-options -enable-experimental-feature DebugDescriptionMacro -empty-abi-descriptor -external-plugin-path /usr/lib/swift/host/plugins/testing\#/usr/bin/swift-plugin-server -validate-clang-modules-once -clang-build-session-file /host/spi-builder-workspace/.build/out/ModuleCache.noindex/Session.modulevalidation -Xcc -working-directory -Xcc /host -resource-dir /root/.swiftpm/swift-sdks/swift-6.4.x-DEVELOPMENT-SNAPSHOT-2026-09-04-a_wasm.artifactbundle/swift-6.4.x-DEVELOPMENT-SNAPSHOT-2026-09-04-a_wasm/wasm32-unknown-wasip1/swift.xctoolchain/usr/lib/swift_static -use-static-resource-dir -enable-anonymous-context-mangled-names -file-compilation-dir /host -Xcc -resource-dir -Xcc /root/.swiftpm/swift-sdks/swift-6.4.x-DEVELOPMENT-SNAPSHOT-2026-09-04-a_wasm.artifactbundle/swift-6.4.x-DEVELOPMENT-SNAPSHOT-2026-09-04-a_wasm/wasm32-unknown-wasip1/swift.xctoolchain/usr/lib/swift_static/clang -Xcc -D_LIBCPP_HARDENING_MODE\=_LIBCPP_HARDENING_MODE_DEBUG -Xcc -fmodules-prune-interval\=86400 -Xcc -fmodules-prune-after\=345600 -Xcc -I/host/spi-builder-workspace/.build/out/Products/Debug-webassembly-wasm32/include -Xcc -I/host/spi-builder-workspace/.build/out/Intermediates.noindex/SwiftFetch.build/Debug-webassembly-wasm32/SwiftFetch-t.build/DerivedSources-normal/wasm32 -Xcc -I/host/spi-builder-workspace/.build/out/Intermediates.noindex/SwiftFetch.build/Debug-webassembly-wasm32/SwiftFetch-t.build/DerivedSources/wasm32 -Xcc -I/host/spi-builder-workspace/.build/out/Intermediates.noindex/SwiftFetch.build/Debug-webassembly-wasm32/SwiftFetch-t.build/DerivedSources -Xcc -DSWIFT_PACKAGE -Xcc -DDEBUG\=1 -no-auto-bridging-header-chaining -module-name SwiftFetch -package-name spi_builder_workspace -const-gather-protocols-file /host/spi-builder-workspace/.build/out/Intermediates.noindex/SwiftFetch.build/Debug-webassembly-wasm32/SwiftFetch-t.build/Objects-normal/wasm32/SwiftFetch_const_extract_protocols.json -in-process-plugin-server-path /usr/lib/swift/host/libSwiftInProcPluginServer.so -plugin-path /usr/lib/swift/host/plugins -plugin-path /usr/local/lib/swift/host/plugins -emit-module-doc-path /host/spi-builder-workspace/.build/out/Intermediates.noindex/SwiftFetch.build/Debug-webassembly-wasm32/SwiftFetch-t.build/Objects-normal/wasm32/Modules/SwiftFetch.swiftdoc -emit-module-source-info-path /host/spi-builder-workspace/.build/out/Intermediates.noindex/SwiftFetch.build/Debug-webassembly-wasm32/SwiftFetch-t.build/Objects-normal/wasm32/Modules/SwiftFetch.swiftsourceinfo -emit-objc-header-path /host/spi-builder-workspace/.build/out/Intermediates.noindex/SwiftFetch.build/Debug-webassembly-wasm32/SwiftFetch-t.build/Objects-normal/wasm32/SwiftFetch-Swift.h -serialize-diagnostics-path /host/spi-builder-workspace/.build/out/Intermediates.noindex/SwiftFetch.build/Debug-webassembly-wasm32/SwiftFetch-t.build/Objects-normal/wasm32/SwiftFetch-primary-emit-module.dia -emit-dependencies-path /host/spi-builder-workspace/.build/out/Intermediates.noindex/SwiftFetch.build/Debug-webassembly-wasm32/SwiftFetch-t.build/Objects-normal/wasm32/SwiftFetch-primary-emit-module.d -parse-as-library -o /host/spi-builder-workspace/.build/out/Intermediates.noindex/SwiftFetch.build/Debug-webassembly-wasm32/SwiftFetch-t.build/Objects-normal/wasm32/Modules/SwiftFetch.swiftmodule
error: Build failed
BUILD FAILURE 6.4 wasm