Build Information
Failed to build XcodeProjKit, reference master (29a578), with Swift 6.3 for Wasm on 22 Aug 2026 00:32:24 UTC.
Build Command
bash -c docker run --pull=always --rm -v "checkouts-53886769-2":/host -w "$PWD" -e JAVA_HOME="/root/.sdkman/candidates/java/current" -e SPI_BUILD="1" -e SPI_PROCESSING="1" registry.gitlab.com/saguaro1/spi-images:wasm-6.3-latest swift build --swift-sdk swift-6.3.2-RELEASE_wasm 2>&1Build Log
========================================
RunAll
========================================
Builder version: 5.0.2
Interrupt handler set up.
========================================
Checkout
========================================
Clone URL: https://github.com/phimage/XcodeProjKit.git
Reference: master
Initialized empty Git repository in /host/spi-builder-workspace/.git/
hint: Using 'master' as the name for the initial branch. This default branch name
hint: is subject to change. To configure the initial branch name to use in all
hint: of your new repositories, which will suppress this warning, call:
hint:
hint: git config --global init.defaultBranch <name>
hint:
hint: Names commonly chosen instead of 'master' are 'main', 'trunk' and
hint: 'development'. The just-created branch can be renamed via this command:
hint:
hint: git branch -m <name>
From https://github.com/phimage/XcodeProjKit
* branch master -> FETCH_HEAD
* [new branch] master -> origin/master
HEAD is now at 29a5788 ci: install SwiftLint on runner; bump actions/checkout to v7
Cloned https://github.com/phimage/XcodeProjKit.git
Revision (git rev-parse @):
29a578898ea700c1318c187ff7c338bc849983eb
SUCCESS checkout https://github.com/phimage/XcodeProjKit.git at master
========================================
Build
========================================
Selected platform: wasm
Swift version: 6.3
Building package at path: $PWD
https://github.com/phimage/XcodeProjKit.git
Running build ...
bash -c docker run --pull=always --rm -v "checkouts-53886769-2":/host -w "$PWD" -e JAVA_HOME="/root/.sdkman/candidates/java/current" -e SPI_BUILD="1" -e SPI_PROCESSING="1" registry.gitlab.com/saguaro1/spi-images:wasm-6.3-latest swift build --swift-sdk swift-6.3.2-RELEASE_wasm 2>&1
wasm-6.3-latest: Pulling from saguaro1/spi-images
Digest: sha256:e92e38b97676c18adb57b57429ddfb766786102cb50cb918e0d9e8055d05b35d
Status: Image is up to date for registry.gitlab.com/saguaro1/spi-images:wasm-6.3-latest
Building for debugging...
[0/2] Write sources
[1/2] Write swift-version-24593BA9C3E375BF.txt
[3/48] Emitting module XcodeProjKit
[4/54] Compiling XcodeProjKit PBXTargetDependency.swift
/host/spi-builder-workspace/Sources/PropertyList.swift:118:79: error: type 'Data.WritingOptions' has no member 'atomicWrite'
116 | let writingOptions: Data.WritingOptions = []
117 | #else
118 | let writingOptions: Data.WritingOptions = atomic && !url.isStdOut ? [.atomicWrite]: []
| `- error: type 'Data.WritingOptions' has no member 'atomicWrite'
119 | #endif
120 | if format == .openStep {
[5/54] Compiling XcodeProjKit PBXVariantGroup.swift
/host/spi-builder-workspace/Sources/PropertyList.swift:118:79: error: type 'Data.WritingOptions' has no member 'atomicWrite'
116 | let writingOptions: Data.WritingOptions = []
117 | #else
118 | let writingOptions: Data.WritingOptions = atomic && !url.isStdOut ? [.atomicWrite]: []
| `- error: type 'Data.WritingOptions' has no member 'atomicWrite'
119 | #endif
120 | if format == .openStep {
[6/54] Compiling XcodeProjKit PathType.swift
/host/spi-builder-workspace/Sources/PropertyList.swift:118:79: error: type 'Data.WritingOptions' has no member 'atomicWrite'
116 | let writingOptions: Data.WritingOptions = []
117 | #else
118 | let writingOptions: Data.WritingOptions = atomic && !url.isStdOut ? [.atomicWrite]: []
| `- error: type 'Data.WritingOptions' has no member 'atomicWrite'
119 | #endif
120 | if format == .openStep {
[7/54] Compiling XcodeProjKit PropertyList.swift
/host/spi-builder-workspace/Sources/PropertyList.swift:118:79: error: type 'Data.WritingOptions' has no member 'atomicWrite'
116 | let writingOptions: Data.WritingOptions = []
117 | #else
118 | let writingOptions: Data.WritingOptions = atomic && !url.isStdOut ? [.atomicWrite]: []
| `- error: type 'Data.WritingOptions' has no member 'atomicWrite'
119 | #endif
120 | if format == .openStep {
[8/54] Compiling XcodeProjKit Sequence+XcodeProjKit.swift
/host/spi-builder-workspace/Sources/PropertyList.swift:118:79: error: type 'Data.WritingOptions' has no member 'atomicWrite'
116 | let writingOptions: Data.WritingOptions = []
117 | #else
118 | let writingOptions: Data.WritingOptions = atomic && !url.isStdOut ? [.atomicWrite]: []
| `- error: type 'Data.WritingOptions' has no member 'atomicWrite'
119 | #endif
120 | if format == .openStep {
[9/54] Compiling XcodeProjKit SourceTree.swift
/host/spi-builder-workspace/Sources/PropertyList.swift:118:79: error: type 'Data.WritingOptions' has no member 'atomicWrite'
116 | let writingOptions: Data.WritingOptions = []
117 | #else
118 | let writingOptions: Data.WritingOptions = atomic && !url.isStdOut ? [.atomicWrite]: []
| `- error: type 'Data.WritingOptions' has no member 'atomicWrite'
119 | #endif
120 | if format == .openStep {
[10/54] Compiling XcodeProjKit PBXFileSystemSynchronizedBuildFileExceptionSet.swift
[11/54] Compiling XcodeProjKit PBXFileSystemSynchronizedGroupBuildPhaseMembershipExceptionSet.swift
[12/54] Compiling XcodeProjKit PBXFileSystemSynchronizedRootGroup.swift
[13/54] Compiling XcodeProjKit PBXFrameworksBuildPhase.swift
[14/54] Compiling XcodeProjKit PBXGroup.swift
[15/54] Compiling XcodeProjKit PBXHeadersBuildPhase.swift
[16/54] Compiling XcodeProjKit PBXLegacyTarget.swift
[17/54] Compiling XcodeProjKit PBXBuildRule.swift
[18/54] Compiling XcodeProjKit PBXBuildStyle.swift
[19/54] Compiling XcodeProjKit PBXContainer.swift
[20/54] Compiling XcodeProjKit PBXContainerItem.swift
[21/54] Compiling XcodeProjKit PBXContainerItemProxy.swift
[22/54] Compiling XcodeProjKit PBXCopyFilesBuildPhase.swift
[23/54] Compiling XcodeProjKit PBXFileReference.swift
[24/54] Compiling XcodeProjKit SourceTreeFolder.swift
[25/54] Compiling XcodeProjKit String+XcodeProjKit.swift
[26/54] Compiling XcodeProjKit URL+XcodeProjKit.swift
[27/54] Compiling XcodeProjKit XCBuildConfiguration.swift
[28/54] Compiling XcodeProjKit XCConfigurationList.swift
[29/54] Compiling XcodeProjKit XCLocalSwiftPackageReference.swift
[30/54] Compiling XcodeProjKit XCRemoteSwiftPackageReference.swift
[31/54] Compiling XcodeProjKit XCSwiftPackageProductDependency.swift
[32/54] Compiling XcodeProjKit XCVersionGroup.swift
[33/54] Compiling XcodeProjKit XcodeProj+FilePath.swift
[34/54] Compiling XcodeProjKit XcodeProj.swift
[35/54] Compiling XcodeProjKit XcodeProjError.swift
[36/54] Compiling XcodeProjKit Dictionary+XcodeProjKit.swift
[37/54] Compiling XcodeProjKit FieldKey.swift
[38/54] Compiling XcodeProjKit Isa.swift
[39/54] Compiling XcodeProjKit OpenStepSerializer.swift
[40/54] Compiling XcodeProjKit PBXAggregateTarget.swift
[41/54] Compiling XcodeProjKit PBXBuildFile.swift
[42/54] Compiling XcodeProjKit PBXBuildPhase.swift
[43/54] Compiling XcodeProjKit PBXNativeTarget.swift
[44/54] Compiling XcodeProjKit PBXObject.swift
[45/54] Compiling XcodeProjKit PBXProductType.swift
[46/54] Compiling XcodeProjKit PBXProject.swift
[47/54] Compiling XcodeProjKit PBXProjectItem.swift
[48/54] Compiling XcodeProjKit PBXReference.swift
[49/54] Compiling XcodeProjKit PBXReferenceProxy.swift
[50/54] Compiling XcodeProjKit PBXResourcesBuildPhase.swift
[51/54] Compiling XcodeProjKit PBXRezBuildPhase.swift
[52/54] Compiling XcodeProjKit PBXShellScriptBuildPhase.swift
[53/54] Compiling XcodeProjKit PBXSourcesBuildPhase.swift
[54/54] Compiling XcodeProjKit PBXTarget.swift
BUILD FAILURE 6.3 wasm