The Swift Package Index logo.Swift Package Index

Build Information

Failed to build swift-algorand, reference main (2c8d8d), with Swift 6.4 for Wasm on 30 Sep 2026 05:17:34 UTC.

Build Command

bash -c docker run --pull=always --rm -v "checkouts-53886770-2":/host -w "$PWD" -e JAVA_HOME="/root/.sdkman/candidates/java/current" -e SPI_BUILD="1" -e SPI_PROCESSING="1" registry.gitlab.com/saguaro1/spi-images:wasm-6.4-latest swift build --swift-sdk swift-6.4.x-DEVELOPMENT-SNAPSHOT-2026-09-04-a_wasm 2>&1

Build Log

========================================
RunAll
========================================
Builder version: 5.1.1
Interrupt handler set up.
========================================
Checkout
========================================
Clone URL: https://github.com/CorvidLabs/swift-algorand.git
Reference: main
Initialized empty Git repository in /host/spi-builder-workspace/.git/
hint: Using 'master' as the name for the initial branch. This default branch name
hint: is subject to change. To configure the initial branch name to use in all
hint: of your new repositories, which will suppress this warning, call:
hint:
hint: 	git config --global init.defaultBranch <name>
hint:
hint: Names commonly chosen instead of 'master' are 'main', 'trunk' and
hint: 'development'. The just-created branch can be renamed via this command:
hint:
hint: 	git branch -m <name>
From https://github.com/CorvidLabs/swift-algorand
 * branch            main       -> FETCH_HEAD
 * [new branch]      main       -> origin/main
HEAD is now at 2c8d8d1 Add: high-level design with Mermaid diagrams, architecture Pages page, and hi intent (#26)
Cloned https://github.com/CorvidLabs/swift-algorand.git
Revision (git rev-parse @):
2c8d8d16832a532ecce084b7cc5c2d6729236b48
SUCCESS checkout https://github.com/CorvidLabs/swift-algorand.git at main
========================================
Build
========================================
Selected platform:         wasm
Swift version:             6.4
Building package at path:  $PWD
https://github.com/CorvidLabs/swift-algorand.git
Running build ...
bash -c docker run --pull=always --rm -v "checkouts-53886770-2":/host -w "$PWD" -e JAVA_HOME="/root/.sdkman/candidates/java/current" -e SPI_BUILD="1" -e SPI_PROCESSING="1" registry.gitlab.com/saguaro1/spi-images:wasm-6.4-latest swift build --swift-sdk swift-6.4.x-DEVELOPMENT-SNAPSHOT-2026-09-04-a_wasm 2>&1
wasm-6.4-latest: Pulling from saguaro1/spi-images
Digest: sha256:4328fdb43c680d205c1d6761b1e3267aa38277eefdda9ddfb17b6a0f1a77857a
Status: Image is up to date for registry.gitlab.com/saguaro1/spi-images:wasm-6.4-latest
Fetching https://github.com/apple/swift-crypto.git
[1/18572] Fetching swift-crypto
Fetching https://github.com/swiftlang/swift-docc-plugin
Fetched https://github.com/apple/swift-crypto.git (2.29s)
[1/2345] Fetching swift-docc-plugin
Fetched https://github.com/swiftlang/swift-docc-plugin (0.67s)
Computing version for https://github.com/swiftlang/swift-docc-plugin
Computed https://github.com/swiftlang/swift-docc-plugin at 1.5.0 (4.72s)
Fetching https://github.com/swiftlang/swift-docc-symbolkit
[1/3832] Fetching swift-docc-symbolkit
Fetched https://github.com/swiftlang/swift-docc-symbolkit (0.65s)
Computing version for https://github.com/swiftlang/swift-docc-symbolkit
Computed https://github.com/swiftlang/swift-docc-symbolkit at 1.0.0 (1.05s)
Computing version for https://github.com/apple/swift-crypto.git
Computed https://github.com/apple/swift-crypto.git at 3.15.1 (0.49s)
Fetching https://github.com/apple/swift-asn1.git
[1/1986] Fetching swift-asn1
Fetched https://github.com/apple/swift-asn1.git (0.50s)
Computing version for https://github.com/apple/swift-asn1.git
Computed https://github.com/apple/swift-asn1.git at 1.7.3 (2.32s)
Creating working copy for https://github.com/apple/swift-crypto.git
Working copy of https://github.com/apple/swift-crypto.git resolved at 3.15.1
Creating working copy for https://github.com/swiftlang/swift-docc-symbolkit
Working copy of https://github.com/swiftlang/swift-docc-symbolkit resolved at 1.0.0
Creating working copy for https://github.com/swiftlang/swift-docc-plugin
Working copy of https://github.com/swiftlang/swift-docc-plugin resolved at 1.5.0
Creating working copy for https://github.com/apple/swift-asn1.git
Working copy of https://github.com/apple/swift-asn1.git resolved at 1.7.3
Building for debugging...
[Computing dependencies]
[Pre-planning 1 / 185]
[Planning deferred tasks]
[Constructing 381 / 734]
[39 / 421] CCryptoBoringSSL
[40 / 421] CCryptoBoringSSL
[41 / 421] CCryptoBoringSSL
[43 / 421] CCryptoBoringSSL
[46 / 421] CCryptoBoringSSL
[47 / 421] CCryptoBoringSSL
[49 / 421] CCryptoBoringSSL
[54 / 421] CCryptoBoringSSL
[56 / 421] CCryptoBoringSSL
[59 / 421] CCryptoBoringSSL
[61 / 421] CCryptoBoringSSL
[62 / 421] CCryptoBoringSSL
[63 / 421] CCryptoBoringSSL
[64 / 421] CCryptoBoringSSL
[67 / 421] CCryptoBoringSSL
[68 / 421] CCryptoBoringSSL
[70 / 421] CCryptoBoringSSL
[71 / 421] CCryptoBoringSSL
[76 / 421] CCryptoBoringSSL
[78 / 421] CCryptoBoringSSL
[85 / 421] CCryptoBoringSSL
[87 / 421] CCryptoBoringSSL
[88 / 421] CCryptoBoringSSL
[89 / 421] CCryptoBoringSSL
[93 / 421] CCryptoBoringSSL
[94 / 421] CCryptoBoringSSL
[95 / 421] CCryptoBoringSSL
[98 / 421] CCryptoBoringSSL
[99 / 421] CCryptoBoringSSL
[101 / 421] CCryptoBoringSSL
[102 / 421] CCryptoBoringSSL
[105 / 421] CCryptoBoringSSL
[109 / 421] CCryptoBoringSSL
[112 / 421] CCryptoBoringSSL
[114 / 421] CCryptoBoringSSL
[117 / 421] CCryptoBoringSSL
[120 / 421] CCryptoBoringSSL
[123 / 421] CCryptoBoringSSL
[124 / 421] CCryptoBoringSSL
[126 / 421] CCryptoBoringSSL
[128 / 421] CCryptoBoringSSL
[130 / 421] CCryptoBoringSSL
[134 / 421] CCryptoBoringSSL
[137 / 421] CCryptoBoringSSL
[145 / 421] CCryptoBoringSSL
[152 / 421] CCryptoBoringSSL
[160 / 421] CCryptoBoringSSL
[163 / 421] CCryptoBoringSSL
[166 / 421] CCryptoBoringSSL
[168 / 421] CCryptoBoringSSL
[170 / 421] CCryptoBoringSSL
[173 / 421] CCryptoBoringSSL
[179 / 421] CCryptoBoringSSL
[182 / 421] CCryptoBoringSSL
[183 / 421] CCryptoBoringSSL
[185 / 421] CCryptoBoringSSL
[188 / 421] CCryptoBoringSSL
[190 / 421] CCryptoBoringSSL
[192 / 421] CCryptoBoringSSL
[193 / 421] CCryptoBoringSSL
[196 / 421] CCryptoBoringSSL
[200 / 421] CCryptoBoringSSL
[203 / 421] CCryptoBoringSSL
[204 / 421] CCryptoBoringSSL
[206 / 421] CCryptoBoringSSL
[209 / 421] CCryptoBoringSSL
[211 / 421] CCryptoBoringSSL
[215 / 421] CCryptoBoringSSL
[219 / 421] CCryptoBoringSSL
[222 / 421] CCryptoBoringSSL
[226 / 421] CCryptoBoringSSL
[229 / 421] CCryptoBoringSSL
[234 / 421] CCryptoBoringSSL
[238 / 421] CCryptoBoringSSL
[243 / 421] CCryptoBoringSSL
[250 / 421] CCryptoBoringSSL
[262 / 421] CCryptoBoringSSL
[264 / 421] CCryptoBoringSSL
[267 / 421] CCryptoBoringSSL
[270 / 421] CCryptoBoringSSL
[272 / 421] CCryptoBoringSSL
[275 / 421] CCryptoBoringSSL
[277 / 421] CCryptoBoringSSL
[278 / 421] CCryptoBoringSSL
[280 / 421] CCryptoBoringSSL
[282 / 421] CCryptoBoringSSL
[285 / 421] CCryptoBoringSSL
[287 / 421] CCryptoBoringSSL
[288 / 421] CCryptoBoringSSL
[291 / 421] CCryptoBoringSSL
[293 / 421] CCryptoBoringSSL
[297 / 421] CCryptoBoringSSL
[298 / 421] CCryptoBoringSSL
[301 / 421] CCryptoBoringSSL
[304 / 421] CCryptoBoringSSL
[306 / 421] CCryptoBoringSSL
[308 / 421] CCryptoBoringSSL
[310 / 421] CCryptoBoringSSL
[312 / 421] CCryptoBoringSSL
[316 / 421] CCryptoBoringSSL
[320 / 421] CCryptoBoringSSL
[327 / 421] CCryptoBoringSSL
[332 / 421] CCryptoBoringSSL
[335 / 421] CCryptoBoringSSL
[340 / 421] CCryptoBoringSSL
[342 / 421] CCryptoBoringSSL
[346 / 421] CCryptoBoringSSL
[348 / 421] CCryptoBoringSSL
[350 / 421] CCryptoBoringSSL
[353 / 421] CCryptoBoringSSL
[357 / 421] CCryptoBoringSSL
[363 / 421] CCryptoBoringSSL
[369 / 421] CCryptoBoringSSL
[379 / 421] CCryptoBoringSSL
[381 / 421] CCryptoBoringSSL
[385 / 421] CCryptoBoringSSL
[388 / 421] CCryptoBoringSSL
[393 / 421] CCryptoBoringSSL
[395 / 421] CCryptoBoringSSL
[397 / 421]
[401 / 430] CryptoBoringWrapper
[402 / 430] CryptoBoringWrapper
[403 / 430] CryptoBoringWrapper
[405 / 430] CCryptoBoringSSL
[407 / 430] CCryptoBoringSSL
[413 / 431]
[415 / 440] Crypto
[415 / 440] CryptoBoringWrapper
[423 / 440] Crypto
[424 / 440] Crypto
[427 / 440] Crypto
[432 / 442]
[434 / 451] Algorand
[435 / 451] Algorand
[436 / 451] Algorand
[437 / 451] Algorand
[438 / 451] Algorand
[439 / 451] Algorand
[440 / 451] Algorand
error: SwiftCompile normal wasm32 /host/spi-builder-workspace/Sources/Algorand/IndexerClient.swift failed with a nonzero exit code. Command line:     cd /host
    builtin-SwiftPerFileCompile IndexerClient.swift
/host/spi-builder-workspace/Sources/Algorand/IndexerClient.swift:21:26: error: 'URLSession' is unavailable: This type has moved to the FoundationNetworking module. Import that module to use it.
 19 |     /// A dedicated session with real deadlines makes a slow or unreachable node
 20 |     /// fail its own request instead of starving the process.
 21 |     private let session: URLSession
    |                          `- error: 'URLSession' is unavailable: This type has moved to the FoundationNetworking module. Import that module to use it.
 22 |
 23 |     /// Applied per-request as well as on the configuration: on Linux the
Foundation.URLSession:2:18: note: 'URLSession' has been explicitly marked unavailable here
1 | @available(*, unavailable, message: "This type has moved to the FoundationNetworking module. Import that module to use it.")
2 | public typealias URLSession = AnyObject
  |                  `- note: 'URLSession' has been explicitly marked unavailable here
/host/spi-builder-workspace/Sources/Algorand/IndexerClient.swift:59:10: error: 'URLSession' is unavailable: This type has moved to the FoundationNetworking module. Import that module to use it.
 57 |         requestTimeout: TimeInterval,
 58 |         resourceTimeout: TimeInterval
 59 |     ) -> URLSession {
    |          `- error: 'URLSession' is unavailable: This type has moved to the FoundationNetworking module. Import that module to use it.
 60 |         let configuration = URLSessionConfiguration.default
 61 |         configuration.timeoutIntervalForRequest = requestTimeout
Foundation.URLSession:2:18: note: 'URLSession' has been explicitly marked unavailable here
1 | @available(*, unavailable, message: "This type has moved to the FoundationNetworking module. Import that module to use it.")
2 | public typealias URLSession = AnyObject
  |                  `- note: 'URLSession' has been explicitly marked unavailable here
/host/spi-builder-workspace/Sources/Algorand/IndexerClient.swift:60:53: error: type 'URLSessionConfiguration' (aka 'AnyObject') has no member 'default'
 58 |         resourceTimeout: TimeInterval
 59 |     ) -> URLSession {
 60 |         let configuration = URLSessionConfiguration.default
    |                                                     `- error: type 'URLSessionConfiguration' (aka 'AnyObject') has no member 'default'
 61 |         configuration.timeoutIntervalForRequest = requestTimeout
 62 |         configuration.timeoutIntervalForResource = resourceTimeout
/host/spi-builder-workspace/Sources/Algorand/IndexerClient.swift:72:16: error: 'URLSession' (aka 'AnyObject') cannot be constructed because it has no accessible initializers
 70 |             configuration.waitsForConnectivity = false
 71 |         #endif
 72 |         return URLSession(configuration: configuration)
    |                `- error: 'URLSession' (aka 'AnyObject') cannot be constructed because it has no accessible initializers
 73 |     }
 74 |
/host/spi-builder-workspace/Sources/Algorand/IndexerClient.swift:72:16: error: return expression of type '_' expected to be an instance of a class or class-constrained type
 70 |             configuration.waitsForConnectivity = false
 71 |         #endif
 72 |         return URLSession(configuration: configuration)
    |                `- error: return expression of type '_' expected to be an instance of a class or class-constrained type
 73 |     }
 74 |
/host/spi-builder-workspace/Sources/Algorand/IndexerClient.swift:83:17: error: value of type 'URLSession' (aka 'AnyObject') has no member 'invalidateAndCancel'
 81 |     /// a discarded client has no one left to receive its responses.
 82 |     deinit {
 83 |         session.invalidateAndCancel()
    |                 `- error: value of type 'URLSession' (aka 'AnyObject') has no member 'invalidateAndCancel'
 84 |     }
 85 |
/host/spi-builder-workspace/Sources/Algorand/IndexerClient.swift:325:23: error: cannot find 'URLRequest' in scope
323 |
324 |     private func get<T: Decodable>(url: URL) async throws -> T {
325 |         var request = URLRequest(url: url)
    |                       `- error: cannot find 'URLRequest' in scope
326 |         request.timeoutInterval = requestTimeout
327 |         request.httpMethod = "GET"
/host/spi-builder-workspace/Sources/Algorand/IndexerClient.swift:333:50: error: value of type 'URLSession' (aka 'AnyObject') has no member 'data'
331 |         }
332 |
333 |         let (data, response) = try await session.data(for: request)
    |                                                  `- error: value of type 'URLSession' (aka 'AnyObject') has no member 'data'
334 |
335 |         guard let httpResponse = response as? HTTPURLResponse else {
Failed frontend command:
/usr/bin/swift-frontend -frontend -c /host/spi-builder-workspace/Sources/Algorand/Account.swift /host/spi-builder-workspace/Sources/Algorand/Address+PostQuantum.swift /host/spi-builder-workspace/Sources/Algorand/Address.swift /host/spi-builder-workspace/Sources/Algorand/AlgodClient.swift /host/spi-builder-workspace/Sources/Algorand/AlgorandConfiguration.swift /host/spi-builder-workspace/Sources/Algorand/AlgorandConsensus.swift /host/spi-builder-workspace/Sources/Algorand/AlgorandError.swift /host/spi-builder-workspace/Sources/Algorand/AmountError.swift /host/spi-builder-workspace/Sources/Algorand/ApplicationTransaction.swift /host/spi-builder-workspace/Sources/Algorand/AssetTransaction.swift /host/spi-builder-workspace/Sources/Algorand/AtomicTransactionGroup+Fees.swift /host/spi-builder-workspace/Sources/Algorand/AtomicTransactionGroup.swift /host/spi-builder-workspace/Sources/Algorand/BIP39Wordlist.swift /host/spi-builder-workspace/Sources/Algorand/CanonicalBoxReferences.swift /host/spi-builder-workspace/Sources/Algorand/CanonicalTransactionFields.swift -primary-file /host/spi-builder-workspace/Sources/Algorand/Edwards25519.swift -primary-file /host/spi-builder-workspace/Sources/Algorand/EndpointURL.swift -primary-file /host/spi-builder-workspace/Sources/Algorand/FeeError.swift -primary-file /host/spi-builder-workspace/Sources/Algorand/FeeStrategy.swift -primary-file /host/spi-builder-workspace/Sources/Algorand/IndexerClient.swift /host/spi-builder-workspace/Sources/Algorand/KeyRegistrationTransaction.swift /host/spi-builder-workspace/Sources/Algorand/MessagePackWriter.swift /host/spi-builder-workspace/Sources/Algorand/MicroAlgos.swift /host/spi-builder-workspace/Sources/Algorand/Mnemonic.swift /host/spi-builder-workspace/Sources/Algorand/PQScheme.swift /host/spi-builder-workspace/Sources/Algorand/PQSignature.swift /host/spi-builder-workspace/Sources/Algorand/PaymentTransaction.swift /host/spi-builder-workspace/Sources/Algorand/SHA512_256.swift /host/spi-builder-workspace/Sources/Algorand/SecureRandom.swift /host/spi-builder-workspace/Sources/Algorand/SignedTransaction.swift /host/spi-builder-workspace/Sources/Algorand/SimulateRequest+MessagePack.swift /host/spi-builder-workspace/Sources/Algorand/Transaction+Signing.swift /host/spi-builder-workspace/Sources/Algorand/Transaction.swift /host/spi-builder-workspace/Sources/Algorand/TransactionAuthorization.swift /host/spi-builder-workspace/Sources/Algorand/TransactionSigner.swift /host/spi-builder-workspace/Sources/Algorand/TransactionUsage.swift -supplementary-output-file-map /host/spi-builder-workspace/.build/out/Intermediates.noindex/swift-algorand.build/Debug-webassembly-wasm32/Algorand-t.build/Objects-normal/wasm32/supplementaryOutputs-12 -target wasm32-unknown-wasip1 -disable-objc-interop -sdk /root/.swiftpm/swift-sdks/swift-6.4.x-DEVELOPMENT-SNAPSHOT-2026-09-04-a_wasm.artifactbundle/swift-6.4.x-DEVELOPMENT-SNAPSHOT-2026-09-04-a_wasm/wasm32-unknown-wasip1/WASI.sdk -sysroot /root/.swiftpm/swift-sdks/swift-6.4.x-DEVELOPMENT-SNAPSHOT-2026-09-04-a_wasm.artifactbundle/swift-6.4.x-DEVELOPMENT-SNAPSHOT-2026-09-04-a_wasm/wasm32-unknown-wasip1/WASI.sdk -I /host/spi-builder-workspace/.build/out/Products/Debug-webassembly-wasm32 -module-cache-path /host/spi-builder-workspace/.build/out/ModuleCache.noindex -color-diagnostics -Xcc -fcolor-diagnostics -enable-testing -g -debug-info-format\=dwarf -dwarf-version\=4 -swift-version 6 -Onone -D SWIFT_PACKAGE -D DEBUG -D SWIFT_MODULE_RESOURCE_BUNDLE_UNAVAILABLE -D Xcode -serialize-debugging-options -enable-experimental-feature DebugDescriptionMacro -empty-abi-descriptor -external-plugin-path /usr/lib/swift/host/plugins/testing\#/usr/bin/swift-plugin-server -validate-clang-modules-once -clang-build-session-file /host/spi-builder-workspace/.build/out/ModuleCache.noindex/Session.modulevalidation -Xcc -working-directory -Xcc /host -resource-dir /root/.swiftpm/swift-sdks/swift-6.4.x-DEVELOPMENT-SNAPSHOT-2026-09-04-a_wasm.artifactbundle/swift-6.4.x-DEVELOPMENT-SNAPSHOT-2026-09-04-a_wasm/wasm32-unknown-wasip1/swift.xctoolchain/usr/lib/swift_static -use-static-resource-dir -enable-anonymous-context-mangled-names -file-compilation-dir /host -Xcc -resource-dir -Xcc /root/.swiftpm/swift-sdks/swift-6.4.x-DEVELOPMENT-SNAPSHOT-2026-09-04-a_wasm.artifactbundle/swift-6.4.x-DEVELOPMENT-SNAPSHOT-2026-09-04-a_wasm/wasm32-unknown-wasip1/swift.xctoolchain/usr/lib/swift_static/clang -Xcc -fmodule-map-file\=/host/spi-builder-workspace/.build/checkouts/swift-crypto/Sources/CCryptoBoringSSLShims/include/module.modulemap -Xcc -fmodule-map-file\=/host/spi-builder-workspace/.build/checkouts/swift-crypto/Sources/CCryptoBoringSSL/include/module.modulemap -Xcc -D_LIBCPP_HARDENING_MODE\=_LIBCPP_HARDENING_MODE_DEBUG -Xcc -fmodules-prune-interval\=86400 -Xcc -fmodules-prune-after\=345600 -Xcc -I/host/spi-builder-workspace/.build/checkouts/swift-crypto/Sources/CCryptoBoringSSLShims/include -Xcc -I/host/spi-builder-workspace/.build/checkouts/swift-crypto/Sources/CCryptoBoringSSL/include -Xcc -I/host/spi-builder-workspace/.build/out/Products/Debug-webassembly-wasm32/include -Xcc -I/host/spi-builder-workspace/.build/out/Intermediates.noindex/swift-algorand.build/Debug-webassembly-wasm32/Algorand-t.build/DerivedSources-normal/wasm32 -Xcc -I/host/spi-builder-workspace/.build/out/Intermediates.noindex/swift-algorand.build/Debug-webassembly-wasm32/Algorand-t.build/DerivedSources/wasm32 -Xcc -I/host/spi-builder-workspace/.build/out/Intermediates.noindex/swift-algorand.build/Debug-webassembly-wasm32/Algorand-t.build/DerivedSources -Xcc -DSWIFT_PACKAGE -Xcc -DDEBUG\=1 -no-auto-bridging-header-chaining -module-name Algorand -package-name spi_builder_workspace -const-gather-protocols-file /host/spi-builder-workspace/.build/out/Intermediates.noindex/swift-algorand.build/Debug-webassembly-wasm32/Algorand-t.build/Objects-normal/wasm32/Algorand_const_extract_protocols.json -in-process-plugin-server-path /usr/lib/swift/host/libSwiftInProcPluginServer.so -plugin-path /usr/lib/swift/host/plugins -plugin-path /usr/local/lib/swift/host/plugins -parse-as-library -o /host/spi-builder-workspace/.build/out/Intermediates.noindex/swift-algorand.build/Debug-webassembly-wasm32/Algorand-t.build/Objects-normal/wasm32/Edwards25519.o -o /host/spi-builder-workspace/.build/out/Intermediates.noindex/swift-algorand.build/Debug-webassembly-wasm32/Algorand-t.build/Objects-normal/wasm32/EndpointURL.o -o /host/spi-builder-workspace/.build/out/Intermediates.noindex/swift-algorand.build/Debug-webassembly-wasm32/Algorand-t.build/Objects-normal/wasm32/FeeError.o -o /host/spi-builder-workspace/.build/out/Intermediates.noindex/swift-algorand.build/Debug-webassembly-wasm32/Algorand-t.build/Objects-normal/wasm32/FeeStrategy.o -o /host/spi-builder-workspace/.build/out/Intermediates.noindex/swift-algorand.build/Debug-webassembly-wasm32/Algorand-t.build/Objects-normal/wasm32/IndexerClient.o -index-unit-output-path /swift-algorand.build/Debug-webassembly-wasm32/Algorand-t.build/Objects-normal/wasm32/Edwards25519.o -index-unit-output-path /swift-algorand.build/Debug-webassembly-wasm32/Algorand-t.build/Objects-normal/wasm32/EndpointURL.o -index-unit-output-path /swift-algorand.build/Debug-webassembly-wasm32/Algorand-t.build/Objects-normal/wasm32/FeeError.o -index-unit-output-path /swift-algorand.build/Debug-webassembly-wasm32/Algorand-t.build/Objects-normal/wasm32/FeeStrategy.o -index-unit-output-path /swift-algorand.build/Debug-webassembly-wasm32/Algorand-t.build/Objects-normal/wasm32/IndexerClient.o -index-store-path /host/spi-builder-workspace/.build/out -index-system-modules
[441 / 452] Crypto
error: Build failed
BUILD FAILURE 6.4 wasm