Build Information
Failed to build OUDS, reference 3.3.0-beta.3 (489f33), with Swift 6.2 for watchOS using Xcode 26.3 on 1 Nov 2026 09:41:24 UTC.
Build Command
No build command. This typically means the build failed at an early stage where we determine the build command.Build Log
========================================
RunAll
========================================
Builder version: 5.1.4
Interrupt handler set up.
========================================
Checkout
========================================
Clone URL: https://github.com/Orange-OpenSource/ouds-ios.git
Reference: 3.3.0-beta.3
Initialized empty Git repository in /Users/admin/builder/spi-builder-workspace/.git/
From https://github.com/Orange-OpenSource/ouds-ios
* tag 3.3.0-beta.3 -> FETCH_HEAD
HEAD is now at 489f337 ci: update template for components with dedicated label which changed
Cloned https://github.com/Orange-OpenSource/ouds-ios.git
Revision (git rev-parse @):
489f337408427b92c77d9267d8c17c2bdd09769a
SUCCESS checkout https://github.com/Orange-OpenSource/ouds-ios.git at 3.3.0-beta.3
========================================
Build
========================================
Selected platform: watchOS
Swift version: 6.2
Building package at path: $PWD
https://github.com/Orange-OpenSource/ouds-ios.git
Command line invocation:
/Applications/Xcode-26.3.0.app/Contents/Developer/usr/bin/xcodebuild -IDEClonedSourcePackagesDirPathOverride=/Users/admin/builder/spi-builder-workspace/.dependencies -resolvePackageDependencies
Resolve Package Graph
package 'spi-builder-workspace' is using Swift tools version 6.3.0 but the installed version is 6.2.4
Resolved source packages:
spi-builder-workspace: (null)
2026-11-01 04:41:22.832 xcodebuild[539:3138] Writing error result bundle to /var/folders/xq/y_g06wb113726d38xsyx71_h0000gn/T/ResultBundle_2026-01-11_04-41-0022.xcresult
xcodebuild: error: Could not resolve package dependencies:
package 'spi-builder-workspace' is using Swift tools version 6.3.0 but the installed version is 6.2.4
Command line invocation:
/Applications/Xcode-26.3.0.app/Contents/Developer/usr/bin/xcodebuild -IDEClonedSourcePackagesDirPathOverride=/Users/admin/builder/spi-builder-workspace/.dependencies -resolvePackageDependencies
Resolve Package Graph
package 'spi-builder-workspace' is using Swift tools version 6.3.0 but the installed version is 6.2.4
Resolved source packages:
spi-builder-workspace: (null)
2026-11-01 04:41:24.006 xcodebuild[601:3673] Writing error result bundle to /var/folders/xq/y_g06wb113726d38xsyx71_h0000gn/T/ResultBundle_2026-01-11_04-41-0024.xcresult
xcodebuild: error: Could not resolve package dependencies:
package 'spi-builder-workspace' is using Swift tools version 6.3.0 but the installed version is 6.2.4
BUILD FAILURE 6.2 watchOS