The Swift Package Index logo.Swift Package Index

Build Information

Failed to build MockUserDefaults, reference 2.5.0 (c5dedf), with Swift 6.4 for Android on 25 Sep 2026 08:02:41 UTC.

Build Command

bash -c docker run --pull=always --rm -v "checkouts-53886770-1":/host -w "$PWD" -e JAVA_HOME="/root/.sdkman/candidates/java/current" -e SPI_BUILD="1" -e SPI_PROCESSING="1" registry.gitlab.com/saguaro1/spi-images:android-6.4-latest swift build --swift-sdk aarch64-unknown-linux-android28 2>&1

Build Log

========================================
RunAll
========================================
Builder version: 5.1.0
Interrupt handler set up.
========================================
Checkout
========================================
Clone URL: https://github.com/417-72KI/MockUserDefaults.git
Reference: 2.5.0
Initialized empty Git repository in /host/spi-builder-workspace/.git/
hint: Using 'master' as the name for the initial branch. This default branch name
hint: is subject to change. To configure the initial branch name to use in all
hint: of your new repositories, which will suppress this warning, call:
hint:
hint: 	git config --global init.defaultBranch <name>
hint:
hint: Names commonly chosen instead of 'master' are 'main', 'trunk' and
hint: 'development'. The just-created branch can be renamed via this command:
hint:
hint: 	git branch -m <name>
From https://github.com/417-72KI/MockUserDefaults
 * tag               2.5.0      -> FETCH_HEAD
HEAD is now at c5dedff Bump version to 2.5.0
Cloned https://github.com/417-72KI/MockUserDefaults.git
Revision (git rev-parse @):
c5dedff53b079000688dd074a6e4015515c2c6aa
SUCCESS checkout https://github.com/417-72KI/MockUserDefaults.git at 2.5.0
========================================
Build
========================================
Selected platform:         android
Swift version:             6.4
Building package at path:  $PWD
https://github.com/417-72KI/MockUserDefaults.git
Running build ...
bash -c docker run --pull=always --rm -v "checkouts-53886770-1":/host -w "$PWD" -e JAVA_HOME="/root/.sdkman/candidates/java/current" -e SPI_BUILD="1" -e SPI_PROCESSING="1" registry.gitlab.com/saguaro1/spi-images:android-6.4-latest swift build --swift-sdk aarch64-unknown-linux-android28 2>&1
android-6.4-latest: Pulling from saguaro1/spi-images
Digest: sha256:abadcff584c273feba50641b454858d377ba30b35ea7287a94f45ebd8afd0ea0
Status: Image is up to date for registry.gitlab.com/saguaro1/spi-images:android-6.4-latest
warning: 'spi-builder-workspace': /host/spi-builder-workspace/Package.swift:10:19: warning: 'v4' is deprecated: watchOS 9.0 is the oldest supported version [#DeprecatedDeclaration]
 8 |         .iOS(.v11),
 9 |         .tvOS(.v11),
10 |         .watchOS(.v4)
   |                   `- warning: 'v4' is deprecated: watchOS 9.0 is the oldest supported version [#DeprecatedDeclaration]
11 |     ],
12 |     products: [
[#DeprecatedDeclaration]: <https://docs.swift.org/compiler/documentation/diagnostics/deprecated-declaration>
warning: 'spi-builder-workspace': ignoring target 'MockUserDefaultsTests' in package 'spi-builder-workspace'; C language in tests is not yet supported
warning: 'spi-builder-workspace': ignoring target 'MockUserDefaultsTests' in package 'spi-builder-workspace'; C language in tests is not yet supported
Building for debugging...
[Planning deferred tasks]
In file included from /host/spi-builder-workspace/Sources/MockUserDefaults/MockUserDefaults.m:9:
/host/spi-builder-workspace/Sources/MockUserDefaults/include/MockUserDefaults.h:9:1: error: use of '@import' when modules are disabled
    9 | @import Foundation;
      | ^
/host/spi-builder-workspace/Sources/MockUserDefaults/include/MockUserDefaults.h:11:1: error: unknown type name 'FOUNDATION_EXPORT'
   11 | FOUNDATION_EXPORT double MockUserDefaultsVersionNumber;
      | ^
/host/spi-builder-workspace/Sources/MockUserDefaults/include/MockUserDefaults.h:12:1: error: unknown type name 'FOUNDATION_EXPORT'
   12 | FOUNDATION_EXPORT const unsigned char MockUserDefaultsVersionString[];
      | ^
/host/spi-builder-workspace/Sources/MockUserDefaults/include/MockUserDefaults.h:14:1: error: unknown type name 'NS_ASSUME_NONNULL_BEGIN'
   14 | NS_ASSUME_NONNULL_BEGIN
      | ^
/host/spi-builder-workspace/Sources/MockUserDefaults/include/MockUserDefaults.h:16:12: error: cannot find interface declaration for 'NSUserDefaults'
   16 | @interface NSUserDefaults (Mock)
      |            ^
/host/spi-builder-workspace/Sources/MockUserDefaults/include/MockUserDefaults.h:19:29: error: unknown type name 'NSUserDefaults'
   19 | @property (class, readonly) NSUserDefaults *mockedUserDefaults NS_SWIFT_NAME(mock);
      |                             ^
/host/spi-builder-workspace/Sources/MockUserDefaults/include/MockUserDefaults.h:19:63: error: expected ';' at end of declaration list
   19 | @property (class, readonly) NSUserDefaults *mockedUserDefaults NS_SWIFT_NAME(mock);
      |                                                               ^
      |                                                               ;
/host/spi-builder-workspace/Sources/MockUserDefaults/include/MockUserDefaults.h:19:64: error: type specifier missing, defaults to 'int'; ISO C99 and later do not support implicit int [-Wimplicit-int]
   19 | @property (class, readonly) NSUserDefaults *mockedUserDefaults NS_SWIFT_NAME(mock);
      |                                                                ^
      |                                                                int
/host/spi-builder-workspace/Sources/MockUserDefaults/include/MockUserDefaults.h:19:78: error: a parameter list without types is only allowed in a function definition
   19 | @property (class, readonly) NSUserDefaults *mockedUserDefaults NS_SWIFT_NAME(mock);
      |                                                                              ^
/host/spi-builder-workspace/Sources/MockUserDefaults/include/MockUserDefaults.h:22:29: error: unknown type name 'NSUserDefaults'
   22 | @property (class, readonly) NSUserDefaults *deprecatedMockedUserDefaults NS_SWIFT_NAME(mocked) DEPRECATED_MSG_ATTRIBUTE("Renamed to `mock`");
      |                             ^
/host/spi-builder-workspace/Sources/MockUserDefaults/include/MockUserDefaults.h:22:73: error: expected ';' at end of declaration list
   22 | @property (class, readonly) NSUserDefaults *deprecatedMockedUserDefaults NS_SWIFT_NAME(mocked) DEPRECATED_MSG_ATTRIBUTE("Renamed to `mock`");
      |                                                                         ^
      |                                                                         ;
/host/spi-builder-workspace/Sources/MockUserDefaults/include/MockUserDefaults.h:22:96: error: expected function body after function declarator
   22 | @property (class, readonly) NSUserDefaults *deprecatedMockedUserDefaults NS_SWIFT_NAME(mocked) DEPRECATED_MSG_ATTRIBUTE("Renamed to `mock`");
      |                                                                                                ^
/host/spi-builder-workspace/Sources/MockUserDefaults/include/MockUserDefaults.h:25:32: error: expected ';' after method prototype
   25 | + (void)resetMockedUserDefaults NS_SWIFT_NAME(resetMock());
      |                                ^
      |                                ;
/host/spi-builder-workspace/Sources/MockUserDefaults/include/MockUserDefaults.h:29:1: error: unknown type name 'NS_ASSUME_NONNULL_END'
   29 | NS_ASSUME_NONNULL_END
      | ^
/host/spi-builder-workspace/Sources/MockUserDefaults/MockUserDefaults.m:11:24: error: expected ';' after top level declarator
   11 | NS_ASSUME_NONNULL_BEGIN
      |                        ^
      |                        ;
/host/spi-builder-workspace/Sources/MockUserDefaults/MockUserDefaults.m:16:46: error: expected a type
   16 | - (void)setObject:(nullable id)value forKey:(NSString *)defaultName;
      |                                              ^
/host/spi-builder-workspace/Sources/MockUserDefaults/MockUserDefaults.m:16:1: error: missing context for method declaration
   16 | - (void)setObject:(nullable id)value forKey:(NSString *)defaultName;
      | ^
/host/spi-builder-workspace/Sources/MockUserDefaults/MockUserDefaults.m:17:1: error: expected method body
   17 | - (void)removeObjectForKey:(NSString *)defaultName;
      | ^
/host/spi-builder-workspace/Sources/MockUserDefaults/MockUserDefaults.m:18:13: error: expected a type
   18 | - (nullable NSString *)stringForKey:(NSString *)defaultName;
      |             ^
fatal error: too many errors emitted, stopping now [-ferror-limit=]
20 errors generated.
error: CompileC /host/spi-builder-workspace/.build/out/Intermediates.noindex/MockUserDefaults.build/Debug-android-aarch64/MockUserDefaults-t.build/Objects-normal/aarch64/MockUserDefaults.o /host/spi-builder-workspace/Sources/MockUserDefaults/MockUserDefaults.m normal aarch64 objective-c com.apple.compilers.llvm.clang.1_0.compiler failed with a nonzero exit code. Command line:     cd /host

    Using response file: /host/spi-builder-workspace/.build/out/Intermediates.noindex/MockUserDefaults.build/Debug-android-aarch64/MockUserDefaults-t.build/Objects-normal/aarch64/6f95552a3397ee1cec971b90cf334075d5f321c3a3b0689ad55c3d1e24702600-common-args.resp

    /root/.local/share/swiftly/toolchains/6.4.x-snapshot-2026-09-04/usr/bin/clang -x objective-c -target aarch64-unknown-linux-android28 -fmessage-length\=0 -fdiagnostics-show-note-include-stack -fmacro-backtrace-limit\=0 -fcolor-diagnostics -Wno-trigraphs -Wno-missing-field-initializers -Wno-missing-prototypes -Wno-return-type -Wno-implicit-atomic-properties -Wno-objc-interface-ivars -Wno-arc-repeated-use-of-weak -Wno-missing-braces -Wparentheses -Wswitch -Wno-unused-function -Wno-unused-label -Wno-unused-parameter -Wno-unused-variable -Wunused-value -Wno-empty-body -Wno-uninitialized -Wno-unknown-pragmas -Wno-shadow -Wno-four-char-constants -Wno-conversion -Wno-constant-conversion -Wno-int-conversion -Wno-bool-conversion -Wno-enum-conversion -Wno-float-conversion -Wno-non-literal-null-conversion -Wno-objc-literal-conversion -Wno-shorten-64-to-32 -Wpointer-sign -Wno-newline-eof -Wno-selector -Wno-strict-selector-match -Wno-undeclared-selector -Wno-deprecated-implementations -Wno-implicit-fallthrough -fstrict-aliasing -Wprotocol -Wdeprecated-declarations -Wno-sign-conversion -Wno-infinite-recursion -Wno-comma -Wno-block-capture-autoreleasing -Wno-strict-prototypes -Wno-semicolon-before-method-body --sysroot /android-ndk/android-ndk-r27d/toolchains/llvm/prebuilt/linux-x86_64/sysroot @/host/spi-builder-workspace/.build/out/Intermediates.noindex/MockUserDefaults.build/Debug-android-aarch64/MockUserDefaults-t.build/Objects-normal/aarch64/6f95552a3397ee1cec971b90cf334075d5f321c3a3b0689ad55c3d1e24702600-common-args.resp -MMD -MT dependencies -MF /host/spi-builder-workspace/.build/out/Intermediates.noindex/MockUserDefaults.build/Debug-android-aarch64/MockUserDefaults-t.build/Objects-normal/aarch64/MockUserDefaults.d --serialize-diagnostics /host/spi-builder-workspace/.build/out/Intermediates.noindex/MockUserDefaults.build/Debug-android-aarch64/MockUserDefaults-t.build/Objects-normal/aarch64/MockUserDefaults.dia -c /host/spi-builder-workspace/Sources/MockUserDefaults/MockUserDefaults.m -o /host/spi-builder-workspace/.build/out/Intermediates.noindex/MockUserDefaults.build/Debug-android-aarch64/MockUserDefaults-t.build/Objects-normal/aarch64/MockUserDefaults.o
error: Build failed
BUILD FAILURE 6.4 android