Build Information
Failed to build CliRunnable, reference 1.0.48 (e4d3af), with Swift 6.4 for watchOS using Xcode 27.0 on 17 Sep 2026 03:50:55 UTC.
Build Command
env DEVELOPER_DIR=/Applications/Xcode-27.0.0-Release.Candidate.app xcrun xcodebuild -IDEClonedSourcePackagesDirPathOverride=$PWD/.dependencies -skipMacroValidation -skipPackagePluginValidation -derivedDataPath $PWD/.derivedData build -scheme CliRunnable -destination generic/platform=watchOSBuild Log
========================================
RunAll
========================================
Builder version: 5.1.0
Interrupt handler set up.
========================================
Checkout
========================================
Clone URL: https://github.com/saltzmanjoelh/CliRunnable.git
Reference: 1.0.48
Initialized empty Git repository in /Users/admin/builder/spi-builder-workspace/.git/
From https://github.com/saltzmanjoelh/CliRunnable
* tag 1.0.48 -> FETCH_HEAD
HEAD is now at e4d3af5 Added valueForKeys for CliOption
Cloned https://github.com/saltzmanjoelh/CliRunnable.git
Revision (git rev-parse @):
e4d3af5c93451f33286a7ac6f44e8b70946ee84e
SUCCESS checkout https://github.com/saltzmanjoelh/CliRunnable.git at 1.0.48
========================================
Build
========================================
Selected platform: watchOS
Swift version: 6.4
Building package at path: $PWD
https://github.com/saltzmanjoelh/CliRunnable.git
Command line invocation:
/Applications/Xcode-27.0.0-Release.Candidate.app/Contents/Developer/usr/bin/xcodebuild -IDEClonedSourcePackagesDirPathOverride=/Users/admin/builder/spi-builder-workspace/.dependencies -resolvePackageDependencies
Resolve Package Graph
Fetching from https://github.com/saltzmanjoelh/ProcessRunner.git
Fetching from https://github.com/saltzmanjoelh/Yaml.git
Creating working copy of package ‘Yaml’
Checking out 3.4.10 of package ‘Yaml’
Creating working copy of package ‘ProcessRunner’
Checking out 1.0.11 of package ‘ProcessRunner’
Resolve Package Graph
Resolved source packages:
ProcessRunner: https://github.com/saltzmanjoelh/ProcessRunner.git @ 1.0.11
Yaml: https://github.com/saltzmanjoelh/Yaml.git @ 3.4.10
CliRunnable: /Users/admin/builder/spi-builder-workspace
resolved source packages: ProcessRunner, Yaml, CliRunnable
2026-09-16 23:50:05.347 xcodebuild[524:2985] [MT] IDERunDestination: Supported platforms for the buildables in the current scheme is empty.
{
"dependencies" : [
{
"identity" : "yaml",
"requirement" : {
"range" : [
{
"lower_bound" : "3.0.0",
"upper_bound" : "4.0.0"
}
]
},
"type" : "sourceControl",
"url" : "https://github.com/saltzmanjoelh/Yaml.git"
},
{
"identity" : "processrunner",
"requirement" : {
"range" : [
{
"lower_bound" : "1.0.0",
"upper_bound" : "2.0.0"
}
]
},
"type" : "sourceControl",
"url" : "https://github.com/saltzmanjoelh/ProcessRunner.git"
}
],
"manifest_display_name" : "CliRunnable",
"name" : "CliRunnable",
"path" : "/Users/admin/builder/spi-builder-workspace",
"platforms" : [
],
"products" : [
{
"name" : "CliRunnable",
"targets" : [
"CliRunnable"
],
"type" : {
"library" : [
"static"
]
}
}
],
"targets" : [
{
"c99name" : "CliRunnableTests",
"module_type" : "SwiftTarget",
"name" : "CliRunnableTests",
"path" : "Tests/CliRunnableTests",
"product_dependencies" : [
"Yaml",
"ProcessRunner"
],
"sources" : [
"CliOptionTests.swift",
"CliRunnableTests.swift"
],
"target_dependencies" : [
"CliRunnable"
],
"type" : "test"
},
{
"c99name" : "CliRunnable",
"module_type" : "SwiftTarget",
"name" : "CliRunnable",
"path" : "Sources/CliRunnable",
"product_dependencies" : [
"Yaml",
"ProcessRunner"
],
"product_memberships" : [
"CliRunnable"
],
"sources" : [
"CliOption.swift",
"CliOptionGroup.swift",
"CliRunnable.swift",
"Dictionary.swift",
"Helpable.swift"
],
"type" : "library"
}
],
"tools_version" : "4.1"
}
{
"workspace" : {
"name" : "CliRunnable",
"schemes" : [
"CliRunnable"
]
}
}
2026-09-16 23:50:46.255 xcodebuild[717:4384] [MT] IDERunDestination: Supported platforms for the buildables in the current scheme is empty.
Running build ...
env DEVELOPER_DIR=/Applications/Xcode-27.0.0-Release.Candidate.app xcrun xcodebuild -IDEClonedSourcePackagesDirPathOverride=$PWD/.dependencies -skipMacroValidation -skipPackagePluginValidation -derivedDataPath $PWD/.derivedData build -scheme CliRunnable -destination generic/platform=watchOS
Command line invocation:
/Applications/Xcode-27.0.0-Release.Candidate.app/Contents/Developer/usr/bin/xcodebuild -IDEClonedSourcePackagesDirPathOverride=/Users/admin/builder/spi-builder-workspace/.dependencies -skipMacroValidation -skipPackagePluginValidation -derivedDataPath /Users/admin/builder/spi-builder-workspace/.derivedData build -scheme CliRunnable -destination generic/platform=watchOS
Resolve Package Graph
Resolve Package Graph
Resolved source packages:
Yaml: https://github.com/saltzmanjoelh/Yaml.git @ 3.4.10
ProcessRunner: https://github.com/saltzmanjoelh/ProcessRunner.git @ 1.0.11
CliRunnable: /Users/admin/builder/spi-builder-workspace
ComputePackagePrebuildTargetDependencyGraph
Prepare packages
CreateBuildRequest
SendProjectDescription
CreateBuildOperation
ComputeTargetDependencyGraph
note: Building targets in dependency order
note: Target dependency graph (6 targets)
Target 'CliRunnable-product' in project 'CliRunnable'
➜ Explicit dependency on target 'CliRunnable' in project 'CliRunnable'
➜ Explicit dependency on target 'Yaml-product' in project 'Yaml'
➜ Explicit dependency on target 'ProcessRunner-product' in project 'ProcessRunner'
Target 'CliRunnable' in project 'CliRunnable'
➜ Explicit dependency on target 'Yaml-product' in project 'Yaml'
➜ Explicit dependency on target 'ProcessRunner-product' in project 'ProcessRunner'
Target 'ProcessRunner-product' in project 'ProcessRunner'
➜ Explicit dependency on target 'ProcessRunner' in project 'ProcessRunner'
Target 'ProcessRunner' in project 'ProcessRunner' (no dependencies)
Target 'Yaml-product' in project 'Yaml'
➜ Explicit dependency on target 'Yaml' in project 'Yaml'
Target 'Yaml' in project 'Yaml' (no dependencies)
GatherProvisioningInputs
CreateBuildDescription
ExecuteExternalTool /Applications/Xcode-27.0.0-Release.Candidate.app/Contents/Developer/Toolchains/XcodeDefault.xctoolchain/usr/bin/swiftc --version
ExecuteExternalTool /Applications/Xcode-27.0.0-Release.Candidate.app/Contents/Developer/Toolchains/XcodeDefault.xctoolchain/usr/bin/clang -v -E -dM -isysroot /Applications/Xcode-27.0.0-Release.Candidate.app/Contents/Developer/Platforms/WatchOS.platform/Developer/SDKs/WatchOS27.0.sdk -x c -c /dev/null
ExecuteExternalTool /Applications/Xcode-27.0.0-Release.Candidate.app/Contents/Developer/Toolchains/XcodeDefault.xctoolchain/usr/bin/ld -version_details
Build description signature: b1d161a0a7919685d201c285d4ccacb8
Build description path: /Users/admin/builder/spi-builder-workspace/.derivedData/Build/Intermediates.noindex/XCBuildData/b1d161a0a7919685d201c285d4ccacb8.xcbuilddata
CreateBuildDirectory /Users/admin/builder/spi-builder-workspace/.derivedData/ModuleCache.noindex
cd /Users/admin/builder/spi-builder-workspace/.swiftpm/xcode
builtin-create-build-directory /Users/admin/builder/spi-builder-workspace/.derivedData/ModuleCache.noindex
CreateBuildDirectory /Users/admin/builder/spi-builder-workspace/.derivedData/CompilationCache.noindex
cd /Users/admin/builder/spi-builder-workspace/.swiftpm/xcode
builtin-create-build-directory /Users/admin/builder/spi-builder-workspace/.derivedData/CompilationCache.noindex
CreateBuildDirectory /Users/admin/builder/spi-builder-workspace/.derivedData/SDKExplicitPrecompiledModules
cd /Users/admin/builder/spi-builder-workspace/.swiftpm/xcode
builtin-create-build-directory /Users/admin/builder/spi-builder-workspace/.derivedData/SDKExplicitPrecompiledModules
CreateBuildDirectory /Users/admin/builder/spi-builder-workspace/.derivedData/Build/Intermediates.noindex
cd /Users/admin/builder/spi-builder-workspace/.swiftpm/xcode
builtin-create-build-directory /Users/admin/builder/spi-builder-workspace/.derivedData/Build/Intermediates.noindex
CreateBuildDirectory /Users/admin/builder/spi-builder-workspace/.derivedData/Build/Products
cd /Users/admin/builder/spi-builder-workspace/.swiftpm/xcode
builtin-create-build-directory /Users/admin/builder/spi-builder-workspace/.derivedData/Build/Products
ClangStatCache /Applications/Xcode-27.0.0-Release.Candidate.app/Contents/Developer/Toolchains/XcodeDefault.xctoolchain/usr/bin/clang-stat-cache /Applications/Xcode-27.0.0-Release.Candidate.app/Contents/Developer/Platforms/WatchOS.platform/Developer/SDKs/WatchOS27.0.sdk /Users/admin/builder/spi-builder-workspace/.derivedData/SDKStatCaches.noindex/watchos27.0-24R360-e829b21a6f8c9b70876ba0858053c04477534ef55a1706bf4c1112bbb242f0a2.sdkstatcache
cd /Users/admin/builder/spi-builder-workspace/.swiftpm/xcode
/Applications/Xcode-27.0.0-Release.Candidate.app/Contents/Developer/Toolchains/XcodeDefault.xctoolchain/usr/bin/clang-stat-cache /Applications/Xcode-27.0.0-Release.Candidate.app/Contents/Developer/Platforms/WatchOS.platform/Developer/SDKs/WatchOS27.0.sdk -o /Users/admin/builder/spi-builder-workspace/.derivedData/SDKStatCaches.noindex/watchos27.0-24R360-e829b21a6f8c9b70876ba0858053c04477534ef55a1706bf4c1112bbb242f0a2.sdkstatcache
CreateBuildDirectory /Users/admin/builder/spi-builder-workspace/.derivedData/Build/Intermediates.noindex/SwiftExplicitPrecompiledModules
cd /Users/admin/builder/spi-builder-workspace/.swiftpm/xcode
builtin-create-build-directory /Users/admin/builder/spi-builder-workspace/.derivedData/Build/Intermediates.noindex/SwiftExplicitPrecompiledModules
CreateBuildDirectory /Users/admin/builder/spi-builder-workspace/.derivedData/Build/Intermediates.noindex/PrecompiledHeaders
cd /Users/admin/builder/spi-builder-workspace/.swiftpm/xcode
builtin-create-build-directory /Users/admin/builder/spi-builder-workspace/.derivedData/Build/Intermediates.noindex/PrecompiledHeaders
CreateBuildDirectory /Users/admin/builder/spi-builder-workspace/.derivedData/Build/Intermediates.noindex/ExplicitPrecompiledModules
cd /Users/admin/builder/spi-builder-workspace/.swiftpm/xcode
builtin-create-build-directory /Users/admin/builder/spi-builder-workspace/.derivedData/Build/Intermediates.noindex/ExplicitPrecompiledModules
CreateBuildDirectory /Users/admin/builder/spi-builder-workspace/.derivedData/Build/Intermediates.noindex/EagerLinkingTBDs/Debug-watchos
cd /Users/admin/builder/spi-builder-workspace/.swiftpm/xcode
builtin-create-build-directory /Users/admin/builder/spi-builder-workspace/.derivedData/Build/Intermediates.noindex/EagerLinkingTBDs/Debug-watchos
CreateBuildDirectory /Users/admin/builder/spi-builder-workspace/.derivedData/Build/Products/Debug-watchos
cd /Users/admin/builder/spi-builder-workspace/.swiftpm/xcode
builtin-create-build-directory /Users/admin/builder/spi-builder-workspace/.derivedData/Build/Products/Debug-watchos
CreateBuildDirectory /Users/admin/builder/spi-builder-workspace/.derivedData/Build/Products/Debug-watchos/PackageFrameworks
cd /Users/admin/builder/spi-builder-workspace/.swiftpm/xcode
builtin-create-build-directory /Users/admin/builder/spi-builder-workspace/.derivedData/Build/Products/Debug-watchos/PackageFrameworks
WriteAuxiliaryFile /Users/admin/builder/spi-builder-workspace/.derivedData/Build/Intermediates.noindex/ProcessRunner.build/Debug-watchos/ProcessRunner-t.build/ProcessRunner.modulemap (in target 'ProcessRunner' from project 'ProcessRunner')
cd /Users/admin/builder/spi-builder-workspace/.dependencies/checkouts/ProcessRunner
write-file /Users/admin/builder/spi-builder-workspace/.derivedData/Build/Intermediates.noindex/ProcessRunner.build/Debug-watchos/ProcessRunner-t.build/ProcessRunner.modulemap
WriteAuxiliaryFile /Users/admin/builder/spi-builder-workspace/.derivedData/Build/Intermediates.noindex/ProcessRunner.build/Debug-watchos/ProcessRunner-t.build/Objects-normal/arm64_32/ProcessRunner_const_extract_protocols.json (in target 'ProcessRunner' from project 'ProcessRunner')
cd /Users/admin/builder/spi-builder-workspace/.dependencies/checkouts/ProcessRunner
write-file /Users/admin/builder/spi-builder-workspace/.derivedData/Build/Intermediates.noindex/ProcessRunner.build/Debug-watchos/ProcessRunner-t.build/Objects-normal/arm64_32/ProcessRunner_const_extract_protocols.json
WriteAuxiliaryFile /Users/admin/builder/spi-builder-workspace/.derivedData/Build/Intermediates.noindex/ProcessRunner.build/Debug-watchos/ProcessRunner-t.build/Objects-normal/arm64_32/ProcessRunner-OutputFileMap.json (in target 'ProcessRunner' from project 'ProcessRunner')
cd /Users/admin/builder/spi-builder-workspace/.dependencies/checkouts/ProcessRunner
write-file /Users/admin/builder/spi-builder-workspace/.derivedData/Build/Intermediates.noindex/ProcessRunner.build/Debug-watchos/ProcessRunner-t.build/Objects-normal/arm64_32/ProcessRunner-OutputFileMap.json
WriteAuxiliaryFile /Users/admin/builder/spi-builder-workspace/.derivedData/Build/Intermediates.noindex/ProcessRunner.build/Debug-watchos/ProcessRunner-t.build/Objects-normal/arm64_32/ProcessRunner.LinkFileList (in target 'ProcessRunner' from project 'ProcessRunner')
cd /Users/admin/builder/spi-builder-workspace/.dependencies/checkouts/ProcessRunner
write-file /Users/admin/builder/spi-builder-workspace/.derivedData/Build/Intermediates.noindex/ProcessRunner.build/Debug-watchos/ProcessRunner-t.build/Objects-normal/arm64_32/ProcessRunner.LinkFileList
WriteAuxiliaryFile /Users/admin/builder/spi-builder-workspace/.derivedData/Build/Intermediates.noindex/ProcessRunner.build/Debug-watchos/ProcessRunner-t.build/Objects-normal/arm64_32/ProcessRunner.SwiftFileList (in target 'ProcessRunner' from project 'ProcessRunner')
cd /Users/admin/builder/spi-builder-workspace/.dependencies/checkouts/ProcessRunner
write-file /Users/admin/builder/spi-builder-workspace/.derivedData/Build/Intermediates.noindex/ProcessRunner.build/Debug-watchos/ProcessRunner-t.build/Objects-normal/arm64_32/ProcessRunner.SwiftFileList
WriteAuxiliaryFile /Users/admin/builder/spi-builder-workspace/.derivedData/Build/Intermediates.noindex/Yaml.build/Debug-watchos/Yaml-t.build/Yaml.DependencyMetadataFileList (in target 'Yaml' from project 'Yaml')
cd /Users/admin/builder/spi-builder-workspace/.dependencies/checkouts/Yaml
write-file /Users/admin/builder/spi-builder-workspace/.derivedData/Build/Intermediates.noindex/Yaml.build/Debug-watchos/Yaml-t.build/Yaml.DependencyMetadataFileList
WriteAuxiliaryFile /Users/admin/builder/spi-builder-workspace/.derivedData/Build/Intermediates.noindex/Yaml.build/Debug-watchos/Yaml-t.build/Yaml.modulemap (in target 'Yaml' from project 'Yaml')
cd /Users/admin/builder/spi-builder-workspace/.dependencies/checkouts/Yaml
write-file /Users/admin/builder/spi-builder-workspace/.derivedData/Build/Intermediates.noindex/Yaml.build/Debug-watchos/Yaml-t.build/Yaml.modulemap
WriteAuxiliaryFile /Users/admin/builder/spi-builder-workspace/.derivedData/Build/Intermediates.noindex/Yaml.build/Debug-watchos/Yaml-t.build/Yaml.DependencyStaticMetadataFileList (in target 'Yaml' from project 'Yaml')
cd /Users/admin/builder/spi-builder-workspace/.dependencies/checkouts/Yaml
write-file /Users/admin/builder/spi-builder-workspace/.derivedData/Build/Intermediates.noindex/Yaml.build/Debug-watchos/Yaml-t.build/Yaml.DependencyStaticMetadataFileList
WriteAuxiliaryFile /Users/admin/builder/spi-builder-workspace/.derivedData/Build/Intermediates.noindex/Yaml.build/Debug-watchos/Yaml-t.build/Objects-normal/arm64_32/Yaml_const_extract_protocols.json (in target 'Yaml' from project 'Yaml')
cd /Users/admin/builder/spi-builder-workspace/.dependencies/checkouts/Yaml
write-file /Users/admin/builder/spi-builder-workspace/.derivedData/Build/Intermediates.noindex/Yaml.build/Debug-watchos/Yaml-t.build/Objects-normal/arm64_32/Yaml_const_extract_protocols.json
WriteAuxiliaryFile /Users/admin/builder/spi-builder-workspace/.derivedData/Build/Intermediates.noindex/Yaml.build/Debug-watchos/Yaml-t.build/Objects-normal/arm64_32/Yaml.SwiftFileList (in target 'Yaml' from project 'Yaml')
cd /Users/admin/builder/spi-builder-workspace/.dependencies/checkouts/Yaml
write-file /Users/admin/builder/spi-builder-workspace/.derivedData/Build/Intermediates.noindex/Yaml.build/Debug-watchos/Yaml-t.build/Objects-normal/arm64_32/Yaml.SwiftFileList
WriteAuxiliaryFile /Users/admin/builder/spi-builder-workspace/.derivedData/Build/Intermediates.noindex/Yaml.build/Debug-watchos/Yaml-t.build/Objects-normal/arm64_32/Yaml.SwiftConstValuesFileList (in target 'Yaml' from project 'Yaml')
cd /Users/admin/builder/spi-builder-workspace/.dependencies/checkouts/Yaml
write-file /Users/admin/builder/spi-builder-workspace/.derivedData/Build/Intermediates.noindex/Yaml.build/Debug-watchos/Yaml-t.build/Objects-normal/arm64_32/Yaml.SwiftConstValuesFileList
WriteAuxiliaryFile /Users/admin/builder/spi-builder-workspace/.derivedData/Build/Intermediates.noindex/Yaml.build/Debug-watchos/Yaml-t.build/Objects-normal/arm64_32/Yaml.LinkFileList (in target 'Yaml' from project 'Yaml')
cd /Users/admin/builder/spi-builder-workspace/.dependencies/checkouts/Yaml
write-file /Users/admin/builder/spi-builder-workspace/.derivedData/Build/Intermediates.noindex/Yaml.build/Debug-watchos/Yaml-t.build/Objects-normal/arm64_32/Yaml.LinkFileList
WriteAuxiliaryFile /Users/admin/builder/spi-builder-workspace/.derivedData/Build/Intermediates.noindex/Yaml.build/Debug-watchos/Yaml-t.build/Objects-normal/arm64_32/Yaml-OutputFileMap.json (in target 'Yaml' from project 'Yaml')
cd /Users/admin/builder/spi-builder-workspace/.dependencies/checkouts/Yaml
write-file /Users/admin/builder/spi-builder-workspace/.derivedData/Build/Intermediates.noindex/Yaml.build/Debug-watchos/Yaml-t.build/Objects-normal/arm64_32/Yaml-OutputFileMap.json
WriteAuxiliaryFile /Users/admin/builder/spi-builder-workspace/.derivedData/Build/Intermediates.noindex/Yaml.build/Debug-watchos/Yaml-t.build/Objects-normal/arm64/Yaml_const_extract_protocols.json (in target 'Yaml' from project 'Yaml')
cd /Users/admin/builder/spi-builder-workspace/.dependencies/checkouts/Yaml
write-file /Users/admin/builder/spi-builder-workspace/.derivedData/Build/Intermediates.noindex/Yaml.build/Debug-watchos/Yaml-t.build/Objects-normal/arm64/Yaml_const_extract_protocols.json
WriteAuxiliaryFile /Users/admin/builder/spi-builder-workspace/.derivedData/Build/Intermediates.noindex/Yaml.build/Debug-watchos/Yaml-t.build/Objects-normal/arm64/Yaml.SwiftFileList (in target 'Yaml' from project 'Yaml')
cd /Users/admin/builder/spi-builder-workspace/.dependencies/checkouts/Yaml
write-file /Users/admin/builder/spi-builder-workspace/.derivedData/Build/Intermediates.noindex/Yaml.build/Debug-watchos/Yaml-t.build/Objects-normal/arm64/Yaml.SwiftFileList
WriteAuxiliaryFile /Users/admin/builder/spi-builder-workspace/.derivedData/Build/Intermediates.noindex/Yaml.build/Debug-watchos/Yaml-t.build/Objects-normal/arm64/Yaml.SwiftConstValuesFileList (in target 'Yaml' from project 'Yaml')
cd /Users/admin/builder/spi-builder-workspace/.dependencies/checkouts/Yaml
write-file /Users/admin/builder/spi-builder-workspace/.derivedData/Build/Intermediates.noindex/Yaml.build/Debug-watchos/Yaml-t.build/Objects-normal/arm64/Yaml.SwiftConstValuesFileList
WriteAuxiliaryFile /Users/admin/builder/spi-builder-workspace/.derivedData/Build/Intermediates.noindex/Yaml.build/Debug-watchos/Yaml-t.build/Objects-normal/arm64/Yaml.LinkFileList (in target 'Yaml' from project 'Yaml')
cd /Users/admin/builder/spi-builder-workspace/.dependencies/checkouts/Yaml
write-file /Users/admin/builder/spi-builder-workspace/.derivedData/Build/Intermediates.noindex/Yaml.build/Debug-watchos/Yaml-t.build/Objects-normal/arm64/Yaml.LinkFileList
WriteAuxiliaryFile /Users/admin/builder/spi-builder-workspace/.derivedData/Build/Intermediates.noindex/Yaml.build/Debug-watchos/Yaml-t.build/Objects-normal/arm64/Yaml-OutputFileMap.json (in target 'Yaml' from project 'Yaml')
cd /Users/admin/builder/spi-builder-workspace/.dependencies/checkouts/Yaml
write-file /Users/admin/builder/spi-builder-workspace/.derivedData/Build/Intermediates.noindex/Yaml.build/Debug-watchos/Yaml-t.build/Objects-normal/arm64/Yaml-OutputFileMap.json
WriteAuxiliaryFile /Users/admin/builder/spi-builder-workspace/.derivedData/Build/Intermediates.noindex/ProcessRunner.build/Debug-watchos/ProcessRunner-t.build/ProcessRunner.DependencyStaticMetadataFileList (in target 'ProcessRunner' from project 'ProcessRunner')
cd /Users/admin/builder/spi-builder-workspace/.dependencies/checkouts/ProcessRunner
write-file /Users/admin/builder/spi-builder-workspace/.derivedData/Build/Intermediates.noindex/ProcessRunner.build/Debug-watchos/ProcessRunner-t.build/ProcessRunner.DependencyStaticMetadataFileList
Copy /Users/admin/builder/spi-builder-workspace/.derivedData/Build/Intermediates.noindex/GeneratedModuleMaps-watchos/Yaml.modulemap /Users/admin/builder/spi-builder-workspace/.derivedData/Build/Intermediates.noindex/Yaml.build/Debug-watchos/Yaml-t.build/Yaml.modulemap (in target 'Yaml' from project 'Yaml')
cd /Users/admin/builder/spi-builder-workspace/.dependencies/checkouts/Yaml
builtin-copy -exclude .DS_Store -exclude CVS -exclude .svn -exclude .git -exclude .hg -resolve-src-symlinks /Users/admin/builder/spi-builder-workspace/.derivedData/Build/Intermediates.noindex/Yaml.build/Debug-watchos/Yaml-t.build/Yaml.modulemap /Users/admin/builder/spi-builder-workspace/.derivedData/Build/Intermediates.noindex/GeneratedModuleMaps-watchos
WriteAuxiliaryFile /Users/admin/builder/spi-builder-workspace/.derivedData/Build/Intermediates.noindex/ProcessRunner.build/Debug-watchos/ProcessRunner-t.build/ProcessRunner.DependencyMetadataFileList (in target 'ProcessRunner' from project 'ProcessRunner')
cd /Users/admin/builder/spi-builder-workspace/.dependencies/checkouts/ProcessRunner
write-file /Users/admin/builder/spi-builder-workspace/.derivedData/Build/Intermediates.noindex/ProcessRunner.build/Debug-watchos/ProcessRunner-t.build/ProcessRunner.DependencyMetadataFileList
WriteAuxiliaryFile /Users/admin/builder/spi-builder-workspace/.derivedData/Build/Intermediates.noindex/ProcessRunner.build/Debug-watchos/ProcessRunner-t.build/Objects-normal/arm64_32/ProcessRunner.SwiftConstValuesFileList (in target 'ProcessRunner' from project 'ProcessRunner')
cd /Users/admin/builder/spi-builder-workspace/.dependencies/checkouts/ProcessRunner
write-file /Users/admin/builder/spi-builder-workspace/.derivedData/Build/Intermediates.noindex/ProcessRunner.build/Debug-watchos/ProcessRunner-t.build/Objects-normal/arm64_32/ProcessRunner.SwiftConstValuesFileList
WriteAuxiliaryFile /Users/admin/builder/spi-builder-workspace/.derivedData/Build/Intermediates.noindex/ProcessRunner.build/Debug-watchos/ProcessRunner-t.build/Objects-normal/arm64/ProcessRunner_const_extract_protocols.json (in target 'ProcessRunner' from project 'ProcessRunner')
cd /Users/admin/builder/spi-builder-workspace/.dependencies/checkouts/ProcessRunner
write-file /Users/admin/builder/spi-builder-workspace/.derivedData/Build/Intermediates.noindex/ProcessRunner.build/Debug-watchos/ProcessRunner-t.build/Objects-normal/arm64/ProcessRunner_const_extract_protocols.json
WriteAuxiliaryFile /Users/admin/builder/spi-builder-workspace/.derivedData/Build/Intermediates.noindex/ProcessRunner.build/Debug-watchos/ProcessRunner-t.build/Objects-normal/arm64/ProcessRunner.SwiftFileList (in target 'ProcessRunner' from project 'ProcessRunner')
cd /Users/admin/builder/spi-builder-workspace/.dependencies/checkouts/ProcessRunner
write-file /Users/admin/builder/spi-builder-workspace/.derivedData/Build/Intermediates.noindex/ProcessRunner.build/Debug-watchos/ProcessRunner-t.build/Objects-normal/arm64/ProcessRunner.SwiftFileList
WriteAuxiliaryFile /Users/admin/builder/spi-builder-workspace/.derivedData/Build/Intermediates.noindex/ProcessRunner.build/Debug-watchos/ProcessRunner-t.build/Objects-normal/arm64/ProcessRunner.SwiftConstValuesFileList (in target 'ProcessRunner' from project 'ProcessRunner')
cd /Users/admin/builder/spi-builder-workspace/.dependencies/checkouts/ProcessRunner
write-file /Users/admin/builder/spi-builder-workspace/.derivedData/Build/Intermediates.noindex/ProcessRunner.build/Debug-watchos/ProcessRunner-t.build/Objects-normal/arm64/ProcessRunner.SwiftConstValuesFileList
WriteAuxiliaryFile /Users/admin/builder/spi-builder-workspace/.derivedData/Build/Intermediates.noindex/ProcessRunner.build/Debug-watchos/ProcessRunner-t.build/Objects-normal/arm64/ProcessRunner.LinkFileList (in target 'ProcessRunner' from project 'ProcessRunner')
cd /Users/admin/builder/spi-builder-workspace/.dependencies/checkouts/ProcessRunner
write-file /Users/admin/builder/spi-builder-workspace/.derivedData/Build/Intermediates.noindex/ProcessRunner.build/Debug-watchos/ProcessRunner-t.build/Objects-normal/arm64/ProcessRunner.LinkFileList
WriteAuxiliaryFile /Users/admin/builder/spi-builder-workspace/.derivedData/Build/Intermediates.noindex/ProcessRunner.build/Debug-watchos/ProcessRunner-t.build/Objects-normal/arm64/ProcessRunner-OutputFileMap.json (in target 'ProcessRunner' from project 'ProcessRunner')
cd /Users/admin/builder/spi-builder-workspace/.dependencies/checkouts/ProcessRunner
write-file /Users/admin/builder/spi-builder-workspace/.derivedData/Build/Intermediates.noindex/ProcessRunner.build/Debug-watchos/ProcessRunner-t.build/Objects-normal/arm64/ProcessRunner-OutputFileMap.json
Copy /Users/admin/builder/spi-builder-workspace/.derivedData/Build/Intermediates.noindex/GeneratedModuleMaps-watchos/ProcessRunner.modulemap /Users/admin/builder/spi-builder-workspace/.derivedData/Build/Intermediates.noindex/ProcessRunner.build/Debug-watchos/ProcessRunner-t.build/ProcessRunner.modulemap (in target 'ProcessRunner' from project 'ProcessRunner')
cd /Users/admin/builder/spi-builder-workspace/.dependencies/checkouts/ProcessRunner
builtin-copy -exclude .DS_Store -exclude CVS -exclude .svn -exclude .git -exclude .hg -resolve-src-symlinks /Users/admin/builder/spi-builder-workspace/.derivedData/Build/Intermediates.noindex/ProcessRunner.build/Debug-watchos/ProcessRunner-t.build/ProcessRunner.modulemap /Users/admin/builder/spi-builder-workspace/.derivedData/Build/Intermediates.noindex/GeneratedModuleMaps-watchos
WriteAuxiliaryFile /Users/admin/builder/spi-builder-workspace/.derivedData/Build/Intermediates.noindex/CliRunnable.build/Debug-watchos/CliRunnable-t.build/Objects-normal/arm64_32/CliRunnable.SwiftConstValuesFileList (in target 'CliRunnable' from project 'CliRunnable')
cd /Users/admin/builder/spi-builder-workspace
write-file /Users/admin/builder/spi-builder-workspace/.derivedData/Build/Intermediates.noindex/CliRunnable.build/Debug-watchos/CliRunnable-t.build/Objects-normal/arm64_32/CliRunnable.SwiftConstValuesFileList
WriteAuxiliaryFile /Users/admin/builder/spi-builder-workspace/.derivedData/Build/Intermediates.noindex/CliRunnable.build/Debug-watchos/CliRunnable-t.build/Objects-normal/arm64_32/CliRunnable_const_extract_protocols.json (in target 'CliRunnable' from project 'CliRunnable')
cd /Users/admin/builder/spi-builder-workspace
write-file /Users/admin/builder/spi-builder-workspace/.derivedData/Build/Intermediates.noindex/CliRunnable.build/Debug-watchos/CliRunnable-t.build/Objects-normal/arm64_32/CliRunnable_const_extract_protocols.json
WriteAuxiliaryFile /Users/admin/builder/spi-builder-workspace/.derivedData/Build/Intermediates.noindex/CliRunnable.build/Debug-watchos/CliRunnable-t.build/Objects-normal/arm64_32/CliRunnable-OutputFileMap.json (in target 'CliRunnable' from project 'CliRunnable')
cd /Users/admin/builder/spi-builder-workspace
write-file /Users/admin/builder/spi-builder-workspace/.derivedData/Build/Intermediates.noindex/CliRunnable.build/Debug-watchos/CliRunnable-t.build/Objects-normal/arm64_32/CliRunnable-OutputFileMap.json
WriteAuxiliaryFile /Users/admin/builder/spi-builder-workspace/.derivedData/Build/Intermediates.noindex/CliRunnable.build/Debug-watchos/CliRunnable-t.build/Objects-normal/arm64_32/CliRunnable.LinkFileList (in target 'CliRunnable' from project 'CliRunnable')
cd /Users/admin/builder/spi-builder-workspace
write-file /Users/admin/builder/spi-builder-workspace/.derivedData/Build/Intermediates.noindex/CliRunnable.build/Debug-watchos/CliRunnable-t.build/Objects-normal/arm64_32/CliRunnable.LinkFileList
WriteAuxiliaryFile /Users/admin/builder/spi-builder-workspace/.derivedData/Build/Intermediates.noindex/CliRunnable.build/Debug-watchos/CliRunnable-t.build/Objects-normal/arm64_32/CliRunnable.SwiftFileList (in target 'CliRunnable' from project 'CliRunnable')
cd /Users/admin/builder/spi-builder-workspace
write-file /Users/admin/builder/spi-builder-workspace/.derivedData/Build/Intermediates.noindex/CliRunnable.build/Debug-watchos/CliRunnable-t.build/Objects-normal/arm64_32/CliRunnable.SwiftFileList
WriteAuxiliaryFile /Users/admin/builder/spi-builder-workspace/.derivedData/Build/Intermediates.noindex/CliRunnable.build/Debug-watchos/CliRunnable-t.build/Objects-normal/arm64/CliRunnable_const_extract_protocols.json (in target 'CliRunnable' from project 'CliRunnable')
cd /Users/admin/builder/spi-builder-workspace
write-file /Users/admin/builder/spi-builder-workspace/.derivedData/Build/Intermediates.noindex/CliRunnable.build/Debug-watchos/CliRunnable-t.build/Objects-normal/arm64/CliRunnable_const_extract_protocols.json
WriteAuxiliaryFile /Users/admin/builder/spi-builder-workspace/.derivedData/Build/Intermediates.noindex/CliRunnable.build/Debug-watchos/CliRunnable-t.build/Objects-normal/arm64/CliRunnable.SwiftFileList (in target 'CliRunnable' from project 'CliRunnable')
cd /Users/admin/builder/spi-builder-workspace
write-file /Users/admin/builder/spi-builder-workspace/.derivedData/Build/Intermediates.noindex/CliRunnable.build/Debug-watchos/CliRunnable-t.build/Objects-normal/arm64/CliRunnable.SwiftFileList
WriteAuxiliaryFile /Users/admin/builder/spi-builder-workspace/.derivedData/Build/Intermediates.noindex/CliRunnable.build/Debug-watchos/CliRunnable-t.build/Objects-normal/arm64/CliRunnable.SwiftConstValuesFileList (in target 'CliRunnable' from project 'CliRunnable')
cd /Users/admin/builder/spi-builder-workspace
write-file /Users/admin/builder/spi-builder-workspace/.derivedData/Build/Intermediates.noindex/CliRunnable.build/Debug-watchos/CliRunnable-t.build/Objects-normal/arm64/CliRunnable.SwiftConstValuesFileList
WriteAuxiliaryFile /Users/admin/builder/spi-builder-workspace/.derivedData/Build/Intermediates.noindex/CliRunnable.build/Debug-watchos/CliRunnable-t.build/Objects-normal/arm64/CliRunnable.LinkFileList (in target 'CliRunnable' from project 'CliRunnable')
cd /Users/admin/builder/spi-builder-workspace
write-file /Users/admin/builder/spi-builder-workspace/.derivedData/Build/Intermediates.noindex/CliRunnable.build/Debug-watchos/CliRunnable-t.build/Objects-normal/arm64/CliRunnable.LinkFileList
WriteAuxiliaryFile /Users/admin/builder/spi-builder-workspace/.derivedData/Build/Intermediates.noindex/CliRunnable.build/Debug-watchos/CliRunnable-t.build/CliRunnable.modulemap (in target 'CliRunnable' from project 'CliRunnable')
cd /Users/admin/builder/spi-builder-workspace
write-file /Users/admin/builder/spi-builder-workspace/.derivedData/Build/Intermediates.noindex/CliRunnable.build/Debug-watchos/CliRunnable-t.build/CliRunnable.modulemap
WriteAuxiliaryFile /Users/admin/builder/spi-builder-workspace/.derivedData/Build/Intermediates.noindex/CliRunnable.build/Debug-watchos/CliRunnable-t.build/Objects-normal/arm64/CliRunnable-OutputFileMap.json (in target 'CliRunnable' from project 'CliRunnable')
cd /Users/admin/builder/spi-builder-workspace
write-file /Users/admin/builder/spi-builder-workspace/.derivedData/Build/Intermediates.noindex/CliRunnable.build/Debug-watchos/CliRunnable-t.build/Objects-normal/arm64/CliRunnable-OutputFileMap.json
WriteAuxiliaryFile /Users/admin/builder/spi-builder-workspace/.derivedData/Build/Intermediates.noindex/CliRunnable.build/Debug-watchos/CliRunnable-t.build/CliRunnable.DependencyStaticMetadataFileList (in target 'CliRunnable' from project 'CliRunnable')
cd /Users/admin/builder/spi-builder-workspace
write-file /Users/admin/builder/spi-builder-workspace/.derivedData/Build/Intermediates.noindex/CliRunnable.build/Debug-watchos/CliRunnable-t.build/CliRunnable.DependencyStaticMetadataFileList
WriteAuxiliaryFile /Users/admin/builder/spi-builder-workspace/.derivedData/Build/Intermediates.noindex/CliRunnable.build/Debug-watchos/CliRunnable-t.build/CliRunnable.DependencyMetadataFileList (in target 'CliRunnable' from project 'CliRunnable')
cd /Users/admin/builder/spi-builder-workspace
write-file /Users/admin/builder/spi-builder-workspace/.derivedData/Build/Intermediates.noindex/CliRunnable.build/Debug-watchos/CliRunnable-t.build/CliRunnable.DependencyMetadataFileList
Copy /Users/admin/builder/spi-builder-workspace/.derivedData/Build/Intermediates.noindex/GeneratedModuleMaps-watchos/CliRunnable.modulemap /Users/admin/builder/spi-builder-workspace/.derivedData/Build/Intermediates.noindex/CliRunnable.build/Debug-watchos/CliRunnable-t.build/CliRunnable.modulemap (in target 'CliRunnable' from project 'CliRunnable')
cd /Users/admin/builder/spi-builder-workspace
builtin-copy -exclude .DS_Store -exclude CVS -exclude .svn -exclude .git -exclude .hg -resolve-src-symlinks /Users/admin/builder/spi-builder-workspace/.derivedData/Build/Intermediates.noindex/CliRunnable.build/Debug-watchos/CliRunnable-t.build/CliRunnable.modulemap /Users/admin/builder/spi-builder-workspace/.derivedData/Build/Intermediates.noindex/GeneratedModuleMaps-watchos
SwiftDriver ProcessRunner normal arm64 com.apple.xcode.tools.swift.compiler (in target 'ProcessRunner' from project 'ProcessRunner')
cd /Users/admin/builder/spi-builder-workspace/.swiftpm/xcode
builtin-SwiftDriver -- /Applications/Xcode-27.0.0-Release.Candidate.app/Contents/Developer/Toolchains/XcodeDefault.xctoolchain/usr/bin/swiftc -parse-as-library -module-name ProcessRunner -Onone @/Users/admin/builder/spi-builder-workspace/.derivedData/Build/Intermediates.noindex/ProcessRunner.build/Debug-watchos/ProcessRunner-t.build/Objects-normal/arm64/ProcessRunner.SwiftFileList -DSWIFT_PACKAGE -DDEBUG -DSWIFT_MODULE_RESOURCE_BUNDLE_UNAVAILABLE -DXcode -plugin-path /Applications/Xcode-27.0.0-Release.Candidate.app/Contents/Developer/Toolchains/XcodeDefault.xctoolchain/usr/lib/swift/host/plugins/testing -enable-experimental-feature DebugDescriptionMacro -sdk /Applications/Xcode-27.0.0-Release.Candidate.app/Contents/Developer/Platforms/WatchOS.platform/Developer/SDKs/WatchOS27.0.sdk -target arm64-apple-watchos9.0 -g -module-cache-path /Users/admin/builder/spi-builder-workspace/.derivedData/ModuleCache.noindex -Xfrontend -serialize-debugging-options -profile-coverage-mapping -profile-generate -enable-testing -suppress-warnings -index-store-path /Users/admin/builder/spi-builder-workspace/.derivedData/Index.noindex/DataStore -Xcc -D_LIBCPP_HARDENING_MODE\=_LIBCPP_HARDENING_MODE_DEBUG -swift-version 4 -I /Users/admin/builder/spi-builder-workspace/.derivedData/Build/Products/Debug-watchos -Isystem /Applications/Xcode-27.0.0-Release.Candidate.app/Contents/Developer/Platforms/WatchOS.platform/Developer/usr/lib -F /Users/admin/builder/spi-builder-workspace/.derivedData/Build/Products/Debug-watchos -F /Applications/Xcode-27.0.0-Release.Candidate.app/Contents/Developer/Platforms/WatchOS.platform/Developer/Library/Frameworks -F /Applications/Xcode-27.0.0-Release.Candidate.app/Contents/Developer/Platforms/WatchOS.platform/Developer/SDKs/WatchOS27.0.sdk/Developer/Library/Frameworks -c -j10 -enable-batch-mode -incremental -Xcc -ivfsstatcache -Xcc /Users/admin/builder/spi-builder-workspace/.derivedData/SDKStatCaches.noindex/watchos27.0-24R360-e829b21a6f8c9b70876ba0858053c04477534ef55a1706bf4c1112bbb242f0a2.sdkstatcache -output-file-map /Users/admin/builder/spi-builder-workspace/.derivedData/Build/Intermediates.noindex/ProcessRunner.build/Debug-watchos/ProcessRunner-t.build/Objects-normal/arm64/ProcessRunner-OutputFileMap.json -save-temps -no-color-diagnostics -emit-dependencies -emit-module -emit-module-path /Users/admin/builder/spi-builder-workspace/.derivedData/Build/Intermediates.noindex/ProcessRunner.build/Debug-watchos/ProcessRunner-t.build/Objects-normal/arm64/ProcessRunner.swiftmodule -serialize-diagnostics -validate-clang-modules-once -clang-build-session-file /Users/admin/builder/spi-builder-workspace/.derivedData/ModuleCache.noindex/Session.modulevalidation -Xcc -fmodules-prune-interval\=86400 -Xcc -fmodules-prune-after\=345600 -emit-const-values -const-gather-protocols-list /Users/admin/builder/spi-builder-workspace/.derivedData/Build/Intermediates.noindex/ProcessRunner.build/Debug-watchos/ProcessRunner-t.build/Objects-normal/arm64/ProcessRunner_const_extract_protocols.json -Xcc -I/Users/admin/builder/spi-builder-workspace/.derivedData/Build/Products/Debug-watchos/include -Xcc -I/Users/admin/builder/spi-builder-workspace/.derivedData/Build/Intermediates.noindex/ProcessRunner.build/Debug-watchos/ProcessRunner-t.build/DerivedSources-normal/arm64 -Xcc -I/Users/admin/builder/spi-builder-workspace/.derivedData/Build/Intermediates.noindex/ProcessRunner.build/Debug-watchos/ProcessRunner-t.build/DerivedSources/arm64 -Xcc -I/Users/admin/builder/spi-builder-workspace/.derivedData/Build/Intermediates.noindex/ProcessRunner.build/Debug-watchos/ProcessRunner-t.build/DerivedSources -Xcc -DSWIFT_PACKAGE -Xcc -DDEBUG\=1 -emit-objc-header -emit-objc-header-path /Users/admin/builder/spi-builder-workspace/.derivedData/Build/Intermediates.noindex/ProcessRunner.build/Debug-watchos/ProcessRunner-t.build/Objects-normal/arm64/ProcessRunner-Swift.h -working-directory /Users/admin/builder/spi-builder-workspace/.swiftpm/xcode -experimental-emit-module-separately -disable-cmo
SwiftDriver Yaml normal arm64 com.apple.xcode.tools.swift.compiler (in target 'Yaml' from project 'Yaml')
cd /Users/admin/builder/spi-builder-workspace/.swiftpm/xcode
builtin-SwiftDriver -- /Applications/Xcode-27.0.0-Release.Candidate.app/Contents/Developer/Toolchains/XcodeDefault.xctoolchain/usr/bin/swiftc -parse-as-library -module-name Yaml -Onone @/Users/admin/builder/spi-builder-workspace/.derivedData/Build/Intermediates.noindex/Yaml.build/Debug-watchos/Yaml-t.build/Objects-normal/arm64/Yaml.SwiftFileList -DSWIFT_PACKAGE -DDEBUG -DSWIFT_MODULE_RESOURCE_BUNDLE_UNAVAILABLE -DXcode -plugin-path /Applications/Xcode-27.0.0-Release.Candidate.app/Contents/Developer/Toolchains/XcodeDefault.xctoolchain/usr/lib/swift/host/plugins/testing -enable-experimental-feature DebugDescriptionMacro -sdk /Applications/Xcode-27.0.0-Release.Candidate.app/Contents/Developer/Platforms/WatchOS.platform/Developer/SDKs/WatchOS27.0.sdk -target arm64-apple-watchos9.0 -g -module-cache-path /Users/admin/builder/spi-builder-workspace/.derivedData/ModuleCache.noindex -Xfrontend -serialize-debugging-options -profile-coverage-mapping -profile-generate -enable-testing -suppress-warnings -index-store-path /Users/admin/builder/spi-builder-workspace/.derivedData/Index.noindex/DataStore -Xcc -D_LIBCPP_HARDENING_MODE\=_LIBCPP_HARDENING_MODE_DEBUG -swift-version 4 -I /Users/admin/builder/spi-builder-workspace/.derivedData/Build/Products/Debug-watchos -Isystem /Applications/Xcode-27.0.0-Release.Candidate.app/Contents/Developer/Platforms/WatchOS.platform/Developer/usr/lib -F /Users/admin/builder/spi-builder-workspace/.derivedData/Build/Products/Debug-watchos -F /Applications/Xcode-27.0.0-Release.Candidate.app/Contents/Developer/Platforms/WatchOS.platform/Developer/Library/Frameworks -F /Applications/Xcode-27.0.0-Release.Candidate.app/Contents/Developer/Platforms/WatchOS.platform/Developer/SDKs/WatchOS27.0.sdk/Developer/Library/Frameworks -c -j10 -enable-batch-mode -incremental -Xcc -ivfsstatcache -Xcc /Users/admin/builder/spi-builder-workspace/.derivedData/SDKStatCaches.noindex/watchos27.0-24R360-e829b21a6f8c9b70876ba0858053c04477534ef55a1706bf4c1112bbb242f0a2.sdkstatcache -output-file-map /Users/admin/builder/spi-builder-workspace/.derivedData/Build/Intermediates.noindex/Yaml.build/Debug-watchos/Yaml-t.build/Objects-normal/arm64/Yaml-OutputFileMap.json -save-temps -no-color-diagnostics -emit-dependencies -emit-module -emit-module-path /Users/admin/builder/spi-builder-workspace/.derivedData/Build/Intermediates.noindex/Yaml.build/Debug-watchos/Yaml-t.build/Objects-normal/arm64/Yaml.swiftmodule -serialize-diagnostics -validate-clang-modules-once -clang-build-session-file /Users/admin/builder/spi-builder-workspace/.derivedData/ModuleCache.noindex/Session.modulevalidation -Xcc -fmodules-prune-interval\=86400 -Xcc -fmodules-prune-after\=345600 -emit-const-values -const-gather-protocols-list /Users/admin/builder/spi-builder-workspace/.derivedData/Build/Intermediates.noindex/Yaml.build/Debug-watchos/Yaml-t.build/Objects-normal/arm64/Yaml_const_extract_protocols.json -Xcc -I/Users/admin/builder/spi-builder-workspace/.derivedData/Build/Products/Debug-watchos/include -Xcc -I/Users/admin/builder/spi-builder-workspace/.derivedData/Build/Intermediates.noindex/Yaml.build/Debug-watchos/Yaml-t.build/DerivedSources-normal/arm64 -Xcc -I/Users/admin/builder/spi-builder-workspace/.derivedData/Build/Intermediates.noindex/Yaml.build/Debug-watchos/Yaml-t.build/DerivedSources/arm64 -Xcc -I/Users/admin/builder/spi-builder-workspace/.derivedData/Build/Intermediates.noindex/Yaml.build/Debug-watchos/Yaml-t.build/DerivedSources -Xcc -DSWIFT_PACKAGE -Xcc -DDEBUG\=1 -emit-objc-header -emit-objc-header-path /Users/admin/builder/spi-builder-workspace/.derivedData/Build/Intermediates.noindex/Yaml.build/Debug-watchos/Yaml-t.build/Objects-normal/arm64/Yaml-Swift.h -working-directory /Users/admin/builder/spi-builder-workspace/.swiftpm/xcode -experimental-emit-module-separately -disable-cmo
SwiftDriver Yaml normal arm64_32 com.apple.xcode.tools.swift.compiler (in target 'Yaml' from project 'Yaml')
cd /Users/admin/builder/spi-builder-workspace/.swiftpm/xcode
builtin-SwiftDriver -- /Applications/Xcode-27.0.0-Release.Candidate.app/Contents/Developer/Toolchains/XcodeDefault.xctoolchain/usr/bin/swiftc -parse-as-library -module-name Yaml -Onone @/Users/admin/builder/spi-builder-workspace/.derivedData/Build/Intermediates.noindex/Yaml.build/Debug-watchos/Yaml-t.build/Objects-normal/arm64_32/Yaml.SwiftFileList -DSWIFT_PACKAGE -DDEBUG -DSWIFT_MODULE_RESOURCE_BUNDLE_UNAVAILABLE -DXcode -plugin-path /Applications/Xcode-27.0.0-Release.Candidate.app/Contents/Developer/Toolchains/XcodeDefault.xctoolchain/usr/lib/swift/host/plugins/testing -enable-experimental-feature DebugDescriptionMacro -sdk /Applications/Xcode-27.0.0-Release.Candidate.app/Contents/Developer/Platforms/WatchOS.platform/Developer/SDKs/WatchOS27.0.sdk -target arm64_32-apple-watchos9.0 -g -module-cache-path /Users/admin/builder/spi-builder-workspace/.derivedData/ModuleCache.noindex -Xfrontend -serialize-debugging-options -profile-coverage-mapping -profile-generate -enable-testing -suppress-warnings -index-store-path /Users/admin/builder/spi-builder-workspace/.derivedData/Index.noindex/DataStore -Xcc -D_LIBCPP_HARDENING_MODE\=_LIBCPP_HARDENING_MODE_DEBUG -swift-version 4 -I /Users/admin/builder/spi-builder-workspace/.derivedData/Build/Products/Debug-watchos -Isystem /Applications/Xcode-27.0.0-Release.Candidate.app/Contents/Developer/Platforms/WatchOS.platform/Developer/usr/lib -F /Users/admin/builder/spi-builder-workspace/.derivedData/Build/Products/Debug-watchos -F /Applications/Xcode-27.0.0-Release.Candidate.app/Contents/Developer/Platforms/WatchOS.platform/Developer/Library/Frameworks -F /Applications/Xcode-27.0.0-Release.Candidate.app/Contents/Developer/Platforms/WatchOS.platform/Developer/SDKs/WatchOS27.0.sdk/Developer/Library/Frameworks -c -j10 -enable-batch-mode -incremental -Xcc -ivfsstatcache -Xcc /Users/admin/builder/spi-builder-workspace/.derivedData/SDKStatCaches.noindex/watchos27.0-24R360-e829b21a6f8c9b70876ba0858053c04477534ef55a1706bf4c1112bbb242f0a2.sdkstatcache -output-file-map /Users/admin/builder/spi-builder-workspace/.derivedData/Build/Intermediates.noindex/Yaml.build/Debug-watchos/Yaml-t.build/Objects-normal/arm64_32/Yaml-OutputFileMap.json -save-temps -no-color-diagnostics -emit-dependencies -emit-module -emit-module-path /Users/admin/builder/spi-builder-workspace/.derivedData/Build/Intermediates.noindex/Yaml.build/Debug-watchos/Yaml-t.build/Objects-normal/arm64_32/Yaml.swiftmodule -serialize-diagnostics -validate-clang-modules-once -clang-build-session-file /Users/admin/builder/spi-builder-workspace/.derivedData/ModuleCache.noindex/Session.modulevalidation -Xcc -fmodules-prune-interval\=86400 -Xcc -fmodules-prune-after\=345600 -emit-const-values -const-gather-protocols-list /Users/admin/builder/spi-builder-workspace/.derivedData/Build/Intermediates.noindex/Yaml.build/Debug-watchos/Yaml-t.build/Objects-normal/arm64_32/Yaml_const_extract_protocols.json -Xcc -I/Users/admin/builder/spi-builder-workspace/.derivedData/Build/Products/Debug-watchos/include -Xcc -I/Users/admin/builder/spi-builder-workspace/.derivedData/Build/Intermediates.noindex/Yaml.build/Debug-watchos/Yaml-t.build/DerivedSources-normal/arm64_32 -Xcc -I/Users/admin/builder/spi-builder-workspace/.derivedData/Build/Intermediates.noindex/Yaml.build/Debug-watchos/Yaml-t.build/DerivedSources/arm64_32 -Xcc -I/Users/admin/builder/spi-builder-workspace/.derivedData/Build/Intermediates.noindex/Yaml.build/Debug-watchos/Yaml-t.build/DerivedSources -Xcc -DSWIFT_PACKAGE -Xcc -DDEBUG\=1 -emit-objc-header -emit-objc-header-path /Users/admin/builder/spi-builder-workspace/.derivedData/Build/Intermediates.noindex/Yaml.build/Debug-watchos/Yaml-t.build/Objects-normal/arm64_32/Yaml-Swift.h -working-directory /Users/admin/builder/spi-builder-workspace/.swiftpm/xcode -experimental-emit-module-separately -disable-cmo
SwiftDriver ProcessRunner normal arm64_32 com.apple.xcode.tools.swift.compiler (in target 'ProcessRunner' from project 'ProcessRunner')
cd /Users/admin/builder/spi-builder-workspace/.swiftpm/xcode
builtin-SwiftDriver -- /Applications/Xcode-27.0.0-Release.Candidate.app/Contents/Developer/Toolchains/XcodeDefault.xctoolchain/usr/bin/swiftc -parse-as-library -module-name ProcessRunner -Onone @/Users/admin/builder/spi-builder-workspace/.derivedData/Build/Intermediates.noindex/ProcessRunner.build/Debug-watchos/ProcessRunner-t.build/Objects-normal/arm64_32/ProcessRunner.SwiftFileList -DSWIFT_PACKAGE -DDEBUG -DSWIFT_MODULE_RESOURCE_BUNDLE_UNAVAILABLE -DXcode -plugin-path /Applications/Xcode-27.0.0-Release.Candidate.app/Contents/Developer/Toolchains/XcodeDefault.xctoolchain/usr/lib/swift/host/plugins/testing -enable-experimental-feature DebugDescriptionMacro -sdk /Applications/Xcode-27.0.0-Release.Candidate.app/Contents/Developer/Platforms/WatchOS.platform/Developer/SDKs/WatchOS27.0.sdk -target arm64_32-apple-watchos9.0 -g -module-cache-path /Users/admin/builder/spi-builder-workspace/.derivedData/ModuleCache.noindex -Xfrontend -serialize-debugging-options -profile-coverage-mapping -profile-generate -enable-testing -suppress-warnings -index-store-path /Users/admin/builder/spi-builder-workspace/.derivedData/Index.noindex/DataStore -Xcc -D_LIBCPP_HARDENING_MODE\=_LIBCPP_HARDENING_MODE_DEBUG -swift-version 4 -I /Users/admin/builder/spi-builder-workspace/.derivedData/Build/Products/Debug-watchos -Isystem /Applications/Xcode-27.0.0-Release.Candidate.app/Contents/Developer/Platforms/WatchOS.platform/Developer/usr/lib -F /Users/admin/builder/spi-builder-workspace/.derivedData/Build/Products/Debug-watchos -F /Applications/Xcode-27.0.0-Release.Candidate.app/Contents/Developer/Platforms/WatchOS.platform/Developer/Library/Frameworks -F /Applications/Xcode-27.0.0-Release.Candidate.app/Contents/Developer/Platforms/WatchOS.platform/Developer/SDKs/WatchOS27.0.sdk/Developer/Library/Frameworks -c -j10 -enable-batch-mode -incremental -Xcc -ivfsstatcache -Xcc /Users/admin/builder/spi-builder-workspace/.derivedData/SDKStatCaches.noindex/watchos27.0-24R360-e829b21a6f8c9b70876ba0858053c04477534ef55a1706bf4c1112bbb242f0a2.sdkstatcache -output-file-map /Users/admin/builder/spi-builder-workspace/.derivedData/Build/Intermediates.noindex/ProcessRunner.build/Debug-watchos/ProcessRunner-t.build/Objects-normal/arm64_32/ProcessRunner-OutputFileMap.json -save-temps -no-color-diagnostics -emit-dependencies -emit-module -emit-module-path /Users/admin/builder/spi-builder-workspace/.derivedData/Build/Intermediates.noindex/ProcessRunner.build/Debug-watchos/ProcessRunner-t.build/Objects-normal/arm64_32/ProcessRunner.swiftmodule -serialize-diagnostics -validate-clang-modules-once -clang-build-session-file /Users/admin/builder/spi-builder-workspace/.derivedData/ModuleCache.noindex/Session.modulevalidation -Xcc -fmodules-prune-interval\=86400 -Xcc -fmodules-prune-after\=345600 -emit-const-values -const-gather-protocols-list /Users/admin/builder/spi-builder-workspace/.derivedData/Build/Intermediates.noindex/ProcessRunner.build/Debug-watchos/ProcessRunner-t.build/Objects-normal/arm64_32/ProcessRunner_const_extract_protocols.json -Xcc -I/Users/admin/builder/spi-builder-workspace/.derivedData/Build/Products/Debug-watchos/include -Xcc -I/Users/admin/builder/spi-builder-workspace/.derivedData/Build/Intermediates.noindex/ProcessRunner.build/Debug-watchos/ProcessRunner-t.build/DerivedSources-normal/arm64_32 -Xcc -I/Users/admin/builder/spi-builder-workspace/.derivedData/Build/Intermediates.noindex/ProcessRunner.build/Debug-watchos/ProcessRunner-t.build/DerivedSources/arm64_32 -Xcc -I/Users/admin/builder/spi-builder-workspace/.derivedData/Build/Intermediates.noindex/ProcessRunner.build/Debug-watchos/ProcessRunner-t.build/DerivedSources -Xcc -DSWIFT_PACKAGE -Xcc -DDEBUG\=1 -emit-objc-header -emit-objc-header-path /Users/admin/builder/spi-builder-workspace/.derivedData/Build/Intermediates.noindex/ProcessRunner.build/Debug-watchos/ProcessRunner-t.build/Objects-normal/arm64_32/ProcessRunner-Swift.h -working-directory /Users/admin/builder/spi-builder-workspace/.swiftpm/xcode -experimental-emit-module-separately -disable-cmo
SwiftEmitModule normal arm64 Emitting\ module\ for\ ProcessRunner (in target 'ProcessRunner' from project 'ProcessRunner')
SwiftCompile normal arm64 (in target 'ProcessRunner' from project 'ProcessRunner')
cd /Users/admin/builder/spi-builder-workspace/.swiftpm/xcode
/Users/admin/builder/spi-builder-workspace/.dependencies/checkouts/ProcessRunner/Sources/ProcessRunner/ProcessRunner.swift:47:34: error: cannot find type 'Process' in scope
45 |
46 |
47 | public let executingProcess: Process
| `- error: cannot find type 'Process' in scope
48 | public let stdOutPipe: Pipe
49 | public let stdErrPipe: Pipe
Failed frontend command:
/Applications/Xcode-27.0.0-Release.Candidate.app/Contents/Developer/Toolchains/XcodeDefault.xctoolchain/usr/bin/swift-frontend -frontend -emit-module -experimental-skip-non-inlinable-function-bodies-without-types /Users/admin/builder/spi-builder-workspace/.dependencies/checkouts/ProcessRunner/Sources/ProcessRunner/ProcessRunner.swift -target arm64-apple-watchos9.0 -Xllvm -aarch64-use-tbi -enable-objc-interop -stack-check -sdk /Applications/Xcode-27.0.0-Release.Candidate.app/Contents/Developer/Platforms/WatchOS.platform/Developer/SDKs/WatchOS27.0.sdk -I /Users/admin/builder/spi-builder-workspace/.derivedData/Build/Products/Debug-watchos -Isystem /Applications/Xcode-27.0.0-Release.Candidate.app/Contents/Developer/Platforms/WatchOS.platform/Developer/usr/lib -F /Users/admin/builder/spi-builder-workspace/.derivedData/Build/Products/Debug-watchos -F /Applications/Xcode-27.0.0-Release.Candidate.app/Contents/Developer/Platforms/WatchOS.platform/Developer/Library/Frameworks -F /Applications/Xcode-27.0.0-Release.Candidate.app/Contents/Developer/Platforms/WatchOS.platform/Developer/SDKs/WatchOS27.0.sdk/Developer/Library/Frameworks -module-cache-path /Users/admin/builder/spi-builder-workspace/.derivedData/ModuleCache.noindex -no-color-diagnostics -Xcc -fno-color-diagnostics -enable-testing -g -debug-info-format\=dwarf -dwarf-version\=4 -suppress-warnings -profile-generate -profile-coverage-mapping -swift-version 4 -Onone -D SWIFT_PACKAGE -D DEBUG -D SWIFT_MODULE_RESOURCE_BUNDLE_UNAVAILABLE -D Xcode -serialize-debugging-options -enable-experimental-feature DebugDescriptionMacro -empty-abi-descriptor -plugin-path /Applications/Xcode-27.0.0-Release.Candidate.app/Contents/Developer/Toolchains/XcodeDefault.xctoolchain/usr/lib/swift/host/plugins/testing -validate-clang-modules-once -clang-build-session-file /Users/admin/builder/spi-builder-workspace/.derivedData/ModuleCache.noindex/Session.modulevalidation -Xcc -working-directory -Xcc /Users/admin/builder/spi-builder-workspace/.swiftpm/xcode -enable-anonymous-context-mangled-names -file-compilation-dir /Users/admin/builder/spi-builder-workspace/.swiftpm/xcode -Xcc -D_LIBCPP_HARDENING_MODE\=_LIBCPP_HARDENING_MODE_DEBUG -Xcc -ivfsstatcache -Xcc /Users/admin/builder/spi-builder-workspace/.derivedData/SDKStatCaches.noindex/watchos27.0-24R360-e829b21a6f8c9b70876ba0858053c04477534ef55a1706bf4c1112bbb242f0a2.sdkstatcache -Xcc -fmodules-prune-interval\=86400 -Xcc -fmodules-prune-after\=345600 -Xcc -I/Users/admin/builder/spi-builder-workspace/.derivedData/Build/Products/Debug-watchos/include -Xcc -I/Users/admin/builder/spi-builder-workspace/.derivedData/Build/Intermediates.noindex/ProcessRunner.build/Debug-watchos/ProcessRunner-t.build/DerivedSources-normal/arm64 -Xcc -I/Users/admin/builder/spi-builder-workspace/.derivedData/Build/Intermediates.noindex/ProcessRunner.build/Debug-watchos/ProcessRunner-t.build/DerivedSources/arm64 -Xcc -I/Users/admin/builder/spi-builder-workspace/.derivedData/Build/Intermediates.noindex/ProcessRunner.build/Debug-watchos/ProcessRunner-t.build/DerivedSources -Xcc -DSWIFT_PACKAGE -Xcc -DDEBUG\=1 -no-auto-bridging-header-chaining -module-name ProcessRunner -const-gather-protocols-file /Users/admin/builder/spi-builder-workspace/.derivedData/Build/Intermediates.noindex/ProcessRunner.build/Debug-watchos/ProcessRunner-t.build/Objects-normal/arm64/ProcessRunner_const_extract_protocols.json -disable-clang-spi -target-sdk-version 27.0 -target-sdk-name watchos27.0 -external-plugin-path /Applications/Xcode-27.0.0-Release.Candidate.app/Contents/Developer/Platforms/WatchOS.platform/Developer/usr/lib/swift/host/plugins\#/Applications/Xcode-27.0.0-Release.Candidate.app/Contents/Developer/Platforms/WatchOS.platform/Developer/usr/bin/swift-plugin-server -external-plugin-path /Applications/Xcode-27.0.0-Release.Candidate.app/Contents/Developer/Platforms/WatchOS.platform/Developer/usr/local/lib/swift/host/plugins\#/Applications/Xcode-27.0.0-Release.Candidate.app/Contents/Developer/Platforms/WatchOS.platform/Developer/usr/bin/swift-plugin-server -in-process-plugin-server-path /Applications/Xcode-27.0.0-Release.Candidate.app/Contents/Developer/Toolchains/XcodeDefault.xctoolchain/usr/lib/swift/host/libSwiftInProcPluginServer.dylib -plugin-path /Applications/Xcode-27.0.0-Release.Candidate.app/Contents/Developer/Toolchains/XcodeDefault.xctoolchain/usr/lib/swift/host/plugins -plugin-path /Applications/Xcode-27.0.0-Release.Candidate.app/Contents/Developer/Toolchains/XcodeDefault.xctoolchain/usr/local/lib/swift/host/plugins -emit-module-doc-path /Users/admin/builder/spi-builder-workspace/.derivedData/Build/Intermediates.noindex/ProcessRunner.build/Debug-watchos/ProcessRunner-t.build/Objects-normal/arm64/ProcessRunner.swiftdoc -emit-module-source-info-path /Users/admin/builder/spi-builder-workspace/.derivedData/Build/Intermediates.noindex/ProcessRunner.build/Debug-watchos/ProcessRunner-t.build/Objects-normal/arm64/ProcessRunner.swiftsourceinfo -emit-objc-header-path /Users/admin/builder/spi-builder-workspace/.derivedData/Build/Intermediates.noindex/ProcessRunner.build/Debug-watchos/ProcessRunner-t.build/Objects-normal/arm64/ProcessRunner-Swift.h -serialize-diagnostics-path /Users/admin/builder/spi-builder-workspace/.derivedData/Build/Intermediates.noindex/ProcessRunner.build/Debug-watchos/ProcessRunner-t.build/Objects-normal/arm64/ProcessRunner-primary-emit-module.dia -emit-dependencies-path /Users/admin/builder/spi-builder-workspace/.derivedData/Build/Intermediates.noindex/ProcessRunner.build/Debug-watchos/ProcessRunner-t.build/Objects-normal/arm64/ProcessRunner-primary-emit-module.d -parse-as-library -o /Users/admin/builder/spi-builder-workspace/.derivedData/Build/Intermediates.noindex/ProcessRunner.build/Debug-watchos/ProcessRunner-t.build/Objects-normal/arm64/ProcessRunner.swiftmodule -emit-abi-descriptor-path /Users/admin/builder/spi-builder-workspace/.derivedData/Build/Intermediates.noindex/ProcessRunner.build/Debug-watchos/ProcessRunner-t.build/Objects-normal/arm64/ProcessRunner.abi.json
SwiftCompile normal arm64 Compiling\ ProcessRunner.swift /Users/admin/builder/spi-builder-workspace/.dependencies/checkouts/ProcessRunner/Sources/ProcessRunner/ProcessRunner.swift (in target 'ProcessRunner' from project 'ProcessRunner')
SwiftCompile normal arm64 /Users/admin/builder/spi-builder-workspace/.dependencies/checkouts/ProcessRunner/Sources/ProcessRunner/ProcessRunner.swift (in target 'ProcessRunner' from project 'ProcessRunner')
cd /Users/admin/builder/spi-builder-workspace/.swiftpm/xcode
builtin-SwiftPerFileCompile ProcessRunner.swift
/Users/admin/builder/spi-builder-workspace/.dependencies/checkouts/ProcessRunner/Sources/ProcessRunner/ProcessRunner.swift:47:34: error: cannot find type 'Process' in scope
45 |
46 |
47 | public let executingProcess: Process
| `- error: cannot find type 'Process' in scope
48 | public let stdOutPipe: Pipe
49 | public let stdErrPipe: Pipe
SwiftEmitModule normal arm64_32 Emitting\ module\ for\ ProcessRunner (in target 'ProcessRunner' from project 'ProcessRunner')
SwiftCompile normal arm64_32 (in target 'ProcessRunner' from project 'ProcessRunner')
cd /Users/admin/builder/spi-builder-workspace/.swiftpm/xcode
SwiftCompile normal arm64_32 Compiling\ ProcessRunner.swift /Users/admin/builder/spi-builder-workspace/.dependencies/checkouts/ProcessRunner/Sources/ProcessRunner/ProcessRunner.swift (in target 'ProcessRunner' from project 'ProcessRunner')
SwiftCompile normal arm64_32 /Users/admin/builder/spi-builder-workspace/.dependencies/checkouts/ProcessRunner/Sources/ProcessRunner/ProcessRunner.swift (in target 'ProcessRunner' from project 'ProcessRunner')
cd /Users/admin/builder/spi-builder-workspace/.swiftpm/xcode
builtin-SwiftPerFileCompile ProcessRunner.swift
/Users/admin/builder/spi-builder-workspace/.dependencies/checkouts/ProcessRunner/Sources/ProcessRunner/ProcessRunner.swift:47:34: error: cannot find type 'Process' in scope
45 |
46 |
47 | public let executingProcess: Process
| `- error: cannot find type 'Process' in scope
48 | public let stdOutPipe: Pipe
49 | public let stdErrPipe: Pipe
SwiftCompile normal arm64 Compiling\ YAMLOperators.swift /Users/admin/builder/spi-builder-workspace/.dependencies/checkouts/Yaml/Sources/Yaml/YAMLOperators.swift (in target 'Yaml' from project 'Yaml')
SwiftCompile normal arm64 /Users/admin/builder/spi-builder-workspace/.dependencies/checkouts/Yaml/Sources/Yaml/YAMLOperators.swift (in target 'Yaml' from project 'Yaml')
cd /Users/admin/builder/spi-builder-workspace/.swiftpm/xcode
builtin-SwiftPerFileCompile YAMLOperators.swift
SwiftEmitModule normal arm64 Emitting\ module\ for\ Yaml (in target 'Yaml' from project 'Yaml')
SwiftCompile normal arm64 (in target 'Yaml' from project 'Yaml')
cd /Users/admin/builder/spi-builder-workspace/.swiftpm/xcode
SwiftCompile normal arm64 Compiling\ YAMLTokenizer.swift /Users/admin/builder/spi-builder-workspace/.dependencies/checkouts/Yaml/Sources/Yaml/YAMLTokenizer.swift (in target 'Yaml' from project 'Yaml')
SwiftCompile normal arm64 /Users/admin/builder/spi-builder-workspace/.dependencies/checkouts/Yaml/Sources/Yaml/YAMLTokenizer.swift (in target 'Yaml' from project 'Yaml')
cd /Users/admin/builder/spi-builder-workspace/.swiftpm/xcode
builtin-SwiftPerFileCompile YAMLTokenizer.swift
SwiftCompile normal arm64 Compiling\ YAMLResult.swift /Users/admin/builder/spi-builder-workspace/.dependencies/checkouts/Yaml/Sources/Yaml/YAMLResult.swift (in target 'Yaml' from project 'Yaml')
SwiftCompile normal arm64 /Users/admin/builder/spi-builder-workspace/.dependencies/checkouts/Yaml/Sources/Yaml/YAMLResult.swift (in target 'Yaml' from project 'Yaml')
cd /Users/admin/builder/spi-builder-workspace/.swiftpm/xcode
builtin-SwiftPerFileCompile YAMLResult.swift
SwiftCompile normal arm64 Compiling\ YAMLRegex.swift /Users/admin/builder/spi-builder-workspace/.dependencies/checkouts/Yaml/Sources/Yaml/YAMLRegex.swift (in target 'Yaml' from project 'Yaml')
SwiftCompile normal arm64 /Users/admin/builder/spi-builder-workspace/.dependencies/checkouts/Yaml/Sources/Yaml/YAMLRegex.swift (in target 'Yaml' from project 'Yaml')
cd /Users/admin/builder/spi-builder-workspace/.swiftpm/xcode
builtin-SwiftPerFileCompile YAMLRegex.swift
SwiftCompile normal arm64 Compiling\ YAMLParser.swift /Users/admin/builder/spi-builder-workspace/.dependencies/checkouts/Yaml/Sources/Yaml/YAMLParser.swift (in target 'Yaml' from project 'Yaml')
SwiftCompile normal arm64 /Users/admin/builder/spi-builder-workspace/.dependencies/checkouts/Yaml/Sources/Yaml/YAMLParser.swift (in target 'Yaml' from project 'Yaml')
cd /Users/admin/builder/spi-builder-workspace/.swiftpm/xcode
builtin-SwiftPerFileCompile YAMLParser.swift
SwiftEmitModule normal arm64_32 Emitting\ module\ for\ Yaml (in target 'Yaml' from project 'Yaml')
SwiftCompile normal arm64_32 (in target 'Yaml' from project 'Yaml')
cd /Users/admin/builder/spi-builder-workspace/.swiftpm/xcode
SwiftDriverJobDiscovery normal arm64 Emitting module for Yaml (in target 'Yaml' from project 'Yaml')
SwiftDriver\ Compilation\ Requirements Yaml normal arm64 com.apple.xcode.tools.swift.compiler (in target 'Yaml' from project 'Yaml')
cd /Users/admin/builder/spi-builder-workspace/.swiftpm/xcode
builtin-Swift-Compilation-Requirements -- /Applications/Xcode-27.0.0-Release.Candidate.app/Contents/Developer/Toolchains/XcodeDefault.xctoolchain/usr/bin/swiftc -parse-as-library -module-name Yaml -Onone @/Users/admin/builder/spi-builder-workspace/.derivedData/Build/Intermediates.noindex/Yaml.build/Debug-watchos/Yaml-t.build/Objects-normal/arm64/Yaml.SwiftFileList -DSWIFT_PACKAGE -DDEBUG -DSWIFT_MODULE_RESOURCE_BUNDLE_UNAVAILABLE -DXcode -plugin-path /Applications/Xcode-27.0.0-Release.Candidate.app/Contents/Developer/Toolchains/XcodeDefault.xctoolchain/usr/lib/swift/host/plugins/testing -enable-experimental-feature DebugDescriptionMacro -sdk /Applications/Xcode-27.0.0-Release.Candidate.app/Contents/Developer/Platforms/WatchOS.platform/Developer/SDKs/WatchOS27.0.sdk -target arm64-apple-watchos9.0 -g -module-cache-path /Users/admin/builder/spi-builder-workspace/.derivedData/ModuleCache.noindex -Xfrontend -serialize-debugging-options -profile-coverage-mapping -profile-generate -enable-testing -suppress-warnings -index-store-path /Users/admin/builder/spi-builder-workspace/.derivedData/Index.noindex/DataStore -Xcc -D_LIBCPP_HARDENING_MODE\=_LIBCPP_HARDENING_MODE_DEBUG -swift-version 4 -I /Users/admin/builder/spi-builder-workspace/.derivedData/Build/Products/Debug-watchos -Isystem /Applications/Xcode-27.0.0-Release.Candidate.app/Contents/Developer/Platforms/WatchOS.platform/Developer/usr/lib -F /Users/admin/builder/spi-builder-workspace/.derivedData/Build/Products/Debug-watchos -F /Applications/Xcode-27.0.0-Release.Candidate.app/Contents/Developer/Platforms/WatchOS.platform/Developer/Library/Frameworks -F /Applications/Xcode-27.0.0-Release.Candidate.app/Contents/Developer/Platforms/WatchOS.platform/Developer/SDKs/WatchOS27.0.sdk/Developer/Library/Frameworks -c -j10 -enable-batch-mode -incremental -Xcc -ivfsstatcache -Xcc /Users/admin/builder/spi-builder-workspace/.derivedData/SDKStatCaches.noindex/watchos27.0-24R360-e829b21a6f8c9b70876ba0858053c04477534ef55a1706bf4c1112bbb242f0a2.sdkstatcache -output-file-map /Users/admin/builder/spi-builder-workspace/.derivedData/Build/Intermediates.noindex/Yaml.build/Debug-watchos/Yaml-t.build/Objects-normal/arm64/Yaml-OutputFileMap.json -save-temps -no-color-diagnostics -emit-dependencies -emit-module -emit-module-path /Users/admin/builder/spi-builder-workspace/.derivedData/Build/Intermediates.noindex/Yaml.build/Debug-watchos/Yaml-t.build/Objects-normal/arm64/Yaml.swiftmodule -serialize-diagnostics -validate-clang-modules-once -clang-build-session-file /Users/admin/builder/spi-builder-workspace/.derivedData/ModuleCache.noindex/Session.modulevalidation -Xcc -fmodules-prune-interval\=86400 -Xcc -fmodules-prune-after\=345600 -emit-const-values -const-gather-protocols-list /Users/admin/builder/spi-builder-workspace/.derivedData/Build/Intermediates.noindex/Yaml.build/Debug-watchos/Yaml-t.build/Objects-normal/arm64/Yaml_const_extract_protocols.json -Xcc -I/Users/admin/builder/spi-builder-workspace/.derivedData/Build/Products/Debug-watchos/include -Xcc -I/Users/admin/builder/spi-builder-workspace/.derivedData/Build/Intermediates.noindex/Yaml.build/Debug-watchos/Yaml-t.build/DerivedSources-normal/arm64 -Xcc -I/Users/admin/builder/spi-builder-workspace/.derivedData/Build/Intermediates.noindex/Yaml.build/Debug-watchos/Yaml-t.build/DerivedSources/arm64 -Xcc -I/Users/admin/builder/spi-builder-workspace/.derivedData/Build/Intermediates.noindex/Yaml.build/Debug-watchos/Yaml-t.build/DerivedSources -Xcc -DSWIFT_PACKAGE -Xcc -DDEBUG\=1 -emit-objc-header -emit-objc-header-path /Users/admin/builder/spi-builder-workspace/.derivedData/Build/Intermediates.noindex/Yaml.build/Debug-watchos/Yaml-t.build/Objects-normal/arm64/Yaml-Swift.h -working-directory /Users/admin/builder/spi-builder-workspace/.swiftpm/xcode -experimental-emit-module-separately -disable-cmo
PruneExplicitPrecompiledModules /Users/admin/builder/spi-builder-workspace/.derivedData/SDKExplicitPrecompiledModules
PruneExplicitPrecompiledModules /Users/admin/builder/spi-builder-workspace/.derivedData/Build/Intermediates.noindex/SwiftExplicitPrecompiledModules
PruneExplicitPrecompiledModules /Users/admin/builder/spi-builder-workspace/.derivedData/Build/Intermediates.noindex/ExplicitPrecompiledModules
2026-09-16 23:50:48.747 xcodebuild[718:4426] [MT] IDERunDestination: Supported platforms for the buildables in the current scheme is empty.
** BUILD FAILED **
The following build commands failed:
SwiftCompile normal arm64 (in target 'ProcessRunner' from project 'ProcessRunner')
SwiftEmitModule normal arm64 Emitting\ module\ for\ ProcessRunner (in target 'ProcessRunner' from project 'ProcessRunner')
Building workspace CliRunnable with scheme CliRunnable
(3 failures)
Command line invocation:
/Applications/Xcode-27.0.0-Release.Candidate.app/Contents/Developer/usr/bin/xcodebuild -IDEClonedSourcePackagesDirPathOverride=/Users/admin/builder/spi-builder-workspace/.dependencies -resolvePackageDependencies
Resolve Package Graph
Resolved source packages:
CliRunnable: /Users/admin/builder/spi-builder-workspace
Yaml: https://github.com/saltzmanjoelh/Yaml.git @ 3.4.10
ProcessRunner: https://github.com/saltzmanjoelh/ProcessRunner.git @ 1.0.11
resolved source packages: CliRunnable, Yaml, ProcessRunner
2026-09-16 23:50:52.578 xcodebuild[760:4705] [MT] IDERunDestination: Supported platforms for the buildables in the current scheme is empty.
{
"dependencies" : [
{
"identity" : "yaml",
"requirement" : {
"range" : [
{
"lower_bound" : "3.0.0",
"upper_bound" : "4.0.0"
}
]
},
"type" : "sourceControl",
"url" : "https://github.com/saltzmanjoelh/Yaml.git"
},
{
"identity" : "processrunner",
"requirement" : {
"range" : [
{
"lower_bound" : "1.0.0",
"upper_bound" : "2.0.0"
}
]
},
"type" : "sourceControl",
"url" : "https://github.com/saltzmanjoelh/ProcessRunner.git"
}
],
"manifest_display_name" : "CliRunnable",
"name" : "CliRunnable",
"path" : "/Users/admin/builder/spi-builder-workspace",
"platforms" : [
],
"products" : [
{
"name" : "CliRunnable",
"targets" : [
"CliRunnable"
],
"type" : {
"library" : [
"static"
]
}
}
],
"targets" : [
{
"c99name" : "CliRunnableTests",
"module_type" : "SwiftTarget",
"name" : "CliRunnableTests",
"path" : "Tests/CliRunnableTests",
"product_dependencies" : [
"Yaml",
"ProcessRunner"
],
"sources" : [
"CliOptionTests.swift",
"CliRunnableTests.swift"
],
"target_dependencies" : [
"CliRunnable"
],
"type" : "test"
},
{
"c99name" : "CliRunnable",
"module_type" : "SwiftTarget",
"name" : "CliRunnable",
"path" : "Sources/CliRunnable",
"product_dependencies" : [
"Yaml",
"ProcessRunner"
],
"product_memberships" : [
"CliRunnable"
],
"sources" : [
"CliOption.swift",
"CliOptionGroup.swift",
"CliRunnable.swift",
"Dictionary.swift",
"Helpable.swift"
],
"type" : "library"
}
],
"tools_version" : "4.1"
}
{
"workspace" : {
"name" : "CliRunnable",
"schemes" : [
"CliRunnable"
]
}
}
2026-09-16 23:50:53.744 xcodebuild[768:4774] [MT] IDERunDestination: Supported platforms for the buildables in the current scheme is empty.
Running build ...
env DEVELOPER_DIR=/Applications/Xcode-27.0.0-Release.Candidate.app xcrun xcodebuild -IDEClonedSourcePackagesDirPathOverride=$PWD/.dependencies -skipMacroValidation -skipPackagePluginValidation -derivedDataPath $PWD/.derivedData build -scheme CliRunnable -destination generic/platform=watchOS
Command line invocation:
/Applications/Xcode-27.0.0-Release.Candidate.app/Contents/Developer/usr/bin/xcodebuild -IDEClonedSourcePackagesDirPathOverride=/Users/admin/builder/spi-builder-workspace/.dependencies -skipMacroValidation -skipPackagePluginValidation -derivedDataPath /Users/admin/builder/spi-builder-workspace/.derivedData build -scheme CliRunnable -destination generic/platform=watchOS
Resolve Package Graph
Resolved source packages:
CliRunnable: /Users/admin/builder/spi-builder-workspace
Yaml: https://github.com/saltzmanjoelh/Yaml.git @ 3.4.10
ProcessRunner: https://github.com/saltzmanjoelh/ProcessRunner.git @ 1.0.11
ComputePackagePrebuildTargetDependencyGraph
Prepare packages
CreateBuildRequest
SendProjectDescription
CreateBuildOperation
ComputeTargetDependencyGraph
note: Building targets in dependency order
note: Target dependency graph (6 targets)
Target 'CliRunnable-product' in project 'CliRunnable'
➜ Explicit dependency on target 'CliRunnable' in project 'CliRunnable'
➜ Explicit dependency on target 'Yaml-product' in project 'Yaml'
➜ Explicit dependency on target 'ProcessRunner-product' in project 'ProcessRunner'
Target 'CliRunnable' in project 'CliRunnable'
➜ Explicit dependency on target 'Yaml-product' in project 'Yaml'
➜ Explicit dependency on target 'ProcessRunner-product' in project 'ProcessRunner'
Target 'ProcessRunner-product' in project 'ProcessRunner'
➜ Explicit dependency on target 'ProcessRunner' in project 'ProcessRunner'
Target 'ProcessRunner' in project 'ProcessRunner' (no dependencies)
Target 'Yaml-product' in project 'Yaml'
➜ Explicit dependency on target 'Yaml' in project 'Yaml'
Target 'Yaml' in project 'Yaml' (no dependencies)
GatherProvisioningInputs
CreateBuildDescription
ClangStatCache /Applications/Xcode-27.0.0-Release.Candidate.app/Contents/Developer/Toolchains/XcodeDefault.xctoolchain/usr/bin/clang-stat-cache /Applications/Xcode-27.0.0-Release.Candidate.app/Contents/Developer/Platforms/WatchOS.platform/Developer/SDKs/WatchOS27.0.sdk /Users/admin/builder/spi-builder-workspace/.derivedData/SDKStatCaches.noindex/watchos27.0-24R360-e829b21a6f8c9b70876ba0858053c04477534ef55a1706bf4c1112bbb242f0a2.sdkstatcache
cd /Users/admin/builder/spi-builder-workspace/.swiftpm/xcode
/Applications/Xcode-27.0.0-Release.Candidate.app/Contents/Developer/Toolchains/XcodeDefault.xctoolchain/usr/bin/clang-stat-cache /Applications/Xcode-27.0.0-Release.Candidate.app/Contents/Developer/Platforms/WatchOS.platform/Developer/SDKs/WatchOS27.0.sdk -o /Users/admin/builder/spi-builder-workspace/.derivedData/SDKStatCaches.noindex/watchos27.0-24R360-e829b21a6f8c9b70876ba0858053c04477534ef55a1706bf4c1112bbb242f0a2.sdkstatcache
SwiftDriver Yaml normal arm64_32 com.apple.xcode.tools.swift.compiler (in target 'Yaml' from project 'Yaml')
cd /Users/admin/builder/spi-builder-workspace/.swiftpm/xcode
builtin-SwiftDriver -- /Applications/Xcode-27.0.0-Release.Candidate.app/Contents/Developer/Toolchains/XcodeDefault.xctoolchain/usr/bin/swiftc -parse-as-library -module-name Yaml -Onone @/Users/admin/builder/spi-builder-workspace/.derivedData/Build/Intermediates.noindex/Yaml.build/Debug-watchos/Yaml-t.build/Objects-normal/arm64_32/Yaml.SwiftFileList -DSWIFT_PACKAGE -DDEBUG -DSWIFT_MODULE_RESOURCE_BUNDLE_UNAVAILABLE -DXcode -plugin-path /Applications/Xcode-27.0.0-Release.Candidate.app/Contents/Developer/Toolchains/XcodeDefault.xctoolchain/usr/lib/swift/host/plugins/testing -enable-experimental-feature DebugDescriptionMacro -sdk /Applications/Xcode-27.0.0-Release.Candidate.app/Contents/Developer/Platforms/WatchOS.platform/Developer/SDKs/WatchOS27.0.sdk -target arm64_32-apple-watchos9.0 -g -module-cache-path /Users/admin/builder/spi-builder-workspace/.derivedData/ModuleCache.noindex -Xfrontend -serialize-debugging-options -profile-coverage-mapping -profile-generate -enable-testing -suppress-warnings -index-store-path /Users/admin/builder/spi-builder-workspace/.derivedData/Index.noindex/DataStore -Xcc -D_LIBCPP_HARDENING_MODE\=_LIBCPP_HARDENING_MODE_DEBUG -swift-version 4 -I /Users/admin/builder/spi-builder-workspace/.derivedData/Build/Products/Debug-watchos -Isystem /Applications/Xcode-27.0.0-Release.Candidate.app/Contents/Developer/Platforms/WatchOS.platform/Developer/usr/lib -F /Users/admin/builder/spi-builder-workspace/.derivedData/Build/Products/Debug-watchos -F /Applications/Xcode-27.0.0-Release.Candidate.app/Contents/Developer/Platforms/WatchOS.platform/Developer/Library/Frameworks -F /Applications/Xcode-27.0.0-Release.Candidate.app/Contents/Developer/Platforms/WatchOS.platform/Developer/SDKs/WatchOS27.0.sdk/Developer/Library/Frameworks -c -j10 -enable-batch-mode -incremental -Xcc -ivfsstatcache -Xcc /Users/admin/builder/spi-builder-workspace/.derivedData/SDKStatCaches.noindex/watchos27.0-24R360-e829b21a6f8c9b70876ba0858053c04477534ef55a1706bf4c1112bbb242f0a2.sdkstatcache -output-file-map /Users/admin/builder/spi-builder-workspace/.derivedData/Build/Intermediates.noindex/Yaml.build/Debug-watchos/Yaml-t.build/Objects-normal/arm64_32/Yaml-OutputFileMap.json -save-temps -no-color-diagnostics -emit-dependencies -emit-module -emit-module-path /Users/admin/builder/spi-builder-workspace/.derivedData/Build/Intermediates.noindex/Yaml.build/Debug-watchos/Yaml-t.build/Objects-normal/arm64_32/Yaml.swiftmodule -serialize-diagnostics -validate-clang-modules-once -clang-build-session-file /Users/admin/builder/spi-builder-workspace/.derivedData/ModuleCache.noindex/Session.modulevalidation -Xcc -fmodules-prune-interval\=86400 -Xcc -fmodules-prune-after\=345600 -emit-const-values -const-gather-protocols-list /Users/admin/builder/spi-builder-workspace/.derivedData/Build/Intermediates.noindex/Yaml.build/Debug-watchos/Yaml-t.build/Objects-normal/arm64_32/Yaml_const_extract_protocols.json -Xcc -I/Users/admin/builder/spi-builder-workspace/.derivedData/Build/Products/Debug-watchos/include -Xcc -I/Users/admin/builder/spi-builder-workspace/.derivedData/Build/Intermediates.noindex/Yaml.build/Debug-watchos/Yaml-t.build/DerivedSources-normal/arm64_32 -Xcc -I/Users/admin/builder/spi-builder-workspace/.derivedData/Build/Intermediates.noindex/Yaml.build/Debug-watchos/Yaml-t.build/DerivedSources/arm64_32 -Xcc -I/Users/admin/builder/spi-builder-workspace/.derivedData/Build/Intermediates.noindex/Yaml.build/Debug-watchos/Yaml-t.build/DerivedSources -Xcc -DSWIFT_PACKAGE -Xcc -DDEBUG\=1 -emit-objc-header -emit-objc-header-path /Users/admin/builder/spi-builder-workspace/.derivedData/Build/Intermediates.noindex/Yaml.build/Debug-watchos/Yaml-t.build/Objects-normal/arm64_32/Yaml-Swift.h -working-directory /Users/admin/builder/spi-builder-workspace/.swiftpm/xcode -experimental-emit-module-separately -disable-cmo
SwiftDriver Yaml normal arm64 com.apple.xcode.tools.swift.compiler (in target 'Yaml' from project 'Yaml')
cd /Users/admin/builder/spi-builder-workspace/.swiftpm/xcode
builtin-SwiftDriver -- /Applications/Xcode-27.0.0-Release.Candidate.app/Contents/Developer/Toolchains/XcodeDefault.xctoolchain/usr/bin/swiftc -parse-as-library -module-name Yaml -Onone @/Users/admin/builder/spi-builder-workspace/.derivedData/Build/Intermediates.noindex/Yaml.build/Debug-watchos/Yaml-t.build/Objects-normal/arm64/Yaml.SwiftFileList -DSWIFT_PACKAGE -DDEBUG -DSWIFT_MODULE_RESOURCE_BUNDLE_UNAVAILABLE -DXcode -plugin-path /Applications/Xcode-27.0.0-Release.Candidate.app/Contents/Developer/Toolchains/XcodeDefault.xctoolchain/usr/lib/swift/host/plugins/testing -enable-experimental-feature DebugDescriptionMacro -sdk /Applications/Xcode-27.0.0-Release.Candidate.app/Contents/Developer/Platforms/WatchOS.platform/Developer/SDKs/WatchOS27.0.sdk -target arm64-apple-watchos9.0 -g -module-cache-path /Users/admin/builder/spi-builder-workspace/.derivedData/ModuleCache.noindex -Xfrontend -serialize-debugging-options -profile-coverage-mapping -profile-generate -enable-testing -suppress-warnings -index-store-path /Users/admin/builder/spi-builder-workspace/.derivedData/Index.noindex/DataStore -Xcc -D_LIBCPP_HARDENING_MODE\=_LIBCPP_HARDENING_MODE_DEBUG -swift-version 4 -I /Users/admin/builder/spi-builder-workspace/.derivedData/Build/Products/Debug-watchos -Isystem /Applications/Xcode-27.0.0-Release.Candidate.app/Contents/Developer/Platforms/WatchOS.platform/Developer/usr/lib -F /Users/admin/builder/spi-builder-workspace/.derivedData/Build/Products/Debug-watchos -F /Applications/Xcode-27.0.0-Release.Candidate.app/Contents/Developer/Platforms/WatchOS.platform/Developer/Library/Frameworks -F /Applications/Xcode-27.0.0-Release.Candidate.app/Contents/Developer/Platforms/WatchOS.platform/Developer/SDKs/WatchOS27.0.sdk/Developer/Library/Frameworks -c -j10 -enable-batch-mode -incremental -Xcc -ivfsstatcache -Xcc /Users/admin/builder/spi-builder-workspace/.derivedData/SDKStatCaches.noindex/watchos27.0-24R360-e829b21a6f8c9b70876ba0858053c04477534ef55a1706bf4c1112bbb242f0a2.sdkstatcache -output-file-map /Users/admin/builder/spi-builder-workspace/.derivedData/Build/Intermediates.noindex/Yaml.build/Debug-watchos/Yaml-t.build/Objects-normal/arm64/Yaml-OutputFileMap.json -save-temps -no-color-diagnostics -emit-dependencies -emit-module -emit-module-path /Users/admin/builder/spi-builder-workspace/.derivedData/Build/Intermediates.noindex/Yaml.build/Debug-watchos/Yaml-t.build/Objects-normal/arm64/Yaml.swiftmodule -serialize-diagnostics -validate-clang-modules-once -clang-build-session-file /Users/admin/builder/spi-builder-workspace/.derivedData/ModuleCache.noindex/Session.modulevalidation -Xcc -fmodules-prune-interval\=86400 -Xcc -fmodules-prune-after\=345600 -emit-const-values -const-gather-protocols-list /Users/admin/builder/spi-builder-workspace/.derivedData/Build/Intermediates.noindex/Yaml.build/Debug-watchos/Yaml-t.build/Objects-normal/arm64/Yaml_const_extract_protocols.json -Xcc -I/Users/admin/builder/spi-builder-workspace/.derivedData/Build/Products/Debug-watchos/include -Xcc -I/Users/admin/builder/spi-builder-workspace/.derivedData/Build/Intermediates.noindex/Yaml.build/Debug-watchos/Yaml-t.build/DerivedSources-normal/arm64 -Xcc -I/Users/admin/builder/spi-builder-workspace/.derivedData/Build/Intermediates.noindex/Yaml.build/Debug-watchos/Yaml-t.build/DerivedSources/arm64 -Xcc -I/Users/admin/builder/spi-builder-workspace/.derivedData/Build/Intermediates.noindex/Yaml.build/Debug-watchos/Yaml-t.build/DerivedSources -Xcc -DSWIFT_PACKAGE -Xcc -DDEBUG\=1 -emit-objc-header -emit-objc-header-path /Users/admin/builder/spi-builder-workspace/.derivedData/Build/Intermediates.noindex/Yaml.build/Debug-watchos/Yaml-t.build/Objects-normal/arm64/Yaml-Swift.h -working-directory /Users/admin/builder/spi-builder-workspace/.swiftpm/xcode -experimental-emit-module-separately -disable-cmo
SwiftDriver ProcessRunner normal arm64_32 com.apple.xcode.tools.swift.compiler (in target 'ProcessRunner' from project 'ProcessRunner')
cd /Users/admin/builder/spi-builder-workspace/.swiftpm/xcode
builtin-SwiftDriver -- /Applications/Xcode-27.0.0-Release.Candidate.app/Contents/Developer/Toolchains/XcodeDefault.xctoolchain/usr/bin/swiftc -parse-as-library -module-name ProcessRunner -Onone @/Users/admin/builder/spi-builder-workspace/.derivedData/Build/Intermediates.noindex/ProcessRunner.build/Debug-watchos/ProcessRunner-t.build/Objects-normal/arm64_32/ProcessRunner.SwiftFileList -DSWIFT_PACKAGE -DDEBUG -DSWIFT_MODULE_RESOURCE_BUNDLE_UNAVAILABLE -DXcode -plugin-path /Applications/Xcode-27.0.0-Release.Candidate.app/Contents/Developer/Toolchains/XcodeDefault.xctoolchain/usr/lib/swift/host/plugins/testing -enable-experimental-feature DebugDescriptionMacro -sdk /Applications/Xcode-27.0.0-Release.Candidate.app/Contents/Developer/Platforms/WatchOS.platform/Developer/SDKs/WatchOS27.0.sdk -target arm64_32-apple-watchos9.0 -g -module-cache-path /Users/admin/builder/spi-builder-workspace/.derivedData/ModuleCache.noindex -Xfrontend -serialize-debugging-options -profile-coverage-mapping -profile-generate -enable-testing -suppress-warnings -index-store-path /Users/admin/builder/spi-builder-workspace/.derivedData/Index.noindex/DataStore -Xcc -D_LIBCPP_HARDENING_MODE\=_LIBCPP_HARDENING_MODE_DEBUG -swift-version 4 -I /Users/admin/builder/spi-builder-workspace/.derivedData/Build/Products/Debug-watchos -Isystem /Applications/Xcode-27.0.0-Release.Candidate.app/Contents/Developer/Platforms/WatchOS.platform/Developer/usr/lib -F /Users/admin/builder/spi-builder-workspace/.derivedData/Build/Products/Debug-watchos -F /Applications/Xcode-27.0.0-Release.Candidate.app/Contents/Developer/Platforms/WatchOS.platform/Developer/Library/Frameworks -F /Applications/Xcode-27.0.0-Release.Candidate.app/Contents/Developer/Platforms/WatchOS.platform/Developer/SDKs/WatchOS27.0.sdk/Developer/Library/Frameworks -c -j10 -enable-batch-mode -incremental -Xcc -ivfsstatcache -Xcc /Users/admin/builder/spi-builder-workspace/.derivedData/SDKStatCaches.noindex/watchos27.0-24R360-e829b21a6f8c9b70876ba0858053c04477534ef55a1706bf4c1112bbb242f0a2.sdkstatcache -output-file-map /Users/admin/builder/spi-builder-workspace/.derivedData/Build/Intermediates.noindex/ProcessRunner.build/Debug-watchos/ProcessRunner-t.build/Objects-normal/arm64_32/ProcessRunner-OutputFileMap.json -save-temps -no-color-diagnostics -emit-dependencies -emit-module -emit-module-path /Users/admin/builder/spi-builder-workspace/.derivedData/Build/Intermediates.noindex/ProcessRunner.build/Debug-watchos/ProcessRunner-t.build/Objects-normal/arm64_32/ProcessRunner.swiftmodule -serialize-diagnostics -validate-clang-modules-once -clang-build-session-file /Users/admin/builder/spi-builder-workspace/.derivedData/ModuleCache.noindex/Session.modulevalidation -Xcc -fmodules-prune-interval\=86400 -Xcc -fmodules-prune-after\=345600 -emit-const-values -const-gather-protocols-list /Users/admin/builder/spi-builder-workspace/.derivedData/Build/Intermediates.noindex/ProcessRunner.build/Debug-watchos/ProcessRunner-t.build/Objects-normal/arm64_32/ProcessRunner_const_extract_protocols.json -Xcc -I/Users/admin/builder/spi-builder-workspace/.derivedData/Build/Products/Debug-watchos/include -Xcc -I/Users/admin/builder/spi-builder-workspace/.derivedData/Build/Intermediates.noindex/ProcessRunner.build/Debug-watchos/ProcessRunner-t.build/DerivedSources-normal/arm64_32 -Xcc -I/Users/admin/builder/spi-builder-workspace/.derivedData/Build/Intermediates.noindex/ProcessRunner.build/Debug-watchos/ProcessRunner-t.build/DerivedSources/arm64_32 -Xcc -I/Users/admin/builder/spi-builder-workspace/.derivedData/Build/Intermediates.noindex/ProcessRunner.build/Debug-watchos/ProcessRunner-t.build/DerivedSources -Xcc -DSWIFT_PACKAGE -Xcc -DDEBUG\=1 -emit-objc-header -emit-objc-header-path /Users/admin/builder/spi-builder-workspace/.derivedData/Build/Intermediates.noindex/ProcessRunner.build/Debug-watchos/ProcessRunner-t.build/Objects-normal/arm64_32/ProcessRunner-Swift.h -working-directory /Users/admin/builder/spi-builder-workspace/.swiftpm/xcode -experimental-emit-module-separately -disable-cmo
SwiftDriver ProcessRunner normal arm64 com.apple.xcode.tools.swift.compiler (in target 'ProcessRunner' from project 'ProcessRunner')
cd /Users/admin/builder/spi-builder-workspace/.swiftpm/xcode
builtin-SwiftDriver -- /Applications/Xcode-27.0.0-Release.Candidate.app/Contents/Developer/Toolchains/XcodeDefault.xctoolchain/usr/bin/swiftc -parse-as-library -module-name ProcessRunner -Onone @/Users/admin/builder/spi-builder-workspace/.derivedData/Build/Intermediates.noindex/ProcessRunner.build/Debug-watchos/ProcessRunner-t.build/Objects-normal/arm64/ProcessRunner.SwiftFileList -DSWIFT_PACKAGE -DDEBUG -DSWIFT_MODULE_RESOURCE_BUNDLE_UNAVAILABLE -DXcode -plugin-path /Applications/Xcode-27.0.0-Release.Candidate.app/Contents/Developer/Toolchains/XcodeDefault.xctoolchain/usr/lib/swift/host/plugins/testing -enable-experimental-feature DebugDescriptionMacro -sdk /Applications/Xcode-27.0.0-Release.Candidate.app/Contents/Developer/Platforms/WatchOS.platform/Developer/SDKs/WatchOS27.0.sdk -target arm64-apple-watchos9.0 -g -module-cache-path /Users/admin/builder/spi-builder-workspace/.derivedData/ModuleCache.noindex -Xfrontend -serialize-debugging-options -profile-coverage-mapping -profile-generate -enable-testing -suppress-warnings -index-store-path /Users/admin/builder/spi-builder-workspace/.derivedData/Index.noindex/DataStore -Xcc -D_LIBCPP_HARDENING_MODE\=_LIBCPP_HARDENING_MODE_DEBUG -swift-version 4 -I /Users/admin/builder/spi-builder-workspace/.derivedData/Build/Products/Debug-watchos -Isystem /Applications/Xcode-27.0.0-Release.Candidate.app/Contents/Developer/Platforms/WatchOS.platform/Developer/usr/lib -F /Users/admin/builder/spi-builder-workspace/.derivedData/Build/Products/Debug-watchos -F /Applications/Xcode-27.0.0-Release.Candidate.app/Contents/Developer/Platforms/WatchOS.platform/Developer/Library/Frameworks -F /Applications/Xcode-27.0.0-Release.Candidate.app/Contents/Developer/Platforms/WatchOS.platform/Developer/SDKs/WatchOS27.0.sdk/Developer/Library/Frameworks -c -j10 -enable-batch-mode -incremental -Xcc -ivfsstatcache -Xcc /Users/admin/builder/spi-builder-workspace/.derivedData/SDKStatCaches.noindex/watchos27.0-24R360-e829b21a6f8c9b70876ba0858053c04477534ef55a1706bf4c1112bbb242f0a2.sdkstatcache -output-file-map /Users/admin/builder/spi-builder-workspace/.derivedData/Build/Intermediates.noindex/ProcessRunner.build/Debug-watchos/ProcessRunner-t.build/Objects-normal/arm64/ProcessRunner-OutputFileMap.json -save-temps -no-color-diagnostics -emit-dependencies -emit-module -emit-module-path /Users/admin/builder/spi-builder-workspace/.derivedData/Build/Intermediates.noindex/ProcessRunner.build/Debug-watchos/ProcessRunner-t.build/Objects-normal/arm64/ProcessRunner.swiftmodule -serialize-diagnostics -validate-clang-modules-once -clang-build-session-file /Users/admin/builder/spi-builder-workspace/.derivedData/ModuleCache.noindex/Session.modulevalidation -Xcc -fmodules-prune-interval\=86400 -Xcc -fmodules-prune-after\=345600 -emit-const-values -const-gather-protocols-list /Users/admin/builder/spi-builder-workspace/.derivedData/Build/Intermediates.noindex/ProcessRunner.build/Debug-watchos/ProcessRunner-t.build/Objects-normal/arm64/ProcessRunner_const_extract_protocols.json -Xcc -I/Users/admin/builder/spi-builder-workspace/.derivedData/Build/Products/Debug-watchos/include -Xcc -I/Users/admin/builder/spi-builder-workspace/.derivedData/Build/Intermediates.noindex/ProcessRunner.build/Debug-watchos/ProcessRunner-t.build/DerivedSources-normal/arm64 -Xcc -I/Users/admin/builder/spi-builder-workspace/.derivedData/Build/Intermediates.noindex/ProcessRunner.build/Debug-watchos/ProcessRunner-t.build/DerivedSources/arm64 -Xcc -I/Users/admin/builder/spi-builder-workspace/.derivedData/Build/Intermediates.noindex/ProcessRunner.build/Debug-watchos/ProcessRunner-t.build/DerivedSources -Xcc -DSWIFT_PACKAGE -Xcc -DDEBUG\=1 -emit-objc-header -emit-objc-header-path /Users/admin/builder/spi-builder-workspace/.derivedData/Build/Intermediates.noindex/ProcessRunner.build/Debug-watchos/ProcessRunner-t.build/Objects-normal/arm64/ProcessRunner-Swift.h -working-directory /Users/admin/builder/spi-builder-workspace/.swiftpm/xcode -experimental-emit-module-separately -disable-cmo
SwiftEmitModule normal arm64_32 Emitting\ module\ for\ ProcessRunner (in target 'ProcessRunner' from project 'ProcessRunner')
SwiftCompile normal arm64_32 (in target 'ProcessRunner' from project 'ProcessRunner')
cd /Users/admin/builder/spi-builder-workspace/.swiftpm/xcode
/Users/admin/builder/spi-builder-workspace/.dependencies/checkouts/ProcessRunner/Sources/ProcessRunner/ProcessRunner.swift:47:34: error: cannot find type 'Process' in scope
45 |
46 |
47 | public let executingProcess: Process
| `- error: cannot find type 'Process' in scope
48 | public let stdOutPipe: Pipe
49 | public let stdErrPipe: Pipe
Failed frontend command:
/Applications/Xcode-27.0.0-Release.Candidate.app/Contents/Developer/Toolchains/XcodeDefault.xctoolchain/usr/bin/swift-frontend -frontend -emit-module -experimental-skip-non-inlinable-function-bodies-without-types /Users/admin/builder/spi-builder-workspace/.dependencies/checkouts/ProcessRunner/Sources/ProcessRunner/ProcessRunner.swift -target arm64_32-apple-watchos9.0 -enable-objc-interop -sdk /Applications/Xcode-27.0.0-Release.Candidate.app/Contents/Developer/Platforms/WatchOS.platform/Developer/SDKs/WatchOS27.0.sdk -I /Users/admin/builder/spi-builder-workspace/.derivedData/Build/Products/Debug-watchos -Isystem /Applications/Xcode-27.0.0-Release.Candidate.app/Contents/Developer/Platforms/WatchOS.platform/Developer/usr/lib -F /Users/admin/builder/spi-builder-workspace/.derivedData/Build/Products/Debug-watchos -F /Applications/Xcode-27.0.0-Release.Candidate.app/Contents/Developer/Platforms/WatchOS.platform/Developer/Library/Frameworks -F /Applications/Xcode-27.0.0-Release.Candidate.app/Contents/Developer/Platforms/WatchOS.platform/Developer/SDKs/WatchOS27.0.sdk/Developer/Library/Frameworks -module-cache-path /Users/admin/builder/spi-builder-workspace/.derivedData/ModuleCache.noindex -no-color-diagnostics -Xcc -fno-color-diagnostics -enable-testing -g -debug-info-format\=dwarf -dwarf-version\=4 -suppress-warnings -profile-generate -profile-coverage-mapping -swift-version 4 -Onone -D SWIFT_PACKAGE -D DEBUG -D SWIFT_MODULE_RESOURCE_BUNDLE_UNAVAILABLE -D Xcode -serialize-debugging-options -enable-experimental-feature DebugDescriptionMacro -empty-abi-descriptor -plugin-path /Applications/Xcode-27.0.0-Release.Candidate.app/Contents/Developer/Toolchains/XcodeDefault.xctoolchain/usr/lib/swift/host/plugins/testing -validate-clang-modules-once -clang-build-session-file /Users/admin/builder/spi-builder-workspace/.derivedData/ModuleCache.noindex/Session.modulevalidation -Xcc -working-directory -Xcc /Users/admin/builder/spi-builder-workspace/.swiftpm/xcode -enable-anonymous-context-mangled-names -file-compilation-dir /Users/admin/builder/spi-builder-workspace/.swiftpm/xcode -Xcc -D_LIBCPP_HARDENING_MODE\=_LIBCPP_HARDENING_MODE_DEBUG -Xcc -ivfsstatcache -Xcc /Users/admin/builder/spi-builder-workspace/.derivedData/SDKStatCaches.noindex/watchos27.0-24R360-e829b21a6f8c9b70876ba0858053c04477534ef55a1706bf4c1112bbb242f0a2.sdkstatcache -Xcc -fmodules-prune-interval\=86400 -Xcc -fmodules-prune-after\=345600 -Xcc -I/Users/admin/builder/spi-builder-workspace/.derivedData/Build/Products/Debug-watchos/include -Xcc -I/Users/admin/builder/spi-builder-workspace/.derivedData/Build/Intermediates.noindex/ProcessRunner.build/Debug-watchos/ProcessRunner-t.build/DerivedSources-normal/arm64_32 -Xcc -I/Users/admin/builder/spi-builder-workspace/.derivedData/Build/Intermediates.noindex/ProcessRunner.build/Debug-watchos/ProcessRunner-t.build/DerivedSources/arm64_32 -Xcc -I/Users/admin/builder/spi-builder-workspace/.derivedData/Build/Intermediates.noindex/ProcessRunner.build/Debug-watchos/ProcessRunner-t.build/DerivedSources -Xcc -DSWIFT_PACKAGE -Xcc -DDEBUG\=1 -no-auto-bridging-header-chaining -module-name ProcessRunner -const-gather-protocols-file /Users/admin/builder/spi-builder-workspace/.derivedData/Build/Intermediates.noindex/ProcessRunner.build/Debug-watchos/ProcessRunner-t.build/Objects-normal/arm64_32/ProcessRunner_const_extract_protocols.json -disable-clang-spi -target-sdk-version 27.0 -target-sdk-name watchos27.0 -external-plugin-path /Applications/Xcode-27.0.0-Release.Candidate.app/Contents/Developer/Platforms/WatchOS.platform/Developer/usr/lib/swift/host/plugins\#/Applications/Xcode-27.0.0-Release.Candidate.app/Contents/Developer/Platforms/WatchOS.platform/Developer/usr/bin/swift-plugin-server -external-plugin-path /Applications/Xcode-27.0.0-Release.Candidate.app/Contents/Developer/Platforms/WatchOS.platform/Developer/usr/local/lib/swift/host/plugins\#/Applications/Xcode-27.0.0-Release.Candidate.app/Contents/Developer/Platforms/WatchOS.platform/Developer/usr/bin/swift-plugin-server -in-process-plugin-server-path /Applications/Xcode-27.0.0-Release.Candidate.app/Contents/Developer/Toolchains/XcodeDefault.xctoolchain/usr/lib/swift/host/libSwiftInProcPluginServer.dylib -plugin-path /Applications/Xcode-27.0.0-Release.Candidate.app/Contents/Developer/Toolchains/XcodeDefault.xctoolchain/usr/lib/swift/host/plugins -plugin-path /Applications/Xcode-27.0.0-Release.Candidate.app/Contents/Developer/Toolchains/XcodeDefault.xctoolchain/usr/local/lib/swift/host/plugins -emit-module-doc-path /Users/admin/builder/spi-builder-workspace/.derivedData/Build/Intermediates.noindex/ProcessRunner.build/Debug-watchos/ProcessRunner-t.build/Objects-normal/arm64_32/ProcessRunner.swiftdoc -emit-module-source-info-path /Users/admin/builder/spi-builder-workspace/.derivedData/Build/Intermediates.noindex/ProcessRunner.build/Debug-watchos/ProcessRunner-t.build/Objects-normal/arm64_32/ProcessRunner.swiftsourceinfo -emit-objc-header-path /Users/admin/builder/spi-builder-workspace/.derivedData/Build/Intermediates.noindex/ProcessRunner.build/Debug-watchos/ProcessRunner-t.build/Objects-normal/arm64_32/ProcessRunner-Swift.h -serialize-diagnostics-path /Users/admin/builder/spi-builder-workspace/.derivedData/Build/Intermediates.noindex/ProcessRunner.build/Debug-watchos/ProcessRunner-t.build/Objects-normal/arm64_32/ProcessRunner-primary-emit-module.dia -emit-dependencies-path /Users/admin/builder/spi-builder-workspace/.derivedData/Build/Intermediates.noindex/ProcessRunner.build/Debug-watchos/ProcessRunner-t.build/Objects-normal/arm64_32/ProcessRunner-primary-emit-module.d -parse-as-library -o /Users/admin/builder/spi-builder-workspace/.derivedData/Build/Intermediates.noindex/ProcessRunner.build/Debug-watchos/ProcessRunner-t.build/Objects-normal/arm64_32/ProcessRunner.swiftmodule -emit-abi-descriptor-path /Users/admin/builder/spi-builder-workspace/.derivedData/Build/Intermediates.noindex/ProcessRunner.build/Debug-watchos/ProcessRunner-t.build/Objects-normal/arm64_32/ProcessRunner.abi.json
SwiftEmitModule normal arm64 Emitting\ module\ for\ ProcessRunner (in target 'ProcessRunner' from project 'ProcessRunner')
/Users/admin/builder/spi-builder-workspace/.dependencies/checkouts/ProcessRunner/Sources/ProcessRunner/ProcessRunner.swift:47:34: error: cannot find type 'Process' in scope
45 |
46 |
47 | public let executingProcess: Process
| `- error: cannot find type 'Process' in scope
48 | public let stdOutPipe: Pipe
49 | public let stdErrPipe: Pipe
Failed frontend command:
/Applications/Xcode-27.0.0-Release.Candidate.app/Contents/Developer/Toolchains/XcodeDefault.xctoolchain/usr/bin/swift-frontend -frontend -emit-module -experimental-skip-non-inlinable-function-bodies-without-types /Users/admin/builder/spi-builder-workspace/.dependencies/checkouts/ProcessRunner/Sources/ProcessRunner/ProcessRunner.swift -target arm64-apple-watchos9.0 -Xllvm -aarch64-use-tbi -enable-objc-interop -stack-check -sdk /Applications/Xcode-27.0.0-Release.Candidate.app/Contents/Developer/Platforms/WatchOS.platform/Developer/SDKs/WatchOS27.0.sdk -I /Users/admin/builder/spi-builder-workspace/.derivedData/Build/Products/Debug-watchos -Isystem /Applications/Xcode-27.0.0-Release.Candidate.app/Contents/Developer/Platforms/WatchOS.platform/Developer/usr/lib -F /Users/admin/builder/spi-builder-workspace/.derivedData/Build/Products/Debug-watchos -F /Applications/Xcode-27.0.0-Release.Candidate.app/Contents/Developer/Platforms/WatchOS.platform/Developer/Library/Frameworks -F /Applications/Xcode-27.0.0-Release.Candidate.app/Contents/Developer/Platforms/WatchOS.platform/Developer/SDKs/WatchOS27.0.sdk/Developer/Library/Frameworks -module-cache-path /Users/admin/builder/spi-builder-workspace/.derivedData/ModuleCache.noindex -no-color-diagnostics -Xcc -fno-color-diagnostics -enable-testing -g -debug-info-format\=dwarf -dwarf-version\=4 -suppress-warnings -profile-generate -profile-coverage-mapping -swift-version 4 -Onone -D SWIFT_PACKAGE -D DEBUG -D SWIFT_MODULE_RESOURCE_BUNDLE_UNAVAILABLE -D Xcode -serialize-debugging-options -enable-experimental-feature DebugDescriptionMacro -empty-abi-descriptor -plugin-path /Applications/Xcode-27.0.0-Release.Candidate.app/Contents/Developer/Toolchains/XcodeDefault.xctoolchain/usr/lib/swift/host/plugins/testing -validate-clang-modules-once -clang-build-session-file /Users/admin/builder/spi-builder-workspace/.derivedData/ModuleCache.noindex/Session.modulevalidation -Xcc -working-directory -Xcc /Users/admin/builder/spi-builder-workspace/.swiftpm/xcode -enable-anonymous-context-mangled-names -file-compilation-dir /Users/admin/builder/spi-builder-workspace/.swiftpm/xcode -Xcc -D_LIBCPP_HARDENING_MODE\=_LIBCPP_HARDENING_MODE_DEBUG -Xcc -ivfsstatcache -Xcc /Users/admin/builder/spi-builder-workspace/.derivedData/SDKStatCaches.noindex/watchos27.0-24R360-e829b21a6f8c9b70876ba0858053c04477534ef55a1706bf4c1112bbb242f0a2.sdkstatcache -Xcc -fmodules-prune-interval\=86400 -Xcc -fmodules-prune-after\=345600 -Xcc -I/Users/admin/builder/spi-builder-workspace/.derivedData/Build/Products/Debug-watchos/include -Xcc -I/Users/admin/builder/spi-builder-workspace/.derivedData/Build/Intermediates.noindex/ProcessRunner.build/Debug-watchos/ProcessRunner-t.build/DerivedSources-normal/arm64 -Xcc -I/Users/admin/builder/spi-builder-workspace/.derivedData/Build/Intermediates.noindex/ProcessRunner.build/Debug-watchos/ProcessRunner-t.build/DerivedSources/arm64 -Xcc -I/Users/admin/builder/spi-builder-workspace/.derivedData/Build/Intermediates.noindex/ProcessRunner.build/Debug-watchos/ProcessRunner-t.build/DerivedSources -Xcc -DSWIFT_PACKAGE -Xcc -DDEBUG\=1 -no-auto-bridging-header-chaining -module-name ProcessRunner -const-gather-protocols-file /Users/admin/builder/spi-builder-workspace/.derivedData/Build/Intermediates.noindex/ProcessRunner.build/Debug-watchos/ProcessRunner-t.build/Objects-normal/arm64/ProcessRunner_const_extract_protocols.json -disable-clang-spi -target-sdk-version 27.0 -target-sdk-name watchos27.0 -external-plugin-path /Applications/Xcode-27.0.0-Release.Candidate.app/Contents/Developer/Platforms/WatchOS.platform/Developer/usr/lib/swift/host/plugins\#/Applications/Xcode-27.0.0-Release.Candidate.app/Contents/Developer/Platforms/WatchOS.platform/Developer/usr/bin/swift-plugin-server -external-plugin-path /Applications/Xcode-27.0.0-Release.Candidate.app/Contents/Developer/Platforms/WatchOS.platform/Developer/usr/local/lib/swift/host/plugins\#/Applications/Xcode-27.0.0-Release.Candidate.app/Contents/Developer/Platforms/WatchOS.platform/Developer/usr/bin/swift-plugin-server -in-process-plugin-server-path /Applications/Xcode-27.0.0-Release.Candidate.app/Contents/Developer/Toolchains/XcodeDefault.xctoolchain/usr/lib/swift/host/libSwiftInProcPluginServer.dylib -plugin-path /Applications/Xcode-27.0.0-Release.Candidate.app/Contents/Developer/Toolchains/XcodeDefault.xctoolchain/usr/lib/swift/host/plugins -plugin-path /Applications/Xcode-27.0.0-Release.Candidate.app/Contents/Developer/Toolchains/XcodeDefault.xctoolchain/usr/local/lib/swift/host/plugins -emit-module-doc-path /Users/admin/builder/spi-builder-workspace/.derivedData/Build/Intermediates.noindex/ProcessRunner.build/Debug-watchos/ProcessRunner-t.build/Objects-normal/arm64/ProcessRunner.swiftdoc -emit-module-source-info-path /Users/admin/builder/spi-builder-workspace/.derivedData/Build/Intermediates.noindex/ProcessRunner.build/Debug-watchos/ProcessRunner-t.build/Objects-normal/arm64/ProcessRunner.swiftsourceinfo -emit-objc-header-path /Users/admin/builder/spi-builder-workspace/.derivedData/Build/Intermediates.noindex/ProcessRunner.build/Debug-watchos/ProcessRunner-t.build/Objects-normal/arm64/ProcessRunner-Swift.h -serialize-diagnostics-path /Users/admin/builder/spi-builder-workspace/.derivedData/Build/Intermediates.noindex/ProcessRunner.build/Debug-watchos/ProcessRunner-t.build/Objects-normal/arm64/ProcessRunner-primary-emit-module.dia -emit-dependencies-path /Users/admin/builder/spi-builder-workspace/.derivedData/Build/Intermediates.noindex/ProcessRunner.build/Debug-watchos/ProcessRunner-t.build/Objects-normal/arm64/ProcessRunner-primary-emit-module.d -parse-as-library -o /Users/admin/builder/spi-builder-workspace/.derivedData/Build/Intermediates.noindex/ProcessRunner.build/Debug-watchos/ProcessRunner-t.build/Objects-normal/arm64/ProcessRunner.swiftmodule -emit-abi-descriptor-path /Users/admin/builder/spi-builder-workspace/.derivedData/Build/Intermediates.noindex/ProcessRunner.build/Debug-watchos/ProcessRunner-t.build/Objects-normal/arm64/ProcessRunner.abi.json
SwiftCompile normal arm64 (in target 'ProcessRunner' from project 'ProcessRunner')
cd /Users/admin/builder/spi-builder-workspace/.swiftpm/xcode
SwiftCompile normal arm64_32 Compiling\ ProcessRunner.swift /Users/admin/builder/spi-builder-workspace/.dependencies/checkouts/ProcessRunner/Sources/ProcessRunner/ProcessRunner.swift (in target 'ProcessRunner' from project 'ProcessRunner')
SwiftCompile normal arm64_32 /Users/admin/builder/spi-builder-workspace/.dependencies/checkouts/ProcessRunner/Sources/ProcessRunner/ProcessRunner.swift (in target 'ProcessRunner' from project 'ProcessRunner')
cd /Users/admin/builder/spi-builder-workspace/.swiftpm/xcode
builtin-SwiftPerFileCompile ProcessRunner.swift
SwiftCompile normal arm64 Compiling\ ProcessRunner.swift /Users/admin/builder/spi-builder-workspace/.dependencies/checkouts/ProcessRunner/Sources/ProcessRunner/ProcessRunner.swift (in target 'ProcessRunner' from project 'ProcessRunner')
SwiftCompile normal arm64 /Users/admin/builder/spi-builder-workspace/.dependencies/checkouts/ProcessRunner/Sources/ProcessRunner/ProcessRunner.swift (in target 'ProcessRunner' from project 'ProcessRunner')
cd /Users/admin/builder/spi-builder-workspace/.swiftpm/xcode
builtin-SwiftPerFileCompile ProcessRunner.swift
SwiftEmitModule normal arm64_32 Emitting\ module\ for\ Yaml (in target 'Yaml' from project 'Yaml')
SwiftCompile normal arm64_32 (in target 'Yaml' from project 'Yaml')
cd /Users/admin/builder/spi-builder-workspace/.swiftpm/xcode
SwiftCompile normal arm64_32 Compiling\ YAMLOperators.swift /Users/admin/builder/spi-builder-workspace/.dependencies/checkouts/Yaml/Sources/Yaml/YAMLOperators.swift (in target 'Yaml' from project 'Yaml')
SwiftCompile normal arm64_32 /Users/admin/builder/spi-builder-workspace/.dependencies/checkouts/Yaml/Sources/Yaml/YAMLOperators.swift (in target 'Yaml' from project 'Yaml')
cd /Users/admin/builder/spi-builder-workspace/.swiftpm/xcode
builtin-SwiftPerFileCompile YAMLOperators.swift
SwiftCompile normal arm64_32 Compiling\ YAMLParser.swift /Users/admin/builder/spi-builder-workspace/.dependencies/checkouts/Yaml/Sources/Yaml/YAMLParser.swift (in target 'Yaml' from project 'Yaml')
SwiftCompile normal arm64_32 /Users/admin/builder/spi-builder-workspace/.dependencies/checkouts/Yaml/Sources/Yaml/YAMLParser.swift (in target 'Yaml' from project 'Yaml')
cd /Users/admin/builder/spi-builder-workspace/.swiftpm/xcode
builtin-SwiftPerFileCompile YAMLParser.swift
SwiftCompile normal arm64_32 Compiling\ Yaml.swift /Users/admin/builder/spi-builder-workspace/.dependencies/checkouts/Yaml/Sources/Yaml/Yaml.swift (in target 'Yaml' from project 'Yaml')
SwiftCompile normal arm64_32 /Users/admin/builder/spi-builder-workspace/.dependencies/checkouts/Yaml/Sources/Yaml/Yaml.swift (in target 'Yaml' from project 'Yaml')
cd /Users/admin/builder/spi-builder-workspace/.swiftpm/xcode
builtin-SwiftPerFileCompile Yaml.swift
SwiftCompile normal arm64_32 Compiling\ YAMLTokenizer.swift /Users/admin/builder/spi-builder-workspace/.dependencies/checkouts/Yaml/Sources/Yaml/YAMLTokenizer.swift (in target 'Yaml' from project 'Yaml')
SwiftCompile normal arm64_32 /Users/admin/builder/spi-builder-workspace/.dependencies/checkouts/Yaml/Sources/Yaml/YAMLTokenizer.swift (in target 'Yaml' from project 'Yaml')
cd /Users/admin/builder/spi-builder-workspace/.swiftpm/xcode
builtin-SwiftPerFileCompile YAMLTokenizer.swift
SwiftCompile normal arm64_32 Compiling\ YAMLResult.swift /Users/admin/builder/spi-builder-workspace/.dependencies/checkouts/Yaml/Sources/Yaml/YAMLResult.swift (in target 'Yaml' from project 'Yaml')
SwiftCompile normal arm64_32 /Users/admin/builder/spi-builder-workspace/.dependencies/checkouts/Yaml/Sources/Yaml/YAMLResult.swift (in target 'Yaml' from project 'Yaml')
cd /Users/admin/builder/spi-builder-workspace/.swiftpm/xcode
builtin-SwiftPerFileCompile YAMLResult.swift
SwiftEmitModule normal arm64 Emitting\ module\ for\ Yaml (in target 'Yaml' from project 'Yaml')
SwiftCompile normal arm64 (in target 'Yaml' from project 'Yaml')
cd /Users/admin/builder/spi-builder-workspace/.swiftpm/xcode
PruneExplicitPrecompiledModules /Users/admin/builder/spi-builder-workspace/.derivedData/SDKExplicitPrecompiledModules
PruneExplicitPrecompiledModules /Users/admin/builder/spi-builder-workspace/.derivedData/Build/Intermediates.noindex/SwiftExplicitPrecompiledModules
PruneExplicitPrecompiledModules /Users/admin/builder/spi-builder-workspace/.derivedData/Build/Intermediates.noindex/ExplicitPrecompiledModules
2026-09-16 23:50:54.650 xcodebuild[769:4799] [MT] IDERunDestination: Supported platforms for the buildables in the current scheme is empty.
** BUILD FAILED **
The following build commands failed:
SwiftCompile normal arm64_32 (in target 'ProcessRunner' from project 'ProcessRunner')
SwiftEmitModule normal arm64_32 Emitting\ module\ for\ ProcessRunner (in target 'ProcessRunner' from project 'ProcessRunner')
SwiftEmitModule normal arm64 Emitting\ module\ for\ ProcessRunner (in target 'ProcessRunner' from project 'ProcessRunner')
SwiftCompile normal arm64 (in target 'ProcessRunner' from project 'ProcessRunner')
Building workspace CliRunnable with scheme CliRunnable
(5 failures)
BUILD FAILURE 6.4 watchOS