Build Information
Failed to build Rainbow, reference 4.2.2 (711ca9), with Swift 6.3 for Android on 28 Sep 2026 21:31:28 UTC.
Build Command
bash -c docker run --pull=always --rm -v "checkouts-54344843-0":/host -w "$PWD" -e JAVA_HOME="/root/.sdkman/candidates/java/current" -e SPI_BUILD="1" -e SPI_PROCESSING="1" registry.gitlab.com/saguaro1/spi-images:android-6.3-latest swift build --swift-sdk aarch64-unknown-linux-android28 2>&1Build Log
========================================
RunAll
========================================
Builder version: 5.1.0
Interrupt handler set up.
========================================
Checkout
========================================
Clone URL: https://github.com/onevcat/Rainbow.git
Reference: 4.2.2
Initialized empty Git repository in /host/spi-builder-workspace/.git/
hint: Using 'master' as the name for the initial branch. This default branch name
hint: is subject to change. To configure the initial branch name to use in all
hint: of your new repositories, which will suppress this warning, call:
hint:
hint: git config --global init.defaultBranch <name>
hint:
hint: Names commonly chosen instead of 'master' are 'main', 'trunk' and
hint: 'development'. The just-created branch can be renamed via this command:
hint:
hint: git branch -m <name>
From https://github.com/onevcat/Rainbow
* tag 4.2.2 -> FETCH_HEAD
HEAD is now at 711ca90 Bump version to 4.2.2
Cloned https://github.com/onevcat/Rainbow.git
Revision (git rev-parse @):
711ca908ca19d16e577d575c8d0a48151a16bb1b
SUCCESS checkout https://github.com/onevcat/Rainbow.git at 4.2.2
========================================
Build
========================================
Selected platform: android
Swift version: 6.3
Building package at path: $PWD
https://github.com/onevcat/Rainbow.git
Running build ...
bash -c docker run --pull=always --rm -v "checkouts-54344843-0":/host -w "$PWD" -e JAVA_HOME="/root/.sdkman/candidates/java/current" -e SPI_BUILD="1" -e SPI_PROCESSING="1" registry.gitlab.com/saguaro1/spi-images:android-6.3-latest swift build --swift-sdk aarch64-unknown-linux-android28 2>&1
android-6.3-latest: Pulling from saguaro1/spi-images
Digest: sha256:8ca9e1e6d70fd53f5b05e4f64d92569d697563f7f457a1485802bc9eb2cd1382
Status: Image is up to date for registry.gitlab.com/saguaro1/spi-images:android-6.3-latest
Building for debugging...
[0/7] Write sources
[2/7] Write swift-version-272D24FF697CF451.txt
[4/22] Compiling Rainbow StringGenerator.swift
[5/22] Compiling Rainbow Style.swift
[6/23] Compiling Rainbow String+ConditionalStyling.swift
[7/23] Compiling Rainbow String+Rainbow.swift
[8/23] Compiling Rainbow OutputTarget.swift
/host/spi-builder-workspace/Sources/OutputTarget.swift:57:58: error: cannot find 'isatty' in scope
55 | // Check if we are in any term env and the output is a tty.
56 | let termType = getEnvValue("TERM")
57 | if let t = termType, t.lowercased() != "dumb" && isatty(fileno(stdout)) != 0 {
| `- error: cannot find 'isatty' in scope
58 | return .console
59 | }
[9/23] Compiling Rainbow Rainbow.swift
/host/spi-builder-workspace/Sources/OutputTarget.swift:57:58: error: cannot find 'isatty' in scope
55 | // Check if we are in any term env and the output is a tty.
56 | let termType = getEnvValue("TERM")
57 | if let t = termType, t.lowercased() != "dumb" && isatty(fileno(stdout)) != 0 {
| `- error: cannot find 'isatty' in scope
58 | return .console
59 | }
[10/23] Compiling Rainbow HSLColorConverter.swift
[11/23] Compiling Rainbow ModesExtractor.swift
[12/23] Compiling Rainbow ConditionalStyleBuilder.swift
[13/23] Compiling Rainbow ControlCode.swift
[14/23] Compiling Rainbow StyledStringBuilder.swift
error: emit-module command failed with exit code 1 (use -v to see invocation)
[15/23] Compiling Rainbow Color.swift
[16/23] Compiling Rainbow ColorApproximation.swift
[17/23] Compiling Rainbow BackgroundColor.swift
[18/23] Compiling Rainbow CodesParser.swift
[19/23] Emitting module Rainbow
/host/spi-builder-workspace/Sources/OutputTarget.swift:57:58: error: cannot find 'isatty' in scope
55 | // Check if we are in any term env and the output is a tty.
56 | let termType = getEnvValue("TERM")
57 | if let t = termType, t.lowercased() != "dumb" && isatty(fileno(stdout)) != 0 {
| `- error: cannot find 'isatty' in scope
58 | return .console
59 | }
BUILD FAILURE 6.3 android