Build Information
Failed to build SwiftPygmentsPublishPlugin, reference master (4ed27a), with Swift 6.4 for iOS using Xcode 27.0 on 18 Sep 2026 15:56:09 UTC.
Build Command
No build command. This typically means the build failed at an early stage where we determine the build command.Build Log
========================================
RunAll
========================================
Builder version: 5.1.0
Interrupt handler set up.
========================================
Checkout
========================================
Clone URL: https://github.com/Ze0nC/SwiftPygmentsPublishPlugin.git
Reference: master
Initialized empty Git repository in /Users/admin/builder/spi-builder-workspace/.git/
From https://github.com/Ze0nC/SwiftPygmentsPublishPlugin
* branch master -> FETCH_HEAD
* [new branch] master -> origin/master
HEAD is now at 4ed27aa Merge pull request #4 from sena-mike/patch-1
Cloned https://github.com/Ze0nC/SwiftPygmentsPublishPlugin.git
Revision (git rev-parse @):
4ed27aad3f27e5769ab64dcb5ebdb2473add13e8
SUCCESS checkout https://github.com/Ze0nC/SwiftPygmentsPublishPlugin.git at master
========================================
Build
========================================
Selected platform: iOS
Swift version: 6.4
Building package at path: $PWD
https://github.com/Ze0nC/SwiftPygmentsPublishPlugin.git
Command line invocation:
/Applications/Xcode-27.0.0-Release.Candidate.app/Contents/Developer/usr/bin/xcodebuild -IDEClonedSourcePackagesDirPathOverride=/Users/admin/builder/spi-builder-workspace/.dependencies -resolvePackageDependencies
Resolve Package Graph
Fetching from https://github.com/Ze0nC/SwiftPygments
Fetching from https://github.com/pvieito/PythonKit.git
could not find a branch named ‘master’ in https://github.com/pvieito/PythonKit.git (did you mean ‘main’?)Resolve Package Graph
Updating from https://github.com/Ze0nC/SwiftPygments
Updating from https://github.com/pvieito/PythonKit.git
could not find a branch named ‘master’ in https://github.com/pvieito/PythonKit.git (did you mean ‘main’?)Resolve Package Graph
Updating from https://github.com/Ze0nC/SwiftPygments
Updating from https://github.com/pvieito/PythonKit.git
could not find a branch named ‘master’ in https://github.com/pvieito/PythonKit.git (did you mean ‘main’?)Resolve Package Graph
Updating from https://github.com/Ze0nC/SwiftPygments
Updating from https://github.com/pvieito/PythonKit.git
could not find a branch named ‘master’ in https://github.com/pvieito/PythonKit.git (did you mean ‘main’?)
Resolved source packages:
spi-builder-workspace: (null)
2026-09-18 11:56:07.369 xcodebuild[529:3034] Writing error result bundle to /var/folders/xq/y_g06wb113726d38xsyx71_h0000gn/T/ResultBundle_2026-18-09_11-56-0007.xcresult
xcodebuild: error: Could not resolve package dependencies:
could not find a branch named ‘master’ in https://github.com/pvieito/PythonKit.git (did you mean ‘main’?)
Command line invocation:
/Applications/Xcode-27.0.0-Release.Candidate.app/Contents/Developer/usr/bin/xcodebuild -IDEClonedSourcePackagesDirPathOverride=/Users/admin/builder/spi-builder-workspace/.dependencies -resolvePackageDependencies
Resolve Package Graph
Updating from https://github.com/Ze0nC/SwiftPygments
Updating from https://github.com/pvieito/PythonKit.git
could not find a branch named ‘master’ in https://github.com/pvieito/PythonKit.git (did you mean ‘main’?)
Resolved source packages:
spi-builder-workspace: (null)
2026-09-18 11:56:09.765 xcodebuild[696:4030] Writing error result bundle to /var/folders/xq/y_g06wb113726d38xsyx71_h0000gn/T/ResultBundle_2026-18-09_11-56-0009.xcresult
xcodebuild: error: Could not resolve package dependencies:
could not find a branch named ‘master’ in https://github.com/pvieito/PythonKit.git (did you mean ‘main’?)
BUILD FAILURE 6.4 iOS