Build Information
Failed to build OpenTriviaDatabase, reference main (c5408a), with Swift 6.3 for watchOS using Xcode 26.4 on 3 Sep 2026 01:12:11 UTC.
Build Command
No build command. This typically means the build failed at an early stage where we determine the build command.Build Log
========================================
RunAll
========================================
Builder version: 5.0.2
Interrupt handler set up.
========================================
Checkout
========================================
Clone URL: https://github.com/Appracatappra/OpenTriviaDatabase.git
Reference: main
Initialized empty Git repository in /Users/admin/builder/spi-builder-workspace/.git/
From https://github.com/Appracatappra/OpenTriviaDatabase
* branch main -> FETCH_HEAD
* [new branch] main -> origin/main
HEAD is now at c5408a3 Update to OS 26
Cloned https://github.com/Appracatappra/OpenTriviaDatabase.git
Revision (git rev-parse @):
c5408a3fc4bd2322c6118523f52328568b2f3c8f
SUCCESS checkout https://github.com/Appracatappra/OpenTriviaDatabase.git at main
========================================
Build
========================================
Selected platform: watchOS
Swift version: 6.3
Building package at path: $PWD
https://github.com/Appracatappra/OpenTriviaDatabase.git
Command line invocation:
/Applications/Xcode-26.5.0.app/Contents/Developer/usr/bin/xcodebuild -IDEClonedSourcePackagesDirPathOverride=/Users/admin/builder/spi-builder-workspace/.dependencies -resolvePackageDependencies
Resolve Package Graph
package 'spi-builder-workspace' is using Swift tools version 6.4.0 but the installed version is 6.3.2
Resolved source packages:
spi-builder-workspace: (null)
2026-09-02 21:12:10.429 xcodebuild[535:3077] Writing error result bundle to /var/folders/xq/y_g06wb113726d38xsyx71_h0000gn/T/ResultBundle_2026-02-09_21-12-0010.xcresult
xcodebuild: error: Could not resolve package dependencies:
package 'spi-builder-workspace' is using Swift tools version 6.4.0 but the installed version is 6.3.2
Command line invocation:
/Applications/Xcode-26.5.0.app/Contents/Developer/usr/bin/xcodebuild -IDEClonedSourcePackagesDirPathOverride=/Users/admin/builder/spi-builder-workspace/.dependencies -resolvePackageDependencies
Resolve Package Graph
package 'spi-builder-workspace' is using Swift tools version 6.4.0 but the installed version is 6.3.2
Resolved source packages:
spi-builder-workspace: (null)
2026-09-02 21:12:11.923 xcodebuild[605:3584] Writing error result bundle to /var/folders/xq/y_g06wb113726d38xsyx71_h0000gn/T/ResultBundle_2026-02-09_21-12-0011.xcresult
xcodebuild: error: Could not resolve package dependencies:
package 'spi-builder-workspace' is using Swift tools version 6.4.0 but the installed version is 6.3.2
BUILD FAILURE 6.3 watchOS