The Swift Package Index logo.Swift Package Index

Build Information

Failed to build SwiftUIPreciselyRoundedRectangle, reference main (b46a08), with Swift 6.4 for watchOS using Xcode 27.0 on 17 Sep 2026 19:46:31 UTC.

Build Command

env DEVELOPER_DIR=/Applications/Xcode-27.0.0-Release.Candidate.app xcrun xcodebuild -IDEClonedSourcePackagesDirPathOverride=$PWD/.dependencies -skipMacroValidation -skipPackagePluginValidation -derivedDataPath $PWD/.derivedData build -scheme SwiftUIPreciselyRoundedRectangle -destination generic/platform=watchOS

Build Log

    write-file /Users/admin/builder/spi-builder-workspace/.derivedData/Build/Intermediates.noindex/CypherPoetSwiftUIGeometryUtils.build/Debug-watchos/SwiftUIGeometryUtils-t.build/SwiftUIGeometryUtils.modulemap
WriteAuxiliaryFile /Users/admin/builder/spi-builder-workspace/.derivedData/Build/Intermediates.noindex/CypherPoetSwiftUIGeometryUtils.build/Debug-watchos/SwiftUIGeometryUtils-t.build/SwiftUIGeometryUtils.DependencyStaticMetadataFileList (in target 'SwiftUIGeometryUtils' from project 'CypherPoetSwiftUIGeometryUtils')
    cd /Users/admin/builder/spi-builder-workspace/.dependencies/checkouts/SwiftUIGeometryUtils
    write-file /Users/admin/builder/spi-builder-workspace/.derivedData/Build/Intermediates.noindex/CypherPoetSwiftUIGeometryUtils.build/Debug-watchos/SwiftUIGeometryUtils-t.build/SwiftUIGeometryUtils.DependencyStaticMetadataFileList
WriteAuxiliaryFile /Users/admin/builder/spi-builder-workspace/.derivedData/Build/Intermediates.noindex/CypherPoetSwiftUIGeometryUtils.build/Debug-watchos/SwiftUIGeometryUtils-t.build/SwiftUIGeometryUtils.DependencyMetadataFileList (in target 'SwiftUIGeometryUtils' from project 'CypherPoetSwiftUIGeometryUtils')
    cd /Users/admin/builder/spi-builder-workspace/.dependencies/checkouts/SwiftUIGeometryUtils
    write-file /Users/admin/builder/spi-builder-workspace/.derivedData/Build/Intermediates.noindex/CypherPoetSwiftUIGeometryUtils.build/Debug-watchos/SwiftUIGeometryUtils-t.build/SwiftUIGeometryUtils.DependencyMetadataFileList
WriteAuxiliaryFile /Users/admin/builder/spi-builder-workspace/.derivedData/Build/Intermediates.noindex/CypherPoetSwiftUIGeometryUtils.build/Debug-watchos/SwiftUIGeometryUtils-t.build/Objects-normal/arm64_32/SwiftUIGeometryUtils.SwiftConstValuesFileList (in target 'SwiftUIGeometryUtils' from project 'CypherPoetSwiftUIGeometryUtils')
    cd /Users/admin/builder/spi-builder-workspace/.dependencies/checkouts/SwiftUIGeometryUtils
    write-file /Users/admin/builder/spi-builder-workspace/.derivedData/Build/Intermediates.noindex/CypherPoetSwiftUIGeometryUtils.build/Debug-watchos/SwiftUIGeometryUtils-t.build/Objects-normal/arm64_32/SwiftUIGeometryUtils.SwiftConstValuesFileList
WriteAuxiliaryFile /Users/admin/builder/spi-builder-workspace/.derivedData/Build/Intermediates.noindex/CypherPoetSwiftUIGeometryUtils.build/Debug-watchos/SwiftUIGeometryUtils-t.build/Objects-normal/arm64_32/SwiftUIGeometryUtils_const_extract_protocols.json (in target 'SwiftUIGeometryUtils' from project 'CypherPoetSwiftUIGeometryUtils')
    cd /Users/admin/builder/spi-builder-workspace/.dependencies/checkouts/SwiftUIGeometryUtils
    write-file /Users/admin/builder/spi-builder-workspace/.derivedData/Build/Intermediates.noindex/CypherPoetSwiftUIGeometryUtils.build/Debug-watchos/SwiftUIGeometryUtils-t.build/Objects-normal/arm64_32/SwiftUIGeometryUtils_const_extract_protocols.json
WriteAuxiliaryFile /Users/admin/builder/spi-builder-workspace/.derivedData/Build/Intermediates.noindex/CypherPoetSwiftUIGeometryUtils.build/Debug-watchos/SwiftUIGeometryUtils-t.build/Objects-normal/arm64_32/SwiftUIGeometryUtils.SwiftFileList (in target 'SwiftUIGeometryUtils' from project 'CypherPoetSwiftUIGeometryUtils')
    cd /Users/admin/builder/spi-builder-workspace/.dependencies/checkouts/SwiftUIGeometryUtils
    write-file /Users/admin/builder/spi-builder-workspace/.derivedData/Build/Intermediates.noindex/CypherPoetSwiftUIGeometryUtils.build/Debug-watchos/SwiftUIGeometryUtils-t.build/Objects-normal/arm64_32/SwiftUIGeometryUtils.SwiftFileList
WriteAuxiliaryFile /Users/admin/builder/spi-builder-workspace/.derivedData/Build/Intermediates.noindex/CypherPoetSwiftUIGeometryUtils.build/Debug-watchos/SwiftUIGeometryUtils-t.build/Objects-normal/arm64_32/SwiftUIGeometryUtils.LinkFileList (in target 'SwiftUIGeometryUtils' from project 'CypherPoetSwiftUIGeometryUtils')
    cd /Users/admin/builder/spi-builder-workspace/.dependencies/checkouts/SwiftUIGeometryUtils
    write-file /Users/admin/builder/spi-builder-workspace/.derivedData/Build/Intermediates.noindex/CypherPoetSwiftUIGeometryUtils.build/Debug-watchos/SwiftUIGeometryUtils-t.build/Objects-normal/arm64_32/SwiftUIGeometryUtils.LinkFileList
WriteAuxiliaryFile /Users/admin/builder/spi-builder-workspace/.derivedData/Build/Intermediates.noindex/CypherPoetSwiftUIGeometryUtils.build/Debug-watchos/SwiftUIGeometryUtils-t.build/Objects-normal/arm64_32/SwiftUIGeometryUtils-OutputFileMap.json (in target 'SwiftUIGeometryUtils' from project 'CypherPoetSwiftUIGeometryUtils')
    cd /Users/admin/builder/spi-builder-workspace/.dependencies/checkouts/SwiftUIGeometryUtils
    write-file /Users/admin/builder/spi-builder-workspace/.derivedData/Build/Intermediates.noindex/CypherPoetSwiftUIGeometryUtils.build/Debug-watchos/SwiftUIGeometryUtils-t.build/Objects-normal/arm64_32/SwiftUIGeometryUtils-OutputFileMap.json
WriteAuxiliaryFile /Users/admin/builder/spi-builder-workspace/.derivedData/Build/Intermediates.noindex/CypherPoetSwiftUIGeometryUtils.build/Debug-watchos/SwiftUIGeometryUtils-t.build/Objects-normal/arm64/SwiftUIGeometryUtils_const_extract_protocols.json (in target 'SwiftUIGeometryUtils' from project 'CypherPoetSwiftUIGeometryUtils')
    cd /Users/admin/builder/spi-builder-workspace/.dependencies/checkouts/SwiftUIGeometryUtils
    write-file /Users/admin/builder/spi-builder-workspace/.derivedData/Build/Intermediates.noindex/CypherPoetSwiftUIGeometryUtils.build/Debug-watchos/SwiftUIGeometryUtils-t.build/Objects-normal/arm64/SwiftUIGeometryUtils_const_extract_protocols.json
WriteAuxiliaryFile /Users/admin/builder/spi-builder-workspace/.derivedData/Build/Intermediates.noindex/CypherPoetSwiftUIGeometryUtils.build/Debug-watchos/SwiftUIGeometryUtils-t.build/Objects-normal/arm64/SwiftUIGeometryUtils.SwiftFileList (in target 'SwiftUIGeometryUtils' from project 'CypherPoetSwiftUIGeometryUtils')
    cd /Users/admin/builder/spi-builder-workspace/.dependencies/checkouts/SwiftUIGeometryUtils
    write-file /Users/admin/builder/spi-builder-workspace/.derivedData/Build/Intermediates.noindex/CypherPoetSwiftUIGeometryUtils.build/Debug-watchos/SwiftUIGeometryUtils-t.build/Objects-normal/arm64/SwiftUIGeometryUtils.SwiftFileList
WriteAuxiliaryFile /Users/admin/builder/spi-builder-workspace/.derivedData/Build/Intermediates.noindex/CypherPoetSwiftUIGeometryUtils.build/Debug-watchos/SwiftUIGeometryUtils-t.build/Objects-normal/arm64/SwiftUIGeometryUtils.SwiftConstValuesFileList (in target 'SwiftUIGeometryUtils' from project 'CypherPoetSwiftUIGeometryUtils')
    cd /Users/admin/builder/spi-builder-workspace/.dependencies/checkouts/SwiftUIGeometryUtils
    write-file /Users/admin/builder/spi-builder-workspace/.derivedData/Build/Intermediates.noindex/CypherPoetSwiftUIGeometryUtils.build/Debug-watchos/SwiftUIGeometryUtils-t.build/Objects-normal/arm64/SwiftUIGeometryUtils.SwiftConstValuesFileList
WriteAuxiliaryFile /Users/admin/builder/spi-builder-workspace/.derivedData/Build/Intermediates.noindex/CypherPoetSwiftUIGeometryUtils.build/Debug-watchos/SwiftUIGeometryUtils-t.build/Objects-normal/arm64/SwiftUIGeometryUtils.LinkFileList (in target 'SwiftUIGeometryUtils' from project 'CypherPoetSwiftUIGeometryUtils')
    cd /Users/admin/builder/spi-builder-workspace/.dependencies/checkouts/SwiftUIGeometryUtils
    write-file /Users/admin/builder/spi-builder-workspace/.derivedData/Build/Intermediates.noindex/CypherPoetSwiftUIGeometryUtils.build/Debug-watchos/SwiftUIGeometryUtils-t.build/Objects-normal/arm64/SwiftUIGeometryUtils.LinkFileList
WriteAuxiliaryFile /Users/admin/builder/spi-builder-workspace/.derivedData/Build/Intermediates.noindex/CypherPoetSwiftUIGeometryUtils.build/Debug-watchos/SwiftUIGeometryUtils-t.build/Objects-normal/arm64/SwiftUIGeometryUtils-OutputFileMap.json (in target 'SwiftUIGeometryUtils' from project 'CypherPoetSwiftUIGeometryUtils')
    cd /Users/admin/builder/spi-builder-workspace/.dependencies/checkouts/SwiftUIGeometryUtils
    write-file /Users/admin/builder/spi-builder-workspace/.derivedData/Build/Intermediates.noindex/CypherPoetSwiftUIGeometryUtils.build/Debug-watchos/SwiftUIGeometryUtils-t.build/Objects-normal/arm64/SwiftUIGeometryUtils-OutputFileMap.json
Copy /Users/admin/builder/spi-builder-workspace/.derivedData/Build/Intermediates.noindex/GeneratedModuleMaps-watchos/SwiftUIGeometryUtils.modulemap /Users/admin/builder/spi-builder-workspace/.derivedData/Build/Intermediates.noindex/CypherPoetSwiftUIGeometryUtils.build/Debug-watchos/SwiftUIGeometryUtils-t.build/SwiftUIGeometryUtils.modulemap (in target 'SwiftUIGeometryUtils' from project 'CypherPoetSwiftUIGeometryUtils')
    cd /Users/admin/builder/spi-builder-workspace/.dependencies/checkouts/SwiftUIGeometryUtils
    builtin-copy -exclude .DS_Store -exclude CVS -exclude .svn -exclude .git -exclude .hg -resolve-src-symlinks /Users/admin/builder/spi-builder-workspace/.derivedData/Build/Intermediates.noindex/CypherPoetSwiftUIGeometryUtils.build/Debug-watchos/SwiftUIGeometryUtils-t.build/SwiftUIGeometryUtils.modulemap /Users/admin/builder/spi-builder-workspace/.derivedData/Build/Intermediates.noindex/GeneratedModuleMaps-watchos
WriteAuxiliaryFile /Users/admin/builder/spi-builder-workspace/.derivedData/Build/Intermediates.noindex/SwiftUIPreciselyRoundedRectangle.build/Debug-watchos/PreciselyRoundedRectangleTests-p.build/empty-PreciselyRoundedRectangleTests.plist (in target 'PreciselyRoundedRectangleTests-product' from project 'SwiftUIPreciselyRoundedRectangle')
    cd /Users/admin/builder/spi-builder-workspace
    write-file /Users/admin/builder/spi-builder-workspace/.derivedData/Build/Intermediates.noindex/SwiftUIPreciselyRoundedRectangle.build/Debug-watchos/PreciselyRoundedRectangleTests-p.build/empty-PreciselyRoundedRectangleTests.plist
WriteAuxiliaryFile /Users/admin/builder/spi-builder-workspace/.derivedData/Build/Intermediates.noindex/SwiftUIPreciselyRoundedRectangle.build/Debug-watchos/PreciselyRoundedRectangleTests-p.build/PreciselyRoundedRectangleTests.DependencyStaticMetadataFileList (in target 'PreciselyRoundedRectangleTests-product' from project 'SwiftUIPreciselyRoundedRectangle')
    cd /Users/admin/builder/spi-builder-workspace
    write-file /Users/admin/builder/spi-builder-workspace/.derivedData/Build/Intermediates.noindex/SwiftUIPreciselyRoundedRectangle.build/Debug-watchos/PreciselyRoundedRectangleTests-p.build/PreciselyRoundedRectangleTests.DependencyStaticMetadataFileList
WriteAuxiliaryFile /Users/admin/builder/spi-builder-workspace/.derivedData/Build/Intermediates.noindex/SwiftUIPreciselyRoundedRectangle.build/Debug-watchos/PreciselyRoundedRectangleTests-p.build/PreciselyRoundedRectangleTests.DependencyMetadataFileList (in target 'PreciselyRoundedRectangleTests-product' from project 'SwiftUIPreciselyRoundedRectangle')
    cd /Users/admin/builder/spi-builder-workspace
    write-file /Users/admin/builder/spi-builder-workspace/.derivedData/Build/Intermediates.noindex/SwiftUIPreciselyRoundedRectangle.build/Debug-watchos/PreciselyRoundedRectangleTests-p.build/PreciselyRoundedRectangleTests.DependencyMetadataFileList
WriteAuxiliaryFile /Users/admin/builder/spi-builder-workspace/.derivedData/Build/Intermediates.noindex/SwiftUIPreciselyRoundedRectangle.build/Debug-watchos/PreciselyRoundedRectangleTests-p.build/Objects-normal/arm64_32/PreciselyRoundedRectangleTests_const_extract_protocols.json (in target 'PreciselyRoundedRectangleTests-product' from project 'SwiftUIPreciselyRoundedRectangle')
    cd /Users/admin/builder/spi-builder-workspace
    write-file /Users/admin/builder/spi-builder-workspace/.derivedData/Build/Intermediates.noindex/SwiftUIPreciselyRoundedRectangle.build/Debug-watchos/PreciselyRoundedRectangleTests-p.build/Objects-normal/arm64_32/PreciselyRoundedRectangleTests_const_extract_protocols.json
WriteAuxiliaryFile /Users/admin/builder/spi-builder-workspace/.derivedData/Build/Intermediates.noindex/SwiftUIPreciselyRoundedRectangle.build/Debug-watchos/PreciselyRoundedRectangleTests-p.build/Objects-normal/arm64_32/PreciselyRoundedRectangleTests.SwiftFileList (in target 'PreciselyRoundedRectangleTests-product' from project 'SwiftUIPreciselyRoundedRectangle')
    cd /Users/admin/builder/spi-builder-workspace
    write-file /Users/admin/builder/spi-builder-workspace/.derivedData/Build/Intermediates.noindex/SwiftUIPreciselyRoundedRectangle.build/Debug-watchos/PreciselyRoundedRectangleTests-p.build/Objects-normal/arm64_32/PreciselyRoundedRectangleTests.SwiftFileList
WriteAuxiliaryFile /Users/admin/builder/spi-builder-workspace/.derivedData/Build/Intermediates.noindex/SwiftUIPreciselyRoundedRectangle.build/Debug-watchos/PreciselyRoundedRectangleTests-p.build/Objects-normal/arm64_32/PreciselyRoundedRectangleTests.SwiftConstValuesFileList (in target 'PreciselyRoundedRectangleTests-product' from project 'SwiftUIPreciselyRoundedRectangle')
    cd /Users/admin/builder/spi-builder-workspace
    write-file /Users/admin/builder/spi-builder-workspace/.derivedData/Build/Intermediates.noindex/SwiftUIPreciselyRoundedRectangle.build/Debug-watchos/PreciselyRoundedRectangleTests-p.build/Objects-normal/arm64_32/PreciselyRoundedRectangleTests.SwiftConstValuesFileList
WriteAuxiliaryFile /Users/admin/builder/spi-builder-workspace/.derivedData/Build/Intermediates.noindex/SwiftUIPreciselyRoundedRectangle.build/Debug-watchos/PreciselyRoundedRectangleTests-p.build/Objects-normal/arm64_32/PreciselyRoundedRectangleTests.LinkFileList (in target 'PreciselyRoundedRectangleTests-product' from project 'SwiftUIPreciselyRoundedRectangle')
    cd /Users/admin/builder/spi-builder-workspace
    write-file /Users/admin/builder/spi-builder-workspace/.derivedData/Build/Intermediates.noindex/SwiftUIPreciselyRoundedRectangle.build/Debug-watchos/PreciselyRoundedRectangleTests-p.build/Objects-normal/arm64_32/PreciselyRoundedRectangleTests.LinkFileList
WriteAuxiliaryFile /Users/admin/builder/spi-builder-workspace/.derivedData/Build/Intermediates.noindex/SwiftUIPreciselyRoundedRectangle.build/Debug-watchos/PreciselyRoundedRectangleTests-p.build/Objects-normal/arm64_32/PreciselyRoundedRectangleTests-OutputFileMap.json (in target 'PreciselyRoundedRectangleTests-product' from project 'SwiftUIPreciselyRoundedRectangle')
    cd /Users/admin/builder/spi-builder-workspace
    write-file /Users/admin/builder/spi-builder-workspace/.derivedData/Build/Intermediates.noindex/SwiftUIPreciselyRoundedRectangle.build/Debug-watchos/PreciselyRoundedRectangleTests-p.build/Objects-normal/arm64_32/PreciselyRoundedRectangleTests-OutputFileMap.json
WriteAuxiliaryFile /Users/admin/builder/spi-builder-workspace/.derivedData/Build/Intermediates.noindex/SwiftUIPreciselyRoundedRectangle.build/Debug-watchos/PreciselyRoundedRectangleTests-p.build/Objects-normal/arm64/PreciselyRoundedRectangleTests_const_extract_protocols.json (in target 'PreciselyRoundedRectangleTests-product' from project 'SwiftUIPreciselyRoundedRectangle')
    cd /Users/admin/builder/spi-builder-workspace
    write-file /Users/admin/builder/spi-builder-workspace/.derivedData/Build/Intermediates.noindex/SwiftUIPreciselyRoundedRectangle.build/Debug-watchos/PreciselyRoundedRectangleTests-p.build/Objects-normal/arm64/PreciselyRoundedRectangleTests_const_extract_protocols.json
WriteAuxiliaryFile /Users/admin/builder/spi-builder-workspace/.derivedData/Build/Intermediates.noindex/SwiftUIPreciselyRoundedRectangle.build/Debug-watchos/PreciselyRoundedRectangleTests-p.build/Objects-normal/arm64/PreciselyRoundedRectangleTests.SwiftConstValuesFileList (in target 'PreciselyRoundedRectangleTests-product' from project 'SwiftUIPreciselyRoundedRectangle')
    cd /Users/admin/builder/spi-builder-workspace
    write-file /Users/admin/builder/spi-builder-workspace/.derivedData/Build/Intermediates.noindex/SwiftUIPreciselyRoundedRectangle.build/Debug-watchos/PreciselyRoundedRectangleTests-p.build/Objects-normal/arm64/PreciselyRoundedRectangleTests.SwiftConstValuesFileList
WriteAuxiliaryFile /Users/admin/builder/spi-builder-workspace/.derivedData/Build/Intermediates.noindex/SwiftUIPreciselyRoundedRectangle.build/Debug-watchos/PreciselyRoundedRectangleTests-p.build/Objects-normal/arm64/PreciselyRoundedRectangleTests.SwiftFileList (in target 'PreciselyRoundedRectangleTests-product' from project 'SwiftUIPreciselyRoundedRectangle')
    cd /Users/admin/builder/spi-builder-workspace
    write-file /Users/admin/builder/spi-builder-workspace/.derivedData/Build/Intermediates.noindex/SwiftUIPreciselyRoundedRectangle.build/Debug-watchos/PreciselyRoundedRectangleTests-p.build/Objects-normal/arm64/PreciselyRoundedRectangleTests.SwiftFileList
WriteAuxiliaryFile /Users/admin/builder/spi-builder-workspace/.derivedData/Build/Intermediates.noindex/SwiftUIPreciselyRoundedRectangle.build/Debug-watchos/PreciselyRoundedRectangleTests-p.build/Objects-normal/arm64/PreciselyRoundedRectangleTests.LinkFileList (in target 'PreciselyRoundedRectangleTests-product' from project 'SwiftUIPreciselyRoundedRectangle')
    cd /Users/admin/builder/spi-builder-workspace
    write-file /Users/admin/builder/spi-builder-workspace/.derivedData/Build/Intermediates.noindex/SwiftUIPreciselyRoundedRectangle.build/Debug-watchos/PreciselyRoundedRectangleTests-p.build/Objects-normal/arm64/PreciselyRoundedRectangleTests.LinkFileList
WriteAuxiliaryFile /Users/admin/builder/spi-builder-workspace/.derivedData/Build/Intermediates.noindex/SwiftUIPreciselyRoundedRectangle.build/Debug-watchos/PreciselyRoundedRectangleTests-p.build/Objects-normal/arm64/PreciselyRoundedRectangleTests-OutputFileMap.json (in target 'PreciselyRoundedRectangleTests-product' from project 'SwiftUIPreciselyRoundedRectangle')
    cd /Users/admin/builder/spi-builder-workspace
    write-file /Users/admin/builder/spi-builder-workspace/.derivedData/Build/Intermediates.noindex/SwiftUIPreciselyRoundedRectangle.build/Debug-watchos/PreciselyRoundedRectangleTests-p.build/Objects-normal/arm64/PreciselyRoundedRectangleTests-OutputFileMap.json
WriteAuxiliaryFile /Users/admin/builder/spi-builder-workspace/.derivedData/Build/Intermediates.noindex/SwiftUIPreciselyRoundedRectangle.build/Debug-watchos/PreciselyRoundedRectangle-t.build/PreciselyRoundedRectangle.DependencyStaticMetadataFileList (in target 'PreciselyRoundedRectangle' from project 'SwiftUIPreciselyRoundedRectangle')
    cd /Users/admin/builder/spi-builder-workspace
    write-file /Users/admin/builder/spi-builder-workspace/.derivedData/Build/Intermediates.noindex/SwiftUIPreciselyRoundedRectangle.build/Debug-watchos/PreciselyRoundedRectangle-t.build/PreciselyRoundedRectangle.DependencyStaticMetadataFileList
WriteAuxiliaryFile /Users/admin/builder/spi-builder-workspace/.derivedData/Build/Intermediates.noindex/SwiftUIPreciselyRoundedRectangle.build/Debug-watchos/PreciselyRoundedRectangle-t.build/PreciselyRoundedRectangle.DependencyMetadataFileList (in target 'PreciselyRoundedRectangle' from project 'SwiftUIPreciselyRoundedRectangle')
    cd /Users/admin/builder/spi-builder-workspace
    write-file /Users/admin/builder/spi-builder-workspace/.derivedData/Build/Intermediates.noindex/SwiftUIPreciselyRoundedRectangle.build/Debug-watchos/PreciselyRoundedRectangle-t.build/PreciselyRoundedRectangle.DependencyMetadataFileList
WriteAuxiliaryFile /Users/admin/builder/spi-builder-workspace/.derivedData/Build/Intermediates.noindex/SwiftUIPreciselyRoundedRectangle.build/Debug-watchos/PreciselyRoundedRectangle-t.build/Objects-normal/arm64_32/PreciselyRoundedRectangle.SwiftFileList (in target 'PreciselyRoundedRectangle' from project 'SwiftUIPreciselyRoundedRectangle')
    cd /Users/admin/builder/spi-builder-workspace
    write-file /Users/admin/builder/spi-builder-workspace/.derivedData/Build/Intermediates.noindex/SwiftUIPreciselyRoundedRectangle.build/Debug-watchos/PreciselyRoundedRectangle-t.build/Objects-normal/arm64_32/PreciselyRoundedRectangle.SwiftFileList
WriteAuxiliaryFile /Users/admin/builder/spi-builder-workspace/.derivedData/Build/Intermediates.noindex/SwiftUIPreciselyRoundedRectangle.build/Debug-watchos/PreciselyRoundedRectangle-t.build/Objects-normal/arm64_32/PreciselyRoundedRectangle.SwiftConstValuesFileList (in target 'PreciselyRoundedRectangle' from project 'SwiftUIPreciselyRoundedRectangle')
    cd /Users/admin/builder/spi-builder-workspace
    write-file /Users/admin/builder/spi-builder-workspace/.derivedData/Build/Intermediates.noindex/SwiftUIPreciselyRoundedRectangle.build/Debug-watchos/PreciselyRoundedRectangle-t.build/Objects-normal/arm64_32/PreciselyRoundedRectangle.SwiftConstValuesFileList
WriteAuxiliaryFile /Users/admin/builder/spi-builder-workspace/.derivedData/Build/Intermediates.noindex/SwiftUIPreciselyRoundedRectangle.build/Debug-watchos/PreciselyRoundedRectangle-t.build/Objects-normal/arm64/PreciselyRoundedRectangle.SwiftFileList (in target 'PreciselyRoundedRectangle' from project 'SwiftUIPreciselyRoundedRectangle')
    cd /Users/admin/builder/spi-builder-workspace
    write-file /Users/admin/builder/spi-builder-workspace/.derivedData/Build/Intermediates.noindex/SwiftUIPreciselyRoundedRectangle.build/Debug-watchos/PreciselyRoundedRectangle-t.build/Objects-normal/arm64/PreciselyRoundedRectangle.SwiftFileList
WriteAuxiliaryFile /Users/admin/builder/spi-builder-workspace/.derivedData/Build/Intermediates.noindex/SwiftUIPreciselyRoundedRectangle.build/Debug-watchos/PreciselyRoundedRectangle-t.build/Objects-normal/arm64/PreciselyRoundedRectangle.SwiftConstValuesFileList (in target 'PreciselyRoundedRectangle' from project 'SwiftUIPreciselyRoundedRectangle')
    cd /Users/admin/builder/spi-builder-workspace
    write-file /Users/admin/builder/spi-builder-workspace/.derivedData/Build/Intermediates.noindex/SwiftUIPreciselyRoundedRectangle.build/Debug-watchos/PreciselyRoundedRectangle-t.build/Objects-normal/arm64/PreciselyRoundedRectangle.SwiftConstValuesFileList
Copy /Users/admin/builder/spi-builder-workspace/.derivedData/Build/Intermediates.noindex/GeneratedModuleMaps-watchos/PreciselyRoundedRectangle.modulemap /Users/admin/builder/spi-builder-workspace/.derivedData/Build/Intermediates.noindex/SwiftUIPreciselyRoundedRectangle.build/Debug-watchos/PreciselyRoundedRectangle-t.build/PreciselyRoundedRectangle.modulemap (in target 'PreciselyRoundedRectangle' from project 'SwiftUIPreciselyRoundedRectangle')
    cd /Users/admin/builder/spi-builder-workspace
    builtin-copy -exclude .DS_Store -exclude CVS -exclude .svn -exclude .git -exclude .hg -resolve-src-symlinks /Users/admin/builder/spi-builder-workspace/.derivedData/Build/Intermediates.noindex/SwiftUIPreciselyRoundedRectangle.build/Debug-watchos/PreciselyRoundedRectangle-t.build/PreciselyRoundedRectangle.modulemap /Users/admin/builder/spi-builder-workspace/.derivedData/Build/Intermediates.noindex/GeneratedModuleMaps-watchos
MkDir /Users/admin/builder/spi-builder-workspace/.derivedData/Build/Products/Debug-watchos/PreciselyRoundedRectangleTests.xctest (in target 'PreciselyRoundedRectangleTests-product' from project 'SwiftUIPreciselyRoundedRectangle')
    cd /Users/admin/builder/spi-builder-workspace
    /bin/mkdir -p /Users/admin/builder/spi-builder-workspace/.derivedData/Build/Products/Debug-watchos/PreciselyRoundedRectangleTests.xctest
SwiftDriver SwiftUIGeometryUtils normal arm64_32 com.apple.xcode.tools.swift.compiler (in target 'SwiftUIGeometryUtils' from project 'CypherPoetSwiftUIGeometryUtils')
    cd /Users/admin/builder/spi-builder-workspace/.swiftpm/xcode
    builtin-SwiftDriver -- /Applications/Xcode-27.0.0-Release.Candidate.app/Contents/Developer/Toolchains/XcodeDefault.xctoolchain/usr/bin/swiftc -parse-as-library -module-name SwiftUIGeometryUtils -Onone @/Users/admin/builder/spi-builder-workspace/.derivedData/Build/Intermediates.noindex/CypherPoetSwiftUIGeometryUtils.build/Debug-watchos/SwiftUIGeometryUtils-t.build/Objects-normal/arm64_32/SwiftUIGeometryUtils.SwiftFileList -DSWIFT_PACKAGE -DDEBUG -DSWIFT_MODULE_RESOURCE_BUNDLE_UNAVAILABLE -DXcode -plugin-path /Applications/Xcode-27.0.0-Release.Candidate.app/Contents/Developer/Toolchains/XcodeDefault.xctoolchain/usr/lib/swift/host/plugins/testing -enable-experimental-feature DebugDescriptionMacro -sdk /Applications/Xcode-27.0.0-Release.Candidate.app/Contents/Developer/Platforms/WatchOS.platform/Developer/SDKs/WatchOS27.0.sdk -target arm64_32-apple-watchos9.0 -g -module-cache-path /Users/admin/builder/spi-builder-workspace/.derivedData/ModuleCache.noindex -Xfrontend -serialize-debugging-options -enable-testing -suppress-warnings -index-store-path /Users/admin/builder/spi-builder-workspace/.derivedData/Index.noindex/DataStore -Xcc -D_LIBCPP_HARDENING_MODE\=_LIBCPP_HARDENING_MODE_DEBUG -swift-version 5 -I /Users/admin/builder/spi-builder-workspace/.derivedData/Build/Products/Debug-watchos -Isystem /Applications/Xcode-27.0.0-Release.Candidate.app/Contents/Developer/Platforms/WatchOS.platform/Developer/usr/lib -F /Users/admin/builder/spi-builder-workspace/.derivedData/Build/Products/Debug-watchos -F /Applications/Xcode-27.0.0-Release.Candidate.app/Contents/Developer/Platforms/WatchOS.platform/Developer/Library/Frameworks -F /Applications/Xcode-27.0.0-Release.Candidate.app/Contents/Developer/Platforms/WatchOS.platform/Developer/SDKs/WatchOS27.0.sdk/Developer/Library/Frameworks -c -j10 -enable-batch-mode -incremental -Xcc -ivfsstatcache -Xcc /Users/admin/builder/spi-builder-workspace/.derivedData/SDKStatCaches.noindex/watchos27.0-24R360-e829b21a6f8c9b70876ba0858053c04477534ef55a1706bf4c1112bbb242f0a2.sdkstatcache -output-file-map /Users/admin/builder/spi-builder-workspace/.derivedData/Build/Intermediates.noindex/CypherPoetSwiftUIGeometryUtils.build/Debug-watchos/SwiftUIGeometryUtils-t.build/Objects-normal/arm64_32/SwiftUIGeometryUtils-OutputFileMap.json -save-temps -no-color-diagnostics -explicit-module-build -module-cache-path /Users/admin/builder/spi-builder-workspace/.derivedData/Build/Intermediates.noindex/SwiftExplicitPrecompiledModules -clang-scanner-module-cache-path /Users/admin/builder/spi-builder-workspace/.derivedData/ModuleCache.noindex -sdk-module-cache-path /Users/admin/builder/spi-builder-workspace/.derivedData/SDKExplicitPrecompiledModules -emit-dependencies -emit-module -emit-module-path /Users/admin/builder/spi-builder-workspace/.derivedData/Build/Intermediates.noindex/CypherPoetSwiftUIGeometryUtils.build/Debug-watchos/SwiftUIGeometryUtils-t.build/Objects-normal/arm64_32/SwiftUIGeometryUtils.swiftmodule -serialize-diagnostics -dependency-scan-serialize-diagnostics-path /Users/admin/builder/spi-builder-workspace/.derivedData/Build/Intermediates.noindex/CypherPoetSwiftUIGeometryUtils.build/Debug-watchos/SwiftUIGeometryUtils-t.build/Objects-normal/arm64_32/SwiftUIGeometryUtils-dependency-scan.dia -validate-clang-modules-once -clang-build-session-file /Users/admin/builder/spi-builder-workspace/.derivedData/ModuleCache.noindex/Session.modulevalidation -Xcc -fmodules-prune-interval\=86400 -Xcc -fmodules-prune-after\=345600 -emit-const-values -const-gather-protocols-list /Users/admin/builder/spi-builder-workspace/.derivedData/Build/Intermediates.noindex/CypherPoetSwiftUIGeometryUtils.build/Debug-watchos/SwiftUIGeometryUtils-t.build/Objects-normal/arm64_32/SwiftUIGeometryUtils_const_extract_protocols.json -Xcc -I/Users/admin/builder/spi-builder-workspace/.derivedData/Build/Products/Debug-watchos/include -Xcc -I/Users/admin/builder/spi-builder-workspace/.derivedData/Build/Intermediates.noindex/CypherPoetSwiftUIGeometryUtils.build/Debug-watchos/SwiftUIGeometryUtils-t.build/DerivedSources-normal/arm64_32 -Xcc -I/Users/admin/builder/spi-builder-workspace/.derivedData/Build/Intermediates.noindex/CypherPoetSwiftUIGeometryUtils.build/Debug-watchos/SwiftUIGeometryUtils-t.build/DerivedSources/arm64_32 -Xcc -I/Users/admin/builder/spi-builder-workspace/.derivedData/Build/Intermediates.noindex/CypherPoetSwiftUIGeometryUtils.build/Debug-watchos/SwiftUIGeometryUtils-t.build/DerivedSources -Xcc -DSWIFT_PACKAGE -Xcc -DDEBUG\=1 -emit-objc-header -emit-objc-header-path /Users/admin/builder/spi-builder-workspace/.derivedData/Build/Intermediates.noindex/CypherPoetSwiftUIGeometryUtils.build/Debug-watchos/SwiftUIGeometryUtils-t.build/Objects-normal/arm64_32/SwiftUIGeometryUtils-Swift.h -working-directory /Users/admin/builder/spi-builder-workspace/.swiftpm/xcode -experimental-emit-module-separately -disable-cmo
SwiftDriver SwiftUIGeometryUtils normal arm64 com.apple.xcode.tools.swift.compiler (in target 'SwiftUIGeometryUtils' from project 'CypherPoetSwiftUIGeometryUtils')
    cd /Users/admin/builder/spi-builder-workspace/.swiftpm/xcode
    builtin-SwiftDriver -- /Applications/Xcode-27.0.0-Release.Candidate.app/Contents/Developer/Toolchains/XcodeDefault.xctoolchain/usr/bin/swiftc -parse-as-library -module-name SwiftUIGeometryUtils -Onone @/Users/admin/builder/spi-builder-workspace/.derivedData/Build/Intermediates.noindex/CypherPoetSwiftUIGeometryUtils.build/Debug-watchos/SwiftUIGeometryUtils-t.build/Objects-normal/arm64/SwiftUIGeometryUtils.SwiftFileList -DSWIFT_PACKAGE -DDEBUG -DSWIFT_MODULE_RESOURCE_BUNDLE_UNAVAILABLE -DXcode -plugin-path /Applications/Xcode-27.0.0-Release.Candidate.app/Contents/Developer/Toolchains/XcodeDefault.xctoolchain/usr/lib/swift/host/plugins/testing -enable-experimental-feature DebugDescriptionMacro -sdk /Applications/Xcode-27.0.0-Release.Candidate.app/Contents/Developer/Platforms/WatchOS.platform/Developer/SDKs/WatchOS27.0.sdk -target arm64-apple-watchos9.0 -g -module-cache-path /Users/admin/builder/spi-builder-workspace/.derivedData/ModuleCache.noindex -Xfrontend -serialize-debugging-options -enable-testing -suppress-warnings -index-store-path /Users/admin/builder/spi-builder-workspace/.derivedData/Index.noindex/DataStore -Xcc -D_LIBCPP_HARDENING_MODE\=_LIBCPP_HARDENING_MODE_DEBUG -swift-version 5 -I /Users/admin/builder/spi-builder-workspace/.derivedData/Build/Products/Debug-watchos -Isystem /Applications/Xcode-27.0.0-Release.Candidate.app/Contents/Developer/Platforms/WatchOS.platform/Developer/usr/lib -F /Users/admin/builder/spi-builder-workspace/.derivedData/Build/Products/Debug-watchos -F /Applications/Xcode-27.0.0-Release.Candidate.app/Contents/Developer/Platforms/WatchOS.platform/Developer/Library/Frameworks -F /Applications/Xcode-27.0.0-Release.Candidate.app/Contents/Developer/Platforms/WatchOS.platform/Developer/SDKs/WatchOS27.0.sdk/Developer/Library/Frameworks -c -j10 -enable-batch-mode -incremental -Xcc -ivfsstatcache -Xcc /Users/admin/builder/spi-builder-workspace/.derivedData/SDKStatCaches.noindex/watchos27.0-24R360-e829b21a6f8c9b70876ba0858053c04477534ef55a1706bf4c1112bbb242f0a2.sdkstatcache -output-file-map /Users/admin/builder/spi-builder-workspace/.derivedData/Build/Intermediates.noindex/CypherPoetSwiftUIGeometryUtils.build/Debug-watchos/SwiftUIGeometryUtils-t.build/Objects-normal/arm64/SwiftUIGeometryUtils-OutputFileMap.json -save-temps -no-color-diagnostics -explicit-module-build -module-cache-path /Users/admin/builder/spi-builder-workspace/.derivedData/Build/Intermediates.noindex/SwiftExplicitPrecompiledModules -clang-scanner-module-cache-path /Users/admin/builder/spi-builder-workspace/.derivedData/ModuleCache.noindex -sdk-module-cache-path /Users/admin/builder/spi-builder-workspace/.derivedData/SDKExplicitPrecompiledModules -emit-dependencies -emit-module -emit-module-path /Users/admin/builder/spi-builder-workspace/.derivedData/Build/Intermediates.noindex/CypherPoetSwiftUIGeometryUtils.build/Debug-watchos/SwiftUIGeometryUtils-t.build/Objects-normal/arm64/SwiftUIGeometryUtils.swiftmodule -serialize-diagnostics -dependency-scan-serialize-diagnostics-path /Users/admin/builder/spi-builder-workspace/.derivedData/Build/Intermediates.noindex/CypherPoetSwiftUIGeometryUtils.build/Debug-watchos/SwiftUIGeometryUtils-t.build/Objects-normal/arm64/SwiftUIGeometryUtils-dependency-scan.dia -validate-clang-modules-once -clang-build-session-file /Users/admin/builder/spi-builder-workspace/.derivedData/ModuleCache.noindex/Session.modulevalidation -Xcc -fmodules-prune-interval\=86400 -Xcc -fmodules-prune-after\=345600 -emit-const-values -const-gather-protocols-list /Users/admin/builder/spi-builder-workspace/.derivedData/Build/Intermediates.noindex/CypherPoetSwiftUIGeometryUtils.build/Debug-watchos/SwiftUIGeometryUtils-t.build/Objects-normal/arm64/SwiftUIGeometryUtils_const_extract_protocols.json -Xcc -I/Users/admin/builder/spi-builder-workspace/.derivedData/Build/Products/Debug-watchos/include -Xcc -I/Users/admin/builder/spi-builder-workspace/.derivedData/Build/Intermediates.noindex/CypherPoetSwiftUIGeometryUtils.build/Debug-watchos/SwiftUIGeometryUtils-t.build/DerivedSources-normal/arm64 -Xcc -I/Users/admin/builder/spi-builder-workspace/.derivedData/Build/Intermediates.noindex/CypherPoetSwiftUIGeometryUtils.build/Debug-watchos/SwiftUIGeometryUtils-t.build/DerivedSources/arm64 -Xcc -I/Users/admin/builder/spi-builder-workspace/.derivedData/Build/Intermediates.noindex/CypherPoetSwiftUIGeometryUtils.build/Debug-watchos/SwiftUIGeometryUtils-t.build/DerivedSources -Xcc -DSWIFT_PACKAGE -Xcc -DDEBUG\=1 -emit-objc-header -emit-objc-header-path /Users/admin/builder/spi-builder-workspace/.derivedData/Build/Intermediates.noindex/CypherPoetSwiftUIGeometryUtils.build/Debug-watchos/SwiftUIGeometryUtils-t.build/Objects-normal/arm64/SwiftUIGeometryUtils-Swift.h -working-directory /Users/admin/builder/spi-builder-workspace/.swiftpm/xcode -experimental-emit-module-separately -disable-cmo
SwiftExplicitDependencyGeneratePcm arm64_32 /Users/admin/builder/spi-builder-workspace/.derivedData/SDKExplicitPrecompiledModules/_Builtin_stdbool-A967K8W8YUYEC9SN52KJ7OO88.pcm
SwiftExplicitDependencyGeneratePcm arm64_32 /Users/admin/builder/spi-builder-workspace/.derivedData/SDKExplicitPrecompiledModules/_Builtin_stdarg-D305JG44A2WPI6CJY37X3QJE8.pcm
SwiftExplicitDependencyGeneratePcm arm64_32 /Users/admin/builder/spi-builder-workspace/.derivedData/SDKExplicitPrecompiledModules/DeveloperToolsSupport-DZU5G1OCMNWU0AQRULIFHUJ1Z.pcm
SwiftExplicitDependencyGeneratePcm arm64_32 /Users/admin/builder/spi-builder-workspace/.derivedData/SDKExplicitPrecompiledModules/_Builtin_stddef-H44EFHQX6XSS5MZ7QP6YJZ76.pcm
SwiftExplicitDependencyGeneratePcm arm64_32 /Users/admin/builder/spi-builder-workspace/.derivedData/SDKExplicitPrecompiledModules/_Builtin_float-6KO8O3PEWRCA4WC6PPLOYO6WJ.pcm
SwiftExplicitDependencyGeneratePcm arm64_32 /Users/admin/builder/spi-builder-workspace/.derivedData/SDKExplicitPrecompiledModules/_SwiftConcurrencyShims-6RTBPQ03V7BM9SPRK8SUE055H.pcm
SwiftExplicitDependencyGeneratePcm arm64_32 /Users/admin/builder/spi-builder-workspace/.derivedData/SDKExplicitPrecompiledModules/_AvailabilityInternal-244WAN3Z1QBT7PIA64EZEFY1R.pcm
SwiftExplicitDependencyGeneratePcm arm64_32 /Users/admin/builder/spi-builder-workspace/.derivedData/SDKExplicitPrecompiledModules/SwiftShims-9CQQGWTSNTN9EB5NSHDWUJICH.pcm
SwiftExplicitDependencyGeneratePcm arm64_32 /Users/admin/builder/spi-builder-workspace/.derivedData/SDKExplicitPrecompiledModules/ptrcheck-7ELIH9BTIGVKX3UBITM9N72WD.pcm
SwiftExplicitDependencyGeneratePcm arm64_32 /Users/admin/builder/spi-builder-workspace/.derivedData/SDKExplicitPrecompiledModules/ptrauth-BFXF358ME5AK535N5A9Z766WU.pcm
SwiftExplicitDependencyGeneratePcm arm64 /Users/admin/builder/spi-builder-workspace/.derivedData/SDKExplicitPrecompiledModules/_AvailabilityInternal-BUNV3UXM65NT37THI4W1AM0SF.pcm
SwiftExplicitDependencyGeneratePcm arm64 /Users/admin/builder/spi-builder-workspace/.derivedData/SDKExplicitPrecompiledModules/_Builtin_stdarg-A7UU8LE6MP85SM26YO7PBZNUQ.pcm
SwiftExplicitDependencyGeneratePcm arm64 /Users/admin/builder/spi-builder-workspace/.derivedData/SDKExplicitPrecompiledModules/ptrcheck-AIF0NDOYZ8ORBNHQAQR5NNB8M.pcm
SwiftExplicitDependencyGeneratePcm arm64 /Users/admin/builder/spi-builder-workspace/.derivedData/SDKExplicitPrecompiledModules/_Builtin_float-C0CW5Q4HGBQYKE77TC42IAFB5.pcm
SwiftExplicitDependencyGeneratePcm arm64 /Users/admin/builder/spi-builder-workspace/.derivedData/SDKExplicitPrecompiledModules/DeveloperToolsSupport-E7CNISCB36UE8XQ9IOHK9XDX1.pcm
SwiftExplicitDependencyGeneratePcm arm64 /Users/admin/builder/spi-builder-workspace/.derivedData/SDKExplicitPrecompiledModules/ptrauth-3TZ9WJCGLYD25HQPWH4968ONX.pcm
SwiftExplicitDependencyGeneratePcm arm64 /Users/admin/builder/spi-builder-workspace/.derivedData/SDKExplicitPrecompiledModules/_SwiftConcurrencyShims-659N52XSKR5F0QSB880BH2FJR.pcm
SwiftExplicitDependencyGeneratePcm arm64 /Users/admin/builder/spi-builder-workspace/.derivedData/SDKExplicitPrecompiledModules/SwiftShims-4MXFZPV6FEB0XBYXCGPWAMQGL.pcm
SwiftExplicitDependencyGeneratePcm arm64 /Users/admin/builder/spi-builder-workspace/.derivedData/SDKExplicitPrecompiledModules/_Builtin_stddef-1FU30Y8SWFB7OUUHMJQH5J6FM.pcm
SwiftExplicitDependencyGeneratePcm arm64_32 /Users/admin/builder/spi-builder-workspace/.derivedData/SDKExplicitPrecompiledModules/_DarwinFoundation1-2GWF9RFMPLQW4PDHS3NARVI3G.pcm
SwiftExplicitDependencyGeneratePcm arm64 /Users/admin/builder/spi-builder-workspace/.derivedData/SDKExplicitPrecompiledModules/_Builtin_stdbool-83J96QSOFE9VX04AAS6310UAE.pcm
SwiftExplicitDependencyGeneratePcm arm64 /Users/admin/builder/spi-builder-workspace/.derivedData/SDKExplicitPrecompiledModules/_DarwinFoundation1-7SPX3MD0HMP55E4OLNCPNDQ53.pcm
SwiftExplicitDependencyGeneratePcm arm64_32 /Users/admin/builder/spi-builder-workspace/.derivedData/SDKExplicitPrecompiledModules/_Builtin_limits-3VKBU2AFTD65PAJZ5CJ3LHFM2.pcm
SwiftExplicitDependencyGeneratePcm arm64_32 /Users/admin/builder/spi-builder-workspace/.derivedData/SDKExplicitPrecompiledModules/_DarwinFoundation2-9MY8GOSYRO0M9MKNXF6D3MBNK.pcm
SwiftExplicitDependencyGeneratePcm arm64 /Users/admin/builder/spi-builder-workspace/.derivedData/SDKExplicitPrecompiledModules/_DarwinFoundation2-D0XAPJU49S5E9XMKYOFGSTB1Q.pcm
SwiftExplicitDependencyGeneratePcm arm64 /Users/admin/builder/spi-builder-workspace/.derivedData/SDKExplicitPrecompiledModules/_Builtin_limits-9GWPA2B0H20DYUNYHYCWKABJG.pcm
SwiftExplicitDependencyGeneratePcm arm64_32 /Users/admin/builder/spi-builder-workspace/.derivedData/SDKExplicitPrecompiledModules/_Builtin_tgmath-23PGCKURCQILXMK0MYZRYDCOU.pcm
SwiftExplicitDependencyGeneratePcm arm64_32 /Users/admin/builder/spi-builder-workspace/.derivedData/SDKExplicitPrecompiledModules/sys_types-8TLLMW08ZJWDGIIPKOYFGHHZW.pcm
SwiftExplicitDependencyGeneratePcm arm64_32 /Users/admin/builder/spi-builder-workspace/.derivedData/SDKExplicitPrecompiledModules/string_h-BFVLUQUSBZWYMLCU9QI7VZALW.pcm
SwiftExplicitDependencyGeneratePcm arm64_32 /Users/admin/builder/spi-builder-workspace/.derivedData/SDKExplicitPrecompiledModules/_Builtin_stdint-1HMXWI3V0V4TXHRWZOMZGZ80Y.pcm
SwiftExplicitDependencyGeneratePcm arm64 /Users/admin/builder/spi-builder-workspace/.derivedData/SDKExplicitPrecompiledModules/string_h-E6PRXK75PHIPCZFWOFCQ3QBMK.pcm
SwiftExplicitDependencyGeneratePcm arm64 /Users/admin/builder/spi-builder-workspace/.derivedData/SDKExplicitPrecompiledModules/sys_types-2KXQLI78OUCDP779AE68GZJ2.pcm
SwiftExplicitDependencyGeneratePcm arm64 /Users/admin/builder/spi-builder-workspace/.derivedData/SDKExplicitPrecompiledModules/_Builtin_stdint-8XMILLJZEGRN2XG7XZUXZ5RLX.pcm
SwiftExplicitDependencyGeneratePcm arm64 /Users/admin/builder/spi-builder-workspace/.derivedData/SDKExplicitPrecompiledModules/_Builtin_tgmath-8NQ96OZ0YHXEC24JI95P01UF8.pcm
SwiftExplicitDependencyGeneratePcm arm64_32 /Users/admin/builder/spi-builder-workspace/.derivedData/SDKExplicitPrecompiledModules/_Builtin_intrinsics-196IIAKDQVU42DLOZP9OQCV76.pcm
SwiftExplicitDependencyGeneratePcm arm64_32 /Users/admin/builder/spi-builder-workspace/.derivedData/SDKExplicitPrecompiledModules/_Builtin_stdatomic-1TY035TURL76BF2U98PZPPZRX.pcm
SwiftExplicitDependencyGeneratePcm arm64_32 /Users/admin/builder/spi-builder-workspace/.derivedData/SDKExplicitPrecompiledModules/_DarwinFoundation3-3DUTYQDQSD9HUAAVY947NMWOI.pcm
SwiftExplicitDependencyGeneratePcm arm64 /Users/admin/builder/spi-builder-workspace/.derivedData/SDKExplicitPrecompiledModules/_Builtin_stdatomic-7JEFA3KBJJJN6TKJWY3OG1VG5.pcm
SwiftExplicitDependencyGeneratePcm arm64 /Users/admin/builder/spi-builder-workspace/.derivedData/SDKExplicitPrecompiledModules/_Builtin_intrinsics-75960HIPCIYA06IUW8FIIPQT.pcm
SwiftExplicitDependencyGeneratePcm arm64 /Users/admin/builder/spi-builder-workspace/.derivedData/SDKExplicitPrecompiledModules/_DarwinFoundation3-B97LRG0E9GON2NUE65TVG81HU.pcm
SwiftExplicitDependencyGeneratePcm arm64_32 /Users/admin/builder/spi-builder-workspace/.derivedData/SDKExplicitPrecompiledModules/_Builtin_inttypes-D2KPCR4PEX9AQA33NGLUT5SBR.pcm
SwiftExplicitDependencyGeneratePcm arm64 /Users/admin/builder/spi-builder-workspace/.derivedData/SDKExplicitPrecompiledModules/_Builtin_inttypes-3UQSCM7WNM9EK4HZML8TY5J3D.pcm
SwiftExplicitDependencyGeneratePcm arm64_32 /Users/admin/builder/spi-builder-workspace/.derivedData/SDKExplicitPrecompiledModules/Darwin-3FVT1SKLN2ZQ5RVOABMTQBB34.pcm
SwiftExplicitDependencyGeneratePcm arm64 /Users/admin/builder/spi-builder-workspace/.derivedData/SDKExplicitPrecompiledModules/Darwin-3984OXKFNSPE77NT743WK8SEX.pcm
SwiftExplicitDependencyGeneratePcm arm64_32 /Users/admin/builder/spi-builder-workspace/.derivedData/SDKExplicitPrecompiledModules/simd-21UNWYOBUZI1LVSQ99S1XBLMO.pcm
SwiftExplicitDependencyGeneratePcm arm64 /Users/admin/builder/spi-builder-workspace/.derivedData/SDKExplicitPrecompiledModules/simd-EH08NODU6574T74ZKU61VP9BW.pcm
SwiftExplicitDependencyGeneratePcm arm64_32 /Users/admin/builder/spi-builder-workspace/.derivedData/SDKExplicitPrecompiledModules/MachO-56838ZJ0NC1EBAJ0O6O8QMPDX.pcm
SwiftExplicitDependencyGeneratePcm arm64_32 /Users/admin/builder/spi-builder-workspace/.derivedData/SDKExplicitPrecompiledModules/ObjectiveC-6IJNELR2E80E7LUKESVCP2KET.pcm
SwiftExplicitDependencyGeneratePcm arm64 /Users/admin/builder/spi-builder-workspace/.derivedData/SDKExplicitPrecompiledModules/ObjectiveC-72IVD3VS2RS8Q28D9PIMY0KQP.pcm
SwiftExplicitDependencyGeneratePcm arm64 /Users/admin/builder/spi-builder-workspace/.derivedData/SDKExplicitPrecompiledModules/MachO-2U90NNSAQILBNBPS1SA4F8TYP.pcm
SwiftExplicitDependencyGeneratePcm arm64_32 /Users/admin/builder/spi-builder-workspace/.derivedData/SDKExplicitPrecompiledModules/os_object-5YWTC6L4756IWSTPGXS5NM0D0.pcm
SwiftExplicitDependencyGeneratePcm arm64 /Users/admin/builder/spi-builder-workspace/.derivedData/SDKExplicitPrecompiledModules/os_object-3SDKD7F87FTZ26OON37DRYT6O.pcm
SwiftExplicitDependencyGeneratePcm arm64_32 /Users/admin/builder/spi-builder-workspace/.derivedData/SDKExplicitPrecompiledModules/os_workgroup-5JHTPDMNBUNHLJI8LPHKQK1JK.pcm
SwiftExplicitDependencyGeneratePcm arm64 /Users/admin/builder/spi-builder-workspace/.derivedData/SDKExplicitPrecompiledModules/os_workgroup-89GG5G7YC2D0ZTK6AZXXQ20DH.pcm
SwiftExplicitDependencyGeneratePcm arm64_32 /Users/admin/builder/spi-builder-workspace/.derivedData/SDKExplicitPrecompiledModules/Dispatch-2P62F1T4XV63S4P99TUDTOK2Q.pcm
SwiftExplicitDependencyGeneratePcm arm64_32 /Users/admin/builder/spi-builder-workspace/.derivedData/SDKExplicitPrecompiledModules/Spatial-CWVWNML3T0NXVHZDKVLD3X1YZ.pcm
SwiftExplicitDependencyGeneratePcm arm64 /Users/admin/builder/spi-builder-workspace/.derivedData/SDKExplicitPrecompiledModules/Spatial-44FJGYXFAT2AQAW9Z6T7YS02U.pcm
SwiftExplicitDependencyGeneratePcm arm64 /Users/admin/builder/spi-builder-workspace/.derivedData/SDKExplicitPrecompiledModules/Dispatch-1NLJOVAK60XP0DUB05XA59EIM.pcm
SwiftExplicitDependencyGeneratePcm arm64_32 /Users/admin/builder/spi-builder-workspace/.derivedData/SDKExplicitPrecompiledModules/XPC-81Y45QFY96XYYFCW2GT6FY8S4.pcm
SwiftExplicitDependencyGeneratePcm arm64_32 /Users/admin/builder/spi-builder-workspace/.derivedData/SDKExplicitPrecompiledModules/CoreFoundation-8E6Y4BA3EXYKUGJ24GT9LGV3N.pcm
SwiftExplicitDependencyGeneratePcm arm64 /Users/admin/builder/spi-builder-workspace/.derivedData/SDKExplicitPrecompiledModules/CoreFoundation-8T2L24YC5NU7WO6WQJWRY7W08.pcm
SwiftExplicitDependencyGeneratePcm arm64 /Users/admin/builder/spi-builder-workspace/.derivedData/SDKExplicitPrecompiledModules/XPC-40DR0X1DHKGCV4J1IOLFS8MOU.pcm
SwiftExplicitDependencyGeneratePcm arm64_32 /Users/admin/builder/spi-builder-workspace/.derivedData/SDKExplicitPrecompiledModules/os-E5IGB442IA6SBB25TTCOLK2OC.pcm
SwiftExplicitDependencyGeneratePcm arm64_32 /Users/admin/builder/spi-builder-workspace/.derivedData/SDKExplicitPrecompiledModules/CoreGraphics-9FDXYX6BKBUT6TJ2VF819E7T5.pcm
SwiftExplicitDependencyGeneratePcm arm64_32 /Users/admin/builder/spi-builder-workspace/.derivedData/SDKExplicitPrecompiledModules/Security-D7TOWF88VWF67TB9HAFP5UWB1.pcm
SwiftExplicitDependencyGeneratePcm arm64_32 /Users/admin/builder/spi-builder-workspace/.derivedData/SDKExplicitPrecompiledModules/CoreAudioTypes-9GVB1DHA32M46R4A9NWSI3I2K.pcm
SwiftExplicitDependencyGeneratePcm arm64 /Users/admin/builder/spi-builder-workspace/.derivedData/SDKExplicitPrecompiledModules/os-5DIL6Z9LFIGLMZAHM7X2T5435.pcm
SwiftExplicitDependencyGeneratePcm arm64 /Users/admin/builder/spi-builder-workspace/.derivedData/SDKExplicitPrecompiledModules/CoreAudioTypes-A9MF7N5LT63G21HNFVM6BT14B.pcm
SwiftExplicitDependencyGeneratePcm arm64 /Users/admin/builder/spi-builder-workspace/.derivedData/SDKExplicitPrecompiledModules/CoreGraphics-DWNZ73GEH98SBJXZ7DEXB420K.pcm
SwiftExplicitDependencyGeneratePcm arm64 /Users/admin/builder/spi-builder-workspace/.derivedData/SDKExplicitPrecompiledModules/Security-6RZ6YBRU8WCUHRFFRVUK5WKMM.pcm
SwiftExplicitDependencyGeneratePcm arm64_32 /Users/admin/builder/spi-builder-workspace/.derivedData/SDKExplicitPrecompiledModules/CoreAudio-5W6MX6OUPWBMUR8VD5LHT1PZF.pcm
SwiftExplicitDependencyGeneratePcm arm64_32 /Users/admin/builder/spi-builder-workspace/.derivedData/SDKExplicitPrecompiledModules/Foundation-BJ2VQGI3OGR34500MEQ1VKHPH.pcm
SwiftExplicitDependencyGeneratePcm arm64_32 /Users/admin/builder/spi-builder-workspace/.derivedData/SDKExplicitPrecompiledModules/CoreText-C9X2REPZN2V5BSU4G80FCETDR.pcm
SwiftExplicitDependencyGeneratePcm arm64_32 /Users/admin/builder/spi-builder-workspace/.derivedData/SDKExplicitPrecompiledModules/CoreVideo-2P8HI0403J99LBDPKNFJ5D4DL.pcm
SwiftExplicitDependencyGeneratePcm arm64 /Users/admin/builder/spi-builder-workspace/.derivedData/SDKExplicitPrecompiledModules/CoreAudio-1B79RJJTP71GE6UY9WLESAN3C.pcm
SwiftExplicitDependencyGeneratePcm arm64 /Users/admin/builder/spi-builder-workspace/.derivedData/SDKExplicitPrecompiledModules/Foundation-DLBKUSGXN8QHAT8W0OARR9S8A.pcm
SwiftExplicitDependencyGeneratePcm arm64 /Users/admin/builder/spi-builder-workspace/.derivedData/SDKExplicitPrecompiledModules/CoreVideo-8MRR5MNWUOAW2DBPGUQ8FKK4.pcm
SwiftExplicitDependencyGeneratePcm arm64 /Users/admin/builder/spi-builder-workspace/.derivedData/SDKExplicitPrecompiledModules/CoreText-970YJN6NIYGK1316L35Z0O8QT.pcm
SwiftExplicitDependencyGeneratePcm arm64_32 /Users/admin/builder/spi-builder-workspace/.derivedData/SDKExplicitPrecompiledModules/CoreMedia-AO387T8CHWTTZODD1DGT0UAFA.pcm
SwiftExplicitDependencyGeneratePcm arm64 /Users/admin/builder/spi-builder-workspace/.derivedData/SDKExplicitPrecompiledModules/CoreMedia-1AJVCUZNAO74KIKMFVFUUHWDI.pcm
SwiftExplicitDependencyGeneratePcm arm64_32 /Users/admin/builder/spi-builder-workspace/.derivedData/SDKExplicitPrecompiledModules/OSLog-D9AVFY0KWO7RVBIQ73CBIJVCN.pcm
SwiftExplicitDependencyGeneratePcm arm64_32 /Users/admin/builder/spi-builder-workspace/.derivedData/SDKExplicitPrecompiledModules/_LocationEssentials-AQ1OL9QKC3LQLY5CNSRM1HB53.pcm
SwiftExplicitDependencyGeneratePcm arm64_32 /Users/admin/builder/spi-builder-workspace/.derivedData/SDKExplicitPrecompiledModules/UniformTypeIdentifiers-CJZ3NTHPSBH4XWX5EVOG56UZS.pcm
SwiftExplicitDependencyGeneratePcm arm64_32 /Users/admin/builder/spi-builder-workspace/.derivedData/SDKExplicitPrecompiledModules/UIUtilities-9YFVNIMRC5HRVOIARNWHP1E3H.pcm
SwiftExplicitDependencyGeneratePcm arm64_32 /Users/admin/builder/spi-builder-workspace/.derivedData/SDKExplicitPrecompiledModules/QuartzCore-6375NPYACK5NYVHPMC1QQ8MC2.pcm
SwiftExplicitDependencyGeneratePcm arm64_32 /Users/admin/builder/spi-builder-workspace/.derivedData/SDKExplicitPrecompiledModules/DataDetection-U9BF7WHFVA6BZGFXXXP272PS.pcm
SwiftExplicitDependencyGeneratePcm arm64_32 /Users/admin/builder/spi-builder-workspace/.derivedData/SDKExplicitPrecompiledModules/Accessibility-F385OMZ5GYBUY5O4QAJB4NRII.pcm
SwiftExplicitDependencyGeneratePcm arm64_32 /Users/admin/builder/spi-builder-workspace/.derivedData/SDKExplicitPrecompiledModules/CoreData-7AU1AFQWUH88EAPDKVMLJPKVD.pcm
SwiftExplicitDependencyGeneratePcm arm64_32 /Users/admin/builder/spi-builder-workspace/.derivedData/SDKExplicitPrecompiledModules/SceneKit-DKNLHKM5FJBQ79LSNMSSMBUBR.pcm
SwiftExplicitDependencyGeneratePcm arm64_32 /Users/admin/builder/spi-builder-workspace/.derivedData/SDKExplicitPrecompiledModules/CoreTransferable-5D4IR6X37682FPHJ5CBPTKQV6.pcm
SwiftExplicitDependencyGeneratePcm arm64 /Users/admin/builder/spi-builder-workspace/.derivedData/SDKExplicitPrecompiledModules/QuartzCore-94KFMWNOU7ZLUZNB4T5DLZC9D.pcm
SwiftExplicitDependencyGeneratePcm arm64 /Users/admin/builder/spi-builder-workspace/.derivedData/SDKExplicitPrecompiledModules/UserNotifications-ARAH8MEQ0C2L0FBO39HITJMAO.pcm
SwiftExplicitDependencyGeneratePcm arm64 /Users/admin/builder/spi-builder-workspace/.derivedData/SDKExplicitPrecompiledModules/_LocationEssentials-5ZZDGDXB6HLQUC72SJW7YJ7MK.pcm
SwiftExplicitDependencyGeneratePcm arm64 /Users/admin/builder/spi-builder-workspace/.derivedData/SDKExplicitPrecompiledModules/UniformTypeIdentifiers-8L08Q8DQJV8C4AW84YVGFGTRN.pcm
SwiftExplicitDependencyGeneratePcm arm64 /Users/admin/builder/spi-builder-workspace/.derivedData/SDKExplicitPrecompiledModules/Accessibility-27QMG6ZQ1NKYTNBYFPM1XKNFC.pcm
SwiftExplicitDependencyGeneratePcm arm64 /Users/admin/builder/spi-builder-workspace/.derivedData/SDKExplicitPrecompiledModules/OSLog-B7VGO357Y3GJG35TST7DKDSI3.pcm
SwiftExplicitDependencyGeneratePcm arm64 /Users/admin/builder/spi-builder-workspace/.derivedData/SDKExplicitPrecompiledModules/CoreData-9JFJC4UET8BAO5IPV2JU6W9V8.pcm
SwiftExplicitDependencyGeneratePcm arm64_32 /Users/admin/builder/spi-builder-workspace/.derivedData/SDKExplicitPrecompiledModules/SwiftUICore-3Q7WLRD8MR9R3NGIPUBQCP6F6.pcm
SwiftExplicitDependencyGeneratePcm arm64 /Users/admin/builder/spi-builder-workspace/.derivedData/SDKExplicitPrecompiledModules/SceneKit-5HZKIL7XETTTD8TOHYPN8JKRJ.pcm
SwiftExplicitDependencyGeneratePcm arm64_32 /Users/admin/builder/spi-builder-workspace/.derivedData/SDKExplicitPrecompiledModules/Symbols-1H97WMG76HU94F5VGJR19PXFY.pcm
SwiftExplicitDependencyGeneratePcm arm64 /Users/admin/builder/spi-builder-workspace/.derivedData/SDKExplicitPrecompiledModules/CoreTransferable-9PPG3SLJ55T4LITIFYX2M0NOZ.pcm
SwiftExplicitDependencyGeneratePcm arm64 /Users/admin/builder/spi-builder-workspace/.derivedData/SDKExplicitPrecompiledModules/CoreLocation-ACKJ9K7ABI14F97Y46Y6SRR17.pcm
SwiftExplicitDependencyGeneratePcm arm64_32 /Users/admin/builder/spi-builder-workspace/.derivedData/SDKExplicitPrecompiledModules/CoreLocation-8XU5YMYM4P11RQMYCQAG65ITK.pcm
SwiftExplicitDependencyGeneratePcm arm64_32 /Users/admin/builder/spi-builder-workspace/.derivedData/SDKExplicitPrecompiledModules/UserNotifications-6TBN8TEAKO014N1T2QD926XED.pcm
SwiftExplicitDependencyGeneratePcm arm64 /Users/admin/builder/spi-builder-workspace/.derivedData/SDKExplicitPrecompiledModules/DataDetection-7BNVI1SZW5ISQL5SX4WL2X7I5.pcm
SwiftExplicitDependencyGeneratePcm arm64 /Users/admin/builder/spi-builder-workspace/.derivedData/SDKExplicitPrecompiledModules/UIUtilities-IR7RNW23VAUKYI9MLCS9NL9A.pcm
SwiftExplicitDependencyGeneratePcm arm64 /Users/admin/builder/spi-builder-workspace/.derivedData/SDKExplicitPrecompiledModules/SwiftUICore-C1DST1IX2Z0PTH5SJJZ1IULRB.pcm
SwiftExplicitDependencyGeneratePcm arm64 /Users/admin/builder/spi-builder-workspace/.derivedData/SDKExplicitPrecompiledModules/Symbols-3EFABTJ9L5PQDJ7RQCYQWEJMM.pcm
SwiftExplicitDependencyGeneratePcm arm64 /Users/admin/builder/spi-builder-workspace/.derivedData/SDKExplicitPrecompiledModules/CoreMotion-6RD5K48QT1F4L9CATNFD2O7YB.pcm
SwiftExplicitDependencyGeneratePcm arm64_32 /Users/admin/builder/spi-builder-workspace/.derivedData/SDKExplicitPrecompiledModules/CoreMotion-1XGTVTE5PP32UHME8AC63TL6.pcm
SwiftExplicitDependencyGeneratePcm arm64 /Users/admin/builder/spi-builder-workspace/.derivedData/SDKExplicitPrecompiledModules/UIKit-27R3P1YMV4C6JLDT661G3MRIA.pcm
SwiftExplicitDependencyGeneratePcm arm64_32 /Users/admin/builder/spi-builder-workspace/.derivedData/SDKExplicitPrecompiledModules/UIKit-6PPV7YPZ89CZPHYAP072QH8B6.pcm
SwiftExplicitDependencyGeneratePcm arm64_32 /Users/admin/builder/spi-builder-workspace/.derivedData/SDKExplicitPrecompiledModules/HomeKit-DUDZOMSN3UK8GNTNBNMPIWJRN.pcm
SwiftExplicitDependencyGeneratePcm arm64_32 /Users/admin/builder/spi-builder-workspace/.derivedData/SDKExplicitPrecompiledModules/MapKit-CWGB4YMP1VX1NYQN5FULFD5DR.pcm
SwiftExplicitDependencyGeneratePcm arm64 /Users/admin/builder/spi-builder-workspace/.derivedData/SDKExplicitPrecompiledModules/HomeKit-DTS1N4AWILAL1URZ5IOXV5221.pcm
SwiftExplicitDependencyGeneratePcm arm64 /Users/admin/builder/spi-builder-workspace/.derivedData/SDKExplicitPrecompiledModules/MapKit-EJJWC7IL56MPLQMI93GJRE5OG.pcm
SwiftExplicitDependencyGeneratePcm arm64_32 /Users/admin/builder/spi-builder-workspace/.derivedData/SDKExplicitPrecompiledModules/WatchKit-FHF6WTKLC2APGK3LA2XJ6516.pcm
SwiftExplicitDependencyGeneratePcm arm64 /Users/admin/builder/spi-builder-workspace/.derivedData/SDKExplicitPrecompiledModules/WatchKit-3VT3K8YON6FJ6OWSUFJMFMP8J.pcm
SwiftExplicitDependencyGeneratePcm arm64_32 /Users/admin/builder/spi-builder-workspace/.derivedData/SDKExplicitPrecompiledModules/SwiftUI-9AYG9OCT5VOJK7V4MX1WYR86T.pcm
SwiftExplicitDependencyGeneratePcm arm64 /Users/admin/builder/spi-builder-workspace/.derivedData/SDKExplicitPrecompiledModules/SwiftUI-APXDH8ULYLM6FD17YRA73TULO.pcm
SwiftEmitModule normal arm64_32 Emitting\ module\ for\ SwiftUIGeometryUtils (in target 'SwiftUIGeometryUtils' from project 'CypherPoetSwiftUIGeometryUtils')
SwiftCompile normal arm64_32 (in target 'SwiftUIGeometryUtils' from project 'CypherPoetSwiftUIGeometryUtils')
    cd /Users/admin/builder/spi-builder-workspace/.swiftpm/xcode

SwiftCompile normal arm64_32 Compiling\ Double+Constants.swift /Users/admin/builder/spi-builder-workspace/.dependencies/checkouts/SwiftUIGeometryUtils/Sources/SwiftUIGeometryUtils/Extensions/Double/Double+Constants.swift (in target 'SwiftUIGeometryUtils' from project 'CypherPoetSwiftUIGeometryUtils')
SwiftCompile normal arm64_32 /Users/admin/builder/spi-builder-workspace/.dependencies/checkouts/SwiftUIGeometryUtils/Sources/SwiftUIGeometryUtils/Extensions/Double/Double+Constants.swift (in target 'SwiftUIGeometryUtils' from project 'CypherPoetSwiftUIGeometryUtils')
    cd /Users/admin/builder/spi-builder-workspace/.swiftpm/xcode
    builtin-SwiftPerFileCompile Double+Constants.swift
SwiftCompile normal arm64_32 Compiling\ CGRect+Points.swift /Users/admin/builder/spi-builder-workspace/.dependencies/checkouts/SwiftUIGeometryUtils/Sources/SwiftUIGeometryUtils/Extensions/CGRect/CGRect+Points.swift (in target 'SwiftUIGeometryUtils' from project 'CypherPoetSwiftUIGeometryUtils')
SwiftCompile normal arm64_32 /Users/admin/builder/spi-builder-workspace/.dependencies/checkouts/SwiftUIGeometryUtils/Sources/SwiftUIGeometryUtils/Extensions/CGRect/CGRect+Points.swift (in target 'SwiftUIGeometryUtils' from project 'CypherPoetSwiftUIGeometryUtils')
    cd /Users/admin/builder/spi-builder-workspace/.swiftpm/xcode
    builtin-SwiftPerFileCompile CGRect+Points.swift
SwiftCompile normal arm64_32 Compiling\ Angle+Constants.swift /Users/admin/builder/spi-builder-workspace/.dependencies/checkouts/SwiftUIGeometryUtils/Sources/SwiftUIGeometryUtils/Extensions/Angle/Angle+Constants.swift (in target 'SwiftUIGeometryUtils' from project 'CypherPoetSwiftUIGeometryUtils')
SwiftCompile normal arm64_32 /Users/admin/builder/spi-builder-workspace/.dependencies/checkouts/SwiftUIGeometryUtils/Sources/SwiftUIGeometryUtils/Extensions/Angle/Angle+Constants.swift (in target 'SwiftUIGeometryUtils' from project 'CypherPoetSwiftUIGeometryUtils')
    cd /Users/admin/builder/spi-builder-workspace/.swiftpm/xcode
    builtin-SwiftPerFileCompile Angle+Constants.swift
SwiftCompile normal arm64_32 Compiling\ RectangleCorner.swift /Users/admin/builder/spi-builder-workspace/.dependencies/checkouts/SwiftUIGeometryUtils/Sources/SwiftUIGeometryUtils/RectangleCorner.swift (in target 'SwiftUIGeometryUtils' from project 'CypherPoetSwiftUIGeometryUtils')
SwiftCompile normal arm64_32 /Users/admin/builder/spi-builder-workspace/.dependencies/checkouts/SwiftUIGeometryUtils/Sources/SwiftUIGeometryUtils/RectangleCorner.swift (in target 'SwiftUIGeometryUtils' from project 'CypherPoetSwiftUIGeometryUtils')
    cd /Users/admin/builder/spi-builder-workspace/.swiftpm/xcode
    builtin-SwiftPerFileCompile RectangleCorner.swift
SwiftEmitModule normal arm64 Emitting\ module\ for\ SwiftUIGeometryUtils (in target 'SwiftUIGeometryUtils' from project 'CypherPoetSwiftUIGeometryUtils')
SwiftCompile normal arm64 (in target 'SwiftUIGeometryUtils' from project 'CypherPoetSwiftUIGeometryUtils')
    cd /Users/admin/builder/spi-builder-workspace/.swiftpm/xcode

SwiftCompile normal arm64 Compiling\ Double+Constants.swift /Users/admin/builder/spi-builder-workspace/.dependencies/checkouts/SwiftUIGeometryUtils/Sources/SwiftUIGeometryUtils/Extensions/Double/Double+Constants.swift (in target 'SwiftUIGeometryUtils' from project 'CypherPoetSwiftUIGeometryUtils')
SwiftCompile normal arm64 /Users/admin/builder/spi-builder-workspace/.dependencies/checkouts/SwiftUIGeometryUtils/Sources/SwiftUIGeometryUtils/Extensions/Double/Double+Constants.swift (in target 'SwiftUIGeometryUtils' from project 'CypherPoetSwiftUIGeometryUtils')
    cd /Users/admin/builder/spi-builder-workspace/.swiftpm/xcode
    builtin-SwiftPerFileCompile Double+Constants.swift
SwiftCompile normal arm64 Compiling\ RectangleCorner.swift /Users/admin/builder/spi-builder-workspace/.dependencies/checkouts/SwiftUIGeometryUtils/Sources/SwiftUIGeometryUtils/RectangleCorner.swift (in target 'SwiftUIGeometryUtils' from project 'CypherPoetSwiftUIGeometryUtils')
SwiftCompile normal arm64 /Users/admin/builder/spi-builder-workspace/.dependencies/checkouts/SwiftUIGeometryUtils/Sources/SwiftUIGeometryUtils/RectangleCorner.swift (in target 'SwiftUIGeometryUtils' from project 'CypherPoetSwiftUIGeometryUtils')
    cd /Users/admin/builder/spi-builder-workspace/.swiftpm/xcode
    builtin-SwiftPerFileCompile RectangleCorner.swift
SwiftCompile normal arm64 Compiling\ Angle+Constants.swift /Users/admin/builder/spi-builder-workspace/.dependencies/checkouts/SwiftUIGeometryUtils/Sources/SwiftUIGeometryUtils/Extensions/Angle/Angle+Constants.swift (in target 'SwiftUIGeometryUtils' from project 'CypherPoetSwiftUIGeometryUtils')
SwiftCompile normal arm64 /Users/admin/builder/spi-builder-workspace/.dependencies/checkouts/SwiftUIGeometryUtils/Sources/SwiftUIGeometryUtils/Extensions/Angle/Angle+Constants.swift (in target 'SwiftUIGeometryUtils' from project 'CypherPoetSwiftUIGeometryUtils')
    cd /Users/admin/builder/spi-builder-workspace/.swiftpm/xcode
    builtin-SwiftPerFileCompile Angle+Constants.swift
SwiftCompile normal arm64 Compiling\ CGRect+Points.swift /Users/admin/builder/spi-builder-workspace/.dependencies/checkouts/SwiftUIGeometryUtils/Sources/SwiftUIGeometryUtils/Extensions/CGRect/CGRect+Points.swift (in target 'SwiftUIGeometryUtils' from project 'CypherPoetSwiftUIGeometryUtils')
SwiftCompile normal arm64 /Users/admin/builder/spi-builder-workspace/.dependencies/checkouts/SwiftUIGeometryUtils/Sources/SwiftUIGeometryUtils/Extensions/CGRect/CGRect+Points.swift (in target 'SwiftUIGeometryUtils' from project 'CypherPoetSwiftUIGeometryUtils')
    cd /Users/admin/builder/spi-builder-workspace/.swiftpm/xcode
    builtin-SwiftPerFileCompile CGRect+Points.swift
SwiftDriverJobDiscovery normal arm64_32 Emitting module for SwiftUIGeometryUtils (in target 'SwiftUIGeometryUtils' from project 'CypherPoetSwiftUIGeometryUtils')
SwiftDriver\ Compilation\ Requirements SwiftUIGeometryUtils normal arm64_32 com.apple.xcode.tools.swift.compiler (in target 'SwiftUIGeometryUtils' from project 'CypherPoetSwiftUIGeometryUtils')
    cd /Users/admin/builder/spi-builder-workspace/.swiftpm/xcode
    builtin-Swift-Compilation-Requirements -- /Applications/Xcode-27.0.0-Release.Candidate.app/Contents/Developer/Toolchains/XcodeDefault.xctoolchain/usr/bin/swiftc -parse-as-library -module-name SwiftUIGeometryUtils -Onone @/Users/admin/builder/spi-builder-workspace/.derivedData/Build/Intermediates.noindex/CypherPoetSwiftUIGeometryUtils.build/Debug-watchos/SwiftUIGeometryUtils-t.build/Objects-normal/arm64_32/SwiftUIGeometryUtils.SwiftFileList -DSWIFT_PACKAGE -DDEBUG -DSWIFT_MODULE_RESOURCE_BUNDLE_UNAVAILABLE -DXcode -plugin-path /Applications/Xcode-27.0.0-Release.Candidate.app/Contents/Developer/Toolchains/XcodeDefault.xctoolchain/usr/lib/swift/host/plugins/testing -enable-experimental-feature DebugDescriptionMacro -sdk /Applications/Xcode-27.0.0-Release.Candidate.app/Contents/Developer/Platforms/WatchOS.platform/Developer/SDKs/WatchOS27.0.sdk -target arm64_32-apple-watchos9.0 -g -module-cache-path /Users/admin/builder/spi-builder-workspace/.derivedData/ModuleCache.noindex -Xfrontend -serialize-debugging-options -enable-testing -suppress-warnings -index-store-path /Users/admin/builder/spi-builder-workspace/.derivedData/Index.noindex/DataStore -Xcc -D_LIBCPP_HARDENING_MODE\=_LIBCPP_HARDENING_MODE_DEBUG -swift-version 5 -I /Users/admin/builder/spi-builder-workspace/.derivedData/Build/Products/Debug-watchos -Isystem /Applications/Xcode-27.0.0-Release.Candidate.app/Contents/Developer/Platforms/WatchOS.platform/Developer/usr/lib -F /Users/admin/builder/spi-builder-workspace/.derivedData/Build/Products/Debug-watchos -F /Applications/Xcode-27.0.0-Release.Candidate.app/Contents/Developer/Platforms/WatchOS.platform/Developer/Library/Frameworks -F /Applications/Xcode-27.0.0-Release.Candidate.app/Contents/Developer/Platforms/WatchOS.platform/Developer/SDKs/WatchOS27.0.sdk/Developer/Library/Frameworks -c -j10 -enable-batch-mode -incremental -Xcc -ivfsstatcache -Xcc /Users/admin/builder/spi-builder-workspace/.derivedData/SDKStatCaches.noindex/watchos27.0-24R360-e829b21a6f8c9b70876ba0858053c04477534ef55a1706bf4c1112bbb242f0a2.sdkstatcache -output-file-map /Users/admin/builder/spi-builder-workspace/.derivedData/Build/Intermediates.noindex/CypherPoetSwiftUIGeometryUtils.build/Debug-watchos/SwiftUIGeometryUtils-t.build/Objects-normal/arm64_32/SwiftUIGeometryUtils-OutputFileMap.json -save-temps -no-color-diagnostics -explicit-module-build -module-cache-path /Users/admin/builder/spi-builder-workspace/.derivedData/Build/Intermediates.noindex/SwiftExplicitPrecompiledModules -clang-scanner-module-cache-path /Users/admin/builder/spi-builder-workspace/.derivedData/ModuleCache.noindex -sdk-module-cache-path /Users/admin/builder/spi-builder-workspace/.derivedData/SDKExplicitPrecompiledModules -emit-dependencies -emit-module -emit-module-path /Users/admin/builder/spi-builder-workspace/.derivedData/Build/Intermediates.noindex/CypherPoetSwiftUIGeometryUtils.build/Debug-watchos/SwiftUIGeometryUtils-t.build/Objects-normal/arm64_32/SwiftUIGeometryUtils.swiftmodule -serialize-diagnostics -dependency-scan-serialize-diagnostics-path /Users/admin/builder/spi-builder-workspace/.derivedData/Build/Intermediates.noindex/CypherPoetSwiftUIGeometryUtils.build/Debug-watchos/SwiftUIGeometryUtils-t.build/Objects-normal/arm64_32/SwiftUIGeometryUtils-dependency-scan.dia -validate-clang-modules-once -clang-build-session-file /Users/admin/builder/spi-builder-workspace/.derivedData/ModuleCache.noindex/Session.modulevalidation -Xcc -fmodules-prune-interval\=86400 -Xcc -fmodules-prune-after\=345600 -emit-const-values -const-gather-protocols-list /Users/admin/builder/spi-builder-workspace/.derivedData/Build/Intermediates.noindex/CypherPoetSwiftUIGeometryUtils.build/Debug-watchos/SwiftUIGeometryUtils-t.build/Objects-normal/arm64_32/SwiftUIGeometryUtils_const_extract_protocols.json -Xcc -I/Users/admin/builder/spi-builder-workspace/.derivedData/Build/Products/Debug-watchos/include -Xcc -I/Users/admin/builder/spi-builder-workspace/.derivedData/Build/Intermediates.noindex/CypherPoetSwiftUIGeometryUtils.build/Debug-watchos/SwiftUIGeometryUtils-t.build/DerivedSources-normal/arm64_32 -Xcc -I/Users/admin/builder/spi-builder-workspace/.derivedData/Build/Intermediates.noindex/CypherPoetSwiftUIGeometryUtils.build/Debug-watchos/SwiftUIGeometryUtils-t.build/DerivedSources/arm64_32 -Xcc -I/Users/admin/builder/spi-builder-workspace/.derivedData/Build/Intermediates.noindex/CypherPoetSwiftUIGeometryUtils.build/Debug-watchos/SwiftUIGeometryUtils-t.build/DerivedSources -Xcc -DSWIFT_PACKAGE -Xcc -DDEBUG\=1 -emit-objc-header -emit-objc-header-path /Users/admin/builder/spi-builder-workspace/.derivedData/Build/Intermediates.noindex/CypherPoetSwiftUIGeometryUtils.build/Debug-watchos/SwiftUIGeometryUtils-t.build/Objects-normal/arm64_32/SwiftUIGeometryUtils-Swift.h -working-directory /Users/admin/builder/spi-builder-workspace/.swiftpm/xcode -experimental-emit-module-separately -disable-cmo
SwiftDriverJobDiscovery normal arm64 Emitting module for SwiftUIGeometryUtils (in target 'SwiftUIGeometryUtils' from project 'CypherPoetSwiftUIGeometryUtils')
SwiftDriver\ Compilation\ Requirements SwiftUIGeometryUtils normal arm64 com.apple.xcode.tools.swift.compiler (in target 'SwiftUIGeometryUtils' from project 'CypherPoetSwiftUIGeometryUtils')
    cd /Users/admin/builder/spi-builder-workspace/.swiftpm/xcode
    builtin-Swift-Compilation-Requirements -- /Applications/Xcode-27.0.0-Release.Candidate.app/Contents/Developer/Toolchains/XcodeDefault.xctoolchain/usr/bin/swiftc -parse-as-library -module-name SwiftUIGeometryUtils -Onone @/Users/admin/builder/spi-builder-workspace/.derivedData/Build/Intermediates.noindex/CypherPoetSwiftUIGeometryUtils.build/Debug-watchos/SwiftUIGeometryUtils-t.build/Objects-normal/arm64/SwiftUIGeometryUtils.SwiftFileList -DSWIFT_PACKAGE -DDEBUG -DSWIFT_MODULE_RESOURCE_BUNDLE_UNAVAILABLE -DXcode -plugin-path /Applications/Xcode-27.0.0-Release.Candidate.app/Contents/Developer/Toolchains/XcodeDefault.xctoolchain/usr/lib/swift/host/plugins/testing -enable-experimental-feature DebugDescriptionMacro -sdk /Applications/Xcode-27.0.0-Release.Candidate.app/Contents/Developer/Platforms/WatchOS.platform/Developer/SDKs/WatchOS27.0.sdk -target arm64-apple-watchos9.0 -g -module-cache-path /Users/admin/builder/spi-builder-workspace/.derivedData/ModuleCache.noindex -Xfrontend -serialize-debugging-options -enable-testing -suppress-warnings -index-store-path /Users/admin/builder/spi-builder-workspace/.derivedData/Index.noindex/DataStore -Xcc -D_LIBCPP_HARDENING_MODE\=_LIBCPP_HARDENING_MODE_DEBUG -swift-version 5 -I /Users/admin/builder/spi-builder-workspace/.derivedData/Build/Products/Debug-watchos -Isystem /Applications/Xcode-27.0.0-Release.Candidate.app/Contents/Developer/Platforms/WatchOS.platform/Developer/usr/lib -F /Users/admin/builder/spi-builder-workspace/.derivedData/Build/Products/Debug-watchos -F /Applications/Xcode-27.0.0-Release.Candidate.app/Contents/Developer/Platforms/WatchOS.platform/Developer/Library/Frameworks -F /Applications/Xcode-27.0.0-Release.Candidate.app/Contents/Developer/Platforms/WatchOS.platform/Developer/SDKs/WatchOS27.0.sdk/Developer/Library/Frameworks -c -j10 -enable-batch-mode -incremental -Xcc -ivfsstatcache -Xcc /Users/admin/builder/spi-builder-workspace/.derivedData/SDKStatCaches.noindex/watchos27.0-24R360-e829b21a6f8c9b70876ba0858053c04477534ef55a1706bf4c1112bbb242f0a2.sdkstatcache -output-file-map /Users/admin/builder/spi-builder-workspace/.derivedData/Build/Intermediates.noindex/CypherPoetSwiftUIGeometryUtils.build/Debug-watchos/SwiftUIGeometryUtils-t.build/Objects-normal/arm64/SwiftUIGeometryUtils-OutputFileMap.json -save-temps -no-color-diagnostics -explicit-module-build -module-cache-path /Users/admin/builder/spi-builder-workspace/.derivedData/Build/Intermediates.noindex/SwiftExplicitPrecompiledModules -clang-scanner-module-cache-path /Users/admin/builder/spi-builder-workspace/.derivedData/ModuleCache.noindex -sdk-module-cache-path /Users/admin/builder/spi-builder-workspace/.derivedData/SDKExplicitPrecompiledModules -emit-dependencies -emit-module -emit-module-path /Users/admin/builder/spi-builder-workspace/.derivedData/Build/Intermediates.noindex/CypherPoetSwiftUIGeometryUtils.build/Debug-watchos/SwiftUIGeometryUtils-t.build/Objects-normal/arm64/SwiftUIGeometryUtils.swiftmodule -serialize-diagnostics -dependency-scan-serialize-diagnostics-path /Users/admin/builder/spi-builder-workspace/.derivedData/Build/Intermediates.noindex/CypherPoetSwiftUIGeometryUtils.build/Debug-watchos/SwiftUIGeometryUtils-t.build/Objects-normal/arm64/SwiftUIGeometryUtils-dependency-scan.dia -validate-clang-modules-once -clang-build-session-file /Users/admin/builder/spi-builder-workspace/.derivedData/ModuleCache.noindex/Session.modulevalidation -Xcc -fmodules-prune-interval\=86400 -Xcc -fmodules-prune-after\=345600 -emit-const-values -const-gather-protocols-list /Users/admin/builder/spi-builder-workspace/.derivedData/Build/Intermediates.noindex/CypherPoetSwiftUIGeometryUtils.build/Debug-watchos/SwiftUIGeometryUtils-t.build/Objects-normal/arm64/SwiftUIGeometryUtils_const_extract_protocols.json -Xcc -I/Users/admin/builder/spi-builder-workspace/.derivedData/Build/Products/Debug-watchos/include -Xcc -I/Users/admin/builder/spi-builder-workspace/.derivedData/Build/Intermediates.noindex/CypherPoetSwiftUIGeometryUtils.build/Debug-watchos/SwiftUIGeometryUtils-t.build/DerivedSources-normal/arm64 -Xcc -I/Users/admin/builder/spi-builder-workspace/.derivedData/Build/Intermediates.noindex/CypherPoetSwiftUIGeometryUtils.build/Debug-watchos/SwiftUIGeometryUtils-t.build/DerivedSources/arm64 -Xcc -I/Users/admin/builder/spi-builder-workspace/.derivedData/Build/Intermediates.noindex/CypherPoetSwiftUIGeometryUtils.build/Debug-watchos/SwiftUIGeometryUtils-t.build/DerivedSources -Xcc -DSWIFT_PACKAGE -Xcc -DDEBUG\=1 -emit-objc-header -emit-objc-header-path /Users/admin/builder/spi-builder-workspace/.derivedData/Build/Intermediates.noindex/CypherPoetSwiftUIGeometryUtils.build/Debug-watchos/SwiftUIGeometryUtils-t.build/Objects-normal/arm64/SwiftUIGeometryUtils-Swift.h -working-directory /Users/admin/builder/spi-builder-workspace/.swiftpm/xcode -experimental-emit-module-separately -disable-cmo
Copy /Users/admin/builder/spi-builder-workspace/.derivedData/Build/Products/Debug-watchos/SwiftUIGeometryUtils.swiftmodule/arm64_32-apple-watchos.swiftmodule /Users/admin/builder/spi-builder-workspace/.derivedData/Build/Intermediates.noindex/CypherPoetSwiftUIGeometryUtils.build/Debug-watchos/SwiftUIGeometryUtils-t.build/Objects-normal/arm64_32/SwiftUIGeometryUtils.swiftmodule (in target 'SwiftUIGeometryUtils' from project 'CypherPoetSwiftUIGeometryUtils')
    cd /Users/admin/builder/spi-builder-workspace/.dependencies/checkouts/SwiftUIGeometryUtils
    builtin-copy -exclude .DS_Store -exclude CVS -exclude .svn -exclude .git -exclude .hg -resolve-src-symlinks -rename /Users/admin/builder/spi-builder-workspace/.derivedData/Build/Intermediates.noindex/CypherPoetSwiftUIGeometryUtils.build/Debug-watchos/SwiftUIGeometryUtils-t.build/Objects-normal/arm64_32/SwiftUIGeometryUtils.swiftmodule /Users/admin/builder/spi-builder-workspace/.derivedData/Build/Products/Debug-watchos/SwiftUIGeometryUtils.swiftmodule/arm64_32-apple-watchos.swiftmodule
Copy /Users/admin/builder/spi-builder-workspace/.derivedData/Build/Products/Debug-watchos/SwiftUIGeometryUtils.swiftmodule/arm64_32-apple-watchos.swiftdoc /Users/admin/builder/spi-builder-workspace/.derivedData/Build/Intermediates.noindex/CypherPoetSwiftUIGeometryUtils.build/Debug-watchos/SwiftUIGeometryUtils-t.build/Objects-normal/arm64_32/SwiftUIGeometryUtils.swiftdoc (in target 'SwiftUIGeometryUtils' from project 'CypherPoetSwiftUIGeometryUtils')
    cd /Users/admin/builder/spi-builder-workspace/.dependencies/checkouts/SwiftUIGeometryUtils
    builtin-copy -exclude .DS_Store -exclude CVS -exclude .svn -exclude .git -exclude .hg -resolve-src-symlinks -rename /Users/admin/builder/spi-builder-workspace/.derivedData/Build/Intermediates.noindex/CypherPoetSwiftUIGeometryUtils.build/Debug-watchos/SwiftUIGeometryUtils-t.build/Objects-normal/arm64_32/SwiftUIGeometryUtils.swiftdoc /Users/admin/builder/spi-builder-workspace/.derivedData/Build/Products/Debug-watchos/SwiftUIGeometryUtils.swiftmodule/arm64_32-apple-watchos.swiftdoc
Copy /Users/admin/builder/spi-builder-workspace/.derivedData/Build/Products/Debug-watchos/SwiftUIGeometryUtils.swiftmodule/arm64_32-apple-watchos.abi.json /Users/admin/builder/spi-builder-workspace/.derivedData/Build/Intermediates.noindex/CypherPoetSwiftUIGeometryUtils.build/Debug-watchos/SwiftUIGeometryUtils-t.build/Objects-normal/arm64_32/SwiftUIGeometryUtils.abi.json (in target 'SwiftUIGeometryUtils' from project 'CypherPoetSwiftUIGeometryUtils')
    cd /Users/admin/builder/spi-builder-workspace/.dependencies/checkouts/SwiftUIGeometryUtils
    builtin-copy -exclude .DS_Store -exclude CVS -exclude .svn -exclude .git -exclude .hg -resolve-src-symlinks -rename /Users/admin/builder/spi-builder-workspace/.derivedData/Build/Intermediates.noindex/CypherPoetSwiftUIGeometryUtils.build/Debug-watchos/SwiftUIGeometryUtils-t.build/Objects-normal/arm64_32/SwiftUIGeometryUtils.abi.json /Users/admin/builder/spi-builder-workspace/.derivedData/Build/Products/Debug-watchos/SwiftUIGeometryUtils.swiftmodule/arm64_32-apple-watchos.abi.json
SwiftMergeGeneratedHeaders /Users/admin/builder/spi-builder-workspace/.derivedData/Build/Intermediates.noindex/GeneratedModuleMaps-watchos/SwiftUIGeometryUtils-Swift.h /Users/admin/builder/spi-builder-workspace/.derivedData/Build/Intermediates.noindex/CypherPoetSwiftUIGeometryUtils.build/Debug-watchos/SwiftUIGeometryUtils-t.build/Objects-normal/arm64/SwiftUIGeometryUtils-Swift.h /Users/admin/builder/spi-builder-workspace/.derivedData/Build/Intermediates.noindex/CypherPoetSwiftUIGeometryUtils.build/Debug-watchos/SwiftUIGeometryUtils-t.build/Objects-normal/arm64_32/SwiftUIGeometryUtils-Swift.h (in target 'SwiftUIGeometryUtils' from project 'CypherPoetSwiftUIGeometryUtils')
    cd /Users/admin/builder/spi-builder-workspace/.dependencies/checkouts/SwiftUIGeometryUtils
    builtin-swiftHeaderTool -arch arm64 /Users/admin/builder/spi-builder-workspace/.derivedData/Build/Intermediates.noindex/CypherPoetSwiftUIGeometryUtils.build/Debug-watchos/SwiftUIGeometryUtils-t.build/Objects-normal/arm64/SwiftUIGeometryUtils-Swift.h -arch arm64_32 /Users/admin/builder/spi-builder-workspace/.derivedData/Build/Intermediates.noindex/CypherPoetSwiftUIGeometryUtils.build/Debug-watchos/SwiftUIGeometryUtils-t.build/Objects-normal/arm64_32/SwiftUIGeometryUtils-Swift.h -o /Users/admin/builder/spi-builder-workspace/.derivedData/Build/Intermediates.noindex/GeneratedModuleMaps-watchos/SwiftUIGeometryUtils-Swift.h
Copy /Users/admin/builder/spi-builder-workspace/.derivedData/Build/Products/Debug-watchos/SwiftUIGeometryUtils.swiftmodule/arm64-apple-watchos.swiftmodule /Users/admin/builder/spi-builder-workspace/.derivedData/Build/Intermediates.noindex/CypherPoetSwiftUIGeometryUtils.build/Debug-watchos/SwiftUIGeometryUtils-t.build/Objects-normal/arm64/SwiftUIGeometryUtils.swiftmodule (in target 'SwiftUIGeometryUtils' from project 'CypherPoetSwiftUIGeometryUtils')
    cd /Users/admin/builder/spi-builder-workspace/.dependencies/checkouts/SwiftUIGeometryUtils
    builtin-copy -exclude .DS_Store -exclude CVS -exclude .svn -exclude .git -exclude .hg -resolve-src-symlinks -rename /Users/admin/builder/spi-builder-workspace/.derivedData/Build/Intermediates.noindex/CypherPoetSwiftUIGeometryUtils.build/Debug-watchos/SwiftUIGeometryUtils-t.build/Objects-normal/arm64/SwiftUIGeometryUtils.swiftmodule /Users/admin/builder/spi-builder-workspace/.derivedData/Build/Products/Debug-watchos/SwiftUIGeometryUtils.swiftmodule/arm64-apple-watchos.swiftmodule
Copy /Users/admin/builder/spi-builder-workspace/.derivedData/Build/Products/Debug-watchos/SwiftUIGeometryUtils.swiftmodule/arm64-apple-watchos.swiftdoc /Users/admin/builder/spi-builder-workspace/.derivedData/Build/Intermediates.noindex/CypherPoetSwiftUIGeometryUtils.build/Debug-watchos/SwiftUIGeometryUtils-t.build/Objects-normal/arm64/SwiftUIGeometryUtils.swiftdoc (in target 'SwiftUIGeometryUtils' from project 'CypherPoetSwiftUIGeometryUtils')
    cd /Users/admin/builder/spi-builder-workspace/.dependencies/checkouts/SwiftUIGeometryUtils
    builtin-copy -exclude .DS_Store -exclude CVS -exclude .svn -exclude .git -exclude .hg -resolve-src-symlinks -rename /Users/admin/builder/spi-builder-workspace/.derivedData/Build/Intermediates.noindex/CypherPoetSwiftUIGeometryUtils.build/Debug-watchos/SwiftUIGeometryUtils-t.build/Objects-normal/arm64/SwiftUIGeometryUtils.swiftdoc /Users/admin/builder/spi-builder-workspace/.derivedData/Build/Products/Debug-watchos/SwiftUIGeometryUtils.swiftmodule/arm64-apple-watchos.swiftdoc
Copy /Users/admin/builder/spi-builder-workspace/.derivedData/Build/Products/Debug-watchos/SwiftUIGeometryUtils.swiftmodule/arm64-apple-watchos.abi.json /Users/admin/builder/spi-builder-workspace/.derivedData/Build/Intermediates.noindex/CypherPoetSwiftUIGeometryUtils.build/Debug-watchos/SwiftUIGeometryUtils-t.build/Objects-normal/arm64/SwiftUIGeometryUtils.abi.json (in target 'SwiftUIGeometryUtils' from project 'CypherPoetSwiftUIGeometryUtils')
    cd /Users/admin/builder/spi-builder-workspace/.dependencies/checkouts/SwiftUIGeometryUtils
    builtin-copy -exclude .DS_Store -exclude CVS -exclude .svn -exclude .git -exclude .hg -resolve-src-symlinks -rename /Users/admin/builder/spi-builder-workspace/.derivedData/Build/Intermediates.noindex/CypherPoetSwiftUIGeometryUtils.build/Debug-watchos/SwiftUIGeometryUtils-t.build/Objects-normal/arm64/SwiftUIGeometryUtils.abi.json /Users/admin/builder/spi-builder-workspace/.derivedData/Build/Products/Debug-watchos/SwiftUIGeometryUtils.swiftmodule/arm64-apple-watchos.abi.json
Copy /Users/admin/builder/spi-builder-workspace/.derivedData/Build/Products/Debug-watchos/SwiftUIGeometryUtils.swiftmodule/Project/arm64_32-apple-watchos.swiftsourceinfo /Users/admin/builder/spi-builder-workspace/.derivedData/Build/Intermediates.noindex/CypherPoetSwiftUIGeometryUtils.build/Debug-watchos/SwiftUIGeometryUtils-t.build/Objects-normal/arm64_32/SwiftUIGeometryUtils.swiftsourceinfo (in target 'SwiftUIGeometryUtils' from project 'CypherPoetSwiftUIGeometryUtils')
    cd /Users/admin/builder/spi-builder-workspace/.dependencies/checkouts/SwiftUIGeometryUtils
    builtin-copy -exclude .DS_Store -exclude CVS -exclude .svn -exclude .git -exclude .hg -resolve-src-symlinks -rename /Users/admin/builder/spi-builder-workspace/.derivedData/Build/Intermediates.noindex/CypherPoetSwiftUIGeometryUtils.build/Debug-watchos/SwiftUIGeometryUtils-t.build/Objects-normal/arm64_32/SwiftUIGeometryUtils.swiftsourceinfo /Users/admin/builder/spi-builder-workspace/.derivedData/Build/Products/Debug-watchos/SwiftUIGeometryUtils.swiftmodule/Project/arm64_32-apple-watchos.swiftsourceinfo
Copy /Users/admin/builder/spi-builder-workspace/.derivedData/Build/Products/Debug-watchos/SwiftUIGeometryUtils.swiftmodule/Project/arm64-apple-watchos.swiftsourceinfo /Users/admin/builder/spi-builder-workspace/.derivedData/Build/Intermediates.noindex/CypherPoetSwiftUIGeometryUtils.build/Debug-watchos/SwiftUIGeometryUtils-t.build/Objects-normal/arm64/SwiftUIGeometryUtils.swiftsourceinfo (in target 'SwiftUIGeometryUtils' from project 'CypherPoetSwiftUIGeometryUtils')
    cd /Users/admin/builder/spi-builder-workspace/.dependencies/checkouts/SwiftUIGeometryUtils
    builtin-copy -exclude .DS_Store -exclude CVS -exclude .svn -exclude .git -exclude .hg -resolve-src-symlinks -rename /Users/admin/builder/spi-builder-workspace/.derivedData/Build/Intermediates.noindex/CypherPoetSwiftUIGeometryUtils.build/Debug-watchos/SwiftUIGeometryUtils-t.build/Objects-normal/arm64/SwiftUIGeometryUtils.swiftsourceinfo /Users/admin/builder/spi-builder-workspace/.derivedData/Build/Products/Debug-watchos/SwiftUIGeometryUtils.swiftmodule/Project/arm64-apple-watchos.swiftsourceinfo
SwiftDriver PreciselyRoundedRectangle normal arm64_32 com.apple.xcode.tools.swift.compiler (in target 'PreciselyRoundedRectangle' from project 'SwiftUIPreciselyRoundedRectangle')
    cd /Users/admin/builder/spi-builder-workspace/.swiftpm/xcode
    builtin-SwiftDriver -- /Applications/Xcode-27.0.0-Release.Candidate.app/Contents/Developer/Toolchains/XcodeDefault.xctoolchain/usr/bin/swiftc -parse-as-library -module-name PreciselyRoundedRectangle -Onone @/Users/admin/builder/spi-builder-workspace/.derivedData/Build/Intermediates.noindex/SwiftUIPreciselyRoundedRectangle.build/Debug-watchos/PreciselyRoundedRectangle-t.build/Objects-normal/arm64_32/PreciselyRoundedRectangle.SwiftFileList -DSWIFT_PACKAGE -DDEBUG -DSWIFT_MODULE_RESOURCE_BUNDLE_UNAVAILABLE -DXcode -plugin-path /Applications/Xcode-27.0.0-Release.Candidate.app/Contents/Developer/Toolchains/XcodeDefault.xctoolchain/usr/lib/swift/host/plugins/testing -enable-experimental-feature DebugDescriptionMacro -sdk /Applications/Xcode-27.0.0-Release.Candidate.app/Contents/Developer/Platforms/WatchOS.platform/Developer/SDKs/WatchOS27.0.sdk -target arm64_32-apple-watchos9.0 -g -module-cache-path /Users/admin/builder/spi-builder-workspace/.derivedData/ModuleCache.noindex -Xfrontend -serialize-debugging-options -enable-testing -index-store-path /Users/admin/builder/spi-builder-workspace/.derivedData/Index.noindex/DataStore -Xcc -D_LIBCPP_HARDENING_MODE\=_LIBCPP_HARDENING_MODE_DEBUG -swift-version 5 -I /Users/admin/builder/spi-builder-workspace/.derivedData/Build/Products/Debug-watchos -Isystem /Applications/Xcode-27.0.0-Release.Candidate.app/Contents/Developer/Platforms/WatchOS.platform/Developer/usr/lib -F /Users/admin/builder/spi-builder-workspace/.derivedData/Build/Products/Debug-watchos/PackageFrameworks -F /Users/admin/builder/spi-builder-workspace/.derivedData/Build/Products/Debug-watchos -F /Applications/Xcode-27.0.0-Release.Candidate.app/Contents/Developer/Platforms/WatchOS.platform/Developer/Library/Frameworks -F /Applications/Xcode-27.0.0-Release.Candidate.app/Contents/Developer/Platforms/WatchOS.platform/Developer/SDKs/WatchOS27.0.sdk/Developer/Library/Frameworks -c -j10 -enable-batch-mode -incremental -Xcc -ivfsstatcache -Xcc /Users/admin/builder/spi-builder-workspace/.derivedData/SDKStatCaches.noindex/watchos27.0-24R360-e829b21a6f8c9b70876ba0858053c04477534ef55a1706bf4c1112bbb242f0a2.sdkstatcache -output-file-map /Users/admin/builder/spi-builder-workspace/.derivedData/Build/Intermediates.noindex/SwiftUIPreciselyRoundedRectangle.build/Debug-watchos/PreciselyRoundedRectangle-t.build/Objects-normal/arm64_32/PreciselyRoundedRectangle-OutputFileMap.json -save-temps -no-color-diagnostics -explicit-module-build -module-cache-path /Users/admin/builder/spi-builder-workspace/.derivedData/Build/Intermediates.noindex/SwiftExplicitPrecompiledModules -clang-scanner-module-cache-path /Users/admin/builder/spi-builder-workspace/.derivedData/ModuleCache.noindex -sdk-module-cache-path /Users/admin/builder/spi-builder-workspace/.derivedData/SDKExplicitPrecompiledModules -emit-dependencies -emit-module -emit-module-path /Users/admin/builder/spi-builder-workspace/.derivedData/Build/Intermediates.noindex/SwiftUIPreciselyRoundedRectangle.build/Debug-watchos/PreciselyRoundedRectangle-t.build/Objects-normal/arm64_32/PreciselyRoundedRectangle.swiftmodule -serialize-diagnostics -dependency-scan-serialize-diagnostics-path /Users/admin/builder/spi-builder-workspace/.derivedData/Build/Intermediates.noindex/SwiftUIPreciselyRoundedRectangle.build/Debug-watchos/PreciselyRoundedRectangle-t.build/Objects-normal/arm64_32/PreciselyRoundedRectangle-dependency-scan.dia -validate-clang-modules-once -clang-build-session-file /Users/admin/builder/spi-builder-workspace/.derivedData/ModuleCache.noindex/Session.modulevalidation -Xcc -fmodules-prune-interval\=86400 -Xcc -fmodules-prune-after\=345600 -emit-const-values -const-gather-protocols-list /Users/admin/builder/spi-builder-workspace/.derivedData/Build/Intermediates.noindex/SwiftUIPreciselyRoundedRectangle.build/Debug-watchos/PreciselyRoundedRectangle-t.build/Objects-normal/arm64_32/PreciselyRoundedRectangle_const_extract_protocols.json -Xcc -I/Users/admin/builder/spi-builder-workspace/.derivedData/Build/Products/Debug-watchos/include -Xcc -I/Users/admin/builder/spi-builder-workspace/.derivedData/Build/Intermediates.noindex/SwiftUIPreciselyRoundedRectangle.build/Debug-watchos/PreciselyRoundedRectangle-t.build/DerivedSources-normal/arm64_32 -Xcc -I/Users/admin/builder/spi-builder-workspace/.derivedData/Build/Intermediates.noindex/SwiftUIPreciselyRoundedRectangle.build/Debug-watchos/PreciselyRoundedRectangle-t.build/DerivedSources/arm64_32 -Xcc -I/Users/admin/builder/spi-builder-workspace/.derivedData/Build/Intermediates.noindex/SwiftUIPreciselyRoundedRectangle.build/Debug-watchos/PreciselyRoundedRectangle-t.build/DerivedSources -Xcc -DSWIFT_PACKAGE -Xcc -DDEBUG\=1 -emit-objc-header -emit-objc-header-path /Users/admin/builder/spi-builder-workspace/.derivedData/Build/Intermediates.noindex/SwiftUIPreciselyRoundedRectangle.build/Debug-watchos/PreciselyRoundedRectangle-t.build/Objects-normal/arm64_32/PreciselyRoundedRectangle-Swift.h -working-directory /Users/admin/builder/spi-builder-workspace/.swiftpm/xcode -experimental-emit-module-separately -disable-cmo
SwiftDriver PreciselyRoundedRectangle normal arm64 com.apple.xcode.tools.swift.compiler (in target 'PreciselyRoundedRectangle' from project 'SwiftUIPreciselyRoundedRectangle')
    cd /Users/admin/builder/spi-builder-workspace/.swiftpm/xcode
    builtin-SwiftDriver -- /Applications/Xcode-27.0.0-Release.Candidate.app/Contents/Developer/Toolchains/XcodeDefault.xctoolchain/usr/bin/swiftc -parse-as-library -module-name PreciselyRoundedRectangle -Onone @/Users/admin/builder/spi-builder-workspace/.derivedData/Build/Intermediates.noindex/SwiftUIPreciselyRoundedRectangle.build/Debug-watchos/PreciselyRoundedRectangle-t.build/Objects-normal/arm64/PreciselyRoundedRectangle.SwiftFileList -DSWIFT_PACKAGE -DDEBUG -DSWIFT_MODULE_RESOURCE_BUNDLE_UNAVAILABLE -DXcode -plugin-path /Applications/Xcode-27.0.0-Release.Candidate.app/Contents/Developer/Toolchains/XcodeDefault.xctoolchain/usr/lib/swift/host/plugins/testing -enable-experimental-feature DebugDescriptionMacro -sdk /Applications/Xcode-27.0.0-Release.Candidate.app/Contents/Developer/Platforms/WatchOS.platform/Developer/SDKs/WatchOS27.0.sdk -target arm64-apple-watchos9.0 -g -module-cache-path /Users/admin/builder/spi-builder-workspace/.derivedData/ModuleCache.noindex -Xfrontend -serialize-debugging-options -enable-testing -index-store-path /Users/admin/builder/spi-builder-workspace/.derivedData/Index.noindex/DataStore -Xcc -D_LIBCPP_HARDENING_MODE\=_LIBCPP_HARDENING_MODE_DEBUG -swift-version 5 -I /Users/admin/builder/spi-builder-workspace/.derivedData/Build/Products/Debug-watchos -Isystem /Applications/Xcode-27.0.0-Release.Candidate.app/Contents/Developer/Platforms/WatchOS.platform/Developer/usr/lib -F /Users/admin/builder/spi-builder-workspace/.derivedData/Build/Products/Debug-watchos/PackageFrameworks -F /Users/admin/builder/spi-builder-workspace/.derivedData/Build/Products/Debug-watchos -F /Applications/Xcode-27.0.0-Release.Candidate.app/Contents/Developer/Platforms/WatchOS.platform/Developer/Library/Frameworks -F /Applications/Xcode-27.0.0-Release.Candidate.app/Contents/Developer/Platforms/WatchOS.platform/Developer/SDKs/WatchOS27.0.sdk/Developer/Library/Frameworks -c -j10 -enable-batch-mode -incremental -Xcc -ivfsstatcache -Xcc /Users/admin/builder/spi-builder-workspace/.derivedData/SDKStatCaches.noindex/watchos27.0-24R360-e829b21a6f8c9b70876ba0858053c04477534ef55a1706bf4c1112bbb242f0a2.sdkstatcache -output-file-map /Users/admin/builder/spi-builder-workspace/.derivedData/Build/Intermediates.noindex/SwiftUIPreciselyRoundedRectangle.build/Debug-watchos/PreciselyRoundedRectangle-t.build/Objects-normal/arm64/PreciselyRoundedRectangle-OutputFileMap.json -save-temps -no-color-diagnostics -explicit-module-build -module-cache-path /Users/admin/builder/spi-builder-workspace/.derivedData/Build/Intermediates.noindex/SwiftExplicitPrecompiledModules -clang-scanner-module-cache-path /Users/admin/builder/spi-builder-workspace/.derivedData/ModuleCache.noindex -sdk-module-cache-path /Users/admin/builder/spi-builder-workspace/.derivedData/SDKExplicitPrecompiledModules -emit-dependencies -emit-module -emit-module-path /Users/admin/builder/spi-builder-workspace/.derivedData/Build/Intermediates.noindex/SwiftUIPreciselyRoundedRectangle.build/Debug-watchos/PreciselyRoundedRectangle-t.build/Objects-normal/arm64/PreciselyRoundedRectangle.swiftmodule -serialize-diagnostics -dependency-scan-serialize-diagnostics-path /Users/admin/builder/spi-builder-workspace/.derivedData/Build/Intermediates.noindex/SwiftUIPreciselyRoundedRectangle.build/Debug-watchos/PreciselyRoundedRectangle-t.build/Objects-normal/arm64/PreciselyRoundedRectangle-dependency-scan.dia -validate-clang-modules-once -clang-build-session-file /Users/admin/builder/spi-builder-workspace/.derivedData/ModuleCache.noindex/Session.modulevalidation -Xcc -fmodules-prune-interval\=86400 -Xcc -fmodules-prune-after\=345600 -emit-const-values -const-gather-protocols-list /Users/admin/builder/spi-builder-workspace/.derivedData/Build/Intermediates.noindex/SwiftUIPreciselyRoundedRectangle.build/Debug-watchos/PreciselyRoundedRectangle-t.build/Objects-normal/arm64/PreciselyRoundedRectangle_const_extract_protocols.json -Xcc -I/Users/admin/builder/spi-builder-workspace/.derivedData/Build/Products/Debug-watchos/include -Xcc -I/Users/admin/builder/spi-builder-workspace/.derivedData/Build/Intermediates.noindex/SwiftUIPreciselyRoundedRectangle.build/Debug-watchos/PreciselyRoundedRectangle-t.build/DerivedSources-normal/arm64 -Xcc -I/Users/admin/builder/spi-builder-workspace/.derivedData/Build/Intermediates.noindex/SwiftUIPreciselyRoundedRectangle.build/Debug-watchos/PreciselyRoundedRectangle-t.build/DerivedSources/arm64 -Xcc -I/Users/admin/builder/spi-builder-workspace/.derivedData/Build/Intermediates.noindex/SwiftUIPreciselyRoundedRectangle.build/Debug-watchos/PreciselyRoundedRectangle-t.build/DerivedSources -Xcc -DSWIFT_PACKAGE -Xcc -DDEBUG\=1 -emit-objc-header -emit-objc-header-path /Users/admin/builder/spi-builder-workspace/.derivedData/Build/Intermediates.noindex/SwiftUIPreciselyRoundedRectangle.build/Debug-watchos/PreciselyRoundedRectangle-t.build/Objects-normal/arm64/PreciselyRoundedRectangle-Swift.h -working-directory /Users/admin/builder/spi-builder-workspace/.swiftpm/xcode -experimental-emit-module-separately -disable-cmo
SwiftEmitModule normal arm64_32 Emitting\ module\ for\ PreciselyRoundedRectangle (in target 'PreciselyRoundedRectangle' from project 'SwiftUIPreciselyRoundedRectangle')
/Users/admin/builder/spi-builder-workspace/Sources/PreciselyRoundedRectangle/PreciselyRoundedRectangle.swift:7:16: warning: stored property 'cornerRadiusMap' of 'Sendable'-conforming struct 'PreciselyRoundedRectangle' has non-Sendable type 'CornerRadiusMap'; this is an error in the Swift 6 language mode
 5 | /// each corner.
 6 | public struct PreciselyRoundedRectangle {
 7 |     public var cornerRadiusMap: CornerRadiusMap
   |                `- warning: stored property 'cornerRadiusMap' of 'Sendable'-conforming struct 'PreciselyRoundedRectangle' has non-Sendable type 'CornerRadiusMap'; this is an error in the Swift 6 language mode
 8 |
 9 |     public init(
/Users/admin/builder/spi-builder-workspace/Sources/PreciselyRoundedRectangle/CornerRadiusMap.swift:5:15: note: consider making struct 'CornerRadiusMap' conform to the 'Sendable' protocol
 3 |
 4 |
 5 | public struct CornerRadiusMap {
   |               `- note: consider making struct 'CornerRadiusMap' conform to the 'Sendable' protocol
 6 |     public var topLeading: Double
 7 |     public var topTrailing: Double
SwiftCompile normal arm64_32 (in target 'PreciselyRoundedRectangle' from project 'SwiftUIPreciselyRoundedRectangle')
    cd /Users/admin/builder/spi-builder-workspace/.swiftpm/xcode

SwiftCompile normal arm64_32 Compiling\ BezierPath.swift /Users/admin/builder/spi-builder-workspace/Sources/PreciselyRoundedRectangle/BezierPath.swift (in target 'PreciselyRoundedRectangle' from project 'SwiftUIPreciselyRoundedRectangle')
/Users/admin/builder/spi-builder-workspace/Sources/PreciselyRoundedRectangle/BezierPath.swift:137:5: error: 'self.init' isn't called on all paths before returning from initializer
135 |
136 |         #endif
137 |     }
    |     `- error: 'self.init' isn't called on all paths before returning from initializer
138 | }
139 |
Failed frontend command:
/Applications/Xcode-27.0.0-Release.Candidate.app/Contents/Developer/Toolchains/XcodeDefault.xctoolchain/usr/bin/swift-frontend -frontend -c -primary-file /Users/admin/builder/spi-builder-workspace/Sources/PreciselyRoundedRectangle/BezierPath.swift /Users/admin/builder/spi-builder-workspace/Sources/PreciselyRoundedRectangle/CornerRadiusMap.swift /Users/admin/builder/spi-builder-workspace/Sources/PreciselyRoundedRectangle/PreciselyRoundedRectangle.swift /Users/admin/builder/spi-builder-workspace/Sources/PreciselyRoundedRectangle/Toolbox/Extensions/NSBezierPath+cgPath.swift /Users/admin/builder/spi-builder-workspace/Sources/PreciselyRoundedRectangle/Toolbox/Extensions/Path+Init.swift /Users/admin/builder/spi-builder-workspace/Sources/PreciselyRoundedRectangle/View\ Modifiers/View+cornerRadius.swift -emit-dependencies-path /Users/admin/builder/spi-builder-workspace/.derivedData/Build/Intermediates.noindex/SwiftUIPreciselyRoundedRectangle.build/Debug-watchos/PreciselyRoundedRectangle-t.build/Objects-normal/arm64_32/BezierPath.d -emit-const-values-path /Users/admin/builder/spi-builder-workspace/.derivedData/Build/Intermediates.noindex/SwiftUIPreciselyRoundedRectangle.build/Debug-watchos/PreciselyRoundedRectangle-t.build/Objects-normal/arm64_32/BezierPath.swiftconstvalues -emit-reference-dependencies-path /Users/admin/builder/spi-builder-workspace/.derivedData/Build/Intermediates.noindex/SwiftUIPreciselyRoundedRectangle.build/Debug-watchos/PreciselyRoundedRectangle-t.build/Objects-normal/arm64_32/BezierPath.swiftdeps -serialize-diagnostics-path /Users/admin/builder/spi-builder-workspace/.derivedData/Build/Intermediates.noindex/SwiftUIPreciselyRoundedRectangle.build/Debug-watchos/PreciselyRoundedRectangle-t.build/Objects-normal/arm64_32/BezierPath.dia -target arm64_32-apple-watchos9.0 -module-can-import-version UIKit 9127.0.84.1 9127.0.84 -disable-cross-import-overlay-search -load-resolved-plugin /Applications/Xcode-27.0.0-Release.Candidate.app/Contents/Developer/Platforms/WatchOS.platform/Developer/usr/lib/swift/host/plugins/libFoundationMacros.dylib\#/Applications/Xcode-27.0.0-Release.Candidate.app/Contents/Developer/Platforms/WatchOS.platform/Developer/usr/bin/swift-plugin-server\#FoundationMacros -load-resolved-plugin /Applications/Xcode-27.0.0-Release.Candidate.app/Contents/Developer/Platforms/WatchOS.platform/Developer/usr/lib/swift/host/plugins/libObservationMacros.dylib\#/Applications/Xcode-27.0.0-Release.Candidate.app/Contents/Developer/Platforms/WatchOS.platform/Developer/usr/bin/swift-plugin-server\#ObservationMacros -load-resolved-plugin /Applications/Xcode-27.0.0-Release.Candidate.app/Contents/Developer/Platforms/WatchOS.platform/Developer/usr/lib/swift/host/plugins/libPreviewsMacros.dylib\#/Applications/Xcode-27.0.0-Release.Candidate.app/Contents/Developer/Platforms/WatchOS.platform/Developer/usr/bin/swift-plugin-server\#PreviewsMacros -load-resolved-plugin /Applications/Xcode-27.0.0-Release.Candidate.app/Contents/Developer/Platforms/WatchOS.platform/Developer/usr/lib/swift/host/plugins/libSwiftMacros.dylib\#/Applications/Xcode-27.0.0-Release.Candidate.app/Contents/Developer/Platforms/WatchOS.platform/Developer/usr/bin/swift-plugin-server\#SwiftMacros -load-resolved-plugin /Applications/Xcode-27.0.0-Release.Candidate.app/Contents/Developer/Platforms/WatchOS.platform/Developer/usr/lib/swift/host/plugins/libSwiftUIMacros.dylib\#/Applications/Xcode-27.0.0-Release.Candidate.app/Contents/Developer/Platforms/WatchOS.platform/Developer/usr/bin/swift-plugin-server\#SwiftUIMacros -disable-implicit-swift-modules -Xcc -fno-implicit-modules -Xcc -fno-implicit-module-maps -explicit-swift-module-map-file /Users/admin/builder/spi-builder-workspace/.derivedData/Build/Intermediates.noindex/SwiftUIPreciselyRoundedRectangle.build/Debug-watchos/PreciselyRoundedRectangle-t.build/Objects-normal/arm64_32/PreciselyRoundedRectangle-dependencies-1.json -enable-objc-interop -sdk /Applications/Xcode-27.0.0-Release.Candidate.app/Contents/Developer/Platforms/WatchOS.platform/Developer/SDKs/WatchOS27.0.sdk -I /Users/admin/builder/spi-builder-workspace/.derivedData/Build/Products/Debug-watchos -Isystem /Applications/Xcode-27.0.0-Release.Candidate.app/Contents/Developer/Platforms/WatchOS.platform/Developer/usr/lib -F /Users/admin/builder/spi-builder-workspace/.derivedData/Build/Products/Debug-watchos/PackageFrameworks -F /Users/admin/builder/spi-builder-workspace/.derivedData/Build/Products/Debug-watchos -F /Applications/Xcode-27.0.0-Release.Candidate.app/Contents/Developer/Platforms/WatchOS.platform/Developer/Library/Frameworks -F /Applications/Xcode-27.0.0-Release.Candidate.app/Contents/Developer/Platforms/WatchOS.platform/Developer/SDKs/WatchOS27.0.sdk/Developer/Library/Frameworks -module-cache-path /Users/admin/builder/spi-builder-workspace/.derivedData/Build/Intermediates.noindex/SwiftExplicitPrecompiledModules -no-color-diagnostics -Xcc -fno-color-diagnostics -enable-testing -g -debug-info-format\=dwarf -dwarf-version\=4 -swift-version 5 -Onone -D SWIFT_PACKAGE -D DEBUG -D SWIFT_MODULE_RESOURCE_BUNDLE_UNAVAILABLE -D Xcode -serialize-debugging-options -enable-experimental-feature DebugDescriptionMacro -empty-abi-descriptor -validate-clang-modules-once -clang-build-session-file /Users/admin/builder/spi-builder-workspace/.derivedData/ModuleCache.noindex/Session.modulevalidation -Xcc -working-directory -Xcc /Users/admin/builder/spi-builder-workspace/.swiftpm/xcode -enable-anonymous-context-mangled-names -file-compilation-dir /Users/admin/builder/spi-builder-workspace/.swiftpm/xcode -Xcc -D_LIBCPP_HARDENING_MODE\=_LIBCPP_HARDENING_MODE_DEBUG -Xcc -ivfsstatcache -Xcc /Users/admin/builder/spi-builder-workspace/.derivedData/SDKStatCaches.noindex/watchos27.0-24R360-e829b21a6f8c9b70876ba0858053c04477534ef55a1706bf4c1112bbb242f0a2.sdkstatcache -Xcc -fmodules-prune-interval\=86400 -Xcc -fmodules-prune-after\=345600 -Xcc -I/Users/admin/builder/spi-builder-workspace/.derivedData/Build/Products/Debug-watchos/include -Xcc -I/Users/admin/builder/spi-builder-workspace/.derivedData/Build/Intermediates.noindex/SwiftUIPreciselyRoundedRectangle.build/Debug-watchos/PreciselyRoundedRectangle-t.build/DerivedSources-normal/arm64_32 -Xcc -I/Users/admin/builder/spi-builder-workspace/.derivedData/Build/Intermediates.noindex/SwiftUIPreciselyRoundedRectangle.build/Debug-watchos/PreciselyRoundedRectangle-t.build/DerivedSources/arm64_32 -Xcc -I/Users/admin/builder/spi-builder-workspace/.derivedData/Build/Intermediates.noindex/SwiftUIPreciselyRoundedRectangle.build/Debug-watchos/PreciselyRoundedRectangle-t.build/DerivedSources -Xcc -DSWIFT_PACKAGE -Xcc -DDEBUG\=1 -no-auto-bridging-header-chaining -module-name PreciselyRoundedRectangle -const-gather-protocols-file /Users/admin/builder/spi-builder-workspace/.derivedData/Build/Intermediates.noindex/SwiftUIPreciselyRoundedRectangle.build/Debug-watchos/PreciselyRoundedRectangle-t.build/Objects-normal/arm64_32/PreciselyRoundedRectangle_const_extract_protocols.json -disable-clang-spi -clang-target arm64_32-apple-watchos27.0 -target-sdk-version 27.0 -target-sdk-name watchos27.0 -in-process-plugin-server-path /Applications/Xcode-27.0.0-Release.Candidate.app/Contents/Developer/Toolchains/XcodeDefault.xctoolchain/usr/lib/swift/host/libSwiftInProcPluginServer.dylib -parse-as-library -o /Users/admin/builder/spi-builder-workspace/.derivedData/Build/Intermediates.noindex/SwiftUIPreciselyRoundedRectangle.build/Debug-watchos/PreciselyRoundedRectangle-t.build/Objects-normal/arm64_32/BezierPath.o -debug-module-path /Users/admin/builder/spi-builder-workspace/.derivedData/Build/Intermediates.noindex/SwiftUIPreciselyRoundedRectangle.build/Debug-watchos/PreciselyRoundedRectangle-t.build/Objects-normal/arm64_32/PreciselyRoundedRectangle.swiftmodule -index-unit-output-path /SwiftUIPreciselyRoundedRectangle.build/Debug-watchos/PreciselyRoundedRectangle-t.build/Objects-normal/arm64_32/BezierPath.o -index-store-path /Users/admin/builder/spi-builder-workspace/.derivedData/Index.noindex/DataStore -index-system-modules
SwiftCompile normal arm64_32 /Users/admin/builder/spi-builder-workspace/Sources/PreciselyRoundedRectangle/BezierPath.swift (in target 'PreciselyRoundedRectangle' from project 'SwiftUIPreciselyRoundedRectangle')
    cd /Users/admin/builder/spi-builder-workspace/.swiftpm/xcode
    builtin-SwiftPerFileCompile BezierPath.swift
SwiftEmitModule normal arm64 Emitting\ module\ for\ PreciselyRoundedRectangle (in target 'PreciselyRoundedRectangle' from project 'SwiftUIPreciselyRoundedRectangle')
/Users/admin/builder/spi-builder-workspace/Sources/PreciselyRoundedRectangle/PreciselyRoundedRectangle.swift:7:16: warning: stored property 'cornerRadiusMap' of 'Sendable'-conforming struct 'PreciselyRoundedRectangle' has non-Sendable type 'CornerRadiusMap'; this is an error in the Swift 6 language mode
 5 | /// each corner.
 6 | public struct PreciselyRoundedRectangle {
 7 |     public var cornerRadiusMap: CornerRadiusMap
   |                `- warning: stored property 'cornerRadiusMap' of 'Sendable'-conforming struct 'PreciselyRoundedRectangle' has non-Sendable type 'CornerRadiusMap'; this is an error in the Swift 6 language mode
 8 |
 9 |     public init(
/Users/admin/builder/spi-builder-workspace/Sources/PreciselyRoundedRectangle/CornerRadiusMap.swift:5:15: note: consider making struct 'CornerRadiusMap' conform to the 'Sendable' protocol
 3 |
 4 |
 5 | public struct CornerRadiusMap {
   |               `- note: consider making struct 'CornerRadiusMap' conform to the 'Sendable' protocol
 6 |     public var topLeading: Double
 7 |     public var topTrailing: Double
SwiftCompile normal arm64 (in target 'PreciselyRoundedRectangle' from project 'SwiftUIPreciselyRoundedRectangle')
    cd /Users/admin/builder/spi-builder-workspace/.swiftpm/xcode

SwiftDriverJobDiscovery normal arm64_32 Emitting module for PreciselyRoundedRectangle (in target 'PreciselyRoundedRectangle' from project 'SwiftUIPreciselyRoundedRectangle')
SwiftDriver\ Compilation\ Requirements PreciselyRoundedRectangle normal arm64_32 com.apple.xcode.tools.swift.compiler (in target 'PreciselyRoundedRectangle' from project 'SwiftUIPreciselyRoundedRectangle')
    cd /Users/admin/builder/spi-builder-workspace/.swiftpm/xcode
    builtin-Swift-Compilation-Requirements -- /Applications/Xcode-27.0.0-Release.Candidate.app/Contents/Developer/Toolchains/XcodeDefault.xctoolchain/usr/bin/swiftc -parse-as-library -module-name PreciselyRoundedRectangle -Onone @/Users/admin/builder/spi-builder-workspace/.derivedData/Build/Intermediates.noindex/SwiftUIPreciselyRoundedRectangle.build/Debug-watchos/PreciselyRoundedRectangle-t.build/Objects-normal/arm64_32/PreciselyRoundedRectangle.SwiftFileList -DSWIFT_PACKAGE -DDEBUG -DSWIFT_MODULE_RESOURCE_BUNDLE_UNAVAILABLE -DXcode -plugin-path /Applications/Xcode-27.0.0-Release.Candidate.app/Contents/Developer/Toolchains/XcodeDefault.xctoolchain/usr/lib/swift/host/plugins/testing -enable-experimental-feature DebugDescriptionMacro -sdk /Applications/Xcode-27.0.0-Release.Candidate.app/Contents/Developer/Platforms/WatchOS.platform/Developer/SDKs/WatchOS27.0.sdk -target arm64_32-apple-watchos9.0 -g -module-cache-path /Users/admin/builder/spi-builder-workspace/.derivedData/ModuleCache.noindex -Xfrontend -serialize-debugging-options -enable-testing -index-store-path /Users/admin/builder/spi-builder-workspace/.derivedData/Index.noindex/DataStore -Xcc -D_LIBCPP_HARDENING_MODE\=_LIBCPP_HARDENING_MODE_DEBUG -swift-version 5 -I /Users/admin/builder/spi-builder-workspace/.derivedData/Build/Products/Debug-watchos -Isystem /Applications/Xcode-27.0.0-Release.Candidate.app/Contents/Developer/Platforms/WatchOS.platform/Developer/usr/lib -F /Users/admin/builder/spi-builder-workspace/.derivedData/Build/Products/Debug-watchos/PackageFrameworks -F /Users/admin/builder/spi-builder-workspace/.derivedData/Build/Products/Debug-watchos -F /Applications/Xcode-27.0.0-Release.Candidate.app/Contents/Developer/Platforms/WatchOS.platform/Developer/Library/Frameworks -F /Applications/Xcode-27.0.0-Release.Candidate.app/Contents/Developer/Platforms/WatchOS.platform/Developer/SDKs/WatchOS27.0.sdk/Developer/Library/Frameworks -c -j10 -enable-batch-mode -incremental -Xcc -ivfsstatcache -Xcc /Users/admin/builder/spi-builder-workspace/.derivedData/SDKStatCaches.noindex/watchos27.0-24R360-e829b21a6f8c9b70876ba0858053c04477534ef55a1706bf4c1112bbb242f0a2.sdkstatcache -output-file-map /Users/admin/builder/spi-builder-workspace/.derivedData/Build/Intermediates.noindex/SwiftUIPreciselyRoundedRectangle.build/Debug-watchos/PreciselyRoundedRectangle-t.build/Objects-normal/arm64_32/PreciselyRoundedRectangle-OutputFileMap.json -save-temps -no-color-diagnostics -explicit-module-build -module-cache-path /Users/admin/builder/spi-builder-workspace/.derivedData/Build/Intermediates.noindex/SwiftExplicitPrecompiledModules -clang-scanner-module-cache-path /Users/admin/builder/spi-builder-workspace/.derivedData/ModuleCache.noindex -sdk-module-cache-path /Users/admin/builder/spi-builder-workspace/.derivedData/SDKExplicitPrecompiledModules -emit-dependencies -emit-module -emit-module-path /Users/admin/builder/spi-builder-workspace/.derivedData/Build/Intermediates.noindex/SwiftUIPreciselyRoundedRectangle.build/Debug-watchos/PreciselyRoundedRectangle-t.build/Objects-normal/arm64_32/PreciselyRoundedRectangle.swiftmodule -serialize-diagnostics -dependency-scan-serialize-diagnostics-path /Users/admin/builder/spi-builder-workspace/.derivedData/Build/Intermediates.noindex/SwiftUIPreciselyRoundedRectangle.build/Debug-watchos/PreciselyRoundedRectangle-t.build/Objects-normal/arm64_32/PreciselyRoundedRectangle-dependency-scan.dia -validate-clang-modules-once -clang-build-session-file /Users/admin/builder/spi-builder-workspace/.derivedData/ModuleCache.noindex/Session.modulevalidation -Xcc -fmodules-prune-interval\=86400 -Xcc -fmodules-prune-after\=345600 -emit-const-values -const-gather-protocols-list /Users/admin/builder/spi-builder-workspace/.derivedData/Build/Intermediates.noindex/SwiftUIPreciselyRoundedRectangle.build/Debug-watchos/PreciselyRoundedRectangle-t.build/Objects-normal/arm64_32/PreciselyRoundedRectangle_const_extract_protocols.json -Xcc -I/Users/admin/builder/spi-builder-workspace/.derivedData/Build/Products/Debug-watchos/include -Xcc -I/Users/admin/builder/spi-builder-workspace/.derivedData/Build/Intermediates.noindex/SwiftUIPreciselyRoundedRectangle.build/Debug-watchos/PreciselyRoundedRectangle-t.build/DerivedSources-normal/arm64_32 -Xcc -I/Users/admin/builder/spi-builder-workspace/.derivedData/Build/Intermediates.noindex/SwiftUIPreciselyRoundedRectangle.build/Debug-watchos/PreciselyRoundedRectangle-t.build/DerivedSources/arm64_32 -Xcc -I/Users/admin/builder/spi-builder-workspace/.derivedData/Build/Intermediates.noindex/SwiftUIPreciselyRoundedRectangle.build/Debug-watchos/PreciselyRoundedRectangle-t.build/DerivedSources -Xcc -DSWIFT_PACKAGE -Xcc -DDEBUG\=1 -emit-objc-header -emit-objc-header-path /Users/admin/builder/spi-builder-workspace/.derivedData/Build/Intermediates.noindex/SwiftUIPreciselyRoundedRectangle.build/Debug-watchos/PreciselyRoundedRectangle-t.build/Objects-normal/arm64_32/PreciselyRoundedRectangle-Swift.h -working-directory /Users/admin/builder/spi-builder-workspace/.swiftpm/xcode -experimental-emit-module-separately -disable-cmo
SwiftDriverJobDiscovery normal arm64 Emitting module for PreciselyRoundedRectangle (in target 'PreciselyRoundedRectangle' from project 'SwiftUIPreciselyRoundedRectangle')
SwiftDriver\ Compilation\ Requirements PreciselyRoundedRectangle normal arm64 com.apple.xcode.tools.swift.compiler (in target 'PreciselyRoundedRectangle' from project 'SwiftUIPreciselyRoundedRectangle')
    cd /Users/admin/builder/spi-builder-workspace/.swiftpm/xcode
    builtin-Swift-Compilation-Requirements -- /Applications/Xcode-27.0.0-Release.Candidate.app/Contents/Developer/Toolchains/XcodeDefault.xctoolchain/usr/bin/swiftc -parse-as-library -module-name PreciselyRoundedRectangle -Onone @/Users/admin/builder/spi-builder-workspace/.derivedData/Build/Intermediates.noindex/SwiftUIPreciselyRoundedRectangle.build/Debug-watchos/PreciselyRoundedRectangle-t.build/Objects-normal/arm64/PreciselyRoundedRectangle.SwiftFileList -DSWIFT_PACKAGE -DDEBUG -DSWIFT_MODULE_RESOURCE_BUNDLE_UNAVAILABLE -DXcode -plugin-path /Applications/Xcode-27.0.0-Release.Candidate.app/Contents/Developer/Toolchains/XcodeDefault.xctoolchain/usr/lib/swift/host/plugins/testing -enable-experimental-feature DebugDescriptionMacro -sdk /Applications/Xcode-27.0.0-Release.Candidate.app/Contents/Developer/Platforms/WatchOS.platform/Developer/SDKs/WatchOS27.0.sdk -target arm64-apple-watchos9.0 -g -module-cache-path /Users/admin/builder/spi-builder-workspace/.derivedData/ModuleCache.noindex -Xfrontend -serialize-debugging-options -enable-testing -index-store-path /Users/admin/builder/spi-builder-workspace/.derivedData/Index.noindex/DataStore -Xcc -D_LIBCPP_HARDENING_MODE\=_LIBCPP_HARDENING_MODE_DEBUG -swift-version 5 -I /Users/admin/builder/spi-builder-workspace/.derivedData/Build/Products/Debug-watchos -Isystem /Applications/Xcode-27.0.0-Release.Candidate.app/Contents/Developer/Platforms/WatchOS.platform/Developer/usr/lib -F /Users/admin/builder/spi-builder-workspace/.derivedData/Build/Products/Debug-watchos/PackageFrameworks -F /Users/admin/builder/spi-builder-workspace/.derivedData/Build/Products/Debug-watchos -F /Applications/Xcode-27.0.0-Release.Candidate.app/Contents/Developer/Platforms/WatchOS.platform/Developer/Library/Frameworks -F /Applications/Xcode-27.0.0-Release.Candidate.app/Contents/Developer/Platforms/WatchOS.platform/Developer/SDKs/WatchOS27.0.sdk/Developer/Library/Frameworks -c -j10 -enable-batch-mode -incremental -Xcc -ivfsstatcache -Xcc /Users/admin/builder/spi-builder-workspace/.derivedData/SDKStatCaches.noindex/watchos27.0-24R360-e829b21a6f8c9b70876ba0858053c04477534ef55a1706bf4c1112bbb242f0a2.sdkstatcache -output-file-map /Users/admin/builder/spi-builder-workspace/.derivedData/Build/Intermediates.noindex/SwiftUIPreciselyRoundedRectangle.build/Debug-watchos/PreciselyRoundedRectangle-t.build/Objects-normal/arm64/PreciselyRoundedRectangle-OutputFileMap.json -save-temps -no-color-diagnostics -explicit-module-build -module-cache-path /Users/admin/builder/spi-builder-workspace/.derivedData/Build/Intermediates.noindex/SwiftExplicitPrecompiledModules -clang-scanner-module-cache-path /Users/admin/builder/spi-builder-workspace/.derivedData/ModuleCache.noindex -sdk-module-cache-path /Users/admin/builder/spi-builder-workspace/.derivedData/SDKExplicitPrecompiledModules -emit-dependencies -emit-module -emit-module-path /Users/admin/builder/spi-builder-workspace/.derivedData/Build/Intermediates.noindex/SwiftUIPreciselyRoundedRectangle.build/Debug-watchos/PreciselyRoundedRectangle-t.build/Objects-normal/arm64/PreciselyRoundedRectangle.swiftmodule -serialize-diagnostics -dependency-scan-serialize-diagnostics-path /Users/admin/builder/spi-builder-workspace/.derivedData/Build/Intermediates.noindex/SwiftUIPreciselyRoundedRectangle.build/Debug-watchos/PreciselyRoundedRectangle-t.build/Objects-normal/arm64/PreciselyRoundedRectangle-dependency-scan.dia -validate-clang-modules-once -clang-build-session-file /Users/admin/builder/spi-builder-workspace/.derivedData/ModuleCache.noindex/Session.modulevalidation -Xcc -fmodules-prune-interval\=86400 -Xcc -fmodules-prune-after\=345600 -emit-const-values -const-gather-protocols-list /Users/admin/builder/spi-builder-workspace/.derivedData/Build/Intermediates.noindex/SwiftUIPreciselyRoundedRectangle.build/Debug-watchos/PreciselyRoundedRectangle-t.build/Objects-normal/arm64/PreciselyRoundedRectangle_const_extract_protocols.json -Xcc -I/Users/admin/builder/spi-builder-workspace/.derivedData/Build/Products/Debug-watchos/include -Xcc -I/Users/admin/builder/spi-builder-workspace/.derivedData/Build/Intermediates.noindex/SwiftUIPreciselyRoundedRectangle.build/Debug-watchos/PreciselyRoundedRectangle-t.build/DerivedSources-normal/arm64 -Xcc -I/Users/admin/builder/spi-builder-workspace/.derivedData/Build/Intermediates.noindex/SwiftUIPreciselyRoundedRectangle.build/Debug-watchos/PreciselyRoundedRectangle-t.build/DerivedSources/arm64 -Xcc -I/Users/admin/builder/spi-builder-workspace/.derivedData/Build/Intermediates.noindex/SwiftUIPreciselyRoundedRectangle.build/Debug-watchos/PreciselyRoundedRectangle-t.build/DerivedSources -Xcc -DSWIFT_PACKAGE -Xcc -DDEBUG\=1 -emit-objc-header -emit-objc-header-path /Users/admin/builder/spi-builder-workspace/.derivedData/Build/Intermediates.noindex/SwiftUIPreciselyRoundedRectangle.build/Debug-watchos/PreciselyRoundedRectangle-t.build/Objects-normal/arm64/PreciselyRoundedRectangle-Swift.h -working-directory /Users/admin/builder/spi-builder-workspace/.swiftpm/xcode -experimental-emit-module-separately -disable-cmo
Copy /Users/admin/builder/spi-builder-workspace/.derivedData/Build/Products/Debug-watchos/PreciselyRoundedRectangle.swiftmodule/arm64_32-apple-watchos.swiftmodule /Users/admin/builder/spi-builder-workspace/.derivedData/Build/Intermediates.noindex/SwiftUIPreciselyRoundedRectangle.build/Debug-watchos/PreciselyRoundedRectangle-t.build/Objects-normal/arm64_32/PreciselyRoundedRectangle.swiftmodule (in target 'PreciselyRoundedRectangle' from project 'SwiftUIPreciselyRoundedRectangle')
    cd /Users/admin/builder/spi-builder-workspace
    builtin-copy -exclude .DS_Store -exclude CVS -exclude .svn -exclude .git -exclude .hg -resolve-src-symlinks -rename /Users/admin/builder/spi-builder-workspace/.derivedData/Build/Intermediates.noindex/SwiftUIPreciselyRoundedRectangle.build/Debug-watchos/PreciselyRoundedRectangle-t.build/Objects-normal/arm64_32/PreciselyRoundedRectangle.swiftmodule /Users/admin/builder/spi-builder-workspace/.derivedData/Build/Products/Debug-watchos/PreciselyRoundedRectangle.swiftmodule/arm64_32-apple-watchos.swiftmodule
SwiftMergeGeneratedHeaders /Users/admin/builder/spi-builder-workspace/.derivedData/Build/Intermediates.noindex/GeneratedModuleMaps-watchos/PreciselyRoundedRectangle-Swift.h /Users/admin/builder/spi-builder-workspace/.derivedData/Build/Intermediates.noindex/SwiftUIPreciselyRoundedRectangle.build/Debug-watchos/PreciselyRoundedRectangle-t.build/Objects-normal/arm64/PreciselyRoundedRectangle-Swift.h /Users/admin/builder/spi-builder-workspace/.derivedData/Build/Intermediates.noindex/SwiftUIPreciselyRoundedRectangle.build/Debug-watchos/PreciselyRoundedRectangle-t.build/Objects-normal/arm64_32/PreciselyRoundedRectangle-Swift.h (in target 'PreciselyRoundedRectangle' from project 'SwiftUIPreciselyRoundedRectangle')
    cd /Users/admin/builder/spi-builder-workspace
    builtin-swiftHeaderTool -arch arm64 /Users/admin/builder/spi-builder-workspace/.derivedData/Build/Intermediates.noindex/SwiftUIPreciselyRoundedRectangle.build/Debug-watchos/PreciselyRoundedRectangle-t.build/Objects-normal/arm64/PreciselyRoundedRectangle-Swift.h -arch arm64_32 /Users/admin/builder/spi-builder-workspace/.derivedData/Build/Intermediates.noindex/SwiftUIPreciselyRoundedRectangle.build/Debug-watchos/PreciselyRoundedRectangle-t.build/Objects-normal/arm64_32/PreciselyRoundedRectangle-Swift.h -o /Users/admin/builder/spi-builder-workspace/.derivedData/Build/Intermediates.noindex/GeneratedModuleMaps-watchos/PreciselyRoundedRectangle-Swift.h
Copy /Users/admin/builder/spi-builder-workspace/.derivedData/Build/Products/Debug-watchos/PreciselyRoundedRectangle.swiftmodule/arm64_32-apple-watchos.swiftdoc /Users/admin/builder/spi-builder-workspace/.derivedData/Build/Intermediates.noindex/SwiftUIPreciselyRoundedRectangle.build/Debug-watchos/PreciselyRoundedRectangle-t.build/Objects-normal/arm64_32/PreciselyRoundedRectangle.swiftdoc (in target 'PreciselyRoundedRectangle' from project 'SwiftUIPreciselyRoundedRectangle')
    cd /Users/admin/builder/spi-builder-workspace
    builtin-copy -exclude .DS_Store -exclude CVS -exclude .svn -exclude .git -exclude .hg -resolve-src-symlinks -rename /Users/admin/builder/spi-builder-workspace/.derivedData/Build/Intermediates.noindex/SwiftUIPreciselyRoundedRectangle.build/Debug-watchos/PreciselyRoundedRectangle-t.build/Objects-normal/arm64_32/PreciselyRoundedRectangle.swiftdoc /Users/admin/builder/spi-builder-workspace/.derivedData/Build/Products/Debug-watchos/PreciselyRoundedRectangle.swiftmodule/arm64_32-apple-watchos.swiftdoc
Copy /Users/admin/builder/spi-builder-workspace/.derivedData/Build/Products/Debug-watchos/PreciselyRoundedRectangle.swiftmodule/arm64_32-apple-watchos.abi.json /Users/admin/builder/spi-builder-workspace/.derivedData/Build/Intermediates.noindex/SwiftUIPreciselyRoundedRectangle.build/Debug-watchos/PreciselyRoundedRectangle-t.build/Objects-normal/arm64_32/PreciselyRoundedRectangle.abi.json (in target 'PreciselyRoundedRectangle' from project 'SwiftUIPreciselyRoundedRectangle')
    cd /Users/admin/builder/spi-builder-workspace
    builtin-copy -exclude .DS_Store -exclude CVS -exclude .svn -exclude .git -exclude .hg -resolve-src-symlinks -rename /Users/admin/builder/spi-builder-workspace/.derivedData/Build/Intermediates.noindex/SwiftUIPreciselyRoundedRectangle.build/Debug-watchos/PreciselyRoundedRectangle-t.build/Objects-normal/arm64_32/PreciselyRoundedRectangle.abi.json /Users/admin/builder/spi-builder-workspace/.derivedData/Build/Products/Debug-watchos/PreciselyRoundedRectangle.swiftmodule/arm64_32-apple-watchos.abi.json
Copy /Users/admin/builder/spi-builder-workspace/.derivedData/Build/Products/Debug-watchos/PreciselyRoundedRectangle.swiftmodule/arm64-apple-watchos.swiftmodule /Users/admin/builder/spi-builder-workspace/.derivedData/Build/Intermediates.noindex/SwiftUIPreciselyRoundedRectangle.build/Debug-watchos/PreciselyRoundedRectangle-t.build/Objects-normal/arm64/PreciselyRoundedRectangle.swiftmodule (in target 'PreciselyRoundedRectangle' from project 'SwiftUIPreciselyRoundedRectangle')
    cd /Users/admin/builder/spi-builder-workspace
    builtin-copy -exclude .DS_Store -exclude CVS -exclude .svn -exclude .git -exclude .hg -resolve-src-symlinks -rename /Users/admin/builder/spi-builder-workspace/.derivedData/Build/Intermediates.noindex/SwiftUIPreciselyRoundedRectangle.build/Debug-watchos/PreciselyRoundedRectangle-t.build/Objects-normal/arm64/PreciselyRoundedRectangle.swiftmodule /Users/admin/builder/spi-builder-workspace/.derivedData/Build/Products/Debug-watchos/PreciselyRoundedRectangle.swiftmodule/arm64-apple-watchos.swiftmodule
Copy /Users/admin/builder/spi-builder-workspace/.derivedData/Build/Products/Debug-watchos/PreciselyRoundedRectangle.swiftmodule/arm64-apple-watchos.swiftdoc /Users/admin/builder/spi-builder-workspace/.derivedData/Build/Intermediates.noindex/SwiftUIPreciselyRoundedRectangle.build/Debug-watchos/PreciselyRoundedRectangle-t.build/Objects-normal/arm64/PreciselyRoundedRectangle.swiftdoc (in target 'PreciselyRoundedRectangle' from project 'SwiftUIPreciselyRoundedRectangle')
    cd /Users/admin/builder/spi-builder-workspace
    builtin-copy -exclude .DS_Store -exclude CVS -exclude .svn -exclude .git -exclude .hg -resolve-src-symlinks -rename /Users/admin/builder/spi-builder-workspace/.derivedData/Build/Intermediates.noindex/SwiftUIPreciselyRoundedRectangle.build/Debug-watchos/PreciselyRoundedRectangle-t.build/Objects-normal/arm64/PreciselyRoundedRectangle.swiftdoc /Users/admin/builder/spi-builder-workspace/.derivedData/Build/Products/Debug-watchos/PreciselyRoundedRectangle.swiftmodule/arm64-apple-watchos.swiftdoc
Copy /Users/admin/builder/spi-builder-workspace/.derivedData/Build/Products/Debug-watchos/PreciselyRoundedRectangle.swiftmodule/arm64-apple-watchos.abi.json /Users/admin/builder/spi-builder-workspace/.derivedData/Build/Intermediates.noindex/SwiftUIPreciselyRoundedRectangle.build/Debug-watchos/PreciselyRoundedRectangle-t.build/Objects-normal/arm64/PreciselyRoundedRectangle.abi.json (in target 'PreciselyRoundedRectangle' from project 'SwiftUIPreciselyRoundedRectangle')
    cd /Users/admin/builder/spi-builder-workspace
    builtin-copy -exclude .DS_Store -exclude CVS -exclude .svn -exclude .git -exclude .hg -resolve-src-symlinks -rename /Users/admin/builder/spi-builder-workspace/.derivedData/Build/Intermediates.noindex/SwiftUIPreciselyRoundedRectangle.build/Debug-watchos/PreciselyRoundedRectangle-t.build/Objects-normal/arm64/PreciselyRoundedRectangle.abi.json /Users/admin/builder/spi-builder-workspace/.derivedData/Build/Products/Debug-watchos/PreciselyRoundedRectangle.swiftmodule/arm64-apple-watchos.abi.json
Copy /Users/admin/builder/spi-builder-workspace/.derivedData/Build/Products/Debug-watchos/PreciselyRoundedRectangle.swiftmodule/Project/arm64_32-apple-watchos.swiftsourceinfo /Users/admin/builder/spi-builder-workspace/.derivedData/Build/Intermediates.noindex/SwiftUIPreciselyRoundedRectangle.build/Debug-watchos/PreciselyRoundedRectangle-t.build/Objects-normal/arm64_32/PreciselyRoundedRectangle.swiftsourceinfo (in target 'PreciselyRoundedRectangle' from project 'SwiftUIPreciselyRoundedRectangle')
    cd /Users/admin/builder/spi-builder-workspace
    builtin-copy -exclude .DS_Store -exclude CVS -exclude .svn -exclude .git -exclude .hg -resolve-src-symlinks -rename /Users/admin/builder/spi-builder-workspace/.derivedData/Build/Intermediates.noindex/SwiftUIPreciselyRoundedRectangle.build/Debug-watchos/PreciselyRoundedRectangle-t.build/Objects-normal/arm64_32/PreciselyRoundedRectangle.swiftsourceinfo /Users/admin/builder/spi-builder-workspace/.derivedData/Build/Products/Debug-watchos/PreciselyRoundedRectangle.swiftmodule/Project/arm64_32-apple-watchos.swiftsourceinfo
Copy /Users/admin/builder/spi-builder-workspace/.derivedData/Build/Products/Debug-watchos/PreciselyRoundedRectangle.swiftmodule/Project/arm64-apple-watchos.swiftsourceinfo /Users/admin/builder/spi-builder-workspace/.derivedData/Build/Intermediates.noindex/SwiftUIPreciselyRoundedRectangle.build/Debug-watchos/PreciselyRoundedRectangle-t.build/Objects-normal/arm64/PreciselyRoundedRectangle.swiftsourceinfo (in target 'PreciselyRoundedRectangle' from project 'SwiftUIPreciselyRoundedRectangle')
    cd /Users/admin/builder/spi-builder-workspace
    builtin-copy -exclude .DS_Store -exclude CVS -exclude .svn -exclude .git -exclude .hg -resolve-src-symlinks -rename /Users/admin/builder/spi-builder-workspace/.derivedData/Build/Intermediates.noindex/SwiftUIPreciselyRoundedRectangle.build/Debug-watchos/PreciselyRoundedRectangle-t.build/Objects-normal/arm64/PreciselyRoundedRectangle.swiftsourceinfo /Users/admin/builder/spi-builder-workspace/.derivedData/Build/Products/Debug-watchos/PreciselyRoundedRectangle.swiftmodule/Project/arm64-apple-watchos.swiftsourceinfo
SwiftCompile normal arm64_32 Compiling\ PreciselyRoundedRectangle.swift /Users/admin/builder/spi-builder-workspace/Sources/PreciselyRoundedRectangle/PreciselyRoundedRectangle.swift (in target 'PreciselyRoundedRectangle' from project 'SwiftUIPreciselyRoundedRectangle')
SwiftCompile normal arm64_32 (in target 'PreciselyRoundedRectangle' from project 'SwiftUIPreciselyRoundedRectangle')
    cd /Users/admin/builder/spi-builder-workspace/.swiftpm/xcode

SwiftCompile normal arm64 Compiling\ NSBezierPath+cgPath.swift /Users/admin/builder/spi-builder-workspace/Sources/PreciselyRoundedRectangle/Toolbox/Extensions/NSBezierPath+cgPath.swift (in target 'PreciselyRoundedRectangle' from project 'SwiftUIPreciselyRoundedRectangle')
SwiftCompile normal arm64 /Users/admin/builder/spi-builder-workspace/Sources/PreciselyRoundedRectangle/Toolbox/Extensions/NSBezierPath+cgPath.swift (in target 'PreciselyRoundedRectangle' from project 'SwiftUIPreciselyRoundedRectangle')
    cd /Users/admin/builder/spi-builder-workspace/.swiftpm/xcode
    builtin-SwiftPerFileCompile NSBezierPath+cgPath.swift
SwiftDriverJobDiscovery normal arm64 Compiling Double+Constants.swift (in target 'SwiftUIGeometryUtils' from project 'CypherPoetSwiftUIGeometryUtils')
SwiftCompile normal arm64_32 Compiling\ View+cornerRadius.swift /Users/admin/builder/spi-builder-workspace/Sources/PreciselyRoundedRectangle/View\ Modifiers/View+cornerRadius.swift (in target 'PreciselyRoundedRectangle' from project 'SwiftUIPreciselyRoundedRectangle')
SwiftCompile normal arm64_32 /Users/admin/builder/spi-builder-workspace/Sources/PreciselyRoundedRectangle/View\ Modifiers/View+cornerRadius.swift (in target 'PreciselyRoundedRectangle' from project 'SwiftUIPreciselyRoundedRectangle')
    cd /Users/admin/builder/spi-builder-workspace/.swiftpm/xcode
    builtin-SwiftPerFileCompile View+cornerRadius.swift
SwiftDriverJobDiscovery normal arm64_32 Compiling Double+Constants.swift (in target 'SwiftUIGeometryUtils' from project 'CypherPoetSwiftUIGeometryUtils')
SwiftCompile normal arm64_32 Compiling\ NSBezierPath+cgPath.swift /Users/admin/builder/spi-builder-workspace/Sources/PreciselyRoundedRectangle/Toolbox/Extensions/NSBezierPath+cgPath.swift (in target 'PreciselyRoundedRectangle' from project 'SwiftUIPreciselyRoundedRectangle')
SwiftCompile normal arm64_32 /Users/admin/builder/spi-builder-workspace/Sources/PreciselyRoundedRectangle/Toolbox/Extensions/NSBezierPath+cgPath.swift (in target 'PreciselyRoundedRectangle' from project 'SwiftUIPreciselyRoundedRectangle')
    cd /Users/admin/builder/spi-builder-workspace/.swiftpm/xcode
    builtin-SwiftPerFileCompile NSBezierPath+cgPath.swift
SwiftDriverJobDiscovery normal arm64 Compiling NSBezierPath+cgPath.swift (in target 'PreciselyRoundedRectangle' from project 'SwiftUIPreciselyRoundedRectangle')
SwiftDriverJobDiscovery normal arm64_32 Compiling NSBezierPath+cgPath.swift (in target 'PreciselyRoundedRectangle' from project 'SwiftUIPreciselyRoundedRectangle')
SwiftCompile normal arm64_32 Compiling\ CornerRadiusMap.swift /Users/admin/builder/spi-builder-workspace/Sources/PreciselyRoundedRectangle/CornerRadiusMap.swift (in target 'PreciselyRoundedRectangle' from project 'SwiftUIPreciselyRoundedRectangle')
SwiftCompile normal arm64_32 /Users/admin/builder/spi-builder-workspace/Sources/PreciselyRoundedRectangle/CornerRadiusMap.swift (in target 'PreciselyRoundedRectangle' from project 'SwiftUIPreciselyRoundedRectangle')
    cd /Users/admin/builder/spi-builder-workspace/.swiftpm/xcode
    builtin-SwiftPerFileCompile CornerRadiusMap.swift
SwiftDriverJobDiscovery normal arm64_32 Compiling CornerRadiusMap.swift (in target 'PreciselyRoundedRectangle' from project 'SwiftUIPreciselyRoundedRectangle')
SwiftCompile normal arm64 Compiling\ Path+Init.swift /Users/admin/builder/spi-builder-workspace/Sources/PreciselyRoundedRectangle/Toolbox/Extensions/Path+Init.swift (in target 'PreciselyRoundedRectangle' from project 'SwiftUIPreciselyRoundedRectangle')
SwiftCompile normal arm64 /Users/admin/builder/spi-builder-workspace/Sources/PreciselyRoundedRectangle/Toolbox/Extensions/Path+Init.swift (in target 'PreciselyRoundedRectangle' from project 'SwiftUIPreciselyRoundedRectangle')
    cd /Users/admin/builder/spi-builder-workspace/.swiftpm/xcode
    builtin-SwiftPerFileCompile Path+Init.swift
SwiftDriverJobDiscovery normal arm64_32 Compiling View+cornerRadius.swift (in target 'PreciselyRoundedRectangle' from project 'SwiftUIPreciselyRoundedRectangle')
SwiftCompile normal arm64 Compiling\ CornerRadiusMap.swift /Users/admin/builder/spi-builder-workspace/Sources/PreciselyRoundedRectangle/CornerRadiusMap.swift (in target 'PreciselyRoundedRectangle' from project 'SwiftUIPreciselyRoundedRectangle')
SwiftCompile normal arm64 /Users/admin/builder/spi-builder-workspace/Sources/PreciselyRoundedRectangle/CornerRadiusMap.swift (in target 'PreciselyRoundedRectangle' from project 'SwiftUIPreciselyRoundedRectangle')
    cd /Users/admin/builder/spi-builder-workspace/.swiftpm/xcode
    builtin-SwiftPerFileCompile CornerRadiusMap.swift
PruneExplicitPrecompiledModules /Users/admin/builder/spi-builder-workspace/.derivedData/Build/Intermediates.noindex/ExplicitPrecompiledModules
PruneExplicitPrecompiledModules /Users/admin/builder/spi-builder-workspace/.derivedData/SDKExplicitPrecompiledModules
PruneExplicitPrecompiledModules /Users/admin/builder/spi-builder-workspace/.derivedData/Build/Intermediates.noindex/SwiftExplicitPrecompiledModules
2026-09-17 15:46:15.372 xcodebuild[694:4394] [MT] IDERunDestination: Supported platforms for the buildables in the current scheme is empty.
2026-09-17 15:46:15.476 xcodebuild[694:4394] [MT] IDERunDestination: Supported platforms for the buildables in the current scheme is empty.
** BUILD FAILED **
The following build commands failed:
	SwiftCompile normal arm64_32 Compiling\ BezierPath.swift /Users/admin/builder/spi-builder-workspace/Sources/PreciselyRoundedRectangle/BezierPath.swift (in target 'PreciselyRoundedRectangle' from project 'SwiftUIPreciselyRoundedRectangle')
	SwiftCompile normal arm64_32 /Users/admin/builder/spi-builder-workspace/Sources/PreciselyRoundedRectangle/BezierPath.swift (in target 'PreciselyRoundedRectangle' from project 'SwiftUIPreciselyRoundedRectangle')
	Building workspace SwiftUIPreciselyRoundedRectangle with scheme SwiftUIPreciselyRoundedRectangle
(3 failures)
Command line invocation:
    /Applications/Xcode-27.0.0-Release.Candidate.app/Contents/Developer/usr/bin/xcodebuild -IDEClonedSourcePackagesDirPathOverride=/Users/admin/builder/spi-builder-workspace/.dependencies -resolvePackageDependencies
Resolve Package Graph
Resolved source packages:
  SwiftUIPreciselyRoundedRectangle: /Users/admin/builder/spi-builder-workspace
  CypherPoetSwiftUIGeometryUtils: https://github.com/CypherPoet/SwiftUIGeometryUtils @ 0.2.1
resolved source packages: SwiftUIPreciselyRoundedRectangle, CypherPoetSwiftUIGeometryUtils
2026-09-17 15:46:26.976 xcodebuild[856:5164] [MT] IDERunDestination: Supported platforms for the buildables in the current scheme is empty.
2026-09-17 15:46:27.076 xcodebuild[856:5164] [MT] IDERunDestination: Supported platforms for the buildables in the current scheme is empty.
{
  "dependencies" : [
    {
      "identity" : "swiftuigeometryutils",
      "requirement" : {
        "range" : [
          {
            "lower_bound" : "0.2.0",
            "upper_bound" : "0.3.0"
          }
        ]
      },
      "type" : "sourceControl",
      "url" : "https://github.com/CypherPoet/SwiftUIGeometryUtils"
    }
  ],
  "manifest_display_name" : "SwiftUIPreciselyRoundedRectangle",
  "name" : "SwiftUIPreciselyRoundedRectangle",
  "path" : "/Users/admin/builder/spi-builder-workspace",
  "platforms" : [
    {
      "name" : "ios",
      "version" : "14.0"
    },
    {
      "name" : "macos",
      "version" : "11.0"
    },
    {
      "name" : "tvos",
      "version" : "14.0"
    },
    {
      "name" : "watchos",
      "version" : "7.0"
    }
  ],
  "products" : [
    {
      "name" : "PreciselyRoundedRectangle",
      "targets" : [
        "PreciselyRoundedRectangle"
      ],
      "type" : {
        "library" : [
          "automatic"
        ]
      }
    }
  ],
  "targets" : [
    {
      "c99name" : "PreciselyRoundedRectangleTests",
      "module_type" : "SwiftTarget",
      "name" : "PreciselyRoundedRectangleTests",
      "path" : "Tests/PreciselyRoundedRectangle",
      "sources" : [
        "Cases/PreciselyRoundedRectangleTests.swift"
      ],
      "target_dependencies" : [
        "PreciselyRoundedRectangle"
      ],
      "type" : "test"
    },
    {
      "c99name" : "PreciselyRoundedRectangle",
      "module_type" : "SwiftTarget",
      "name" : "PreciselyRoundedRectangle",
      "path" : "Sources/PreciselyRoundedRectangle",
      "product_dependencies" : [
        "SwiftUIGeometryUtils"
      ],
      "product_memberships" : [
        "PreciselyRoundedRectangle"
      ],
      "sources" : [
        "BezierPath.swift",
        "CornerRadiusMap.swift",
        "PreciselyRoundedRectangle.swift",
        "Toolbox/Extensions/NSBezierPath+cgPath.swift",
        "Toolbox/Extensions/Path+Init.swift",
        "View Modifiers/View+cornerRadius.swift"
      ],
      "type" : "library"
    }
  ],
  "tools_version" : "5.5"
}
{
  "workspace" : {
    "name" : "SwiftUIPreciselyRoundedRectangle",
    "schemes" : [
      "SwiftUIPreciselyRoundedRectangle"
    ]
  }
}
2026-09-17 15:46:28.330 xcodebuild[864:5234] [MT] IDERunDestination: Supported platforms for the buildables in the current scheme is empty.
2026-09-17 15:46:28.434 xcodebuild[864:5234] [MT] IDERunDestination: Supported platforms for the buildables in the current scheme is empty.
Running build ...
env DEVELOPER_DIR=/Applications/Xcode-27.0.0-Release.Candidate.app xcrun xcodebuild -IDEClonedSourcePackagesDirPathOverride=$PWD/.dependencies -skipMacroValidation -skipPackagePluginValidation -derivedDataPath $PWD/.derivedData build -scheme SwiftUIPreciselyRoundedRectangle -destination generic/platform=watchOS
Command line invocation:
    /Applications/Xcode-27.0.0-Release.Candidate.app/Contents/Developer/usr/bin/xcodebuild -IDEClonedSourcePackagesDirPathOverride=/Users/admin/builder/spi-builder-workspace/.dependencies -skipMacroValidation -skipPackagePluginValidation -derivedDataPath /Users/admin/builder/spi-builder-workspace/.derivedData build -scheme SwiftUIPreciselyRoundedRectangle -destination generic/platform=watchOS
Resolve Package Graph
Resolved source packages:
  SwiftUIPreciselyRoundedRectangle: /Users/admin/builder/spi-builder-workspace
  CypherPoetSwiftUIGeometryUtils: https://github.com/CypherPoet/SwiftUIGeometryUtils @ 0.2.1
ComputePackagePrebuildTargetDependencyGraph
Prepare packages
CreateBuildRequest
SendProjectDescription
CreateBuildOperation
ComputeTargetDependencyGraph
note: Building targets in dependency order
note: Target dependency graph (5 targets)
    Target 'PreciselyRoundedRectangleTests-product' in project 'SwiftUIPreciselyRoundedRectangle'
        ➜ Explicit dependency on target 'PreciselyRoundedRectangle' in project 'SwiftUIPreciselyRoundedRectangle'
        ➜ Explicit dependency on target 'SwiftUIGeometryUtils-product' in project 'CypherPoetSwiftUIGeometryUtils'
    Target 'PreciselyRoundedRectangle-product' in project 'SwiftUIPreciselyRoundedRectangle'
        ➜ Explicit dependency on target 'PreciselyRoundedRectangle' in project 'SwiftUIPreciselyRoundedRectangle'
        ➜ Explicit dependency on target 'SwiftUIGeometryUtils-product' in project 'CypherPoetSwiftUIGeometryUtils'
    Target 'PreciselyRoundedRectangle' in project 'SwiftUIPreciselyRoundedRectangle'
        ➜ Explicit dependency on target 'SwiftUIGeometryUtils-product' in project 'CypherPoetSwiftUIGeometryUtils'
    Target 'SwiftUIGeometryUtils-product' in project 'CypherPoetSwiftUIGeometryUtils'
        ➜ Explicit dependency on target 'SwiftUIGeometryUtils' in project 'CypherPoetSwiftUIGeometryUtils'
    Target 'SwiftUIGeometryUtils' in project 'CypherPoetSwiftUIGeometryUtils' (no dependencies)
GatherProvisioningInputs
CreateBuildDescription
ClangStatCache /Applications/Xcode-27.0.0-Release.Candidate.app/Contents/Developer/Toolchains/XcodeDefault.xctoolchain/usr/bin/clang-stat-cache /Applications/Xcode-27.0.0-Release.Candidate.app/Contents/Developer/Platforms/WatchOS.platform/Developer/SDKs/WatchOS27.0.sdk /Users/admin/builder/spi-builder-workspace/.derivedData/SDKStatCaches.noindex/watchos27.0-24R360-e829b21a6f8c9b70876ba0858053c04477534ef55a1706bf4c1112bbb242f0a2.sdkstatcache
    cd /Users/admin/builder/spi-builder-workspace/.swiftpm/xcode
    /Applications/Xcode-27.0.0-Release.Candidate.app/Contents/Developer/Toolchains/XcodeDefault.xctoolchain/usr/bin/clang-stat-cache /Applications/Xcode-27.0.0-Release.Candidate.app/Contents/Developer/Platforms/WatchOS.platform/Developer/SDKs/WatchOS27.0.sdk -o /Users/admin/builder/spi-builder-workspace/.derivedData/SDKStatCaches.noindex/watchos27.0-24R360-e829b21a6f8c9b70876ba0858053c04477534ef55a1706bf4c1112bbb242f0a2.sdkstatcache
SwiftDriver SwiftUIGeometryUtils normal arm64_32 com.apple.xcode.tools.swift.compiler (in target 'SwiftUIGeometryUtils' from project 'CypherPoetSwiftUIGeometryUtils')
    cd /Users/admin/builder/spi-builder-workspace/.swiftpm/xcode
    builtin-SwiftDriver -- /Applications/Xcode-27.0.0-Release.Candidate.app/Contents/Developer/Toolchains/XcodeDefault.xctoolchain/usr/bin/swiftc -parse-as-library -module-name SwiftUIGeometryUtils -Onone @/Users/admin/builder/spi-builder-workspace/.derivedData/Build/Intermediates.noindex/CypherPoetSwiftUIGeometryUtils.build/Debug-watchos/SwiftUIGeometryUtils-t.build/Objects-normal/arm64_32/SwiftUIGeometryUtils.SwiftFileList -DSWIFT_PACKAGE -DDEBUG -DSWIFT_MODULE_RESOURCE_BUNDLE_UNAVAILABLE -DXcode -plugin-path /Applications/Xcode-27.0.0-Release.Candidate.app/Contents/Developer/Toolchains/XcodeDefault.xctoolchain/usr/lib/swift/host/plugins/testing -enable-experimental-feature DebugDescriptionMacro -sdk /Applications/Xcode-27.0.0-Release.Candidate.app/Contents/Developer/Platforms/WatchOS.platform/Developer/SDKs/WatchOS27.0.sdk -target arm64_32-apple-watchos9.0 -g -module-cache-path /Users/admin/builder/spi-builder-workspace/.derivedData/ModuleCache.noindex -Xfrontend -serialize-debugging-options -enable-testing -suppress-warnings -index-store-path /Users/admin/builder/spi-builder-workspace/.derivedData/Index.noindex/DataStore -Xcc -D_LIBCPP_HARDENING_MODE\=_LIBCPP_HARDENING_MODE_DEBUG -swift-version 5 -I /Users/admin/builder/spi-builder-workspace/.derivedData/Build/Products/Debug-watchos -Isystem /Applications/Xcode-27.0.0-Release.Candidate.app/Contents/Developer/Platforms/WatchOS.platform/Developer/usr/lib -F /Users/admin/builder/spi-builder-workspace/.derivedData/Build/Products/Debug-watchos -F /Applications/Xcode-27.0.0-Release.Candidate.app/Contents/Developer/Platforms/WatchOS.platform/Developer/Library/Frameworks -F /Applications/Xcode-27.0.0-Release.Candidate.app/Contents/Developer/Platforms/WatchOS.platform/Developer/SDKs/WatchOS27.0.sdk/Developer/Library/Frameworks -c -j10 -enable-batch-mode -incremental -Xcc -ivfsstatcache -Xcc /Users/admin/builder/spi-builder-workspace/.derivedData/SDKStatCaches.noindex/watchos27.0-24R360-e829b21a6f8c9b70876ba0858053c04477534ef55a1706bf4c1112bbb242f0a2.sdkstatcache -output-file-map /Users/admin/builder/spi-builder-workspace/.derivedData/Build/Intermediates.noindex/CypherPoetSwiftUIGeometryUtils.build/Debug-watchos/SwiftUIGeometryUtils-t.build/Objects-normal/arm64_32/SwiftUIGeometryUtils-OutputFileMap.json -save-temps -no-color-diagnostics -explicit-module-build -module-cache-path /Users/admin/builder/spi-builder-workspace/.derivedData/Build/Intermediates.noindex/SwiftExplicitPrecompiledModules -clang-scanner-module-cache-path /Users/admin/builder/spi-builder-workspace/.derivedData/ModuleCache.noindex -sdk-module-cache-path /Users/admin/builder/spi-builder-workspace/.derivedData/SDKExplicitPrecompiledModules -emit-dependencies -emit-module -emit-module-path /Users/admin/builder/spi-builder-workspace/.derivedData/Build/Intermediates.noindex/CypherPoetSwiftUIGeometryUtils.build/Debug-watchos/SwiftUIGeometryUtils-t.build/Objects-normal/arm64_32/SwiftUIGeometryUtils.swiftmodule -serialize-diagnostics -dependency-scan-serialize-diagnostics-path /Users/admin/builder/spi-builder-workspace/.derivedData/Build/Intermediates.noindex/CypherPoetSwiftUIGeometryUtils.build/Debug-watchos/SwiftUIGeometryUtils-t.build/Objects-normal/arm64_32/SwiftUIGeometryUtils-dependency-scan.dia -validate-clang-modules-once -clang-build-session-file /Users/admin/builder/spi-builder-workspace/.derivedData/ModuleCache.noindex/Session.modulevalidation -Xcc -fmodules-prune-interval\=86400 -Xcc -fmodules-prune-after\=345600 -emit-const-values -const-gather-protocols-list /Users/admin/builder/spi-builder-workspace/.derivedData/Build/Intermediates.noindex/CypherPoetSwiftUIGeometryUtils.build/Debug-watchos/SwiftUIGeometryUtils-t.build/Objects-normal/arm64_32/SwiftUIGeometryUtils_const_extract_protocols.json -Xcc -I/Users/admin/builder/spi-builder-workspace/.derivedData/Build/Products/Debug-watchos/include -Xcc -I/Users/admin/builder/spi-builder-workspace/.derivedData/Build/Intermediates.noindex/CypherPoetSwiftUIGeometryUtils.build/Debug-watchos/SwiftUIGeometryUtils-t.build/DerivedSources-normal/arm64_32 -Xcc -I/Users/admin/builder/spi-builder-workspace/.derivedData/Build/Intermediates.noindex/CypherPoetSwiftUIGeometryUtils.build/Debug-watchos/SwiftUIGeometryUtils-t.build/DerivedSources/arm64_32 -Xcc -I/Users/admin/builder/spi-builder-workspace/.derivedData/Build/Intermediates.noindex/CypherPoetSwiftUIGeometryUtils.build/Debug-watchos/SwiftUIGeometryUtils-t.build/DerivedSources -Xcc -DSWIFT_PACKAGE -Xcc -DDEBUG\=1 -emit-objc-header -emit-objc-header-path /Users/admin/builder/spi-builder-workspace/.derivedData/Build/Intermediates.noindex/CypherPoetSwiftUIGeometryUtils.build/Debug-watchos/SwiftUIGeometryUtils-t.build/Objects-normal/arm64_32/SwiftUIGeometryUtils-Swift.h -working-directory /Users/admin/builder/spi-builder-workspace/.swiftpm/xcode -experimental-emit-module-separately -disable-cmo
SwiftDriver SwiftUIGeometryUtils normal arm64 com.apple.xcode.tools.swift.compiler (in target 'SwiftUIGeometryUtils' from project 'CypherPoetSwiftUIGeometryUtils')
    cd /Users/admin/builder/spi-builder-workspace/.swiftpm/xcode
    builtin-SwiftDriver -- /Applications/Xcode-27.0.0-Release.Candidate.app/Contents/Developer/Toolchains/XcodeDefault.xctoolchain/usr/bin/swiftc -parse-as-library -module-name SwiftUIGeometryUtils -Onone @/Users/admin/builder/spi-builder-workspace/.derivedData/Build/Intermediates.noindex/CypherPoetSwiftUIGeometryUtils.build/Debug-watchos/SwiftUIGeometryUtils-t.build/Objects-normal/arm64/SwiftUIGeometryUtils.SwiftFileList -DSWIFT_PACKAGE -DDEBUG -DSWIFT_MODULE_RESOURCE_BUNDLE_UNAVAILABLE -DXcode -plugin-path /Applications/Xcode-27.0.0-Release.Candidate.app/Contents/Developer/Toolchains/XcodeDefault.xctoolchain/usr/lib/swift/host/plugins/testing -enable-experimental-feature DebugDescriptionMacro -sdk /Applications/Xcode-27.0.0-Release.Candidate.app/Contents/Developer/Platforms/WatchOS.platform/Developer/SDKs/WatchOS27.0.sdk -target arm64-apple-watchos9.0 -g -module-cache-path /Users/admin/builder/spi-builder-workspace/.derivedData/ModuleCache.noindex -Xfrontend -serialize-debugging-options -enable-testing -suppress-warnings -index-store-path /Users/admin/builder/spi-builder-workspace/.derivedData/Index.noindex/DataStore -Xcc -D_LIBCPP_HARDENING_MODE\=_LIBCPP_HARDENING_MODE_DEBUG -swift-version 5 -I /Users/admin/builder/spi-builder-workspace/.derivedData/Build/Products/Debug-watchos -Isystem /Applications/Xcode-27.0.0-Release.Candidate.app/Contents/Developer/Platforms/WatchOS.platform/Developer/usr/lib -F /Users/admin/builder/spi-builder-workspace/.derivedData/Build/Products/Debug-watchos -F /Applications/Xcode-27.0.0-Release.Candidate.app/Contents/Developer/Platforms/WatchOS.platform/Developer/Library/Frameworks -F /Applications/Xcode-27.0.0-Release.Candidate.app/Contents/Developer/Platforms/WatchOS.platform/Developer/SDKs/WatchOS27.0.sdk/Developer/Library/Frameworks -c -j10 -enable-batch-mode -incremental -Xcc -ivfsstatcache -Xcc /Users/admin/builder/spi-builder-workspace/.derivedData/SDKStatCaches.noindex/watchos27.0-24R360-e829b21a6f8c9b70876ba0858053c04477534ef55a1706bf4c1112bbb242f0a2.sdkstatcache -output-file-map /Users/admin/builder/spi-builder-workspace/.derivedData/Build/Intermediates.noindex/CypherPoetSwiftUIGeometryUtils.build/Debug-watchos/SwiftUIGeometryUtils-t.build/Objects-normal/arm64/SwiftUIGeometryUtils-OutputFileMap.json -save-temps -no-color-diagnostics -explicit-module-build -module-cache-path /Users/admin/builder/spi-builder-workspace/.derivedData/Build/Intermediates.noindex/SwiftExplicitPrecompiledModules -clang-scanner-module-cache-path /Users/admin/builder/spi-builder-workspace/.derivedData/ModuleCache.noindex -sdk-module-cache-path /Users/admin/builder/spi-builder-workspace/.derivedData/SDKExplicitPrecompiledModules -emit-dependencies -emit-module -emit-module-path /Users/admin/builder/spi-builder-workspace/.derivedData/Build/Intermediates.noindex/CypherPoetSwiftUIGeometryUtils.build/Debug-watchos/SwiftUIGeometryUtils-t.build/Objects-normal/arm64/SwiftUIGeometryUtils.swiftmodule -serialize-diagnostics -dependency-scan-serialize-diagnostics-path /Users/admin/builder/spi-builder-workspace/.derivedData/Build/Intermediates.noindex/CypherPoetSwiftUIGeometryUtils.build/Debug-watchos/SwiftUIGeometryUtils-t.build/Objects-normal/arm64/SwiftUIGeometryUtils-dependency-scan.dia -validate-clang-modules-once -clang-build-session-file /Users/admin/builder/spi-builder-workspace/.derivedData/ModuleCache.noindex/Session.modulevalidation -Xcc -fmodules-prune-interval\=86400 -Xcc -fmodules-prune-after\=345600 -emit-const-values -const-gather-protocols-list /Users/admin/builder/spi-builder-workspace/.derivedData/Build/Intermediates.noindex/CypherPoetSwiftUIGeometryUtils.build/Debug-watchos/SwiftUIGeometryUtils-t.build/Objects-normal/arm64/SwiftUIGeometryUtils_const_extract_protocols.json -Xcc -I/Users/admin/builder/spi-builder-workspace/.derivedData/Build/Products/Debug-watchos/include -Xcc -I/Users/admin/builder/spi-builder-workspace/.derivedData/Build/Intermediates.noindex/CypherPoetSwiftUIGeometryUtils.build/Debug-watchos/SwiftUIGeometryUtils-t.build/DerivedSources-normal/arm64 -Xcc -I/Users/admin/builder/spi-builder-workspace/.derivedData/Build/Intermediates.noindex/CypherPoetSwiftUIGeometryUtils.build/Debug-watchos/SwiftUIGeometryUtils-t.build/DerivedSources/arm64 -Xcc -I/Users/admin/builder/spi-builder-workspace/.derivedData/Build/Intermediates.noindex/CypherPoetSwiftUIGeometryUtils.build/Debug-watchos/SwiftUIGeometryUtils-t.build/DerivedSources -Xcc -DSWIFT_PACKAGE -Xcc -DDEBUG\=1 -emit-objc-header -emit-objc-header-path /Users/admin/builder/spi-builder-workspace/.derivedData/Build/Intermediates.noindex/CypherPoetSwiftUIGeometryUtils.build/Debug-watchos/SwiftUIGeometryUtils-t.build/Objects-normal/arm64/SwiftUIGeometryUtils-Swift.h -working-directory /Users/admin/builder/spi-builder-workspace/.swiftpm/xcode -experimental-emit-module-separately -disable-cmo
SwiftDriver PreciselyRoundedRectangle normal arm64_32 com.apple.xcode.tools.swift.compiler (in target 'PreciselyRoundedRectangle' from project 'SwiftUIPreciselyRoundedRectangle')
    cd /Users/admin/builder/spi-builder-workspace/.swiftpm/xcode
    builtin-SwiftDriver -- /Applications/Xcode-27.0.0-Release.Candidate.app/Contents/Developer/Toolchains/XcodeDefault.xctoolchain/usr/bin/swiftc -parse-as-library -module-name PreciselyRoundedRectangle -Onone @/Users/admin/builder/spi-builder-workspace/.derivedData/Build/Intermediates.noindex/SwiftUIPreciselyRoundedRectangle.build/Debug-watchos/PreciselyRoundedRectangle-t.build/Objects-normal/arm64_32/PreciselyRoundedRectangle.SwiftFileList -DSWIFT_PACKAGE -DDEBUG -DSWIFT_MODULE_RESOURCE_BUNDLE_UNAVAILABLE -DXcode -plugin-path /Applications/Xcode-27.0.0-Release.Candidate.app/Contents/Developer/Toolchains/XcodeDefault.xctoolchain/usr/lib/swift/host/plugins/testing -enable-experimental-feature DebugDescriptionMacro -sdk /Applications/Xcode-27.0.0-Release.Candidate.app/Contents/Developer/Platforms/WatchOS.platform/Developer/SDKs/WatchOS27.0.sdk -target arm64_32-apple-watchos9.0 -g -module-cache-path /Users/admin/builder/spi-builder-workspace/.derivedData/ModuleCache.noindex -Xfrontend -serialize-debugging-options -enable-testing -index-store-path /Users/admin/builder/spi-builder-workspace/.derivedData/Index.noindex/DataStore -Xcc -D_LIBCPP_HARDENING_MODE\=_LIBCPP_HARDENING_MODE_DEBUG -swift-version 5 -I /Users/admin/builder/spi-builder-workspace/.derivedData/Build/Products/Debug-watchos -Isystem /Applications/Xcode-27.0.0-Release.Candidate.app/Contents/Developer/Platforms/WatchOS.platform/Developer/usr/lib -F /Users/admin/builder/spi-builder-workspace/.derivedData/Build/Products/Debug-watchos/PackageFrameworks -F /Users/admin/builder/spi-builder-workspace/.derivedData/Build/Products/Debug-watchos -F /Applications/Xcode-27.0.0-Release.Candidate.app/Contents/Developer/Platforms/WatchOS.platform/Developer/Library/Frameworks -F /Applications/Xcode-27.0.0-Release.Candidate.app/Contents/Developer/Platforms/WatchOS.platform/Developer/SDKs/WatchOS27.0.sdk/Developer/Library/Frameworks -c -j10 -enable-batch-mode -incremental -Xcc -ivfsstatcache -Xcc /Users/admin/builder/spi-builder-workspace/.derivedData/SDKStatCaches.noindex/watchos27.0-24R360-e829b21a6f8c9b70876ba0858053c04477534ef55a1706bf4c1112bbb242f0a2.sdkstatcache -output-file-map /Users/admin/builder/spi-builder-workspace/.derivedData/Build/Intermediates.noindex/SwiftUIPreciselyRoundedRectangle.build/Debug-watchos/PreciselyRoundedRectangle-t.build/Objects-normal/arm64_32/PreciselyRoundedRectangle-OutputFileMap.json -save-temps -no-color-diagnostics -explicit-module-build -module-cache-path /Users/admin/builder/spi-builder-workspace/.derivedData/Build/Intermediates.noindex/SwiftExplicitPrecompiledModules -clang-scanner-module-cache-path /Users/admin/builder/spi-builder-workspace/.derivedData/ModuleCache.noindex -sdk-module-cache-path /Users/admin/builder/spi-builder-workspace/.derivedData/SDKExplicitPrecompiledModules -emit-dependencies -emit-module -emit-module-path /Users/admin/builder/spi-builder-workspace/.derivedData/Build/Intermediates.noindex/SwiftUIPreciselyRoundedRectangle.build/Debug-watchos/PreciselyRoundedRectangle-t.build/Objects-normal/arm64_32/PreciselyRoundedRectangle.swiftmodule -serialize-diagnostics -dependency-scan-serialize-diagnostics-path /Users/admin/builder/spi-builder-workspace/.derivedData/Build/Intermediates.noindex/SwiftUIPreciselyRoundedRectangle.build/Debug-watchos/PreciselyRoundedRectangle-t.build/Objects-normal/arm64_32/PreciselyRoundedRectangle-dependency-scan.dia -validate-clang-modules-once -clang-build-session-file /Users/admin/builder/spi-builder-workspace/.derivedData/ModuleCache.noindex/Session.modulevalidation -Xcc -fmodules-prune-interval\=86400 -Xcc -fmodules-prune-after\=345600 -emit-const-values -const-gather-protocols-list /Users/admin/builder/spi-builder-workspace/.derivedData/Build/Intermediates.noindex/SwiftUIPreciselyRoundedRectangle.build/Debug-watchos/PreciselyRoundedRectangle-t.build/Objects-normal/arm64_32/PreciselyRoundedRectangle_const_extract_protocols.json -Xcc -I/Users/admin/builder/spi-builder-workspace/.derivedData/Build/Products/Debug-watchos/include -Xcc -I/Users/admin/builder/spi-builder-workspace/.derivedData/Build/Intermediates.noindex/SwiftUIPreciselyRoundedRectangle.build/Debug-watchos/PreciselyRoundedRectangle-t.build/DerivedSources-normal/arm64_32 -Xcc -I/Users/admin/builder/spi-builder-workspace/.derivedData/Build/Intermediates.noindex/SwiftUIPreciselyRoundedRectangle.build/Debug-watchos/PreciselyRoundedRectangle-t.build/DerivedSources/arm64_32 -Xcc -I/Users/admin/builder/spi-builder-workspace/.derivedData/Build/Intermediates.noindex/SwiftUIPreciselyRoundedRectangle.build/Debug-watchos/PreciselyRoundedRectangle-t.build/DerivedSources -Xcc -DSWIFT_PACKAGE -Xcc -DDEBUG\=1 -emit-objc-header -emit-objc-header-path /Users/admin/builder/spi-builder-workspace/.derivedData/Build/Intermediates.noindex/SwiftUIPreciselyRoundedRectangle.build/Debug-watchos/PreciselyRoundedRectangle-t.build/Objects-normal/arm64_32/PreciselyRoundedRectangle-Swift.h -working-directory /Users/admin/builder/spi-builder-workspace/.swiftpm/xcode -experimental-emit-module-separately -disable-cmo
SwiftDriver PreciselyRoundedRectangle normal arm64 com.apple.xcode.tools.swift.compiler (in target 'PreciselyRoundedRectangle' from project 'SwiftUIPreciselyRoundedRectangle')
    cd /Users/admin/builder/spi-builder-workspace/.swiftpm/xcode
    builtin-SwiftDriver -- /Applications/Xcode-27.0.0-Release.Candidate.app/Contents/Developer/Toolchains/XcodeDefault.xctoolchain/usr/bin/swiftc -parse-as-library -module-name PreciselyRoundedRectangle -Onone @/Users/admin/builder/spi-builder-workspace/.derivedData/Build/Intermediates.noindex/SwiftUIPreciselyRoundedRectangle.build/Debug-watchos/PreciselyRoundedRectangle-t.build/Objects-normal/arm64/PreciselyRoundedRectangle.SwiftFileList -DSWIFT_PACKAGE -DDEBUG -DSWIFT_MODULE_RESOURCE_BUNDLE_UNAVAILABLE -DXcode -plugin-path /Applications/Xcode-27.0.0-Release.Candidate.app/Contents/Developer/Toolchains/XcodeDefault.xctoolchain/usr/lib/swift/host/plugins/testing -enable-experimental-feature DebugDescriptionMacro -sdk /Applications/Xcode-27.0.0-Release.Candidate.app/Contents/Developer/Platforms/WatchOS.platform/Developer/SDKs/WatchOS27.0.sdk -target arm64-apple-watchos9.0 -g -module-cache-path /Users/admin/builder/spi-builder-workspace/.derivedData/ModuleCache.noindex -Xfrontend -serialize-debugging-options -enable-testing -index-store-path /Users/admin/builder/spi-builder-workspace/.derivedData/Index.noindex/DataStore -Xcc -D_LIBCPP_HARDENING_MODE\=_LIBCPP_HARDENING_MODE_DEBUG -swift-version 5 -I /Users/admin/builder/spi-builder-workspace/.derivedData/Build/Products/Debug-watchos -Isystem /Applications/Xcode-27.0.0-Release.Candidate.app/Contents/Developer/Platforms/WatchOS.platform/Developer/usr/lib -F /Users/admin/builder/spi-builder-workspace/.derivedData/Build/Products/Debug-watchos/PackageFrameworks -F /Users/admin/builder/spi-builder-workspace/.derivedData/Build/Products/Debug-watchos -F /Applications/Xcode-27.0.0-Release.Candidate.app/Contents/Developer/Platforms/WatchOS.platform/Developer/Library/Frameworks -F /Applications/Xcode-27.0.0-Release.Candidate.app/Contents/Developer/Platforms/WatchOS.platform/Developer/SDKs/WatchOS27.0.sdk/Developer/Library/Frameworks -c -j10 -enable-batch-mode -incremental -Xcc -ivfsstatcache -Xcc /Users/admin/builder/spi-builder-workspace/.derivedData/SDKStatCaches.noindex/watchos27.0-24R360-e829b21a6f8c9b70876ba0858053c04477534ef55a1706bf4c1112bbb242f0a2.sdkstatcache -output-file-map /Users/admin/builder/spi-builder-workspace/.derivedData/Build/Intermediates.noindex/SwiftUIPreciselyRoundedRectangle.build/Debug-watchos/PreciselyRoundedRectangle-t.build/Objects-normal/arm64/PreciselyRoundedRectangle-OutputFileMap.json -save-temps -no-color-diagnostics -explicit-module-build -module-cache-path /Users/admin/builder/spi-builder-workspace/.derivedData/Build/Intermediates.noindex/SwiftExplicitPrecompiledModules -clang-scanner-module-cache-path /Users/admin/builder/spi-builder-workspace/.derivedData/ModuleCache.noindex -sdk-module-cache-path /Users/admin/builder/spi-builder-workspace/.derivedData/SDKExplicitPrecompiledModules -emit-dependencies -emit-module -emit-module-path /Users/admin/builder/spi-builder-workspace/.derivedData/Build/Intermediates.noindex/SwiftUIPreciselyRoundedRectangle.build/Debug-watchos/PreciselyRoundedRectangle-t.build/Objects-normal/arm64/PreciselyRoundedRectangle.swiftmodule -serialize-diagnostics -dependency-scan-serialize-diagnostics-path /Users/admin/builder/spi-builder-workspace/.derivedData/Build/Intermediates.noindex/SwiftUIPreciselyRoundedRectangle.build/Debug-watchos/PreciselyRoundedRectangle-t.build/Objects-normal/arm64/PreciselyRoundedRectangle-dependency-scan.dia -validate-clang-modules-once -clang-build-session-file /Users/admin/builder/spi-builder-workspace/.derivedData/ModuleCache.noindex/Session.modulevalidation -Xcc -fmodules-prune-interval\=86400 -Xcc -fmodules-prune-after\=345600 -emit-const-values -const-gather-protocols-list /Users/admin/builder/spi-builder-workspace/.derivedData/Build/Intermediates.noindex/SwiftUIPreciselyRoundedRectangle.build/Debug-watchos/PreciselyRoundedRectangle-t.build/Objects-normal/arm64/PreciselyRoundedRectangle_const_extract_protocols.json -Xcc -I/Users/admin/builder/spi-builder-workspace/.derivedData/Build/Products/Debug-watchos/include -Xcc -I/Users/admin/builder/spi-builder-workspace/.derivedData/Build/Intermediates.noindex/SwiftUIPreciselyRoundedRectangle.build/Debug-watchos/PreciselyRoundedRectangle-t.build/DerivedSources-normal/arm64 -Xcc -I/Users/admin/builder/spi-builder-workspace/.derivedData/Build/Intermediates.noindex/SwiftUIPreciselyRoundedRectangle.build/Debug-watchos/PreciselyRoundedRectangle-t.build/DerivedSources/arm64 -Xcc -I/Users/admin/builder/spi-builder-workspace/.derivedData/Build/Intermediates.noindex/SwiftUIPreciselyRoundedRectangle.build/Debug-watchos/PreciselyRoundedRectangle-t.build/DerivedSources -Xcc -DSWIFT_PACKAGE -Xcc -DDEBUG\=1 -emit-objc-header -emit-objc-header-path /Users/admin/builder/spi-builder-workspace/.derivedData/Build/Intermediates.noindex/SwiftUIPreciselyRoundedRectangle.build/Debug-watchos/PreciselyRoundedRectangle-t.build/Objects-normal/arm64/PreciselyRoundedRectangle-Swift.h -working-directory /Users/admin/builder/spi-builder-workspace/.swiftpm/xcode -experimental-emit-module-separately -disable-cmo
SwiftDriver PreciselyRoundedRectangleTests normal arm64_32 com.apple.xcode.tools.swift.compiler (in target 'PreciselyRoundedRectangleTests-product' from project 'SwiftUIPreciselyRoundedRectangle')
    cd /Users/admin/builder/spi-builder-workspace/.swiftpm/xcode
    builtin-SwiftDriver -- /Applications/Xcode-27.0.0-Release.Candidate.app/Contents/Developer/Toolchains/XcodeDefault.xctoolchain/usr/bin/swiftc -parse-as-library -module-name PreciselyRoundedRectangleTests -Onone @/Users/admin/builder/spi-builder-workspace/.derivedData/Build/Intermediates.noindex/SwiftUIPreciselyRoundedRectangle.build/Debug-watchos/PreciselyRoundedRectangleTests-p.build/Objects-normal/arm64_32/PreciselyRoundedRectangleTests.SwiftFileList -DSWIFT_PACKAGE -DDEBUG -DXcode -plugin-path /Applications/Xcode-27.0.0-Release.Candidate.app/Contents/Developer/Toolchains/XcodeDefault.xctoolchain/usr/lib/swift/host/plugins/testing -enable-experimental-feature DebugDescriptionMacro -sdk /Applications/Xcode-27.0.0-Release.Candidate.app/Contents/Developer/Platforms/WatchOS.platform/Developer/SDKs/WatchOS27.0.sdk -target arm64_32-apple-watchos10.0 -g -module-cache-path /Users/admin/builder/spi-builder-workspace/.derivedData/ModuleCache.noindex -Xfrontend -serialize-debugging-options -enable-testing -index-store-path /Users/admin/builder/spi-builder-workspace/.derivedData/Index.noindex/DataStore -Xcc -D_LIBCPP_HARDENING_MODE\=_LIBCPP_HARDENING_MODE_DEBUG -swift-version 5 -I /Users/admin/builder/spi-builder-workspace/.derivedData/Build/Products/Debug-watchos -Isystem /Applications/Xcode-27.0.0-Release.Candidate.app/Contents/Developer/Platforms/WatchOS.platform/Developer/usr/lib -F /Users/admin/builder/spi-builder-workspace/.derivedData/Build/Products/Debug-watchos/PackageFrameworks -F /Users/admin/builder/spi-builder-workspace/.derivedData/Build/Products/Debug-watchos -F /Applications/Xcode-27.0.0-Release.Candidate.app/Contents/Developer/Platforms/WatchOS.platform/Developer/Library/Frameworks -F /Applications/Xcode-27.0.0-Release.Candidate.app/Contents/Developer/Platforms/WatchOS.platform/Developer/SDKs/WatchOS27.0.sdk/Developer/Library/Frameworks -c -j10 -enable-batch-mode -incremental -Xcc -ivfsstatcache -Xcc /Users/admin/builder/spi-builder-workspace/.derivedData/SDKStatCaches.noindex/watchos27.0-24R360-e829b21a6f8c9b70876ba0858053c04477534ef55a1706bf4c1112bbb242f0a2.sdkstatcache -output-file-map /Users/admin/builder/spi-builder-workspace/.derivedData/Build/Intermediates.noindex/SwiftUIPreciselyRoundedRectangle.build/Debug-watchos/PreciselyRoundedRectangleTests-p.build/Objects-normal/arm64_32/PreciselyRoundedRectangleTests-OutputFileMap.json -save-temps -no-color-diagnostics -explicit-module-build -module-cache-path /Users/admin/builder/spi-builder-workspace/.derivedData/Build/Intermediates.noindex/SwiftExplicitPrecompiledModules -clang-scanner-module-cache-path /Users/admin/builder/spi-builder-workspace/.derivedData/ModuleCache.noindex -sdk-module-cache-path /Users/admin/builder/spi-builder-workspace/.derivedData/SDKExplicitPrecompiledModules -emit-dependencies -emit-module -emit-module-path /Users/admin/builder/spi-builder-workspace/.derivedData/Build/Intermediates.noindex/SwiftUIPreciselyRoundedRectangle.build/Debug-watchos/PreciselyRoundedRectangleTests-p.build/Objects-normal/arm64_32/PreciselyRoundedRectangleTests.swiftmodule -serialize-diagnostics -dependency-scan-serialize-diagnostics-path /Users/admin/builder/spi-builder-workspace/.derivedData/Build/Intermediates.noindex/SwiftUIPreciselyRoundedRectangle.build/Debug-watchos/PreciselyRoundedRectangleTests-p.build/Objects-normal/arm64_32/PreciselyRoundedRectangleTests-dependency-scan.dia -validate-clang-modules-once -clang-build-session-file /Users/admin/builder/spi-builder-workspace/.derivedData/ModuleCache.noindex/Session.modulevalidation -Xcc -fmodules-prune-interval\=86400 -Xcc -fmodules-prune-after\=345600 -emit-const-values -const-gather-protocols-list /Users/admin/builder/spi-builder-workspace/.derivedData/Build/Intermediates.noindex/SwiftUIPreciselyRoundedRectangle.build/Debug-watchos/PreciselyRoundedRectangleTests-p.build/Objects-normal/arm64_32/PreciselyRoundedRectangleTests_const_extract_protocols.json -Xcc -I/Users/admin/builder/spi-builder-workspace/.derivedData/Build/Products/Debug-watchos/include -Xcc -I/Users/admin/builder/spi-builder-workspace/.derivedData/Build/Intermediates.noindex/SwiftUIPreciselyRoundedRectangle.build/Debug-watchos/PreciselyRoundedRectangleTests-p.build/DerivedSources-normal/arm64_32 -Xcc -I/Users/admin/builder/spi-builder-workspace/.derivedData/Build/Intermediates.noindex/SwiftUIPreciselyRoundedRectangle.build/Debug-watchos/PreciselyRoundedRectangleTests-p.build/DerivedSources/arm64_32 -Xcc -I/Users/admin/builder/spi-builder-workspace/.derivedData/Build/Intermediates.noindex/SwiftUIPreciselyRoundedRectangle.build/Debug-watchos/PreciselyRoundedRectangleTests-p.build/DerivedSources -Xcc -DSWIFT_PACKAGE -Xcc -DDEBUG\=1 -working-directory /Users/admin/builder/spi-builder-workspace/.swiftpm/xcode -experimental-emit-module-separately -disable-cmo
SwiftDriver PreciselyRoundedRectangleTests normal arm64 com.apple.xcode.tools.swift.compiler (in target 'PreciselyRoundedRectangleTests-product' from project 'SwiftUIPreciselyRoundedRectangle')
    cd /Users/admin/builder/spi-builder-workspace/.swiftpm/xcode
    builtin-SwiftDriver -- /Applications/Xcode-27.0.0-Release.Candidate.app/Contents/Developer/Toolchains/XcodeDefault.xctoolchain/usr/bin/swiftc -parse-as-library -module-name PreciselyRoundedRectangleTests -Onone @/Users/admin/builder/spi-builder-workspace/.derivedData/Build/Intermediates.noindex/SwiftUIPreciselyRoundedRectangle.build/Debug-watchos/PreciselyRoundedRectangleTests-p.build/Objects-normal/arm64/PreciselyRoundedRectangleTests.SwiftFileList -DSWIFT_PACKAGE -DDEBUG -DXcode -plugin-path /Applications/Xcode-27.0.0-Release.Candidate.app/Contents/Developer/Toolchains/XcodeDefault.xctoolchain/usr/lib/swift/host/plugins/testing -enable-experimental-feature DebugDescriptionMacro -sdk /Applications/Xcode-27.0.0-Release.Candidate.app/Contents/Developer/Platforms/WatchOS.platform/Developer/SDKs/WatchOS27.0.sdk -target arm64-apple-watchos10.0 -g -module-cache-path /Users/admin/builder/spi-builder-workspace/.derivedData/ModuleCache.noindex -Xfrontend -serialize-debugging-options -enable-testing -index-store-path /Users/admin/builder/spi-builder-workspace/.derivedData/Index.noindex/DataStore -Xcc -D_LIBCPP_HARDENING_MODE\=_LIBCPP_HARDENING_MODE_DEBUG -swift-version 5 -I /Users/admin/builder/spi-builder-workspace/.derivedData/Build/Products/Debug-watchos -Isystem /Applications/Xcode-27.0.0-Release.Candidate.app/Contents/Developer/Platforms/WatchOS.platform/Developer/usr/lib -F /Users/admin/builder/spi-builder-workspace/.derivedData/Build/Products/Debug-watchos/PackageFrameworks -F /Users/admin/builder/spi-builder-workspace/.derivedData/Build/Products/Debug-watchos -F /Applications/Xcode-27.0.0-Release.Candidate.app/Contents/Developer/Platforms/WatchOS.platform/Developer/Library/Frameworks -F /Applications/Xcode-27.0.0-Release.Candidate.app/Contents/Developer/Platforms/WatchOS.platform/Developer/SDKs/WatchOS27.0.sdk/Developer/Library/Frameworks -c -j10 -enable-batch-mode -incremental -Xcc -ivfsstatcache -Xcc /Users/admin/builder/spi-builder-workspace/.derivedData/SDKStatCaches.noindex/watchos27.0-24R360-e829b21a6f8c9b70876ba0858053c04477534ef55a1706bf4c1112bbb242f0a2.sdkstatcache -output-file-map /Users/admin/builder/spi-builder-workspace/.derivedData/Build/Intermediates.noindex/SwiftUIPreciselyRoundedRectangle.build/Debug-watchos/PreciselyRoundedRectangleTests-p.build/Objects-normal/arm64/PreciselyRoundedRectangleTests-OutputFileMap.json -save-temps -no-color-diagnostics -explicit-module-build -module-cache-path /Users/admin/builder/spi-builder-workspace/.derivedData/Build/Intermediates.noindex/SwiftExplicitPrecompiledModules -clang-scanner-module-cache-path /Users/admin/builder/spi-builder-workspace/.derivedData/ModuleCache.noindex -sdk-module-cache-path /Users/admin/builder/spi-builder-workspace/.derivedData/SDKExplicitPrecompiledModules -emit-dependencies -emit-module -emit-module-path /Users/admin/builder/spi-builder-workspace/.derivedData/Build/Intermediates.noindex/SwiftUIPreciselyRoundedRectangle.build/Debug-watchos/PreciselyRoundedRectangleTests-p.build/Objects-normal/arm64/PreciselyRoundedRectangleTests.swiftmodule -serialize-diagnostics -dependency-scan-serialize-diagnostics-path /Users/admin/builder/spi-builder-workspace/.derivedData/Build/Intermediates.noindex/SwiftUIPreciselyRoundedRectangle.build/Debug-watchos/PreciselyRoundedRectangleTests-p.build/Objects-normal/arm64/PreciselyRoundedRectangleTests-dependency-scan.dia -validate-clang-modules-once -clang-build-session-file /Users/admin/builder/spi-builder-workspace/.derivedData/ModuleCache.noindex/Session.modulevalidation -Xcc -fmodules-prune-interval\=86400 -Xcc -fmodules-prune-after\=345600 -emit-const-values -const-gather-protocols-list /Users/admin/builder/spi-builder-workspace/.derivedData/Build/Intermediates.noindex/SwiftUIPreciselyRoundedRectangle.build/Debug-watchos/PreciselyRoundedRectangleTests-p.build/Objects-normal/arm64/PreciselyRoundedRectangleTests_const_extract_protocols.json -Xcc -I/Users/admin/builder/spi-builder-workspace/.derivedData/Build/Products/Debug-watchos/include -Xcc -I/Users/admin/builder/spi-builder-workspace/.derivedData/Build/Intermediates.noindex/SwiftUIPreciselyRoundedRectangle.build/Debug-watchos/PreciselyRoundedRectangleTests-p.build/DerivedSources-normal/arm64 -Xcc -I/Users/admin/builder/spi-builder-workspace/.derivedData/Build/Intermediates.noindex/SwiftUIPreciselyRoundedRectangle.build/Debug-watchos/PreciselyRoundedRectangleTests-p.build/DerivedSources/arm64 -Xcc -I/Users/admin/builder/spi-builder-workspace/.derivedData/Build/Intermediates.noindex/SwiftUIPreciselyRoundedRectangle.build/Debug-watchos/PreciselyRoundedRectangleTests-p.build/DerivedSources -Xcc -DSWIFT_PACKAGE -Xcc -DDEBUG\=1 -working-directory /Users/admin/builder/spi-builder-workspace/.swiftpm/xcode -experimental-emit-module-separately -disable-cmo
SwiftCompile normal arm64_32 Compiling\ Angle+Constants.swift /Users/admin/builder/spi-builder-workspace/.dependencies/checkouts/SwiftUIGeometryUtils/Sources/SwiftUIGeometryUtils/Extensions/Angle/Angle+Constants.swift (in target 'SwiftUIGeometryUtils' from project 'CypherPoetSwiftUIGeometryUtils')
SwiftCompile normal arm64_32 /Users/admin/builder/spi-builder-workspace/.dependencies/checkouts/SwiftUIGeometryUtils/Sources/SwiftUIGeometryUtils/Extensions/Angle/Angle+Constants.swift (in target 'SwiftUIGeometryUtils' from project 'CypherPoetSwiftUIGeometryUtils')
    cd /Users/admin/builder/spi-builder-workspace/.swiftpm/xcode
    builtin-SwiftPerFileCompile Angle+Constants.swift
SwiftEmitModule normal arm64_32 Emitting\ module\ for\ SwiftUIGeometryUtils (in target 'SwiftUIGeometryUtils' from project 'CypherPoetSwiftUIGeometryUtils')
SwiftCompile normal arm64_32 (in target 'SwiftUIGeometryUtils' from project 'CypherPoetSwiftUIGeometryUtils')
    cd /Users/admin/builder/spi-builder-workspace/.swiftpm/xcode

SwiftCompile normal arm64_32 Compiling\ CGRect+Points.swift /Users/admin/builder/spi-builder-workspace/.dependencies/checkouts/SwiftUIGeometryUtils/Sources/SwiftUIGeometryUtils/Extensions/CGRect/CGRect+Points.swift (in target 'SwiftUIGeometryUtils' from project 'CypherPoetSwiftUIGeometryUtils')
SwiftCompile normal arm64_32 /Users/admin/builder/spi-builder-workspace/.dependencies/checkouts/SwiftUIGeometryUtils/Sources/SwiftUIGeometryUtils/Extensions/CGRect/CGRect+Points.swift (in target 'SwiftUIGeometryUtils' from project 'CypherPoetSwiftUIGeometryUtils')
    cd /Users/admin/builder/spi-builder-workspace/.swiftpm/xcode
    builtin-SwiftPerFileCompile CGRect+Points.swift
SwiftCompile normal arm64_32 Compiling\ RectangleCorner.swift /Users/admin/builder/spi-builder-workspace/.dependencies/checkouts/SwiftUIGeometryUtils/Sources/SwiftUIGeometryUtils/RectangleCorner.swift (in target 'SwiftUIGeometryUtils' from project 'CypherPoetSwiftUIGeometryUtils')
SwiftCompile normal arm64_32 /Users/admin/builder/spi-builder-workspace/.dependencies/checkouts/SwiftUIGeometryUtils/Sources/SwiftUIGeometryUtils/RectangleCorner.swift (in target 'SwiftUIGeometryUtils' from project 'CypherPoetSwiftUIGeometryUtils')
    cd /Users/admin/builder/spi-builder-workspace/.swiftpm/xcode
    builtin-SwiftPerFileCompile RectangleCorner.swift
SwiftCompile normal arm64 Compiling\ PreciselyRoundedRectangle.swift /Users/admin/builder/spi-builder-workspace/Sources/PreciselyRoundedRectangle/PreciselyRoundedRectangle.swift (in target 'PreciselyRoundedRectangle' from project 'SwiftUIPreciselyRoundedRectangle')
SwiftCompile normal arm64 (in target 'PreciselyRoundedRectangle' from project 'SwiftUIPreciselyRoundedRectangle')
    cd /Users/admin/builder/spi-builder-workspace/.swiftpm/xcode

/Users/admin/builder/spi-builder-workspace/Sources/PreciselyRoundedRectangle/PreciselyRoundedRectangle.swift:7:16: warning: stored property 'cornerRadiusMap' of 'Sendable'-conforming struct 'PreciselyRoundedRectangle' has non-Sendable type 'CornerRadiusMap'; this is an error in the Swift 6 language mode
 5 | /// each corner.
 6 | public struct PreciselyRoundedRectangle {
 7 |     public var cornerRadiusMap: CornerRadiusMap
   |                `- warning: stored property 'cornerRadiusMap' of 'Sendable'-conforming struct 'PreciselyRoundedRectangle' has non-Sendable type 'CornerRadiusMap'; this is an error in the Swift 6 language mode
 8 |
 9 |     public init(
/Users/admin/builder/spi-builder-workspace/Sources/PreciselyRoundedRectangle/CornerRadiusMap.swift:5:15: note: consider making struct 'CornerRadiusMap' conform to the 'Sendable' protocol
 3 |
 4 |
 5 | public struct CornerRadiusMap {
   |               `- note: consider making struct 'CornerRadiusMap' conform to the 'Sendable' protocol
 6 |     public var topLeading: Double
 7 |     public var topTrailing: Double
SwiftEmitModule normal arm64 Emitting\ module\ for\ SwiftUIGeometryUtils (in target 'SwiftUIGeometryUtils' from project 'CypherPoetSwiftUIGeometryUtils')
SwiftCompile normal arm64 (in target 'SwiftUIGeometryUtils' from project 'CypherPoetSwiftUIGeometryUtils')
    cd /Users/admin/builder/spi-builder-workspace/.swiftpm/xcode

SwiftEmitModule normal arm64_32 Emitting\ module\ for\ PreciselyRoundedRectangle (in target 'PreciselyRoundedRectangle' from project 'SwiftUIPreciselyRoundedRectangle')
/Users/admin/builder/spi-builder-workspace/Sources/PreciselyRoundedRectangle/PreciselyRoundedRectangle.swift:7:16: warning: stored property 'cornerRadiusMap' of 'Sendable'-conforming struct 'PreciselyRoundedRectangle' has non-Sendable type 'CornerRadiusMap'; this is an error in the Swift 6 language mode
 5 | /// each corner.
 6 | public struct PreciselyRoundedRectangle {
 7 |     public var cornerRadiusMap: CornerRadiusMap
   |                `- warning: stored property 'cornerRadiusMap' of 'Sendable'-conforming struct 'PreciselyRoundedRectangle' has non-Sendable type 'CornerRadiusMap'; this is an error in the Swift 6 language mode
 8 |
 9 |     public init(
/Users/admin/builder/spi-builder-workspace/Sources/PreciselyRoundedRectangle/CornerRadiusMap.swift:5:15: note: consider making struct 'CornerRadiusMap' conform to the 'Sendable' protocol
 3 |
 4 |
 5 | public struct CornerRadiusMap {
   |               `- note: consider making struct 'CornerRadiusMap' conform to the 'Sendable' protocol
 6 |     public var topLeading: Double
 7 |     public var topTrailing: Double
SwiftCompile normal arm64_32 (in target 'PreciselyRoundedRectangle' from project 'SwiftUIPreciselyRoundedRectangle')
    cd /Users/admin/builder/spi-builder-workspace/.swiftpm/xcode

SwiftEmitModule normal arm64 Emitting\ module\ for\ PreciselyRoundedRectangle (in target 'PreciselyRoundedRectangle' from project 'SwiftUIPreciselyRoundedRectangle')
/Users/admin/builder/spi-builder-workspace/Sources/PreciselyRoundedRectangle/PreciselyRoundedRectangle.swift:7:16: warning: stored property 'cornerRadiusMap' of 'Sendable'-conforming struct 'PreciselyRoundedRectangle' has non-Sendable type 'CornerRadiusMap'; this is an error in the Swift 6 language mode
 5 | /// each corner.
 6 | public struct PreciselyRoundedRectangle {
 7 |     public var cornerRadiusMap: CornerRadiusMap
   |                `- warning: stored property 'cornerRadiusMap' of 'Sendable'-conforming struct 'PreciselyRoundedRectangle' has non-Sendable type 'CornerRadiusMap'; this is an error in the Swift 6 language mode
 8 |
 9 |     public init(
/Users/admin/builder/spi-builder-workspace/Sources/PreciselyRoundedRectangle/CornerRadiusMap.swift:5:15: note: consider making struct 'CornerRadiusMap' conform to the 'Sendable' protocol
 3 |
 4 |
 5 | public struct CornerRadiusMap {
   |               `- note: consider making struct 'CornerRadiusMap' conform to the 'Sendable' protocol
 6 |     public var topLeading: Double
 7 |     public var topTrailing: Double
SwiftCompile normal arm64 (in target 'PreciselyRoundedRectangle' from project 'SwiftUIPreciselyRoundedRectangle')
    cd /Users/admin/builder/spi-builder-workspace/.swiftpm/xcode

SwiftCompile normal arm64 Compiling\ Angle+Constants.swift /Users/admin/builder/spi-builder-workspace/.dependencies/checkouts/SwiftUIGeometryUtils/Sources/SwiftUIGeometryUtils/Extensions/Angle/Angle+Constants.swift (in target 'SwiftUIGeometryUtils' from project 'CypherPoetSwiftUIGeometryUtils')
SwiftCompile normal arm64 /Users/admin/builder/spi-builder-workspace/.dependencies/checkouts/SwiftUIGeometryUtils/Sources/SwiftUIGeometryUtils/Extensions/Angle/Angle+Constants.swift (in target 'SwiftUIGeometryUtils' from project 'CypherPoetSwiftUIGeometryUtils')
    cd /Users/admin/builder/spi-builder-workspace/.swiftpm/xcode
    builtin-SwiftPerFileCompile Angle+Constants.swift
SwiftCompile normal arm64 Compiling\ CGRect+Points.swift /Users/admin/builder/spi-builder-workspace/.dependencies/checkouts/SwiftUIGeometryUtils/Sources/SwiftUIGeometryUtils/Extensions/CGRect/CGRect+Points.swift (in target 'SwiftUIGeometryUtils' from project 'CypherPoetSwiftUIGeometryUtils')
SwiftCompile normal arm64 /Users/admin/builder/spi-builder-workspace/.dependencies/checkouts/SwiftUIGeometryUtils/Sources/SwiftUIGeometryUtils/Extensions/CGRect/CGRect+Points.swift (in target 'SwiftUIGeometryUtils' from project 'CypherPoetSwiftUIGeometryUtils')
    cd /Users/admin/builder/spi-builder-workspace/.swiftpm/xcode
    builtin-SwiftPerFileCompile CGRect+Points.swift
SwiftExplicitDependencyGeneratePcm arm64 /Users/admin/builder/spi-builder-workspace/.derivedData/Build/Intermediates.noindex/SwiftExplicitPrecompiledModules/XCUIAutomation-65SKIQZZ6OXJZ058GTE7TZUKY.pcm
SwiftDriverJobDiscovery normal arm64_32 Compiling CGRect+Points.swift (in target 'SwiftUIGeometryUtils' from project 'CypherPoetSwiftUIGeometryUtils')
SwiftExplicitDependencyGeneratePcm arm64_32 /Users/admin/builder/spi-builder-workspace/.derivedData/Build/Intermediates.noindex/SwiftExplicitPrecompiledModules/XCUIAutomation-ERPZF489YJ15F4EKGJCX4WDM7.pcm
SwiftDriverJobDiscovery normal arm64_32 Compiling Angle+Constants.swift (in target 'SwiftUIGeometryUtils' from project 'CypherPoetSwiftUIGeometryUtils')
SwiftCompile normal arm64 Compiling\ RectangleCorner.swift /Users/admin/builder/spi-builder-workspace/.dependencies/checkouts/SwiftUIGeometryUtils/Sources/SwiftUIGeometryUtils/RectangleCorner.swift (in target 'SwiftUIGeometryUtils' from project 'CypherPoetSwiftUIGeometryUtils')
SwiftCompile normal arm64 /Users/admin/builder/spi-builder-workspace/.dependencies/checkouts/SwiftUIGeometryUtils/Sources/SwiftUIGeometryUtils/RectangleCorner.swift (in target 'SwiftUIGeometryUtils' from project 'CypherPoetSwiftUIGeometryUtils')
    cd /Users/admin/builder/spi-builder-workspace/.swiftpm/xcode
    builtin-SwiftPerFileCompile RectangleCorner.swift
SwiftCompile normal arm64_32 Compiling\ BezierPath.swift /Users/admin/builder/spi-builder-workspace/Sources/PreciselyRoundedRectangle/BezierPath.swift (in target 'PreciselyRoundedRectangle' from project 'SwiftUIPreciselyRoundedRectangle')
/Users/admin/builder/spi-builder-workspace/Sources/PreciselyRoundedRectangle/BezierPath.swift:137:5: error: 'self.init' isn't called on all paths before returning from initializer
135 |
136 |         #endif
137 |     }
    |     `- error: 'self.init' isn't called on all paths before returning from initializer
138 | }
139 |
Failed frontend command:
/Applications/Xcode-27.0.0-Release.Candidate.app/Contents/Developer/Toolchains/XcodeDefault.xctoolchain/usr/bin/swift-frontend -frontend -c -primary-file /Users/admin/builder/spi-builder-workspace/Sources/PreciselyRoundedRectangle/BezierPath.swift /Users/admin/builder/spi-builder-workspace/Sources/PreciselyRoundedRectangle/CornerRadiusMap.swift /Users/admin/builder/spi-builder-workspace/Sources/PreciselyRoundedRectangle/PreciselyRoundedRectangle.swift /Users/admin/builder/spi-builder-workspace/Sources/PreciselyRoundedRectangle/Toolbox/Extensions/NSBezierPath+cgPath.swift /Users/admin/builder/spi-builder-workspace/Sources/PreciselyRoundedRectangle/Toolbox/Extensions/Path+Init.swift /Users/admin/builder/spi-builder-workspace/Sources/PreciselyRoundedRectangle/View\ Modifiers/View+cornerRadius.swift -emit-dependencies-path /Users/admin/builder/spi-builder-workspace/.derivedData/Build/Intermediates.noindex/SwiftUIPreciselyRoundedRectangle.build/Debug-watchos/PreciselyRoundedRectangle-t.build/Objects-normal/arm64_32/BezierPath.d -emit-const-values-path /Users/admin/builder/spi-builder-workspace/.derivedData/Build/Intermediates.noindex/SwiftUIPreciselyRoundedRectangle.build/Debug-watchos/PreciselyRoundedRectangle-t.build/Objects-normal/arm64_32/BezierPath.swiftconstvalues -emit-reference-dependencies-path /Users/admin/builder/spi-builder-workspace/.derivedData/Build/Intermediates.noindex/SwiftUIPreciselyRoundedRectangle.build/Debug-watchos/PreciselyRoundedRectangle-t.build/Objects-normal/arm64_32/BezierPath.swiftdeps -serialize-diagnostics-path /Users/admin/builder/spi-builder-workspace/.derivedData/Build/Intermediates.noindex/SwiftUIPreciselyRoundedRectangle.build/Debug-watchos/PreciselyRoundedRectangle-t.build/Objects-normal/arm64_32/BezierPath.dia -target arm64_32-apple-watchos9.0 -module-can-import-version UIKit 9127.0.84.1 9127.0.84 -disable-cross-import-overlay-search -load-resolved-plugin /Applications/Xcode-27.0.0-Release.Candidate.app/Contents/Developer/Platforms/WatchOS.platform/Developer/usr/lib/swift/host/plugins/libFoundationMacros.dylib\#/Applications/Xcode-27.0.0-Release.Candidate.app/Contents/Developer/Platforms/WatchOS.platform/Developer/usr/bin/swift-plugin-server\#FoundationMacros -load-resolved-plugin /Applications/Xcode-27.0.0-Release.Candidate.app/Contents/Developer/Platforms/WatchOS.platform/Developer/usr/lib/swift/host/plugins/libObservationMacros.dylib\#/Applications/Xcode-27.0.0-Release.Candidate.app/Contents/Developer/Platforms/WatchOS.platform/Developer/usr/bin/swift-plugin-server\#ObservationMacros -load-resolved-plugin /Applications/Xcode-27.0.0-Release.Candidate.app/Contents/Developer/Platforms/WatchOS.platform/Developer/usr/lib/swift/host/plugins/libPreviewsMacros.dylib\#/Applications/Xcode-27.0.0-Release.Candidate.app/Contents/Developer/Platforms/WatchOS.platform/Developer/usr/bin/swift-plugin-server\#PreviewsMacros -load-resolved-plugin /Applications/Xcode-27.0.0-Release.Candidate.app/Contents/Developer/Platforms/WatchOS.platform/Developer/usr/lib/swift/host/plugins/libSwiftMacros.dylib\#/Applications/Xcode-27.0.0-Release.Candidate.app/Contents/Developer/Platforms/WatchOS.platform/Developer/usr/bin/swift-plugin-server\#SwiftMacros -load-resolved-plugin /Applications/Xcode-27.0.0-Release.Candidate.app/Contents/Developer/Platforms/WatchOS.platform/Developer/usr/lib/swift/host/plugins/libSwiftUIMacros.dylib\#/Applications/Xcode-27.0.0-Release.Candidate.app/Contents/Developer/Platforms/WatchOS.platform/Developer/usr/bin/swift-plugin-server\#SwiftUIMacros -disable-implicit-swift-modules -Xcc -fno-implicit-modules -Xcc -fno-implicit-module-maps -explicit-swift-module-map-file /Users/admin/builder/spi-builder-workspace/.derivedData/Build/Intermediates.noindex/SwiftUIPreciselyRoundedRectangle.build/Debug-watchos/PreciselyRoundedRectangle-t.build/Objects-normal/arm64_32/PreciselyRoundedRectangle-dependencies-2.json -enable-objc-interop -sdk /Applications/Xcode-27.0.0-Release.Candidate.app/Contents/Developer/Platforms/WatchOS.platform/Developer/SDKs/WatchOS27.0.sdk -I /Users/admin/builder/spi-builder-workspace/.derivedData/Build/Products/Debug-watchos -Isystem /Applications/Xcode-27.0.0-Release.Candidate.app/Contents/Developer/Platforms/WatchOS.platform/Developer/usr/lib -F /Users/admin/builder/spi-builder-workspace/.derivedData/Build/Products/Debug-watchos/PackageFrameworks -F /Users/admin/builder/spi-builder-workspace/.derivedData/Build/Products/Debug-watchos -F /Applications/Xcode-27.0.0-Release.Candidate.app/Contents/Developer/Platforms/WatchOS.platform/Developer/Library/Frameworks -F /Applications/Xcode-27.0.0-Release.Candidate.app/Contents/Developer/Platforms/WatchOS.platform/Developer/SDKs/WatchOS27.0.sdk/Developer/Library/Frameworks -module-cache-path /Users/admin/builder/spi-builder-workspace/.derivedData/Build/Intermediates.noindex/SwiftExplicitPrecompiledModules -no-color-diagnostics -Xcc -fno-color-diagnostics -enable-testing -g -debug-info-format\=dwarf -dwarf-version\=4 -swift-version 5 -Onone -D SWIFT_PACKAGE -D DEBUG -D SWIFT_MODULE_RESOURCE_BUNDLE_UNAVAILABLE -D Xcode -serialize-debugging-options -enable-experimental-feature DebugDescriptionMacro -empty-abi-descriptor -validate-clang-modules-once -clang-build-session-file /Users/admin/builder/spi-builder-workspace/.derivedData/ModuleCache.noindex/Session.modulevalidation -Xcc -working-directory -Xcc /Users/admin/builder/spi-builder-workspace/.swiftpm/xcode -enable-anonymous-context-mangled-names -file-compilation-dir /Users/admin/builder/spi-builder-workspace/.swiftpm/xcode -Xcc -D_LIBCPP_HARDENING_MODE\=_LIBCPP_HARDENING_MODE_DEBUG -Xcc -ivfsstatcache -Xcc /Users/admin/builder/spi-builder-workspace/.derivedData/SDKStatCaches.noindex/watchos27.0-24R360-e829b21a6f8c9b70876ba0858053c04477534ef55a1706bf4c1112bbb242f0a2.sdkstatcache -Xcc -fmodules-prune-interval\=86400 -Xcc -fmodules-prune-after\=345600 -Xcc -I/Users/admin/builder/spi-builder-workspace/.derivedData/Build/Products/Debug-watchos/include -Xcc -I/Users/admin/builder/spi-builder-workspace/.derivedData/Build/Intermediates.noindex/SwiftUIPreciselyRoundedRectangle.build/Debug-watchos/PreciselyRoundedRectangle-t.build/DerivedSources-normal/arm64_32 -Xcc -I/Users/admin/builder/spi-builder-workspace/.derivedData/Build/Intermediates.noindex/SwiftUIPreciselyRoundedRectangle.build/Debug-watchos/PreciselyRoundedRectangle-t.build/DerivedSources/arm64_32 -Xcc -I/Users/admin/builder/spi-builder-workspace/.derivedData/Build/Intermediates.noindex/SwiftUIPreciselyRoundedRectangle.build/Debug-watchos/PreciselyRoundedRectangle-t.build/DerivedSources -Xcc -DSWIFT_PACKAGE -Xcc -DDEBUG\=1 -no-auto-bridging-header-chaining -module-name PreciselyRoundedRectangle -const-gather-protocols-file /Users/admin/builder/spi-builder-workspace/.derivedData/Build/Intermediates.noindex/SwiftUIPreciselyRoundedRectangle.build/Debug-watchos/PreciselyRoundedRectangle-t.build/Objects-normal/arm64_32/PreciselyRoundedRectangle_const_extract_protocols.json -disable-clang-spi -clang-target arm64_32-apple-watchos27.0 -target-sdk-version 27.0 -target-sdk-name watchos27.0 -in-process-plugin-server-path /Applications/Xcode-27.0.0-Release.Candidate.app/Contents/Developer/Toolchains/XcodeDefault.xctoolchain/usr/lib/swift/host/libSwiftInProcPluginServer.dylib -parse-as-library -o /Users/admin/builder/spi-builder-workspace/.derivedData/Build/Intermediates.noindex/SwiftUIPreciselyRoundedRectangle.build/Debug-watchos/PreciselyRoundedRectangle-t.build/Objects-normal/arm64_32/BezierPath.o -debug-module-path /Users/admin/builder/spi-builder-workspace/.derivedData/Build/Intermediates.noindex/SwiftUIPreciselyRoundedRectangle.build/Debug-watchos/PreciselyRoundedRectangle-t.build/Objects-normal/arm64_32/PreciselyRoundedRectangle.swiftmodule -index-unit-output-path /SwiftUIPreciselyRoundedRectangle.build/Debug-watchos/PreciselyRoundedRectangle-t.build/Objects-normal/arm64_32/BezierPath.o -index-store-path /Users/admin/builder/spi-builder-workspace/.derivedData/Index.noindex/DataStore -index-system-modules
SwiftCompile normal arm64_32 /Users/admin/builder/spi-builder-workspace/Sources/PreciselyRoundedRectangle/BezierPath.swift (in target 'PreciselyRoundedRectangle' from project 'SwiftUIPreciselyRoundedRectangle')
    cd /Users/admin/builder/spi-builder-workspace/.swiftpm/xcode
    builtin-SwiftPerFileCompile BezierPath.swift
SwiftCompile normal arm64_32 Compiling\ Path+Init.swift /Users/admin/builder/spi-builder-workspace/Sources/PreciselyRoundedRectangle/Toolbox/Extensions/Path+Init.swift (in target 'PreciselyRoundedRectangle' from project 'SwiftUIPreciselyRoundedRectangle')
SwiftCompile normal arm64_32 /Users/admin/builder/spi-builder-workspace/Sources/PreciselyRoundedRectangle/Toolbox/Extensions/Path+Init.swift (in target 'PreciselyRoundedRectangle' from project 'SwiftUIPreciselyRoundedRectangle')
    cd /Users/admin/builder/spi-builder-workspace/.swiftpm/xcode
    builtin-SwiftPerFileCompile Path+Init.swift
SwiftCompile normal arm64 Compiling\ View+cornerRadius.swift /Users/admin/builder/spi-builder-workspace/Sources/PreciselyRoundedRectangle/View\ Modifiers/View+cornerRadius.swift (in target 'PreciselyRoundedRectangle' from project 'SwiftUIPreciselyRoundedRectangle')
SwiftCompile normal arm64 /Users/admin/builder/spi-builder-workspace/Sources/PreciselyRoundedRectangle/View\ Modifiers/View+cornerRadius.swift (in target 'PreciselyRoundedRectangle' from project 'SwiftUIPreciselyRoundedRectangle')
    cd /Users/admin/builder/spi-builder-workspace/.swiftpm/xcode
    builtin-SwiftPerFileCompile View+cornerRadius.swift
SwiftCompile normal arm64 Compiling\ CornerRadiusMap.swift /Users/admin/builder/spi-builder-workspace/Sources/PreciselyRoundedRectangle/CornerRadiusMap.swift (in target 'PreciselyRoundedRectangle' from project 'SwiftUIPreciselyRoundedRectangle')
SwiftCompile normal arm64 /Users/admin/builder/spi-builder-workspace/Sources/PreciselyRoundedRectangle/CornerRadiusMap.swift (in target 'PreciselyRoundedRectangle' from project 'SwiftUIPreciselyRoundedRectangle')
    cd /Users/admin/builder/spi-builder-workspace/.swiftpm/xcode
    builtin-SwiftPerFileCompile CornerRadiusMap.swift
SwiftDriverJobDiscovery normal arm64_32 Compiling RectangleCorner.swift (in target 'SwiftUIGeometryUtils' from project 'CypherPoetSwiftUIGeometryUtils')
SwiftDriver\ Compilation SwiftUIGeometryUtils normal arm64_32 com.apple.xcode.tools.swift.compiler (in target 'SwiftUIGeometryUtils' from project 'CypherPoetSwiftUIGeometryUtils')
    cd /Users/admin/builder/spi-builder-workspace/.swiftpm/xcode
    builtin-Swift-Compilation -- /Applications/Xcode-27.0.0-Release.Candidate.app/Contents/Developer/Toolchains/XcodeDefault.xctoolchain/usr/bin/swiftc -parse-as-library -module-name SwiftUIGeometryUtils -Onone @/Users/admin/builder/spi-builder-workspace/.derivedData/Build/Intermediates.noindex/CypherPoetSwiftUIGeometryUtils.build/Debug-watchos/SwiftUIGeometryUtils-t.build/Objects-normal/arm64_32/SwiftUIGeometryUtils.SwiftFileList -DSWIFT_PACKAGE -DDEBUG -DSWIFT_MODULE_RESOURCE_BUNDLE_UNAVAILABLE -DXcode -plugin-path /Applications/Xcode-27.0.0-Release.Candidate.app/Contents/Developer/Toolchains/XcodeDefault.xctoolchain/usr/lib/swift/host/plugins/testing -enable-experimental-feature DebugDescriptionMacro -sdk /Applications/Xcode-27.0.0-Release.Candidate.app/Contents/Developer/Platforms/WatchOS.platform/Developer/SDKs/WatchOS27.0.sdk -target arm64_32-apple-watchos9.0 -g -module-cache-path /Users/admin/builder/spi-builder-workspace/.derivedData/ModuleCache.noindex -Xfrontend -serialize-debugging-options -enable-testing -suppress-warnings -index-store-path /Users/admin/builder/spi-builder-workspace/.derivedData/Index.noindex/DataStore -Xcc -D_LIBCPP_HARDENING_MODE\=_LIBCPP_HARDENING_MODE_DEBUG -swift-version 5 -I /Users/admin/builder/spi-builder-workspace/.derivedData/Build/Products/Debug-watchos -Isystem /Applications/Xcode-27.0.0-Release.Candidate.app/Contents/Developer/Platforms/WatchOS.platform/Developer/usr/lib -F /Users/admin/builder/spi-builder-workspace/.derivedData/Build/Products/Debug-watchos -F /Applications/Xcode-27.0.0-Release.Candidate.app/Contents/Developer/Platforms/WatchOS.platform/Developer/Library/Frameworks -F /Applications/Xcode-27.0.0-Release.Candidate.app/Contents/Developer/Platforms/WatchOS.platform/Developer/SDKs/WatchOS27.0.sdk/Developer/Library/Frameworks -c -j10 -enable-batch-mode -incremental -Xcc -ivfsstatcache -Xcc /Users/admin/builder/spi-builder-workspace/.derivedData/SDKStatCaches.noindex/watchos27.0-24R360-e829b21a6f8c9b70876ba0858053c04477534ef55a1706bf4c1112bbb242f0a2.sdkstatcache -output-file-map /Users/admin/builder/spi-builder-workspace/.derivedData/Build/Intermediates.noindex/CypherPoetSwiftUIGeometryUtils.build/Debug-watchos/SwiftUIGeometryUtils-t.build/Objects-normal/arm64_32/SwiftUIGeometryUtils-OutputFileMap.json -save-temps -no-color-diagnostics -explicit-module-build -module-cache-path /Users/admin/builder/spi-builder-workspace/.derivedData/Build/Intermediates.noindex/SwiftExplicitPrecompiledModules -clang-scanner-module-cache-path /Users/admin/builder/spi-builder-workspace/.derivedData/ModuleCache.noindex -sdk-module-cache-path /Users/admin/builder/spi-builder-workspace/.derivedData/SDKExplicitPrecompiledModules -emit-dependencies -emit-module -emit-module-path /Users/admin/builder/spi-builder-workspace/.derivedData/Build/Intermediates.noindex/CypherPoetSwiftUIGeometryUtils.build/Debug-watchos/SwiftUIGeometryUtils-t.build/Objects-normal/arm64_32/SwiftUIGeometryUtils.swiftmodule -serialize-diagnostics -dependency-scan-serialize-diagnostics-path /Users/admin/builder/spi-builder-workspace/.derivedData/Build/Intermediates.noindex/CypherPoetSwiftUIGeometryUtils.build/Debug-watchos/SwiftUIGeometryUtils-t.build/Objects-normal/arm64_32/SwiftUIGeometryUtils-dependency-scan.dia -validate-clang-modules-once -clang-build-session-file /Users/admin/builder/spi-builder-workspace/.derivedData/ModuleCache.noindex/Session.modulevalidation -Xcc -fmodules-prune-interval\=86400 -Xcc -fmodules-prune-after\=345600 -emit-const-values -const-gather-protocols-list /Users/admin/builder/spi-builder-workspace/.derivedData/Build/Intermediates.noindex/CypherPoetSwiftUIGeometryUtils.build/Debug-watchos/SwiftUIGeometryUtils-t.build/Objects-normal/arm64_32/SwiftUIGeometryUtils_const_extract_protocols.json -Xcc -I/Users/admin/builder/spi-builder-workspace/.derivedData/Build/Products/Debug-watchos/include -Xcc -I/Users/admin/builder/spi-builder-workspace/.derivedData/Build/Intermediates.noindex/CypherPoetSwiftUIGeometryUtils.build/Debug-watchos/SwiftUIGeometryUtils-t.build/DerivedSources-normal/arm64_32 -Xcc -I/Users/admin/builder/spi-builder-workspace/.derivedData/Build/Intermediates.noindex/CypherPoetSwiftUIGeometryUtils.build/Debug-watchos/SwiftUIGeometryUtils-t.build/DerivedSources/arm64_32 -Xcc -I/Users/admin/builder/spi-builder-workspace/.derivedData/Build/Intermediates.noindex/CypherPoetSwiftUIGeometryUtils.build/Debug-watchos/SwiftUIGeometryUtils-t.build/DerivedSources -Xcc -DSWIFT_PACKAGE -Xcc -DDEBUG\=1 -emit-objc-header -emit-objc-header-path /Users/admin/builder/spi-builder-workspace/.derivedData/Build/Intermediates.noindex/CypherPoetSwiftUIGeometryUtils.build/Debug-watchos/SwiftUIGeometryUtils-t.build/Objects-normal/arm64_32/SwiftUIGeometryUtils-Swift.h -working-directory /Users/admin/builder/spi-builder-workspace/.swiftpm/xcode -experimental-emit-module-separately -disable-cmo
SwiftDriverJobDiscovery normal arm64 Compiling PreciselyRoundedRectangle.swift (in target 'PreciselyRoundedRectangle' from project 'SwiftUIPreciselyRoundedRectangle')
SwiftCompile normal arm64_32 Compiling\ PreciselyRoundedRectangle.swift /Users/admin/builder/spi-builder-workspace/Sources/PreciselyRoundedRectangle/PreciselyRoundedRectangle.swift (in target 'PreciselyRoundedRectangle' from project 'SwiftUIPreciselyRoundedRectangle')
SwiftCompile normal arm64_32 (in target 'PreciselyRoundedRectangle' from project 'SwiftUIPreciselyRoundedRectangle')
    cd /Users/admin/builder/spi-builder-workspace/.swiftpm/xcode

Ld /Users/admin/builder/spi-builder-workspace/.derivedData/Build/Intermediates.noindex/CypherPoetSwiftUIGeometryUtils.build/Debug-watchos/SwiftUIGeometryUtils-t.build/Objects-normal/arm64_32/Binary/SwiftUIGeometryUtils.o normal arm64_32 (in target 'SwiftUIGeometryUtils' from project 'CypherPoetSwiftUIGeometryUtils')
    cd /Users/admin/builder/spi-builder-workspace/.dependencies/checkouts/SwiftUIGeometryUtils
    /Applications/Xcode-27.0.0-Release.Candidate.app/Contents/Developer/Toolchains/XcodeDefault.xctoolchain/usr/bin/clang -Xlinker -reproducible -target arm64_32-apple-watchos9.0 -r -isysroot /Applications/Xcode-27.0.0-Release.Candidate.app/Contents/Developer/Platforms/WatchOS.platform/Developer/SDKs/WatchOS27.0.sdk -O0 -w -Xlinker -no_warn_duplicate_libraries -F/Users/admin/builder/spi-builder-workspace/.derivedData/Build/Intermediates.noindex/EagerLinkingTBDs/Debug-watchos -F/Users/admin/builder/spi-builder-workspace/.derivedData/Build/Products/Debug-watchos -iframework /Applications/Xcode-27.0.0-Release.Candidate.app/Contents/Developer/Platforms/WatchOS.platform/Developer/Library/Frameworks -iframework /Applications/Xcode-27.0.0-Release.Candidate.app/Contents/Developer/Platforms/WatchOS.platform/Developer/SDKs/WatchOS27.0.sdk/Developer/Library/Frameworks -filelist /Users/admin/builder/spi-builder-workspace/.derivedData/Build/Intermediates.noindex/CypherPoetSwiftUIGeometryUtils.build/Debug-watchos/SwiftUIGeometryUtils-t.build/Objects-normal/arm64_32/SwiftUIGeometryUtils.LinkFileList -nostdlib -Xlinker -object_path_lto -Xlinker /Users/admin/builder/spi-builder-workspace/.derivedData/Build/Intermediates.noindex/CypherPoetSwiftUIGeometryUtils.build/Debug-watchos/SwiftUIGeometryUtils-t.build/Objects-normal/arm64_32/SwiftUIGeometryUtils_lto.o -Xlinker -no_deduplicate -Xlinker -dependency_info -Xlinker /Users/admin/builder/spi-builder-workspace/.derivedData/Build/Intermediates.noindex/CypherPoetSwiftUIGeometryUtils.build/Debug-watchos/SwiftUIGeometryUtils-t.build/Objects-normal/arm64_32/SwiftUIGeometryUtils_dependency_info.dat -fobjc-link-runtime -L/Applications/Xcode-27.0.0-Release.Candidate.app/Contents/Developer/Toolchains/XcodeDefault.xctoolchain/usr/lib/swift/watchos -L/usr/lib/swift -Xlinker -add_ast_path -Xlinker /Users/admin/builder/spi-builder-workspace/.derivedData/Build/Intermediates.noindex/CypherPoetSwiftUIGeometryUtils.build/Debug-watchos/SwiftUIGeometryUtils-t.build/Objects-normal/arm64_32/SwiftUIGeometryUtils.swiftmodule -o /Users/admin/builder/spi-builder-workspace/.derivedData/Build/Intermediates.noindex/CypherPoetSwiftUIGeometryUtils.build/Debug-watchos/SwiftUIGeometryUtils-t.build/Objects-normal/arm64_32/Binary/SwiftUIGeometryUtils.o
SwiftDriverJobDiscovery normal arm64 Compiling CGRect+Points.swift (in target 'SwiftUIGeometryUtils' from project 'CypherPoetSwiftUIGeometryUtils')
SwiftCompile normal arm64 Compiling\ BezierPath.swift /Users/admin/builder/spi-builder-workspace/Sources/PreciselyRoundedRectangle/BezierPath.swift (in target 'PreciselyRoundedRectangle' from project 'SwiftUIPreciselyRoundedRectangle')
SwiftCompile normal arm64 /Users/admin/builder/spi-builder-workspace/Sources/PreciselyRoundedRectangle/BezierPath.swift (in target 'PreciselyRoundedRectangle' from project 'SwiftUIPreciselyRoundedRectangle')
    cd /Users/admin/builder/spi-builder-workspace/.swiftpm/xcode
    builtin-SwiftPerFileCompile BezierPath.swift
SwiftDriverJobDiscovery normal arm64 Compiling Angle+Constants.swift (in target 'SwiftUIGeometryUtils' from project 'CypherPoetSwiftUIGeometryUtils')
SwiftCompile normal arm64 Compiling\ Path+Init.swift /Users/admin/builder/spi-builder-workspace/Sources/PreciselyRoundedRectangle/Toolbox/Extensions/Path+Init.swift (in target 'PreciselyRoundedRectangle' from project 'SwiftUIPreciselyRoundedRectangle')
SwiftCompile normal arm64 /Users/admin/builder/spi-builder-workspace/Sources/PreciselyRoundedRectangle/Toolbox/Extensions/Path+Init.swift (in target 'PreciselyRoundedRectangle' from project 'SwiftUIPreciselyRoundedRectangle')
    cd /Users/admin/builder/spi-builder-workspace/.swiftpm/xcode
    builtin-SwiftPerFileCompile Path+Init.swift
SwiftExplicitDependencyCompileModuleFromInterface arm64 /Users/admin/builder/spi-builder-workspace/.derivedData/Build/Intermediates.noindex/SwiftExplicitPrecompiledModules/XCUIAutomation-2BC5897SHXM5Y.swiftmodule
SwiftExplicitDependencyCompileModuleFromInterface arm64_32 /Users/admin/builder/spi-builder-workspace/.derivedData/Build/Intermediates.noindex/SwiftExplicitPrecompiledModules/XCUIAutomation-2KEQCEI56WY22.swiftmodule
SwiftExplicitDependencyGeneratePcm arm64_32 /Users/admin/builder/spi-builder-workspace/.derivedData/Build/Intermediates.noindex/SwiftExplicitPrecompiledModules/XCTest-9YC7ZIH3UMB42XTXWLC83PNWV.pcm
PruneExplicitPrecompiledModules /Users/admin/builder/spi-builder-workspace/.derivedData/Build/Intermediates.noindex/ExplicitPrecompiledModules
PruneExplicitPrecompiledModules /Users/admin/builder/spi-builder-workspace/.derivedData/Build/Intermediates.noindex/SwiftExplicitPrecompiledModules
PruneExplicitPrecompiledModules /Users/admin/builder/spi-builder-workspace/.derivedData/SDKExplicitPrecompiledModules
2026-09-17 15:46:29.381 xcodebuild[865:5259] [MT] IDERunDestination: Supported platforms for the buildables in the current scheme is empty.
2026-09-17 15:46:29.484 xcodebuild[865:5259] [MT] IDERunDestination: Supported platforms for the buildables in the current scheme is empty.
** BUILD FAILED **
The following build commands failed:
	SwiftCompile normal arm64_32 Compiling\ BezierPath.swift /Users/admin/builder/spi-builder-workspace/Sources/PreciselyRoundedRectangle/BezierPath.swift (in target 'PreciselyRoundedRectangle' from project 'SwiftUIPreciselyRoundedRectangle')
	SwiftCompile normal arm64_32 /Users/admin/builder/spi-builder-workspace/Sources/PreciselyRoundedRectangle/BezierPath.swift (in target 'PreciselyRoundedRectangle' from project 'SwiftUIPreciselyRoundedRectangle')
	Building workspace SwiftUIPreciselyRoundedRectangle with scheme SwiftUIPreciselyRoundedRectangle
(3 failures)
BUILD FAILURE 6.4 watchOS