The Swift Package Index logo.Swift Package Index

Build Information

Failed to build SSLService, reference 2.0.2 (b27a94), with Swift 6.4 for Android on 18 Sep 2026 17:26:13 UTC.

Build Command

bash -c docker run --pull=always --rm -v "checkouts-54344845-1":/host -w "$PWD" -e JAVA_HOME="/root/.sdkman/candidates/java/current" -e SPI_BUILD="1" -e SPI_PROCESSING="1" registry.gitlab.com/saguaro1/spi-images:android-6.4-latest swift build --swift-sdk aarch64-unknown-linux-android28 2>&1

Build Log

========================================
RunAll
========================================
Builder version: 5.1.0
Interrupt handler set up.
========================================
Checkout
========================================
Clone URL: https://github.com/Kitura/BlueSSLService.git
Reference: 2.0.2
Initialized empty Git repository in /host/spi-builder-workspace/.git/
hint: Using 'master' as the name for the initial branch. This default branch name
hint: is subject to change. To configure the initial branch name to use in all
hint: of your new repositories, which will suppress this warning, call:
hint:
hint: 	git config --global init.defaultBranch <name>
hint:
hint: Names commonly chosen instead of 'master' are 'main', 'trunk' and
hint: 'development'. The just-created branch can be renamed via this command:
hint:
hint: 	git branch -m <name>
From https://github.com/Kitura/BlueSSLService
 * tag               2.0.2      -> FETCH_HEAD
HEAD is now at b27a94d Update podspec for 2.0.2
Cloned https://github.com/Kitura/BlueSSLService.git
Revision (git rev-parse @):
b27a94d063962dfa1bba9f79814c4ef202cf33a4
SUCCESS checkout https://github.com/Kitura/BlueSSLService.git at 2.0.2
========================================
Build
========================================
Selected platform:         android
Swift version:             6.4
Building package at path:  $PWD
https://github.com/Kitura/BlueSSLService.git
Running build ...
bash -c docker run --pull=always --rm -v "checkouts-54344845-1":/host -w "$PWD" -e JAVA_HOME="/root/.sdkman/candidates/java/current" -e SPI_BUILD="1" -e SPI_PROCESSING="1" registry.gitlab.com/saguaro1/spi-images:android-6.4-latest swift build --swift-sdk aarch64-unknown-linux-android28 2>&1
android-6.4-latest: Pulling from saguaro1/spi-images
Digest: sha256:abadcff584c273feba50641b454858d377ba30b35ea7287a94f45ebd8afd0ea0
Status: Image is up to date for registry.gitlab.com/saguaro1/spi-images:android-6.4-latest
Fetching https://github.com/Kitura/BlueSocket.git
Fetching https://github.com/Kitura/OpenSSL.git
[1/2942] Fetching bluesocket
[2943/3145] Fetching bluesocket, openssl
Fetched https://github.com/Kitura/OpenSSL.git (0.48s)
Fetched https://github.com/Kitura/BlueSocket.git (0.48s)
Computing version for https://github.com/Kitura/OpenSSL.git
Computed https://github.com/Kitura/OpenSSL.git at 2.3.1 (1.56s)
Computing version for https://github.com/Kitura/BlueSocket.git
Computed https://github.com/Kitura/BlueSocket.git at 2.0.4 (0.20s)
Creating working copy for https://github.com/Kitura/OpenSSL.git
Working copy of https://github.com/Kitura/OpenSSL.git resolved at 2.3.1
Creating working copy for https://github.com/Kitura/BlueSocket.git
Working copy of https://github.com/Kitura/BlueSocket.git resolved at 2.0.4
warning: 'openssl': you may be able to install openssl using your system-packager:
    apt-get install openssl libssl-dev
Building for debugging...
[Pre-planning 1 / 98]
error: SwiftCompile normal aarch64 failed with a nonzero exit code. Command line:     cd /host

/host/spi-builder-workspace/.build/checkouts/BlueSocket/Sources/Socket/Socket.swift:52:39: error: cannot find 'in_addr_t' in scope
  50 | 	public static let SOCKET_INVALID_DESCRIPTOR 			= Int32(-1)
  51 |
  52 | 	public static let INADDR_ANY							= in_addr_t(0)
     |                                       `- error: cannot find 'in_addr_t' in scope
  53 |
  54 | 	public static let NO_HOSTNAME							= "No hostname"
/host/spi-builder-workspace/.build/checkouts/BlueSocket/Sources/Socket/Socket.swift:320:13: error: cannot find type 'sockaddr_in' in scope
 318 |
 319 | 		/// sockaddr_in
 320 | 		case ipv4(sockaddr_in)
     |             `- error: cannot find type 'sockaddr_in' in scope
 321 |
 322 | 		/// sockaddr_in6
/host/spi-builder-workspace/.build/checkouts/BlueSocket/Sources/Socket/Socket.swift:323:13: error: cannot find type 'sockaddr_in6' in scope
 321 |
 322 | 		/// sockaddr_in6
 323 | 		case ipv6(sockaddr_in6)
     |             `- error: cannot find type 'sockaddr_in6' in scope
 324 |
 325 | 		/// sockaddr_un
/host/spi-builder-workspace/.build/checkouts/BlueSocket/Sources/Socket/Socket.swift:326:13: error: cannot find type 'sockaddr_un' in scope
 324 |
 325 | 		/// sockaddr_un
 326 | 		case unix(sockaddr_un)
     |             `- error: cannot find type 'sockaddr_un' in scope
 327 |
 328 | 		///
/host/spi-builder-workspace/.build/checkouts/BlueSocket/Sources/Socket/SocketUtils.swift:43:56: error: cannot find type 'sockaddr' in scope
 41 | 	///	- Returns:		The result of executing the closure.
 42 | 	///
 43 | 	func withSockAddrPointer<Result>(body: (UnsafePointer<sockaddr>, socklen_t) throws -> Result) rethrows -> Result {
    |                                                        `- error: cannot find type 'sockaddr' in scope
 44 |
 45 | 		///
/host/spi-builder-workspace/.build/checkouts/BlueSocket/Sources/Socket/SocketUtils.swift:86:47: error: cannot find type 'sockaddr' in scope
 84 | 	///	- Returns:                Newly initialized Socket.Address.
 85 | 	///
 86 | 	init?(addressProvider: (UnsafeMutablePointer<sockaddr>, UnsafeMutablePointer<socklen_t>) throws -> Void) rethrows {
    |                                               `- error: cannot find type 'sockaddr' in scope
 87 |
 88 | 		var addressStorage = sockaddr_storage()
/host/spi-builder-workspace/.build/checkouts/BlueSocket/Sources/Socket/SocketUtils.swift:146:27: error: cannot find '__DARWIN_FD_SETSIZE' in scope
144 | 	// __DARWIN_FD_SETSIZE is number of *bits*, so divide by number bits in each element to get element count
145 | 	// at present this is 1024 / 32 == 32
146 | 	let __fd_set_count = Int(__DARWIN_FD_SETSIZE) / 32
    |                           `- error: cannot find '__DARWIN_FD_SETSIZE' in scope
147 |
148 | 	extension fd_set {
Failed frontend command:
/root/.local/share/swiftly/toolchains/6.4.x-snapshot-2026-09-04/usr/bin/swift-frontend -frontend -emit-module -experimental-skip-non-inlinable-function-bodies-without-types /host/spi-builder-workspace/.build/checkouts/BlueSocket/Sources/Socket/Socket+Equatable.swift /host/spi-builder-workspace/.build/checkouts/BlueSocket/Sources/Socket/Socket+Hashable.swift /host/spi-builder-workspace/.build/checkouts/BlueSocket/Sources/Socket/Socket.swift /host/spi-builder-workspace/.build/checkouts/BlueSocket/Sources/Socket/SocketProtocols.swift /host/spi-builder-workspace/.build/checkouts/BlueSocket/Sources/Socket/SocketUtils.swift -target aarch64-unknown-linux-android28 -Xllvm -aarch64-use-tbi -disable-objc-interop -sdk /android-ndk/android-ndk-r27d/toolchains/llvm/prebuilt/linux-x86_64/sysroot -sysroot /android-ndk/android-ndk-r27d/toolchains/llvm/prebuilt/linux-x86_64/sysroot -I /host/spi-builder-workspace/.build/out/Products/Debug-android-aarch64 -module-cache-path /host/spi-builder-workspace/.build/out/ModuleCache.noindex -color-diagnostics -Xcc -fcolor-diagnostics -enable-testing -g -debug-info-format\=dwarf -dwarf-version\=4 -suppress-warnings -swift-version 5 -Onone -D SWIFT_PACKAGE -D DEBUG -D SWIFT_MODULE_RESOURCE_BUNDLE_UNAVAILABLE -D Xcode -serialize-debugging-options -enable-experimental-feature DebugDescriptionMacro -empty-abi-descriptor -external-plugin-path /root/.local/share/swiftly/toolchains/6.4.x-snapshot-2026-09-04/usr/lib/swift/host/plugins/testing\#/root/.local/share/swiftly/toolchains/6.4.x-snapshot-2026-09-04/usr/bin/swift-plugin-server -validate-clang-modules-once -clang-build-session-file /host/spi-builder-workspace/.build/out/ModuleCache.noindex/Session.modulevalidation -Xcc -working-directory -Xcc /host -resource-dir /root/.swiftpm/swift-sdks/swift-6.4.x-DEVELOPMENT-SNAPSHOT-2026-09-04-a_android.artifactbundle/swift-android/swift-resources/usr/lib/swift-aarch64 -enable-anonymous-context-mangled-names -file-compilation-dir /host -Xcc -resource-dir -Xcc /android-ndk/android-ndk-r27d/toolchains/llvm/prebuilt/linux-x86_64/lib/clang/18 -Xcc -fno-omit-frame-pointer -Xcc -D_LIBCPP_HARDENING_MODE\=_LIBCPP_HARDENING_MODE_DEBUG -Xcc -fmodules-prune-interval\=86400 -Xcc -fmodules-prune-after\=345600 -Xcc -I/host/spi-builder-workspace/.build/out/Products/Debug-android-aarch64/include -Xcc -I/host/spi-builder-workspace/.build/out/Intermediates.noindex/Socket.build/Debug-android-aarch64/Socket-t.build/DerivedSources-normal/aarch64 -Xcc -I/host/spi-builder-workspace/.build/out/Intermediates.noindex/Socket.build/Debug-android-aarch64/Socket-t.build/DerivedSources/aarch64 -Xcc -I/host/spi-builder-workspace/.build/out/Intermediates.noindex/Socket.build/Debug-android-aarch64/Socket-t.build/DerivedSources -Xcc -DSWIFT_PACKAGE -Xcc -DDEBUG\=1 -no-auto-bridging-header-chaining -module-name Socket -const-gather-protocols-file /host/spi-builder-workspace/.build/out/Intermediates.noindex/Socket.build/Debug-android-aarch64/Socket-t.build/Objects-normal/aarch64/Socket_const_extract_protocols.json -in-process-plugin-server-path /root/.local/share/swiftly/toolchains/6.4.x-snapshot-2026-09-04/usr/lib/swift/host/libSwiftInProcPluginServer.so -plugin-path /root/.local/share/swiftly/toolchains/6.4.x-snapshot-2026-09-04/usr/lib/swift/host/plugins -plugin-path /root/.local/share/swiftly/toolchains/6.4.x-snapshot-2026-09-04/usr/local/lib/swift/host/plugins -emit-module-doc-path /host/spi-builder-workspace/.build/out/Intermediates.noindex/Socket.build/Debug-android-aarch64/Socket-t.build/Objects-normal/aarch64/Modules/Socket.swiftdoc -emit-module-source-info-path /host/spi-builder-workspace/.build/out/Intermediates.noindex/Socket.build/Debug-android-aarch64/Socket-t.build/Objects-normal/aarch64/Modules/Socket.swiftsourceinfo -emit-objc-header-path /host/spi-builder-workspace/.build/out/Intermediates.noindex/Socket.build/Debug-android-aarch64/Socket-t.build/Objects-normal/aarch64/Socket-Swift.h -serialize-diagnostics-path /host/spi-builder-workspace/.build/out/Intermediates.noindex/Socket.build/Debug-android-aarch64/Socket-t.build/Objects-normal/aarch64/Socket-primary-emit-module.dia -emit-dependencies-path /host/spi-builder-workspace/.build/out/Intermediates.noindex/Socket.build/Debug-android-aarch64/Socket-t.build/Objects-normal/aarch64/Socket-primary-emit-module.d -parse-as-library -o /host/spi-builder-workspace/.build/out/Intermediates.noindex/Socket.build/Debug-android-aarch64/Socket-t.build/Objects-normal/aarch64/Modules/Socket.swiftmodule
error: Build failed
BUILD FAILURE 6.4 android