Build Information
Failed to build swift-gherkin-testing, reference 0.1.3 (536c52), with Swift 6.1 for tvOS using Xcode 16.3 on 25 Jun 2026 09:41:02 UTC.
Build Command
No build command. This typically means the build failed at an early stage where we determine the build command.Build Log
========================================
RunAll
========================================
Builder version: undefined version: run 'make version' to update
Interrupt handler set up.
========================================
Checkout
========================================
Clone URL: https://github.com/atelier-socle/swift-gherkin-testing.git
Reference: 0.1.3
Initialized empty Git repository in /Users/admin/builder/spi-builder-workspace/.git/
From https://github.com/atelier-socle/swift-gherkin-testing
* tag 0.1.3 -> FETCH_HEAD
HEAD is now at 536c52f chore: move GitHub Actions off Node 20 runtimes, add release workflow
Cloned https://github.com/atelier-socle/swift-gherkin-testing.git
Revision (git rev-parse @):
536c52ffc5f0be7b8b6bd0ac93cf896f9eada6bf
SUCCESS checkout https://github.com/atelier-socle/swift-gherkin-testing.git at 0.1.3
========================================
Build
========================================
Selected platform: tvOS
Swift version: 6.1
Building package at path: $PWD
https://github.com/atelier-socle/swift-gherkin-testing.git
https://github.com/atelier-socle/swift-gherkin-testing.git
error: 'spi-builder-workspace': package 'spi-builder-workspace' is using Swift tools version 6.2.0 but the installed version is 6.1.0
error: fatalError
Command line invocation:
/Applications/Xcode-16.3.0.app/Contents/Developer/usr/bin/xcodebuild -IDEClonedSourcePackagesDirPathOverride=/Users/admin/builder/spi-builder-workspace/.dependencies -resolvePackageDependencies
Resolve Package Graph
package 'spi-builder-workspace' is using Swift tools version 6.2.0 but the installed version is 6.1.0
Resolved source packages:
spi-builder-workspace: (null)
2026-06-25 02:41:01.263 xcodebuild[503:2899] Writing error result bundle to /var/folders/5k/5yc19ymj0jqd5v0zvgfqz0xw0000gn/T/ResultBundle_2026-25-06_02-41-0001.xcresult
xcodebuild: error: Could not resolve package dependencies:
package 'spi-builder-workspace' is using Swift tools version 6.2.0 but the installed version is 6.1.0
Command line invocation:
/Applications/Xcode-16.3.0.app/Contents/Developer/usr/bin/xcodebuild -IDEClonedSourcePackagesDirPathOverride=/Users/admin/builder/spi-builder-workspace/.dependencies -resolvePackageDependencies
Resolve Package Graph
package 'spi-builder-workspace' is using Swift tools version 6.2.0 but the installed version is 6.1.0
Resolved source packages:
spi-builder-workspace: (null)
2026-06-25 02:41:02.070 xcodebuild[512:3001] Writing error result bundle to /var/folders/5k/5yc19ymj0jqd5v0zvgfqz0xw0000gn/T/ResultBundle_2026-25-06_02-41-0002.xcresult
xcodebuild: error: Could not resolve package dependencies:
package 'spi-builder-workspace' is using Swift tools version 6.2.0 but the installed version is 6.1.0
BUILD FAILURE 6.1 tvOS