The Swift Package Index logo.Swift Package Index

Build Information

Failed to build SCNLine, reference main (2162cf), with Swift 6.4 for macOS (Xcode) using Xcode 27.0 on 18 Sep 2026 08:13:12 UTC.

Build Command

env DEVELOPER_DIR=/Applications/Xcode-27.0.0-Release.Candidate.app xcrun xcodebuild -IDEClonedSourcePackagesDirPathOverride=$PWD/.dependencies -skipMacroValidation -skipPackagePluginValidation -derivedDataPath $PWD/.derivedData build -scheme SCNLine -destination platform=macOS,arch=arm64

Build Log

========================================
RunAll
========================================
Builder version: 5.1.0
Interrupt handler set up.
========================================
Checkout
========================================
Clone URL: https://github.com/maxxfrazer/SceneKit-SCNLine.git
Reference: main
Initialized empty Git repository in /Users/admin/builder/spi-builder-workspace/.git/
From https://github.com/maxxfrazer/SceneKit-SCNLine
 * branch            main       -> FETCH_HEAD
 * [new branch]      main       -> origin/main
HEAD is now at 2162cf1 Merge pull request #9 from JrGoodle/visionOS
Cloned https://github.com/maxxfrazer/SceneKit-SCNLine.git
Revision (git rev-parse @):
2162cf126307d156d2bff987ccc4b6439b288500
SUCCESS checkout https://github.com/maxxfrazer/SceneKit-SCNLine.git at main
========================================
Build
========================================
Selected platform:         macosXcodebuild
Swift version:             6.4
Building package at path:  $PWD
https://github.com/maxxfrazer/SceneKit-SCNLine.git
Command line invocation:
    /Applications/Xcode-27.0.0-Release.Candidate.app/Contents/Developer/usr/bin/xcodebuild -IDEClonedSourcePackagesDirPathOverride=/Users/admin/builder/spi-builder-workspace/.dependencies -resolvePackageDependencies
resolved source packages:
{
  "dependencies" : [
  ],
  "manifest_display_name" : "SCNLine",
  "name" : "SCNLine",
  "path" : "/Users/admin/builder/spi-builder-workspace",
  "platforms" : [
    {
      "name" : "ios",
      "version" : "11.0"
    },
    {
      "name" : "macos",
      "version" : "11.0"
    }
  ],
  "products" : [
    {
      "name" : "SCNLine",
      "targets" : [
        "SCNLine"
      ],
      "type" : {
        "library" : [
          "automatic"
        ]
      }
    }
  ],
  "swift_languages_versions" : [
    "5"
  ],
  "targets" : [
    {
      "c99name" : "SCNLineTests",
      "module_type" : "SwiftTarget",
      "name" : "SCNLineTests",
      "path" : "Tests/SCNLineTests",
      "sources" : [
        "SCNLineTests.swift"
      ],
      "target_dependencies" : [
        "SCNLine"
      ],
      "type" : "test"
    },
    {
      "c99name" : "SCNLine",
      "module_type" : "SwiftTarget",
      "name" : "SCNLine",
      "path" : "Sources/SCNLine",
      "product_memberships" : [
        "SCNLine"
      ],
      "sources" : [
        "SCNGeometry+Extensions.swift",
        "SCNLineNode.swift",
        "SCNVector3+Extensions.swift"
      ],
      "type" : "library"
    }
  ],
  "tools_version" : "5.7"
}
{
  "project" : {
    "configurations" : [
      "Debug",
      "Release"
    ],
    "name" : "SCNLine",
    "schemes" : [
      "SCNLine"
    ],
    "targets" : [
      "SCNLine"
    ]
  }
}
Running build ...
env DEVELOPER_DIR=/Applications/Xcode-27.0.0-Release.Candidate.app xcrun xcodebuild -IDEClonedSourcePackagesDirPathOverride=$PWD/.dependencies -skipMacroValidation -skipPackagePluginValidation -derivedDataPath $PWD/.derivedData build -scheme SCNLine -destination platform=macOS,arch=arm64
Command line invocation:
    /Applications/Xcode-27.0.0-Release.Candidate.app/Contents/Developer/usr/bin/xcodebuild -IDEClonedSourcePackagesDirPathOverride=/Users/admin/builder/spi-builder-workspace/.dependencies -skipMacroValidation -skipPackagePluginValidation -derivedDataPath /Users/admin/builder/spi-builder-workspace/.derivedData build -scheme SCNLine -destination platform=macOS,arch=arm64
ComputePackagePrebuildTargetDependencyGraph
Prepare packages
CreateBuildRequest
SendProjectDescription
CreateBuildOperation
ComputeTargetDependencyGraph
note: Building targets in dependency order
note: Target dependency graph (1 target)
    Target 'SCNLine' in project 'SCNLine' (no dependencies)
GatherProvisioningInputs
CreateBuildDescription
ExecuteExternalTool /Applications/Xcode-27.0.0-Release.Candidate.app/Contents/Developer/Toolchains/XcodeDefault.xctoolchain/usr/bin/clang -v -E -dM -isysroot /Applications/Xcode-27.0.0-Release.Candidate.app/Contents/Developer/Platforms/MacOSX.platform/Developer/SDKs/MacOSX27.0.sdk -x c -c /dev/null
ExecuteExternalTool /Applications/Xcode-27.0.0-Release.Candidate.app/Contents/Developer/Toolchains/XcodeDefault.xctoolchain/usr/bin/clang -v -E -dM -arch arm64 -isysroot /Applications/Xcode-27.0.0-Release.Candidate.app/Contents/Developer/Platforms/MacOSX.platform/Developer/SDKs/MacOSX27.0.sdk -x c -c /dev/null
ExecuteExternalTool /Applications/Xcode-27.0.0-Release.Candidate.app/Contents/Developer/Toolchains/XcodeDefault.xctoolchain/usr/bin/swiftc --version
ExecuteExternalTool /Applications/Xcode-27.0.0-Release.Candidate.app/Contents/Developer/Toolchains/XcodeDefault.xctoolchain/usr/bin/ld -version_details
Build description signature: d18d3ff6520379459455d2138be3bfcc
Build description path: /Users/admin/builder/spi-builder-workspace/.derivedData/Build/Intermediates.noindex/XCBuildData/d18d3ff6520379459455d2138be3bfcc.xcbuilddata
/Users/admin/builder/spi-builder-workspace/SCNLine.xcodeproj: error: The macOS deployment target 'MACOSX_DEPLOYMENT_TARGET' is set to 10.15, but the range of supported deployment target versions is 12.0 to 27.0.x. (in target 'SCNLine' from project 'SCNLine')
warning: Run script build phase 'SwiftLint' will be run during every build because it does not specify any outputs. To address this issue, either add output dependencies to the script phase, or configure it to run in every build by unchecking "Based on dependency analysis" in the script phase. (in target 'SCNLine' from project 'SCNLine')
2026-09-18 04:13:07.738 xcodebuild[649:4124] [MT] IDERunDestination: Supported platforms for the buildables in the current scheme is empty.
--- xcodebuild: WARNING: Using the first of multiple matching destinations:
{ platform:macOS, arch:arm64, variant:Mac Catalyst, id:285b3b3c7db6d1ea29f4f700b596b60a02c726a4, name:My Mac }
{ platform:macOS, arch:arm64, variant:Designed for [iPad,iPhone], id:285b3b3c7db6d1ea29f4f700b596b60a02c726a4, name:My Mac }
** BUILD FAILED **
The following build commands failed:
	Building project SCNLine with scheme SCNLine
(1 failure)
Command line invocation:
    /Applications/Xcode-27.0.0-Release.Candidate.app/Contents/Developer/usr/bin/xcodebuild -IDEClonedSourcePackagesDirPathOverride=/Users/admin/builder/spi-builder-workspace/.dependencies -resolvePackageDependencies
resolved source packages:
{
  "dependencies" : [
  ],
  "manifest_display_name" : "SCNLine",
  "name" : "SCNLine",
  "path" : "/Users/admin/builder/spi-builder-workspace",
  "platforms" : [
    {
      "name" : "ios",
      "version" : "11.0"
    },
    {
      "name" : "macos",
      "version" : "11.0"
    }
  ],
  "products" : [
    {
      "name" : "SCNLine",
      "targets" : [
        "SCNLine"
      ],
      "type" : {
        "library" : [
          "automatic"
        ]
      }
    }
  ],
  "swift_languages_versions" : [
    "5"
  ],
  "targets" : [
    {
      "c99name" : "SCNLineTests",
      "module_type" : "SwiftTarget",
      "name" : "SCNLineTests",
      "path" : "Tests/SCNLineTests",
      "sources" : [
        "SCNLineTests.swift"
      ],
      "target_dependencies" : [
        "SCNLine"
      ],
      "type" : "test"
    },
    {
      "c99name" : "SCNLine",
      "module_type" : "SwiftTarget",
      "name" : "SCNLine",
      "path" : "Sources/SCNLine",
      "product_memberships" : [
        "SCNLine"
      ],
      "sources" : [
        "SCNGeometry+Extensions.swift",
        "SCNLineNode.swift",
        "SCNVector3+Extensions.swift"
      ],
      "type" : "library"
    }
  ],
  "tools_version" : "5.7"
}
{
  "project" : {
    "configurations" : [
      "Debug",
      "Release"
    ],
    "name" : "SCNLine",
    "schemes" : [
      "SCNLine"
    ],
    "targets" : [
      "SCNLine"
    ]
  }
}
Running build ...
env DEVELOPER_DIR=/Applications/Xcode-27.0.0-Release.Candidate.app xcrun xcodebuild -IDEClonedSourcePackagesDirPathOverride=$PWD/.dependencies -skipMacroValidation -skipPackagePluginValidation -derivedDataPath $PWD/.derivedData build -scheme SCNLine -destination platform=macOS,arch=arm64
Command line invocation:
    /Applications/Xcode-27.0.0-Release.Candidate.app/Contents/Developer/usr/bin/xcodebuild -IDEClonedSourcePackagesDirPathOverride=/Users/admin/builder/spi-builder-workspace/.dependencies -skipMacroValidation -skipPackagePluginValidation -derivedDataPath /Users/admin/builder/spi-builder-workspace/.derivedData build -scheme SCNLine -destination platform=macOS,arch=arm64
ComputePackagePrebuildTargetDependencyGraph
Prepare packages
CreateBuildRequest
SendProjectDescription
CreateBuildOperation
ComputeTargetDependencyGraph
note: Building targets in dependency order
note: Target dependency graph (1 target)
    Target 'SCNLine' in project 'SCNLine' (no dependencies)
GatherProvisioningInputs
CreateBuildDescription
/Users/admin/builder/spi-builder-workspace/SCNLine.xcodeproj: error: The macOS deployment target 'MACOSX_DEPLOYMENT_TARGET' is set to 10.15, but the range of supported deployment target versions is 12.0 to 27.0.x. (in target 'SCNLine' from project 'SCNLine')
warning: Run script build phase 'SwiftLint' will be run during every build because it does not specify any outputs. To address this issue, either add output dependencies to the script phase, or configure it to run in every build by unchecking "Based on dependency analysis" in the script phase. (in target 'SCNLine' from project 'SCNLine')
2026-09-18 04:13:12.139 xcodebuild[666:4269] [MT] IDERunDestination: Supported platforms for the buildables in the current scheme is empty.
--- xcodebuild: WARNING: Using the first of multiple matching destinations:
{ platform:macOS, arch:arm64, variant:Mac Catalyst, id:285b3b3c7db6d1ea29f4f700b596b60a02c726a4, name:My Mac }
{ platform:macOS, arch:arm64, variant:Designed for [iPad,iPhone], id:285b3b3c7db6d1ea29f4f700b596b60a02c726a4, name:My Mac }
** BUILD FAILED **
The following build commands failed:
	Building project SCNLine with scheme SCNLine
(1 failure)
BUILD FAILURE 6.4 macosXcodebuild