The Swift Package Index logo.Swift Package Index

Build Information

Failed to build DeclarativeUIKit, reference v2.0.1 (61904f), with Swift 6.4 for macOS (Xcode) using Xcode 27.0 on 21 Sep 2026 00:17:27 UTC.

Build Command

env DEVELOPER_DIR=/Applications/Xcode-27.0.0-Release.Candidate.app xcrun xcodebuild -IDEClonedSourcePackagesDirPathOverride=$PWD/.dependencies -skipMacroValidation -skipPackagePluginValidation -derivedDataPath $PWD/.derivedData build -scheme DeclarativeUIKit -destination platform=macOS,arch=arm64

Build Log

========================================
RunAll
========================================
Builder version: 5.1.0
Interrupt handler set up.
========================================
Checkout
========================================
Clone URL: https://github.com/Columbina/DeclarativeUIKit.git
Reference: v2.0.1
Initialized empty Git repository in /Users/admin/builder/spi-builder-workspace/.git/
From https://github.com/Columbina/DeclarativeUIKit
 * tag               v2.0.1     -> FETCH_HEAD
HEAD is now at 61904fc Merge pull request #2 from Columbina/bugfix/scrollview-not-scrolling
Cloned https://github.com/Columbina/DeclarativeUIKit.git
Revision (git rev-parse @):
61904fc518bd562d5817f00fd6bf390594bb3b39
SUCCESS checkout https://github.com/Columbina/DeclarativeUIKit.git at v2.0.1
========================================
Build
========================================
Selected platform:         macosXcodebuild
Swift version:             6.4
Building package at path:  $PWD
https://github.com/Columbina/DeclarativeUIKit.git
Command line invocation:
    /Applications/Xcode-27.0.0-Release.Candidate.app/Contents/Developer/usr/bin/xcodebuild -IDEClonedSourcePackagesDirPathOverride=/Users/admin/builder/spi-builder-workspace/.dependencies -resolvePackageDependencies
Resolve Package Graph
Resolve Package Graph
Resolved source packages:
  DeclarativeUIKit: /Users/admin/builder/spi-builder-workspace
resolved source packages: DeclarativeUIKit
2026-09-20 20:16:30.100 xcodebuild[563:3066] [MT] IDERunDestination: Supported platforms for the buildables in the current scheme is empty.
2026-09-20 20:16:30.248 xcodebuild[563:3066] [MT] IDERunDestination: Supported platforms for the buildables in the current scheme is empty.
2026-09-20 20:16:31.888 xcodebuild[563:3066] [MT] IDERunDestination: Supported platforms for the buildables in the current scheme is empty.
{
  "dependencies" : [
  ],
  "manifest_display_name" : "DeclarativeUIKit",
  "name" : "DeclarativeUIKit",
  "path" : "/Users/admin/builder/spi-builder-workspace",
  "platforms" : [
    {
      "name" : "ios",
      "version" : "10.0"
    }
  ],
  "products" : [
    {
      "name" : "DeclarativeUIKit",
      "targets" : [
        "DeclarativeUIKit"
      ],
      "type" : {
        "library" : [
          "automatic"
        ]
      }
    }
  ],
  "targets" : [
    {
      "c99name" : "DeclarativeUIKitTests",
      "module_type" : "SwiftTarget",
      "name" : "DeclarativeUIKitTests",
      "path" : "Tests/DeclarativeUIKitTests",
      "sources" : [
        "DeclarativeUIKitTests.swift"
      ],
      "target_dependencies" : [
        "DeclarativeUIKit"
      ],
      "type" : "test"
    },
    {
      "c99name" : "DeclarativeUIKit",
      "module_type" : "SwiftTarget",
      "name" : "DeclarativeUIKit",
      "path" : "Sources/DeclarativeUIKit",
      "product_memberships" : [
        "DeclarativeUIKit"
      ],
      "sources" : [
        "DeclarativeEdgeInsets.swift",
        "DeclarativeViewBuilder.swift",
        "Extensions/UIButton+Extensions.swift",
        "Extensions/UIImageView+Extensions.swift",
        "Extensions/UILabel+Extensions.swift",
        "Extensions/UIStackView+Extensions.swift",
        "Extensions/UITableView+Extensions.swift",
        "Extensions/UITextField+Extensions.swift",
        "Extensions/UIView+Extensions.swift",
        "FixedSpacer.swift",
        "ForEach.swift",
        "HorizontalStack.swift",
        "List.swift",
        "ScrollView.swift",
        "Spacer.swift",
        "VerticalStack.swift",
        "ViewControllerHost.swift",
        "ViewsConvertible.swift"
      ],
      "type" : "library"
    }
  ],
  "tools_version" : "5.2"
}
{
  "workspace" : {
    "name" : "DeclarativeUIKit",
    "schemes" : [
      "DeclarativeUIKit"
    ]
  }
}
2026-09-20 20:17:17.761 xcodebuild[681:4185] [MT] IDERunDestination: Supported platforms for the buildables in the current scheme is empty.
2026-09-20 20:17:17.904 xcodebuild[681:4185] [MT] IDERunDestination: Supported platforms for the buildables in the current scheme is empty.
Running build ...
env DEVELOPER_DIR=/Applications/Xcode-27.0.0-Release.Candidate.app xcrun xcodebuild -IDEClonedSourcePackagesDirPathOverride=$PWD/.dependencies -skipMacroValidation -skipPackagePluginValidation -derivedDataPath $PWD/.derivedData build -scheme DeclarativeUIKit -destination platform=macOS,arch=arm64
Command line invocation:
    /Applications/Xcode-27.0.0-Release.Candidate.app/Contents/Developer/usr/bin/xcodebuild -IDEClonedSourcePackagesDirPathOverride=/Users/admin/builder/spi-builder-workspace/.dependencies -skipMacroValidation -skipPackagePluginValidation -derivedDataPath /Users/admin/builder/spi-builder-workspace/.derivedData build -scheme DeclarativeUIKit -destination platform=macOS,arch=arm64
Resolve Package Graph
Resolved source packages:
  DeclarativeUIKit: /Users/admin/builder/spi-builder-workspace
ComputePackagePrebuildTargetDependencyGraph
Prepare packages
CreateBuildRequest
SendProjectDescription
CreateBuildOperation
ComputeTargetDependencyGraph
note: Building targets in dependency order
note: Target dependency graph (2 targets)
    Target 'DeclarativeUIKit-product' in project 'DeclarativeUIKit'
        ➜ Explicit dependency on target 'DeclarativeUIKit' in project 'DeclarativeUIKit'
    Target 'DeclarativeUIKit' in project 'DeclarativeUIKit' (no dependencies)
GatherProvisioningInputs
CreateBuildDescription
ExecuteExternalTool /Applications/Xcode-27.0.0-Release.Candidate.app/Contents/Developer/Toolchains/XcodeDefault.xctoolchain/usr/bin/clang -v -E -dM -isysroot /Applications/Xcode-27.0.0-Release.Candidate.app/Contents/Developer/Platforms/MacOSX.platform/Developer/SDKs/MacOSX27.0.sdk -x c -c /dev/null
ExecuteExternalTool /Applications/Xcode-27.0.0-Release.Candidate.app/Contents/Developer/Toolchains/XcodeDefault.xctoolchain/usr/bin/swiftc --version
ExecuteExternalTool /Applications/Xcode-27.0.0-Release.Candidate.app/Contents/Developer/Toolchains/XcodeDefault.xctoolchain/usr/bin/ld -version_details
Build description signature: 7d0237e139c3dbcc1ede9548c98442d9
Build description path: /Users/admin/builder/spi-builder-workspace/.derivedData/Build/Intermediates.noindex/XCBuildData/7d0237e139c3dbcc1ede9548c98442d9.xcbuilddata
CreateBuildDirectory /Users/admin/builder/spi-builder-workspace/.derivedData/ModuleCache.noindex
    cd /Users/admin/builder/spi-builder-workspace/.swiftpm/xcode
    builtin-create-build-directory /Users/admin/builder/spi-builder-workspace/.derivedData/ModuleCache.noindex
CreateBuildDirectory /Users/admin/builder/spi-builder-workspace/.derivedData/CompilationCache.noindex
    cd /Users/admin/builder/spi-builder-workspace/.swiftpm/xcode
    builtin-create-build-directory /Users/admin/builder/spi-builder-workspace/.derivedData/CompilationCache.noindex
CreateBuildDirectory /Users/admin/builder/spi-builder-workspace/.derivedData/SDKExplicitPrecompiledModules
    cd /Users/admin/builder/spi-builder-workspace/.swiftpm/xcode
    builtin-create-build-directory /Users/admin/builder/spi-builder-workspace/.derivedData/SDKExplicitPrecompiledModules
CreateBuildDirectory /Users/admin/builder/spi-builder-workspace/.derivedData/Build/Intermediates.noindex
    cd /Users/admin/builder/spi-builder-workspace/.swiftpm/xcode
    builtin-create-build-directory /Users/admin/builder/spi-builder-workspace/.derivedData/Build/Intermediates.noindex
CreateBuildDirectory /Users/admin/builder/spi-builder-workspace/.derivedData/Build/Products
    cd /Users/admin/builder/spi-builder-workspace/.swiftpm/xcode
    builtin-create-build-directory /Users/admin/builder/spi-builder-workspace/.derivedData/Build/Products
ClangStatCache /Applications/Xcode-27.0.0-Release.Candidate.app/Contents/Developer/Toolchains/XcodeDefault.xctoolchain/usr/bin/clang-stat-cache /Applications/Xcode-27.0.0-Release.Candidate.app/Contents/Developer/Platforms/MacOSX.platform/Developer/SDKs/MacOSX27.0.sdk /Users/admin/builder/spi-builder-workspace/.derivedData/SDKStatCaches.noindex/macosx27.0-26A425-e829b21a6f8c9b70876ba0858053c0446a22442a12e9d48fe1a705f55a1adfc4.sdkstatcache
    cd /Users/admin/builder/spi-builder-workspace/.swiftpm/xcode
    /Applications/Xcode-27.0.0-Release.Candidate.app/Contents/Developer/Toolchains/XcodeDefault.xctoolchain/usr/bin/clang-stat-cache /Applications/Xcode-27.0.0-Release.Candidate.app/Contents/Developer/Platforms/MacOSX.platform/Developer/SDKs/MacOSX27.0.sdk -o /Users/admin/builder/spi-builder-workspace/.derivedData/SDKStatCaches.noindex/macosx27.0-26A425-e829b21a6f8c9b70876ba0858053c0446a22442a12e9d48fe1a705f55a1adfc4.sdkstatcache
CreateBuildDirectory /Users/admin/builder/spi-builder-workspace/.derivedData/Build/Intermediates.noindex/SwiftExplicitPrecompiledModules
    cd /Users/admin/builder/spi-builder-workspace/.swiftpm/xcode
    builtin-create-build-directory /Users/admin/builder/spi-builder-workspace/.derivedData/Build/Intermediates.noindex/SwiftExplicitPrecompiledModules
CreateBuildDirectory /Users/admin/builder/spi-builder-workspace/.derivedData/Build/Intermediates.noindex/ExplicitPrecompiledModules
    cd /Users/admin/builder/spi-builder-workspace/.swiftpm/xcode
    builtin-create-build-directory /Users/admin/builder/spi-builder-workspace/.derivedData/Build/Intermediates.noindex/ExplicitPrecompiledModules
CreateBuildDirectory /Users/admin/builder/spi-builder-workspace/.derivedData/Build/Intermediates.noindex/PrecompiledHeaders
    cd /Users/admin/builder/spi-builder-workspace/.swiftpm/xcode
    builtin-create-build-directory /Users/admin/builder/spi-builder-workspace/.derivedData/Build/Intermediates.noindex/PrecompiledHeaders
CreateBuildDirectory /Users/admin/builder/spi-builder-workspace/.derivedData/Build/Intermediates.noindex/EagerLinkingTBDs/Debug
    cd /Users/admin/builder/spi-builder-workspace/.swiftpm/xcode
    builtin-create-build-directory /Users/admin/builder/spi-builder-workspace/.derivedData/Build/Intermediates.noindex/EagerLinkingTBDs/Debug
CreateBuildDirectory /Users/admin/builder/spi-builder-workspace/.derivedData/Build/Products/Debug
    cd /Users/admin/builder/spi-builder-workspace/.swiftpm/xcode
    builtin-create-build-directory /Users/admin/builder/spi-builder-workspace/.derivedData/Build/Products/Debug
CreateBuildDirectory /Users/admin/builder/spi-builder-workspace/.derivedData/Build/Products/Debug/PackageFrameworks
    cd /Users/admin/builder/spi-builder-workspace/.swiftpm/xcode
    builtin-create-build-directory /Users/admin/builder/spi-builder-workspace/.derivedData/Build/Products/Debug/PackageFrameworks
WriteAuxiliaryFile /Users/admin/builder/spi-builder-workspace/.derivedData/Build/Intermediates.noindex/DeclarativeUIKit.build/Debug/DeclarativeUIKit-t.build/DeclarativeUIKit.DependencyMetadataFileList (in target 'DeclarativeUIKit' from project 'DeclarativeUIKit')
    cd /Users/admin/builder/spi-builder-workspace
    write-file /Users/admin/builder/spi-builder-workspace/.derivedData/Build/Intermediates.noindex/DeclarativeUIKit.build/Debug/DeclarativeUIKit-t.build/DeclarativeUIKit.DependencyMetadataFileList
WriteAuxiliaryFile /Users/admin/builder/spi-builder-workspace/.derivedData/Build/Intermediates.noindex/DeclarativeUIKit.build/Debug/DeclarativeUIKit-t.build/DeclarativeUIKit.DependencyStaticMetadataFileList (in target 'DeclarativeUIKit' from project 'DeclarativeUIKit')
    cd /Users/admin/builder/spi-builder-workspace
    write-file /Users/admin/builder/spi-builder-workspace/.derivedData/Build/Intermediates.noindex/DeclarativeUIKit.build/Debug/DeclarativeUIKit-t.build/DeclarativeUIKit.DependencyStaticMetadataFileList
WriteAuxiliaryFile /Users/admin/builder/spi-builder-workspace/.derivedData/Build/Intermediates.noindex/DeclarativeUIKit.build/Debug/DeclarativeUIKit-t.build/DeclarativeUIKit.modulemap (in target 'DeclarativeUIKit' from project 'DeclarativeUIKit')
    cd /Users/admin/builder/spi-builder-workspace
    write-file /Users/admin/builder/spi-builder-workspace/.derivedData/Build/Intermediates.noindex/DeclarativeUIKit.build/Debug/DeclarativeUIKit-t.build/DeclarativeUIKit.modulemap
WriteAuxiliaryFile /Users/admin/builder/spi-builder-workspace/.derivedData/Build/Intermediates.noindex/DeclarativeUIKit.build/Debug/DeclarativeUIKit-t.build/Objects-normal/arm64/DeclarativeUIKit.LinkFileList (in target 'DeclarativeUIKit' from project 'DeclarativeUIKit')
    cd /Users/admin/builder/spi-builder-workspace
    write-file /Users/admin/builder/spi-builder-workspace/.derivedData/Build/Intermediates.noindex/DeclarativeUIKit.build/Debug/DeclarativeUIKit-t.build/Objects-normal/arm64/DeclarativeUIKit.LinkFileList
WriteAuxiliaryFile /Users/admin/builder/spi-builder-workspace/.derivedData/Build/Intermediates.noindex/DeclarativeUIKit.build/Debug/DeclarativeUIKit-t.build/Objects-normal/arm64/DeclarativeUIKit.SwiftConstValuesFileList (in target 'DeclarativeUIKit' from project 'DeclarativeUIKit')
    cd /Users/admin/builder/spi-builder-workspace
    write-file /Users/admin/builder/spi-builder-workspace/.derivedData/Build/Intermediates.noindex/DeclarativeUIKit.build/Debug/DeclarativeUIKit-t.build/Objects-normal/arm64/DeclarativeUIKit.SwiftConstValuesFileList
WriteAuxiliaryFile /Users/admin/builder/spi-builder-workspace/.derivedData/Build/Intermediates.noindex/DeclarativeUIKit.build/Debug/DeclarativeUIKit-t.build/Objects-normal/arm64/DeclarativeUIKit_const_extract_protocols.json (in target 'DeclarativeUIKit' from project 'DeclarativeUIKit')
    cd /Users/admin/builder/spi-builder-workspace
    write-file /Users/admin/builder/spi-builder-workspace/.derivedData/Build/Intermediates.noindex/DeclarativeUIKit.build/Debug/DeclarativeUIKit-t.build/Objects-normal/arm64/DeclarativeUIKit_const_extract_protocols.json
WriteAuxiliaryFile /Users/admin/builder/spi-builder-workspace/.derivedData/Build/Intermediates.noindex/DeclarativeUIKit.build/Debug/DeclarativeUIKit-t.build/Objects-normal/arm64/DeclarativeUIKit-OutputFileMap.json (in target 'DeclarativeUIKit' from project 'DeclarativeUIKit')
    cd /Users/admin/builder/spi-builder-workspace
    write-file /Users/admin/builder/spi-builder-workspace/.derivedData/Build/Intermediates.noindex/DeclarativeUIKit.build/Debug/DeclarativeUIKit-t.build/Objects-normal/arm64/DeclarativeUIKit-OutputFileMap.json
WriteAuxiliaryFile /Users/admin/builder/spi-builder-workspace/.derivedData/Build/Intermediates.noindex/DeclarativeUIKit.build/Debug/DeclarativeUIKit-t.build/Objects-normal/arm64/DeclarativeUIKit.SwiftFileList (in target 'DeclarativeUIKit' from project 'DeclarativeUIKit')
    cd /Users/admin/builder/spi-builder-workspace
    write-file /Users/admin/builder/spi-builder-workspace/.derivedData/Build/Intermediates.noindex/DeclarativeUIKit.build/Debug/DeclarativeUIKit-t.build/Objects-normal/arm64/DeclarativeUIKit.SwiftFileList
Copy /Users/admin/builder/spi-builder-workspace/.derivedData/Build/Intermediates.noindex/GeneratedModuleMaps/DeclarativeUIKit.modulemap /Users/admin/builder/spi-builder-workspace/.derivedData/Build/Intermediates.noindex/DeclarativeUIKit.build/Debug/DeclarativeUIKit-t.build/DeclarativeUIKit.modulemap (in target 'DeclarativeUIKit' from project 'DeclarativeUIKit')
    cd /Users/admin/builder/spi-builder-workspace
    builtin-copy -exclude .DS_Store -exclude CVS -exclude .svn -exclude .git -exclude .hg -resolve-src-symlinks /Users/admin/builder/spi-builder-workspace/.derivedData/Build/Intermediates.noindex/DeclarativeUIKit.build/Debug/DeclarativeUIKit-t.build/DeclarativeUIKit.modulemap /Users/admin/builder/spi-builder-workspace/.derivedData/Build/Intermediates.noindex/GeneratedModuleMaps
SwiftDriver DeclarativeUIKit normal arm64 com.apple.xcode.tools.swift.compiler (in target 'DeclarativeUIKit' from project 'DeclarativeUIKit')
    cd /Users/admin/builder/spi-builder-workspace/.swiftpm/xcode
    builtin-SwiftDriver -- /Applications/Xcode-27.0.0-Release.Candidate.app/Contents/Developer/Toolchains/XcodeDefault.xctoolchain/usr/bin/swiftc -parse-as-library -module-name DeclarativeUIKit -Onone @/Users/admin/builder/spi-builder-workspace/.derivedData/Build/Intermediates.noindex/DeclarativeUIKit.build/Debug/DeclarativeUIKit-t.build/Objects-normal/arm64/DeclarativeUIKit.SwiftFileList -DSWIFT_PACKAGE -DDEBUG -DSWIFT_MODULE_RESOURCE_BUNDLE_UNAVAILABLE -DXcode -plugin-path /Applications/Xcode-27.0.0-Release.Candidate.app/Contents/Developer/Toolchains/XcodeDefault.xctoolchain/usr/lib/swift/host/plugins/testing -enable-experimental-feature DebugDescriptionMacro -sdk /Applications/Xcode-27.0.0-Release.Candidate.app/Contents/Developer/Platforms/MacOSX.platform/Developer/SDKs/MacOSX27.0.sdk -target arm64-apple-macos12.0 -g -module-cache-path /Users/admin/builder/spi-builder-workspace/.derivedData/ModuleCache.noindex -Xfrontend -serialize-debugging-options -enable-testing -index-store-path /Users/admin/builder/spi-builder-workspace/.derivedData/Index.noindex/DataStore -Xcc -D_LIBCPP_HARDENING_MODE\=_LIBCPP_HARDENING_MODE_DEBUG -swift-version 5 -I /Users/admin/builder/spi-builder-workspace/.derivedData/Build/Products/Debug -Isystem /Applications/Xcode-27.0.0-Release.Candidate.app/Contents/Developer/Platforms/MacOSX.platform/Developer/usr/lib -F /Users/admin/builder/spi-builder-workspace/.derivedData/Build/Products/Debug -F /Applications/Xcode-27.0.0-Release.Candidate.app/Contents/Developer/Platforms/MacOSX.platform/Developer/Library/Frameworks -c -j10 -enable-batch-mode -incremental -Xcc -ivfsstatcache -Xcc /Users/admin/builder/spi-builder-workspace/.derivedData/SDKStatCaches.noindex/macosx27.0-26A425-e829b21a6f8c9b70876ba0858053c0446a22442a12e9d48fe1a705f55a1adfc4.sdkstatcache -output-file-map /Users/admin/builder/spi-builder-workspace/.derivedData/Build/Intermediates.noindex/DeclarativeUIKit.build/Debug/DeclarativeUIKit-t.build/Objects-normal/arm64/DeclarativeUIKit-OutputFileMap.json -save-temps -no-color-diagnostics -explicit-module-build -module-cache-path /Users/admin/builder/spi-builder-workspace/.derivedData/Build/Intermediates.noindex/SwiftExplicitPrecompiledModules -clang-scanner-module-cache-path /Users/admin/builder/spi-builder-workspace/.derivedData/ModuleCache.noindex -sdk-module-cache-path /Users/admin/builder/spi-builder-workspace/.derivedData/SDKExplicitPrecompiledModules -emit-dependencies -emit-module -emit-module-path /Users/admin/builder/spi-builder-workspace/.derivedData/Build/Intermediates.noindex/DeclarativeUIKit.build/Debug/DeclarativeUIKit-t.build/Objects-normal/arm64/DeclarativeUIKit.swiftmodule -serialize-diagnostics -dependency-scan-serialize-diagnostics-path /Users/admin/builder/spi-builder-workspace/.derivedData/Build/Intermediates.noindex/DeclarativeUIKit.build/Debug/DeclarativeUIKit-t.build/Objects-normal/arm64/DeclarativeUIKit-dependency-scan.dia -validate-clang-modules-once -clang-build-session-file /Users/admin/builder/spi-builder-workspace/.derivedData/ModuleCache.noindex/Session.modulevalidation -Xcc -fmodules-prune-interval\=86400 -Xcc -fmodules-prune-after\=345600 -emit-const-values -const-gather-protocols-list /Users/admin/builder/spi-builder-workspace/.derivedData/Build/Intermediates.noindex/DeclarativeUIKit.build/Debug/DeclarativeUIKit-t.build/Objects-normal/arm64/DeclarativeUIKit_const_extract_protocols.json -Xcc -I/Users/admin/builder/spi-builder-workspace/.derivedData/Build/Products/Debug/include -Xcc -I/Users/admin/builder/spi-builder-workspace/.derivedData/Build/Intermediates.noindex/DeclarativeUIKit.build/Debug/DeclarativeUIKit-t.build/DerivedSources-normal/arm64 -Xcc -I/Users/admin/builder/spi-builder-workspace/.derivedData/Build/Intermediates.noindex/DeclarativeUIKit.build/Debug/DeclarativeUIKit-t.build/DerivedSources/arm64 -Xcc -I/Users/admin/builder/spi-builder-workspace/.derivedData/Build/Intermediates.noindex/DeclarativeUIKit.build/Debug/DeclarativeUIKit-t.build/DerivedSources -Xcc -DSWIFT_PACKAGE -Xcc -DDEBUG\=1 -emit-objc-header -emit-objc-header-path /Users/admin/builder/spi-builder-workspace/.derivedData/Build/Intermediates.noindex/DeclarativeUIKit.build/Debug/DeclarativeUIKit-t.build/Objects-normal/arm64/DeclarativeUIKit-Swift.h -working-directory /Users/admin/builder/spi-builder-workspace/.swiftpm/xcode -experimental-emit-module-separately -disable-cmo
/Users/admin/builder/spi-builder-workspace/Sources/DeclarativeUIKit/DeclarativeViewBuilder.swift:5:8: error: Unable to resolve module dependency: 'UIKit' (in target 'DeclarativeUIKit' from project 'DeclarativeUIKit')
    note: A dependency of main module 'DeclarativeUIKit'
    /Users/admin/builder/spi-builder-workspace/Sources/DeclarativeUIKit/Extensions/UIButton+Extensions.swift:1:8: note: Also imported here
    /Users/admin/builder/spi-builder-workspace/Sources/DeclarativeUIKit/Extensions/UIImageView+Extensions.swift:1:8: note: Also imported here
    /Users/admin/builder/spi-builder-workspace/Sources/DeclarativeUIKit/Extensions/UILabel+Extensions.swift:1:8: note: Also imported here
    /Users/admin/builder/spi-builder-workspace/Sources/DeclarativeUIKit/Extensions/UIStackView+Extensions.swift:1:8: note: Also imported here
    /Users/admin/builder/spi-builder-workspace/Sources/DeclarativeUIKit/Extensions/UITableView+Extensions.swift:1:8: note: Also imported here
    /Users/admin/builder/spi-builder-workspace/Sources/DeclarativeUIKit/Extensions/UITextField+Extensions.swift:1:8: note: Also imported here
    /Users/admin/builder/spi-builder-workspace/Sources/DeclarativeUIKit/Extensions/UIView+Extensions.swift:1:8: note: Also imported here
    /Users/admin/builder/spi-builder-workspace/Sources/DeclarativeUIKit/FixedSpacer.swift:6:8: note: Also imported here
    /Users/admin/builder/spi-builder-workspace/Sources/DeclarativeUIKit/ForEach.swift:6:8: note: Also imported here
    /Users/admin/builder/spi-builder-workspace/Sources/DeclarativeUIKit/HorizontalStack.swift:1:8: note: Also imported here
    /Users/admin/builder/spi-builder-workspace/Sources/DeclarativeUIKit/List.swift:6:8: note: Also imported here
    /Users/admin/builder/spi-builder-workspace/Sources/DeclarativeUIKit/ScrollView.swift:5:8: note: Also imported here
    /Users/admin/builder/spi-builder-workspace/Sources/DeclarativeUIKit/Spacer.swift:1:8: note: Also imported here
    /Users/admin/builder/spi-builder-workspace/Sources/DeclarativeUIKit/VerticalStack.swift:1:8: note: Also imported here
    /Users/admin/builder/spi-builder-workspace/Sources/DeclarativeUIKit/ViewControllerHost.swift:6:8: note: Also imported here
    /Users/admin/builder/spi-builder-workspace/Sources/DeclarativeUIKit/ViewsConvertible.swift:5:8: note: Also imported here
/Users/admin/builder/spi-builder-workspace/Sources/DeclarativeUIKit/DeclarativeViewBuilder.swift:5:8: note: A dependency of main module 'DeclarativeUIKit'
import UIKit
       ^ (in target 'DeclarativeUIKit' from project 'DeclarativeUIKit')
/Users/admin/builder/spi-builder-workspace/Sources/DeclarativeUIKit/Extensions/UIButton+Extensions.swift:1:8: note: Also imported here
import UIKit
       ^ (in target 'DeclarativeUIKit' from project 'DeclarativeUIKit')
/Users/admin/builder/spi-builder-workspace/Sources/DeclarativeUIKit/Extensions/UIImageView+Extensions.swift:1:8: note: Also imported here
import UIKit
       ^ (in target 'DeclarativeUIKit' from project 'DeclarativeUIKit')
/Users/admin/builder/spi-builder-workspace/Sources/DeclarativeUIKit/Extensions/UILabel+Extensions.swift:1:8: note: Also imported here
import UIKit
       ^ (in target 'DeclarativeUIKit' from project 'DeclarativeUIKit')
/Users/admin/builder/spi-builder-workspace/Sources/DeclarativeUIKit/Extensions/UIStackView+Extensions.swift:1:8: note: Also imported here
import UIKit
       ^ (in target 'DeclarativeUIKit' from project 'DeclarativeUIKit')
/Users/admin/builder/spi-builder-workspace/Sources/DeclarativeUIKit/Extensions/UITableView+Extensions.swift:1:8: note: Also imported here
import UIKit
       ^ (in target 'DeclarativeUIKit' from project 'DeclarativeUIKit')
/Users/admin/builder/spi-builder-workspace/Sources/DeclarativeUIKit/Extensions/UITextField+Extensions.swift:1:8: note: Also imported here
import UIKit
       ^ (in target 'DeclarativeUIKit' from project 'DeclarativeUIKit')
/Users/admin/builder/spi-builder-workspace/Sources/DeclarativeUIKit/Extensions/UIView+Extensions.swift:1:8: note: Also imported here
import UIKit
       ^ (in target 'DeclarativeUIKit' from project 'DeclarativeUIKit')
/Users/admin/builder/spi-builder-workspace/Sources/DeclarativeUIKit/FixedSpacer.swift:6:8: note: Also imported here
import UIKit
       ^ (in target 'DeclarativeUIKit' from project 'DeclarativeUIKit')
/Users/admin/builder/spi-builder-workspace/Sources/DeclarativeUIKit/ForEach.swift:6:8: note: Also imported here
import UIKit
       ^ (in target 'DeclarativeUIKit' from project 'DeclarativeUIKit')
/Users/admin/builder/spi-builder-workspace/Sources/DeclarativeUIKit/HorizontalStack.swift:1:8: note: Also imported here
import UIKit
       ^ (in target 'DeclarativeUIKit' from project 'DeclarativeUIKit')
/Users/admin/builder/spi-builder-workspace/Sources/DeclarativeUIKit/List.swift:6:8: note: Also imported here
import UIKit
       ^ (in target 'DeclarativeUIKit' from project 'DeclarativeUIKit')
/Users/admin/builder/spi-builder-workspace/Sources/DeclarativeUIKit/ScrollView.swift:5:8: note: Also imported here
import UIKit
       ^ (in target 'DeclarativeUIKit' from project 'DeclarativeUIKit')
/Users/admin/builder/spi-builder-workspace/Sources/DeclarativeUIKit/Spacer.swift:1:8: note: Also imported here
import UIKit
       ^ (in target 'DeclarativeUIKit' from project 'DeclarativeUIKit')
/Users/admin/builder/spi-builder-workspace/Sources/DeclarativeUIKit/VerticalStack.swift:1:8: note: Also imported here
import UIKit
       ^ (in target 'DeclarativeUIKit' from project 'DeclarativeUIKit')
/Users/admin/builder/spi-builder-workspace/Sources/DeclarativeUIKit/ViewControllerHost.swift:6:8: note: Also imported here
import UIKit
       ^ (in target 'DeclarativeUIKit' from project 'DeclarativeUIKit')
/Users/admin/builder/spi-builder-workspace/Sources/DeclarativeUIKit/ViewsConvertible.swift:5:8: note: Also imported here
import UIKit
       ^ (in target 'DeclarativeUIKit' from project 'DeclarativeUIKit')
PruneExplicitPrecompiledModules /Users/admin/builder/spi-builder-workspace/.derivedData/Build/Intermediates.noindex/SwiftExplicitPrecompiledModules
PruneExplicitPrecompiledModules /Users/admin/builder/spi-builder-workspace/.derivedData/SDKExplicitPrecompiledModules
PruneExplicitPrecompiledModules /Users/admin/builder/spi-builder-workspace/.derivedData/Build/Intermediates.noindex/ExplicitPrecompiledModules
2026-09-20 20:17:18.702 xcodebuild[682:4228] [MT] IDERunDestination: Supported platforms for the buildables in the current scheme is empty.
2026-09-20 20:17:18.842 xcodebuild[682:4228] [MT] IDERunDestination: Supported platforms for the buildables in the current scheme is empty.
--- xcodebuild: WARNING: Using the first of multiple matching destinations:
{ platform:macOS, arch:arm64, id:d9bc7e10214c5ba020f2597e4a9e78de32a0c34d, name:My Mac }
{ platform:macOS, arch:arm64, variant:Mac Catalyst, id:d9bc7e10214c5ba020f2597e4a9e78de32a0c34d, name:My Mac }
{ platform:macOS, arch:arm64, variant:DriverKit, id:d9bc7e10214c5ba020f2597e4a9e78de32a0c34d, name:My Mac }
{ platform:macOS, arch:arm64, variant:Designed for [iPad,iPhone], id:d9bc7e10214c5ba020f2597e4a9e78de32a0c34d, name:My Mac }
** BUILD FAILED **
The following build commands failed:
	SwiftDriver DeclarativeUIKit normal arm64 com.apple.xcode.tools.swift.compiler (in target 'DeclarativeUIKit' from project 'DeclarativeUIKit')
	Building workspace DeclarativeUIKit with scheme DeclarativeUIKit
(2 failures)
Command line invocation:
    /Applications/Xcode-27.0.0-Release.Candidate.app/Contents/Developer/usr/bin/xcodebuild -IDEClonedSourcePackagesDirPathOverride=/Users/admin/builder/spi-builder-workspace/.dependencies -resolvePackageDependencies
Resolve Package Graph
Resolved source packages:
  DeclarativeUIKit: /Users/admin/builder/spi-builder-workspace
resolved source packages: DeclarativeUIKit
2026-09-20 20:17:24.288 xcodebuild[697:4402] [MT] IDERunDestination: Supported platforms for the buildables in the current scheme is empty.
2026-09-20 20:17:24.430 xcodebuild[697:4402] [MT] IDERunDestination: Supported platforms for the buildables in the current scheme is empty.
{
  "dependencies" : [
  ],
  "manifest_display_name" : "DeclarativeUIKit",
  "name" : "DeclarativeUIKit",
  "path" : "/Users/admin/builder/spi-builder-workspace",
  "platforms" : [
    {
      "name" : "ios",
      "version" : "10.0"
    }
  ],
  "products" : [
    {
      "name" : "DeclarativeUIKit",
      "targets" : [
        "DeclarativeUIKit"
      ],
      "type" : {
        "library" : [
          "automatic"
        ]
      }
    }
  ],
  "targets" : [
    {
      "c99name" : "DeclarativeUIKitTests",
      "module_type" : "SwiftTarget",
      "name" : "DeclarativeUIKitTests",
      "path" : "Tests/DeclarativeUIKitTests",
      "sources" : [
        "DeclarativeUIKitTests.swift"
      ],
      "target_dependencies" : [
        "DeclarativeUIKit"
      ],
      "type" : "test"
    },
    {
      "c99name" : "DeclarativeUIKit",
      "module_type" : "SwiftTarget",
      "name" : "DeclarativeUIKit",
      "path" : "Sources/DeclarativeUIKit",
      "product_memberships" : [
        "DeclarativeUIKit"
      ],
      "sources" : [
        "DeclarativeEdgeInsets.swift",
        "DeclarativeViewBuilder.swift",
        "Extensions/UIButton+Extensions.swift",
        "Extensions/UIImageView+Extensions.swift",
        "Extensions/UILabel+Extensions.swift",
        "Extensions/UIStackView+Extensions.swift",
        "Extensions/UITableView+Extensions.swift",
        "Extensions/UITextField+Extensions.swift",
        "Extensions/UIView+Extensions.swift",
        "FixedSpacer.swift",
        "ForEach.swift",
        "HorizontalStack.swift",
        "List.swift",
        "ScrollView.swift",
        "Spacer.swift",
        "VerticalStack.swift",
        "ViewControllerHost.swift",
        "ViewsConvertible.swift"
      ],
      "type" : "library"
    }
  ],
  "tools_version" : "5.2"
}
{
  "workspace" : {
    "name" : "DeclarativeUIKit",
    "schemes" : [
      "DeclarativeUIKit"
    ]
  }
}
2026-09-20 20:17:25.497 xcodebuild[705:4471] [MT] IDERunDestination: Supported platforms for the buildables in the current scheme is empty.
2026-09-20 20:17:25.638 xcodebuild[705:4471] [MT] IDERunDestination: Supported platforms for the buildables in the current scheme is empty.
Running build ...
env DEVELOPER_DIR=/Applications/Xcode-27.0.0-Release.Candidate.app xcrun xcodebuild -IDEClonedSourcePackagesDirPathOverride=$PWD/.dependencies -skipMacroValidation -skipPackagePluginValidation -derivedDataPath $PWD/.derivedData build -scheme DeclarativeUIKit -destination platform=macOS,arch=arm64
Command line invocation:
    /Applications/Xcode-27.0.0-Release.Candidate.app/Contents/Developer/usr/bin/xcodebuild -IDEClonedSourcePackagesDirPathOverride=/Users/admin/builder/spi-builder-workspace/.dependencies -skipMacroValidation -skipPackagePluginValidation -derivedDataPath /Users/admin/builder/spi-builder-workspace/.derivedData build -scheme DeclarativeUIKit -destination platform=macOS,arch=arm64
Resolve Package Graph
Resolved source packages:
  DeclarativeUIKit: /Users/admin/builder/spi-builder-workspace
ComputePackagePrebuildTargetDependencyGraph
Prepare packages
CreateBuildRequest
SendProjectDescription
CreateBuildOperation
ComputeTargetDependencyGraph
note: Building targets in dependency order
note: Target dependency graph (2 targets)
    Target 'DeclarativeUIKit-product' in project 'DeclarativeUIKit'
        ➜ Explicit dependency on target 'DeclarativeUIKit' in project 'DeclarativeUIKit'
    Target 'DeclarativeUIKit' in project 'DeclarativeUIKit' (no dependencies)
GatherProvisioningInputs
CreateBuildDescription
ClangStatCache /Applications/Xcode-27.0.0-Release.Candidate.app/Contents/Developer/Toolchains/XcodeDefault.xctoolchain/usr/bin/clang-stat-cache /Applications/Xcode-27.0.0-Release.Candidate.app/Contents/Developer/Platforms/MacOSX.platform/Developer/SDKs/MacOSX27.0.sdk /Users/admin/builder/spi-builder-workspace/.derivedData/SDKStatCaches.noindex/macosx27.0-26A425-e829b21a6f8c9b70876ba0858053c0446a22442a12e9d48fe1a705f55a1adfc4.sdkstatcache
    cd /Users/admin/builder/spi-builder-workspace/.swiftpm/xcode
    /Applications/Xcode-27.0.0-Release.Candidate.app/Contents/Developer/Toolchains/XcodeDefault.xctoolchain/usr/bin/clang-stat-cache /Applications/Xcode-27.0.0-Release.Candidate.app/Contents/Developer/Platforms/MacOSX.platform/Developer/SDKs/MacOSX27.0.sdk -o /Users/admin/builder/spi-builder-workspace/.derivedData/SDKStatCaches.noindex/macosx27.0-26A425-e829b21a6f8c9b70876ba0858053c0446a22442a12e9d48fe1a705f55a1adfc4.sdkstatcache
SwiftDriver DeclarativeUIKit normal arm64 com.apple.xcode.tools.swift.compiler (in target 'DeclarativeUIKit' from project 'DeclarativeUIKit')
    cd /Users/admin/builder/spi-builder-workspace/.swiftpm/xcode
    builtin-SwiftDriver -- /Applications/Xcode-27.0.0-Release.Candidate.app/Contents/Developer/Toolchains/XcodeDefault.xctoolchain/usr/bin/swiftc -parse-as-library -module-name DeclarativeUIKit -Onone @/Users/admin/builder/spi-builder-workspace/.derivedData/Build/Intermediates.noindex/DeclarativeUIKit.build/Debug/DeclarativeUIKit-t.build/Objects-normal/arm64/DeclarativeUIKit.SwiftFileList -DSWIFT_PACKAGE -DDEBUG -DSWIFT_MODULE_RESOURCE_BUNDLE_UNAVAILABLE -DXcode -plugin-path /Applications/Xcode-27.0.0-Release.Candidate.app/Contents/Developer/Toolchains/XcodeDefault.xctoolchain/usr/lib/swift/host/plugins/testing -enable-experimental-feature DebugDescriptionMacro -sdk /Applications/Xcode-27.0.0-Release.Candidate.app/Contents/Developer/Platforms/MacOSX.platform/Developer/SDKs/MacOSX27.0.sdk -target arm64-apple-macos12.0 -g -module-cache-path /Users/admin/builder/spi-builder-workspace/.derivedData/ModuleCache.noindex -Xfrontend -serialize-debugging-options -enable-testing -index-store-path /Users/admin/builder/spi-builder-workspace/.derivedData/Index.noindex/DataStore -Xcc -D_LIBCPP_HARDENING_MODE\=_LIBCPP_HARDENING_MODE_DEBUG -swift-version 5 -I /Users/admin/builder/spi-builder-workspace/.derivedData/Build/Products/Debug -Isystem /Applications/Xcode-27.0.0-Release.Candidate.app/Contents/Developer/Platforms/MacOSX.platform/Developer/usr/lib -F /Users/admin/builder/spi-builder-workspace/.derivedData/Build/Products/Debug -F /Applications/Xcode-27.0.0-Release.Candidate.app/Contents/Developer/Platforms/MacOSX.platform/Developer/Library/Frameworks -c -j10 -enable-batch-mode -incremental -Xcc -ivfsstatcache -Xcc /Users/admin/builder/spi-builder-workspace/.derivedData/SDKStatCaches.noindex/macosx27.0-26A425-e829b21a6f8c9b70876ba0858053c0446a22442a12e9d48fe1a705f55a1adfc4.sdkstatcache -output-file-map /Users/admin/builder/spi-builder-workspace/.derivedData/Build/Intermediates.noindex/DeclarativeUIKit.build/Debug/DeclarativeUIKit-t.build/Objects-normal/arm64/DeclarativeUIKit-OutputFileMap.json -save-temps -no-color-diagnostics -explicit-module-build -module-cache-path /Users/admin/builder/spi-builder-workspace/.derivedData/Build/Intermediates.noindex/SwiftExplicitPrecompiledModules -clang-scanner-module-cache-path /Users/admin/builder/spi-builder-workspace/.derivedData/ModuleCache.noindex -sdk-module-cache-path /Users/admin/builder/spi-builder-workspace/.derivedData/SDKExplicitPrecompiledModules -emit-dependencies -emit-module -emit-module-path /Users/admin/builder/spi-builder-workspace/.derivedData/Build/Intermediates.noindex/DeclarativeUIKit.build/Debug/DeclarativeUIKit-t.build/Objects-normal/arm64/DeclarativeUIKit.swiftmodule -serialize-diagnostics -dependency-scan-serialize-diagnostics-path /Users/admin/builder/spi-builder-workspace/.derivedData/Build/Intermediates.noindex/DeclarativeUIKit.build/Debug/DeclarativeUIKit-t.build/Objects-normal/arm64/DeclarativeUIKit-dependency-scan.dia -validate-clang-modules-once -clang-build-session-file /Users/admin/builder/spi-builder-workspace/.derivedData/ModuleCache.noindex/Session.modulevalidation -Xcc -fmodules-prune-interval\=86400 -Xcc -fmodules-prune-after\=345600 -emit-const-values -const-gather-protocols-list /Users/admin/builder/spi-builder-workspace/.derivedData/Build/Intermediates.noindex/DeclarativeUIKit.build/Debug/DeclarativeUIKit-t.build/Objects-normal/arm64/DeclarativeUIKit_const_extract_protocols.json -Xcc -I/Users/admin/builder/spi-builder-workspace/.derivedData/Build/Products/Debug/include -Xcc -I/Users/admin/builder/spi-builder-workspace/.derivedData/Build/Intermediates.noindex/DeclarativeUIKit.build/Debug/DeclarativeUIKit-t.build/DerivedSources-normal/arm64 -Xcc -I/Users/admin/builder/spi-builder-workspace/.derivedData/Build/Intermediates.noindex/DeclarativeUIKit.build/Debug/DeclarativeUIKit-t.build/DerivedSources/arm64 -Xcc -I/Users/admin/builder/spi-builder-workspace/.derivedData/Build/Intermediates.noindex/DeclarativeUIKit.build/Debug/DeclarativeUIKit-t.build/DerivedSources -Xcc -DSWIFT_PACKAGE -Xcc -DDEBUG\=1 -emit-objc-header -emit-objc-header-path /Users/admin/builder/spi-builder-workspace/.derivedData/Build/Intermediates.noindex/DeclarativeUIKit.build/Debug/DeclarativeUIKit-t.build/Objects-normal/arm64/DeclarativeUIKit-Swift.h -working-directory /Users/admin/builder/spi-builder-workspace/.swiftpm/xcode -experimental-emit-module-separately -disable-cmo
/Users/admin/builder/spi-builder-workspace/Sources/DeclarativeUIKit/DeclarativeViewBuilder.swift:5:8: error: Unable to resolve module dependency: 'UIKit' (in target 'DeclarativeUIKit' from project 'DeclarativeUIKit')
    note: A dependency of main module 'DeclarativeUIKit'
    /Users/admin/builder/spi-builder-workspace/Sources/DeclarativeUIKit/Extensions/UIButton+Extensions.swift:1:8: note: Also imported here
    /Users/admin/builder/spi-builder-workspace/Sources/DeclarativeUIKit/Extensions/UIImageView+Extensions.swift:1:8: note: Also imported here
    /Users/admin/builder/spi-builder-workspace/Sources/DeclarativeUIKit/Extensions/UILabel+Extensions.swift:1:8: note: Also imported here
    /Users/admin/builder/spi-builder-workspace/Sources/DeclarativeUIKit/Extensions/UIStackView+Extensions.swift:1:8: note: Also imported here
    /Users/admin/builder/spi-builder-workspace/Sources/DeclarativeUIKit/Extensions/UITableView+Extensions.swift:1:8: note: Also imported here
    /Users/admin/builder/spi-builder-workspace/Sources/DeclarativeUIKit/Extensions/UITextField+Extensions.swift:1:8: note: Also imported here
    /Users/admin/builder/spi-builder-workspace/Sources/DeclarativeUIKit/Extensions/UIView+Extensions.swift:1:8: note: Also imported here
    /Users/admin/builder/spi-builder-workspace/Sources/DeclarativeUIKit/FixedSpacer.swift:6:8: note: Also imported here
    /Users/admin/builder/spi-builder-workspace/Sources/DeclarativeUIKit/ForEach.swift:6:8: note: Also imported here
    /Users/admin/builder/spi-builder-workspace/Sources/DeclarativeUIKit/HorizontalStack.swift:1:8: note: Also imported here
    /Users/admin/builder/spi-builder-workspace/Sources/DeclarativeUIKit/List.swift:6:8: note: Also imported here
    /Users/admin/builder/spi-builder-workspace/Sources/DeclarativeUIKit/ScrollView.swift:5:8: note: Also imported here
    /Users/admin/builder/spi-builder-workspace/Sources/DeclarativeUIKit/Spacer.swift:1:8: note: Also imported here
    /Users/admin/builder/spi-builder-workspace/Sources/DeclarativeUIKit/VerticalStack.swift:1:8: note: Also imported here
    /Users/admin/builder/spi-builder-workspace/Sources/DeclarativeUIKit/ViewControllerHost.swift:6:8: note: Also imported here
    /Users/admin/builder/spi-builder-workspace/Sources/DeclarativeUIKit/ViewsConvertible.swift:5:8: note: Also imported here
/Users/admin/builder/spi-builder-workspace/Sources/DeclarativeUIKit/DeclarativeViewBuilder.swift:5:8: note: A dependency of main module 'DeclarativeUIKit'
import UIKit
       ^ (in target 'DeclarativeUIKit' from project 'DeclarativeUIKit')
/Users/admin/builder/spi-builder-workspace/Sources/DeclarativeUIKit/Extensions/UIButton+Extensions.swift:1:8: note: Also imported here
import UIKit
       ^ (in target 'DeclarativeUIKit' from project 'DeclarativeUIKit')
/Users/admin/builder/spi-builder-workspace/Sources/DeclarativeUIKit/Extensions/UIImageView+Extensions.swift:1:8: note: Also imported here
import UIKit
       ^ (in target 'DeclarativeUIKit' from project 'DeclarativeUIKit')
/Users/admin/builder/spi-builder-workspace/Sources/DeclarativeUIKit/Extensions/UILabel+Extensions.swift:1:8: note: Also imported here
import UIKit
       ^ (in target 'DeclarativeUIKit' from project 'DeclarativeUIKit')
/Users/admin/builder/spi-builder-workspace/Sources/DeclarativeUIKit/Extensions/UIStackView+Extensions.swift:1:8: note: Also imported here
import UIKit
       ^ (in target 'DeclarativeUIKit' from project 'DeclarativeUIKit')
/Users/admin/builder/spi-builder-workspace/Sources/DeclarativeUIKit/Extensions/UITableView+Extensions.swift:1:8: note: Also imported here
import UIKit
       ^ (in target 'DeclarativeUIKit' from project 'DeclarativeUIKit')
/Users/admin/builder/spi-builder-workspace/Sources/DeclarativeUIKit/Extensions/UITextField+Extensions.swift:1:8: note: Also imported here
import UIKit
       ^ (in target 'DeclarativeUIKit' from project 'DeclarativeUIKit')
/Users/admin/builder/spi-builder-workspace/Sources/DeclarativeUIKit/Extensions/UIView+Extensions.swift:1:8: note: Also imported here
import UIKit
       ^ (in target 'DeclarativeUIKit' from project 'DeclarativeUIKit')
/Users/admin/builder/spi-builder-workspace/Sources/DeclarativeUIKit/FixedSpacer.swift:6:8: note: Also imported here
import UIKit
       ^ (in target 'DeclarativeUIKit' from project 'DeclarativeUIKit')
/Users/admin/builder/spi-builder-workspace/Sources/DeclarativeUIKit/ForEach.swift:6:8: note: Also imported here
import UIKit
       ^ (in target 'DeclarativeUIKit' from project 'DeclarativeUIKit')
/Users/admin/builder/spi-builder-workspace/Sources/DeclarativeUIKit/HorizontalStack.swift:1:8: note: Also imported here
import UIKit
       ^ (in target 'DeclarativeUIKit' from project 'DeclarativeUIKit')
/Users/admin/builder/spi-builder-workspace/Sources/DeclarativeUIKit/List.swift:6:8: note: Also imported here
import UIKit
       ^ (in target 'DeclarativeUIKit' from project 'DeclarativeUIKit')
/Users/admin/builder/spi-builder-workspace/Sources/DeclarativeUIKit/ScrollView.swift:5:8: note: Also imported here
import UIKit
       ^ (in target 'DeclarativeUIKit' from project 'DeclarativeUIKit')
/Users/admin/builder/spi-builder-workspace/Sources/DeclarativeUIKit/Spacer.swift:1:8: note: Also imported here
import UIKit
       ^ (in target 'DeclarativeUIKit' from project 'DeclarativeUIKit')
/Users/admin/builder/spi-builder-workspace/Sources/DeclarativeUIKit/VerticalStack.swift:1:8: note: Also imported here
import UIKit
       ^ (in target 'DeclarativeUIKit' from project 'DeclarativeUIKit')
/Users/admin/builder/spi-builder-workspace/Sources/DeclarativeUIKit/ViewControllerHost.swift:6:8: note: Also imported here
import UIKit
       ^ (in target 'DeclarativeUIKit' from project 'DeclarativeUIKit')
/Users/admin/builder/spi-builder-workspace/Sources/DeclarativeUIKit/ViewsConvertible.swift:5:8: note: Also imported here
import UIKit
       ^ (in target 'DeclarativeUIKit' from project 'DeclarativeUIKit')
PruneExplicitPrecompiledModules /Users/admin/builder/spi-builder-workspace/.derivedData/Build/Intermediates.noindex/SwiftExplicitPrecompiledModules
PruneExplicitPrecompiledModules /Users/admin/builder/spi-builder-workspace/.derivedData/Build/Intermediates.noindex/ExplicitPrecompiledModules
PruneExplicitPrecompiledModules /Users/admin/builder/spi-builder-workspace/.derivedData/SDKExplicitPrecompiledModules
2026-09-20 20:17:26.453 xcodebuild[706:4498] [MT] IDERunDestination: Supported platforms for the buildables in the current scheme is empty.
2026-09-20 20:17:26.590 xcodebuild[706:4498] [MT] IDERunDestination: Supported platforms for the buildables in the current scheme is empty.
--- xcodebuild: WARNING: Using the first of multiple matching destinations:
{ platform:macOS, arch:arm64, id:d9bc7e10214c5ba020f2597e4a9e78de32a0c34d, name:My Mac }
{ platform:macOS, arch:arm64, variant:Mac Catalyst, id:d9bc7e10214c5ba020f2597e4a9e78de32a0c34d, name:My Mac }
{ platform:macOS, arch:arm64, variant:DriverKit, id:d9bc7e10214c5ba020f2597e4a9e78de32a0c34d, name:My Mac }
{ platform:macOS, arch:arm64, variant:Designed for [iPad,iPhone], id:d9bc7e10214c5ba020f2597e4a9e78de32a0c34d, name:My Mac }
** BUILD FAILED **
The following build commands failed:
	SwiftDriver DeclarativeUIKit normal arm64 com.apple.xcode.tools.swift.compiler (in target 'DeclarativeUIKit' from project 'DeclarativeUIKit')
	Building workspace DeclarativeUIKit with scheme DeclarativeUIKit
(2 failures)
BUILD FAILURE 6.4 macosXcodebuild