The Swift Package Index logo.Swift Package Index

Build Information

Failed to build WebSocket, reference v4.1.2 (fc1e38), with Swift 6.1 for Android on 24 Jun 2026 20:42:49 UTC.

Build Command

bash -c docker run --pull=always --rm -v "checkouts-53886768-0":/host -w "$PWD" -e JAVA_HOME="/root/.sdkman/candidates/java/current" -e SPI_BUILD="1" -e SPI_PROCESSING="1" registry.gitlab.com/swiftpackageindex/spi-images:android-6.1-latest swift build --swift-sdk aarch64-unknown-linux-android24 2>&1

Build Log

========================================
RunAll
========================================
Builder version: 4071e0796c748d991a0123890d2f0ecadc8fcc8c
Interrupt handler set up.
========================================
Checkout
========================================
Clone URL: https://github.com/shareup/websocket-apple.git
Reference: v4.1.2
Initialized empty Git repository in /host/spi-builder-workspace/.git/
hint: Using 'master' as the name for the initial branch. This default branch name
hint: is subject to change. To configure the initial branch name to use in all
hint: of your new repositories, which will suppress this warning, call:
hint:
hint: 	git config --global init.defaultBranch <name>
hint:
hint: Names commonly chosen instead of 'master' are 'main', 'trunk' and
hint: 'development'. The just-created branch can be renamed via this command:
hint:
hint: 	git branch -m <name>
From https://github.com/shareup/websocket-apple
 * tag               v4.1.2     -> FETCH_HEAD
HEAD is now at fc1e388 Add server ping/pong test coverage (#21)
Cloned https://github.com/shareup/websocket-apple.git
Revision (git rev-parse @):
fc1e388b9318546a9680ce083d5f3ddcff3805a3
SUCCESS checkout https://github.com/shareup/websocket-apple.git at v4.1.2
========================================
Build
========================================
Selected platform:         android
Swift version:             6.1
Building package at path:  $PWD
https://github.com/shareup/websocket-apple.git
https://github.com/shareup/websocket-apple.git
WARNING: environment variable SUPPRESS_SWIFT_6_FLAGS is not set
Running build ...
bash -c docker run --pull=always --rm -v "checkouts-53886768-0":/host -w "$PWD" -e JAVA_HOME="/root/.sdkman/candidates/java/current" -e SPI_BUILD="1" -e SPI_PROCESSING="1" registry.gitlab.com/swiftpackageindex/spi-images:android-6.1-latest swift build --swift-sdk aarch64-unknown-linux-android24 -Xswiftc -Xfrontend -Xswiftc -stats-output-dir -Xswiftc -Xfrontend -Xswiftc .stats -Xswiftc -strict-concurrency=complete -Xswiftc -enable-upcoming-feature -Xswiftc StrictConcurrency -Xswiftc -enable-upcoming-feature -Xswiftc DisableOutwardActorInference -Xswiftc -enable-upcoming-feature -Xswiftc GlobalActorIsolatedTypesUsability -Xswiftc -enable-upcoming-feature -Xswiftc InferSendableFromCaptures 2>&1
android-6.1-latest: Pulling from swiftpackageindex/spi-images
Digest: sha256:4a63948557d43955e4033f1b4ac1c3cc996c027258fe5b7a7e5b05518357d5f0
Status: Image is up to date for registry.gitlab.com/swiftpackageindex/spi-images:android-6.1-latest
Fetching https://github.com/vapor/websocket-kit.git
Fetching https://github.com/shareup/async-extensions.git
Fetching https://github.com/apple/swift-nio.git
Fetching https://github.com/shareup/dispatch-timer.git
[1/119] Fetching dispatch-timer
[120/2783] Fetching dispatch-timer, websocket-kit
[467/3270] Fetching dispatch-timer, websocket-kit, async-extensions
Fetched https://github.com/vapor/websocket-kit.git from cache (0.41s)
[1/84122] Fetching swift-nio
Fetched https://github.com/shareup/dispatch-timer.git from cache (3.09s)
Fetched https://github.com/shareup/async-extensions.git from cache (3.09s)
Fetched https://github.com/apple/swift-nio.git from cache (3.13s)
Computing version for https://github.com/shareup/async-extensions.git
Computed https://github.com/shareup/async-extensions.git at 4.4.0 (3.34s)
Fetching https://github.com/shareup/synchronized.git
[1/226] Fetching synchronized
Fetched https://github.com/shareup/synchronized.git from cache (0.41s)
Computing version for https://github.com/shareup/synchronized.git
Computed https://github.com/shareup/synchronized.git at 4.0.1 (1.32s)
Computing version for https://github.com/shareup/dispatch-timer.git
Computed https://github.com/shareup/dispatch-timer.git at 3.0.2 (0.24s)
Computing version for https://github.com/vapor/websocket-kit.git
Computed https://github.com/vapor/websocket-kit.git at 2.16.2 (0.21s)
Fetching https://github.com/apple/swift-atomics.git
Fetching https://github.com/apple/swift-nio-transport-services.git
Fetching https://github.com/apple/swift-nio-ssl.git
Fetching https://github.com/apple/swift-nio-extras.git
[1/2860] Fetching swift-nio-transport-services
[30/4728] Fetching swift-nio-transport-services, swift-atomics
[1143/11271] Fetching swift-nio-transport-services, swift-atomics, swift-nio-extras
Fetched https://github.com/apple/swift-nio-transport-services.git from cache (0.48s)
Fetched https://github.com/apple/swift-atomics.git from cache (0.48s)
Fetched https://github.com/apple/swift-nio-extras.git from cache (0.48s)
[1/15577] Fetching swift-nio-ssl
Fetched https://github.com/apple/swift-nio-ssl.git from cache (1.24s)
Computing version for https://github.com/apple/swift-atomics.git
Computed https://github.com/apple/swift-atomics.git at 1.3.1 (1.46s)
Computing version for https://github.com/apple/swift-nio-transport-services.git
Computed https://github.com/apple/swift-nio-transport-services.git at 1.28.0 (0.23s)
Computing version for https://github.com/apple/swift-nio-ssl.git
Computed https://github.com/apple/swift-nio-ssl.git at 2.37.1 (0.24s)
Computing version for https://github.com/apple/swift-nio.git
Computed https://github.com/apple/swift-nio.git at 2.101.2 (0.42s)
Fetching https://github.com/apple/swift-system.git
Fetching https://github.com/apple/swift-collections.git
[1/25239] Fetching swift-collections
[1768/31132] Fetching swift-collections, swift-system
Fetched https://github.com/apple/swift-system.git from cache (0.97s)
Fetched https://github.com/apple/swift-collections.git from cache (0.98s)
Computing version for https://github.com/apple/swift-system.git
Computed https://github.com/apple/swift-system.git at 1.7.2 (1.24s)
Computing version for https://github.com/apple/swift-collections.git
Computed https://github.com/apple/swift-collections.git at 1.6.0 (0.31s)
Computing version for https://github.com/apple/swift-nio-extras.git
Computed https://github.com/apple/swift-nio-extras.git at 1.34.1 (0.26s)
Fetching https://github.com/apple/swift-asn1.git
Fetching https://github.com/swift-server/swift-service-lifecycle.git
Fetching https://github.com/apple/swift-algorithms.git
Fetching https://github.com/apple/swift-log.git
Fetching https://github.com/apple/swift-certificates.git
Fetching https://github.com/apple/swift-async-algorithms.git
[1/7563] Fetching swift-log
[455/9468] Fetching swift-log, swift-asn1
[3637/12232] Fetching swift-log, swift-asn1, swift-service-lifecycle
[4573/18295] Fetching swift-log, swift-asn1, swift-service-lifecycle, swift-algorithms
[6289/25623] Fetching swift-log, swift-asn1, swift-service-lifecycle, swift-algorithms, swift-certificates
Fetched https://github.com/apple/swift-asn1.git from cache (0.42s)
[12311/23718] Fetching swift-log, swift-service-lifecycle, swift-algorithms, swift-certificates
Fetching https://github.com/apple/swift-http-structured-headers.git
[23719/30271] Fetching swift-log, swift-service-lifecycle, swift-algorithms, swift-certificates, swift-async-algorithms
[24178/31520] Fetching swift-log, swift-service-lifecycle, swift-algorithms, swift-certificates, swift-async-algorithms, swift-http-structured-headers
Fetched https://github.com/apple/swift-http-structured-headers.git from cache (0.37s)
Fetching https://github.com/apple/swift-http-types.git
[24898/30271] Fetching swift-log, swift-service-lifecycle, swift-algorithms, swift-certificates, swift-async-algorithms
Fetched https://github.com/swift-server/swift-service-lifecycle.git from cache (0.96s)
Fetched https://github.com/apple/swift-async-algorithms.git from cache (0.96s)
Fetching https://github.com/apple/swift-nio-http2.git
Fetched https://github.com/apple/swift-algorithms.git from cache (0.96s)
Fetched https://github.com/apple/swift-certificates.git from cache (0.96s)
Fetched https://github.com/apple/swift-log.git from cache (0.96s)
[1/1219] Fetching swift-http-types
Fetched https://github.com/apple/swift-http-types.git from cache (0.43s)
[1/12123] Fetching swift-nio-http2
Fetched https://github.com/apple/swift-nio-http2.git from cache (0.80s)
Computing version for https://github.com/apple/swift-algorithms.git
Computed https://github.com/apple/swift-algorithms.git at 1.2.1 (2.00s)
Fetching https://github.com/apple/swift-numerics.git
[1/6429] Fetching swift-numerics
Fetched https://github.com/apple/swift-numerics.git from cache (0.46s)
Computing version for https://github.com/swift-server/swift-service-lifecycle.git
Computed https://github.com/swift-server/swift-service-lifecycle.git at 2.11.0 (0.68s)
Computing version for https://github.com/apple/swift-async-algorithms.git
Computed https://github.com/apple/swift-async-algorithms.git at 1.1.4 (0.25s)
Computing version for https://github.com/apple/swift-http-types.git
Computed https://github.com/apple/swift-http-types.git at 1.6.0 (0.21s)
Computing version for https://github.com/apple/swift-numerics.git
Computed https://github.com/apple/swift-numerics.git at 1.1.1 (0.20s)
Computing version for https://github.com/apple/swift-asn1.git
Computed https://github.com/apple/swift-asn1.git at 1.7.1 (0.92s)
Computing version for https://github.com/apple/swift-http-structured-headers.git
Computed https://github.com/apple/swift-http-structured-headers.git at 1.7.0 (0.21s)
Computing version for https://github.com/apple/swift-certificates.git
Computed https://github.com/apple/swift-certificates.git at 1.19.2 (0.26s)
Fetching https://github.com/apple/swift-crypto.git
[1/17761] Fetching swift-crypto
Fetched https://github.com/apple/swift-crypto.git from cache (1.38s)
Computing version for https://github.com/apple/swift-log.git
Computed https://github.com/apple/swift-log.git at 1.14.0 (1.60s)
Computing version for https://github.com/apple/swift-crypto.git
Computed https://github.com/apple/swift-crypto.git at 4.5.0 (0.77s)
Computing version for https://github.com/apple/swift-nio-http2.git
Computed https://github.com/apple/swift-nio-http2.git at 1.44.0 (0.23s)
Creating working copy for https://github.com/apple/swift-crypto.git
Working copy of https://github.com/apple/swift-crypto.git resolved at 4.5.0
Creating working copy for https://github.com/apple/swift-atomics.git
Working copy of https://github.com/apple/swift-atomics.git resolved at 1.3.1
Creating working copy for https://github.com/apple/swift-algorithms.git
Working copy of https://github.com/apple/swift-algorithms.git resolved at 1.2.1
Creating working copy for https://github.com/apple/swift-http-types.git
Working copy of https://github.com/apple/swift-http-types.git resolved at 1.6.0
Creating working copy for https://github.com/apple/swift-nio-extras.git
Working copy of https://github.com/apple/swift-nio-extras.git resolved at 1.34.1
Creating working copy for https://github.com/apple/swift-nio-transport-services.git
Working copy of https://github.com/apple/swift-nio-transport-services.git resolved at 1.28.0
Creating working copy for https://github.com/apple/swift-collections.git
Working copy of https://github.com/apple/swift-collections.git resolved at 1.6.0
Creating working copy for https://github.com/shareup/async-extensions.git
Working copy of https://github.com/shareup/async-extensions.git resolved at 4.4.0
Creating working copy for https://github.com/apple/swift-nio-http2.git
Working copy of https://github.com/apple/swift-nio-http2.git resolved at 1.44.0
Creating working copy for https://github.com/apple/swift-certificates.git
Working copy of https://github.com/apple/swift-certificates.git resolved at 1.19.2
Creating working copy for https://github.com/apple/swift-async-algorithms.git
Working copy of https://github.com/apple/swift-async-algorithms.git resolved at 1.1.4
Creating working copy for https://github.com/apple/swift-nio.git
Working copy of https://github.com/apple/swift-nio.git resolved at 2.101.2
Creating working copy for https://github.com/apple/swift-asn1.git
Working copy of https://github.com/apple/swift-asn1.git resolved at 1.7.1
Creating working copy for https://github.com/apple/swift-log.git
Working copy of https://github.com/apple/swift-log.git resolved at 1.14.0
Creating working copy for https://github.com/vapor/websocket-kit.git
Working copy of https://github.com/vapor/websocket-kit.git resolved at 2.16.2
Creating working copy for https://github.com/swift-server/swift-service-lifecycle.git
Working copy of https://github.com/swift-server/swift-service-lifecycle.git resolved at 2.11.0
Creating working copy for https://github.com/apple/swift-numerics.git
Working copy of https://github.com/apple/swift-numerics.git resolved at 1.1.1
Creating working copy for https://github.com/apple/swift-nio-ssl.git
Working copy of https://github.com/apple/swift-nio-ssl.git resolved at 2.37.1
Creating working copy for https://github.com/apple/swift-http-structured-headers.git
Working copy of https://github.com/apple/swift-http-structured-headers.git resolved at 1.7.0
Creating working copy for https://github.com/apple/swift-system.git
Working copy of https://github.com/apple/swift-system.git resolved at 1.7.2
Creating working copy for https://github.com/shareup/dispatch-timer.git
Working copy of https://github.com/shareup/dispatch-timer.git resolved at 3.0.2
Creating working copy for https://github.com/shareup/synchronized.git
Working copy of https://github.com/shareup/synchronized.git resolved at 4.0.1
Building for debugging...
[0/5] Write sources
[4/5] Write swift-version-24593BA9C3E375BF.txt
error: emit-module command failed with exit code 1 (use -v to see invocation)
[6/9] Emitting module Synchronized
/host/spi-builder-workspace/.build/checkouts/synchronized/Sources/Synchronized/Lock.swift:4:47: error: cannot find type 'os_unfair_lock' in scope
 2 |
 3 | public final class Lock {
 4 |     private var backing: UnsafeMutablePointer<os_unfair_lock>
   |                                               `- error: cannot find type 'os_unfair_lock' in scope
 5 |
 6 |     public init() {
/host/spi-builder-workspace/.build/checkouts/synchronized/Sources/Synchronized/Locked.swift:4:54: error: cannot find type 'os_unfair_lock' in scope
 2 |
 3 | public struct Locked<Element> {
 4 |     private final class Lock: ManagedBuffer<Element, os_unfair_lock> {
   |                                                      `- error: cannot find type 'os_unfair_lock' in scope
 5 |         deinit {
 6 |             withUnsafeMutablePointerToElements { lock in
/host/spi-builder-workspace/.build/checkouts/synchronized/Sources/Synchronized/Locked.swift:12:48: error: cannot find type 'os_unfair_lock' in scope
10 |     }
11 |
12 |     private let buffer: ManagedBuffer<Element, os_unfair_lock>
   |                                                `- error: cannot find type 'os_unfair_lock' in scope
13 |
14 |     public init(_ element: Element) {
[7/9] Compiling Synchronized Lock.swift
/host/spi-builder-workspace/.build/checkouts/synchronized/Sources/Synchronized/Lock.swift:4:47: error: cannot find type 'os_unfair_lock' in scope
 2 |
 3 | public final class Lock {
 4 |     private var backing: UnsafeMutablePointer<os_unfair_lock>
   |                                               `- error: cannot find type 'os_unfair_lock' in scope
 5 |
 6 |     public init() {
/host/spi-builder-workspace/.build/checkouts/synchronized/Sources/Synchronized/Lock.swift:7:40: error: cannot find type 'os_unfair_lock' in scope
 5 |
 6 |     public init() {
 7 |         backing = UnsafeMutablePointer<os_unfair_lock>.allocate(capacity: 1)
   |                                        `- error: cannot find type 'os_unfair_lock' in scope
 8 |         backing.initialize(to: os_unfair_lock())
 9 |     }
/host/spi-builder-workspace/.build/checkouts/synchronized/Sources/Synchronized/Lock.swift:8:32: error: cannot find 'os_unfair_lock' in scope
 6 |     public init() {
 7 |         backing = UnsafeMutablePointer<os_unfair_lock>.allocate(capacity: 1)
 8 |         backing.initialize(to: os_unfair_lock())
   |                                `- error: cannot find 'os_unfair_lock' in scope
 9 |     }
10 |
/host/spi-builder-workspace/.build/checkouts/synchronized/Sources/Synchronized/Lock.swift:18:9: error: cannot find 'os_unfair_lock_lock' in scope
16 |     public func locked<T>(_ block: () throws -> T) rethrows -> T {
17 |         // https://developer.apple.com/documentation/os/1646466-os_unfair_lock_lock
18 |         os_unfair_lock_lock(backing)
   |         `- error: cannot find 'os_unfair_lock_lock' in scope
19 |         defer { os_unfair_lock_unlock(backing) }
20 |         return try block()
/host/spi-builder-workspace/.build/checkouts/synchronized/Sources/Synchronized/Lock.swift:19:17: error: cannot find 'os_unfair_lock_unlock' in scope
17 |         // https://developer.apple.com/documentation/os/1646466-os_unfair_lock_lock
18 |         os_unfair_lock_lock(backing)
19 |         defer { os_unfair_lock_unlock(backing) }
   |                 `- error: cannot find 'os_unfair_lock_unlock' in scope
20 |         return try block()
21 |     }
/host/spi-builder-workspace/.build/checkouts/synchronized/Sources/Synchronized/Lock.swift:25:12: error: cannot find 'os_unfair_lock_trylock' in scope
23 |     public func tryLocked(_ block: () throws -> Void) rethrows -> Bool {
24 |         // https://developer.apple.com/documentation/os/1646469-os_unfair_lock_trylock
25 |         if os_unfair_lock_trylock(backing) {
   |            `- error: cannot find 'os_unfair_lock_trylock' in scope
26 |             defer { os_unfair_lock_unlock(backing) }
27 |             try block()
/host/spi-builder-workspace/.build/checkouts/synchronized/Sources/Synchronized/Lock.swift:26:21: error: cannot find 'os_unfair_lock_unlock' in scope
24 |         // https://developer.apple.com/documentation/os/1646469-os_unfair_lock_trylock
25 |         if os_unfair_lock_trylock(backing) {
26 |             defer { os_unfair_lock_unlock(backing) }
   |                     `- error: cannot find 'os_unfair_lock_unlock' in scope
27 |             try block()
28 |             return true
[8/9] Compiling Synchronized RecursiveLock.swift
/host/spi-builder-workspace/.build/checkouts/synchronized/Sources/Synchronized/RecursiveLock.swift:14:54: error: cannot convert value of type 'Int' to expected argument type 'Int32'
12 |         else { preconditionFailure() }
13 |
14 |         guard pthread_mutexattr_settype(&attributes, PTHREAD_MUTEX_RECURSIVE) == 0
   |                                                      `- error: cannot convert value of type 'Int' to expected argument type 'Int32'
15 |         else { preconditionFailure() }
16 |
[9/9] Compiling Synchronized Locked.swift
/host/spi-builder-workspace/.build/checkouts/synchronized/Sources/Synchronized/Locked.swift:4:54: error: cannot find type 'os_unfair_lock' in scope
 2 |
 3 | public struct Locked<Element> {
 4 |     private final class Lock: ManagedBuffer<Element, os_unfair_lock> {
   |                                                      `- error: cannot find type 'os_unfair_lock' in scope
 5 |         deinit {
 6 |             withUnsafeMutablePointerToElements { lock in
/host/spi-builder-workspace/.build/checkouts/synchronized/Sources/Synchronized/Locked.swift:12:48: error: cannot find type 'os_unfair_lock' in scope
10 |     }
11 |
12 |     private let buffer: ManagedBuffer<Element, os_unfair_lock>
   |                                                `- error: cannot find type 'os_unfair_lock' in scope
13 |
14 |     public init(_ element: Element) {
/host/spi-builder-workspace/.build/checkouts/synchronized/Sources/Synchronized/Locked.swift:6:13: error: type of expression is ambiguous without a type annotation
 4 |     private final class Lock: ManagedBuffer<Element, os_unfair_lock> {
 5 |         deinit {
 6 |             withUnsafeMutablePointerToElements { lock in
   |             `- error: type of expression is ambiguous without a type annotation
 7 |                 _ = lock.deinitialize(count: 1)
 8 |             }
/host/spi-builder-workspace/.build/checkouts/synchronized/Sources/Synchronized/Locked.swift:17:35: error: cannot find 'os_unfair_lock' in scope
15 |         buffer = Lock.create(minimumCapacity: 1) { buffer in
16 |             buffer.withUnsafeMutablePointerToElements {
17 |                 $0.initialize(to: os_unfair_lock())
   |                                   `- error: cannot find 'os_unfair_lock' in scope
18 |             }
19 |             return element
/host/spi-builder-workspace/.build/checkouts/synchronized/Sources/Synchronized/Locked.swift:15:16: error: type of expression is ambiguous without a type annotation
13 |
14 |     public init(_ element: Element) {
15 |         buffer = Lock.create(minimumCapacity: 1) { buffer in
   |                `- error: type of expression is ambiguous without a type annotation
16 |             buffer.withUnsafeMutablePointerToElements {
17 |                 $0.initialize(to: os_unfair_lock())
/host/spi-builder-workspace/.build/checkouts/synchronized/Sources/Synchronized/Locked.swift:25:13: error: cannot find 'os_unfair_lock_lock' in scope
23 |     public func access<Return>(_ block: (inout Element) throws -> Return) rethrows -> Return {
24 |         try buffer.withUnsafeMutablePointers { element, lock in
25 |             os_unfair_lock_lock(lock)
   |             `- error: cannot find 'os_unfair_lock_lock' in scope
26 |             defer { os_unfair_lock_unlock(lock) }
27 |             return try block(&element.pointee)
Running build ...
bash -c docker run --pull=always --rm -v "checkouts-53886768-0":/host -w "$PWD" -e JAVA_HOME="/root/.sdkman/candidates/java/current" -e SPI_BUILD="1" -e SPI_PROCESSING="1" registry.gitlab.com/swiftpackageindex/spi-images:android-6.1-latest swift build --swift-sdk aarch64-unknown-linux-android24 2>&1
android-6.1-latest: Pulling from swiftpackageindex/spi-images
Digest: sha256:4a63948557d43955e4033f1b4ac1c3cc996c027258fe5b7a7e5b05518357d5f0
Status: Image is up to date for registry.gitlab.com/swiftpackageindex/spi-images:android-6.1-latest
[0/1] Planning build
Building for debugging...
[0/1] Write swift-version-24593BA9C3E375BF.txt
error: emit-module command failed with exit code 1 (use -v to see invocation)
[2/5] Emitting module Synchronized
/host/spi-builder-workspace/.build/checkouts/synchronized/Sources/Synchronized/Lock.swift:4:47: error: cannot find type 'os_unfair_lock' in scope
 2 |
 3 | public final class Lock {
 4 |     private var backing: UnsafeMutablePointer<os_unfair_lock>
   |                                               `- error: cannot find type 'os_unfair_lock' in scope
 5 |
 6 |     public init() {
/host/spi-builder-workspace/.build/checkouts/synchronized/Sources/Synchronized/Locked.swift:4:54: error: cannot find type 'os_unfair_lock' in scope
 2 |
 3 | public struct Locked<Element> {
 4 |     private final class Lock: ManagedBuffer<Element, os_unfair_lock> {
   |                                                      `- error: cannot find type 'os_unfair_lock' in scope
 5 |         deinit {
 6 |             withUnsafeMutablePointerToElements { lock in
/host/spi-builder-workspace/.build/checkouts/synchronized/Sources/Synchronized/Locked.swift:12:48: error: cannot find type 'os_unfair_lock' in scope
10 |     }
11 |
12 |     private let buffer: ManagedBuffer<Element, os_unfair_lock>
   |                                                `- error: cannot find type 'os_unfair_lock' in scope
13 |
14 |     public init(_ element: Element) {
[3/5] Compiling Synchronized Lock.swift
/host/spi-builder-workspace/.build/checkouts/synchronized/Sources/Synchronized/Lock.swift:4:47: error: cannot find type 'os_unfair_lock' in scope
 2 |
 3 | public final class Lock {
 4 |     private var backing: UnsafeMutablePointer<os_unfair_lock>
   |                                               `- error: cannot find type 'os_unfair_lock' in scope
 5 |
 6 |     public init() {
/host/spi-builder-workspace/.build/checkouts/synchronized/Sources/Synchronized/Lock.swift:7:40: error: cannot find type 'os_unfair_lock' in scope
 5 |
 6 |     public init() {
 7 |         backing = UnsafeMutablePointer<os_unfair_lock>.allocate(capacity: 1)
   |                                        `- error: cannot find type 'os_unfair_lock' in scope
 8 |         backing.initialize(to: os_unfair_lock())
 9 |     }
/host/spi-builder-workspace/.build/checkouts/synchronized/Sources/Synchronized/Lock.swift:8:32: error: cannot find 'os_unfair_lock' in scope
 6 |     public init() {
 7 |         backing = UnsafeMutablePointer<os_unfair_lock>.allocate(capacity: 1)
 8 |         backing.initialize(to: os_unfair_lock())
   |                                `- error: cannot find 'os_unfair_lock' in scope
 9 |     }
10 |
/host/spi-builder-workspace/.build/checkouts/synchronized/Sources/Synchronized/Lock.swift:18:9: error: cannot find 'os_unfair_lock_lock' in scope
16 |     public func locked<T>(_ block: () throws -> T) rethrows -> T {
17 |         // https://developer.apple.com/documentation/os/1646466-os_unfair_lock_lock
18 |         os_unfair_lock_lock(backing)
   |         `- error: cannot find 'os_unfair_lock_lock' in scope
19 |         defer { os_unfair_lock_unlock(backing) }
20 |         return try block()
/host/spi-builder-workspace/.build/checkouts/synchronized/Sources/Synchronized/Lock.swift:19:17: error: cannot find 'os_unfair_lock_unlock' in scope
17 |         // https://developer.apple.com/documentation/os/1646466-os_unfair_lock_lock
18 |         os_unfair_lock_lock(backing)
19 |         defer { os_unfair_lock_unlock(backing) }
   |                 `- error: cannot find 'os_unfair_lock_unlock' in scope
20 |         return try block()
21 |     }
/host/spi-builder-workspace/.build/checkouts/synchronized/Sources/Synchronized/Lock.swift:25:12: error: cannot find 'os_unfair_lock_trylock' in scope
23 |     public func tryLocked(_ block: () throws -> Void) rethrows -> Bool {
24 |         // https://developer.apple.com/documentation/os/1646469-os_unfair_lock_trylock
25 |         if os_unfair_lock_trylock(backing) {
   |            `- error: cannot find 'os_unfair_lock_trylock' in scope
26 |             defer { os_unfair_lock_unlock(backing) }
27 |             try block()
/host/spi-builder-workspace/.build/checkouts/synchronized/Sources/Synchronized/Lock.swift:26:21: error: cannot find 'os_unfair_lock_unlock' in scope
24 |         // https://developer.apple.com/documentation/os/1646469-os_unfair_lock_trylock
25 |         if os_unfair_lock_trylock(backing) {
26 |             defer { os_unfair_lock_unlock(backing) }
   |                     `- error: cannot find 'os_unfair_lock_unlock' in scope
27 |             try block()
28 |             return true
[4/5] Compiling Synchronized Locked.swift
/host/spi-builder-workspace/.build/checkouts/synchronized/Sources/Synchronized/Locked.swift:4:54: error: cannot find type 'os_unfair_lock' in scope
 2 |
 3 | public struct Locked<Element> {
 4 |     private final class Lock: ManagedBuffer<Element, os_unfair_lock> {
   |                                                      `- error: cannot find type 'os_unfair_lock' in scope
 5 |         deinit {
 6 |             withUnsafeMutablePointerToElements { lock in
/host/spi-builder-workspace/.build/checkouts/synchronized/Sources/Synchronized/Locked.swift:12:48: error: cannot find type 'os_unfair_lock' in scope
10 |     }
11 |
12 |     private let buffer: ManagedBuffer<Element, os_unfair_lock>
   |                                                `- error: cannot find type 'os_unfair_lock' in scope
13 |
14 |     public init(_ element: Element) {
/host/spi-builder-workspace/.build/checkouts/synchronized/Sources/Synchronized/Locked.swift:6:13: error: type of expression is ambiguous without a type annotation
 4 |     private final class Lock: ManagedBuffer<Element, os_unfair_lock> {
 5 |         deinit {
 6 |             withUnsafeMutablePointerToElements { lock in
   |             `- error: type of expression is ambiguous without a type annotation
 7 |                 _ = lock.deinitialize(count: 1)
 8 |             }
/host/spi-builder-workspace/.build/checkouts/synchronized/Sources/Synchronized/Locked.swift:17:35: error: cannot find 'os_unfair_lock' in scope
15 |         buffer = Lock.create(minimumCapacity: 1) { buffer in
16 |             buffer.withUnsafeMutablePointerToElements {
17 |                 $0.initialize(to: os_unfair_lock())
   |                                   `- error: cannot find 'os_unfair_lock' in scope
18 |             }
19 |             return element
/host/spi-builder-workspace/.build/checkouts/synchronized/Sources/Synchronized/Locked.swift:15:16: error: type of expression is ambiguous without a type annotation
13 |
14 |     public init(_ element: Element) {
15 |         buffer = Lock.create(minimumCapacity: 1) { buffer in
   |                `- error: type of expression is ambiguous without a type annotation
16 |             buffer.withUnsafeMutablePointerToElements {
17 |                 $0.initialize(to: os_unfair_lock())
/host/spi-builder-workspace/.build/checkouts/synchronized/Sources/Synchronized/Locked.swift:25:13: error: cannot find 'os_unfair_lock_lock' in scope
23 |     public func access<Return>(_ block: (inout Element) throws -> Return) rethrows -> Return {
24 |         try buffer.withUnsafeMutablePointers { element, lock in
25 |             os_unfair_lock_lock(lock)
   |             `- error: cannot find 'os_unfair_lock_lock' in scope
26 |             defer { os_unfair_lock_unlock(lock) }
27 |             return try block(&element.pointee)
[5/5] Compiling Synchronized RecursiveLock.swift
/host/spi-builder-workspace/.build/checkouts/synchronized/Sources/Synchronized/RecursiveLock.swift:14:54: error: cannot convert value of type 'Int' to expected argument type 'Int32'
12 |         else { preconditionFailure() }
13 |
14 |         guard pthread_mutexattr_settype(&attributes, PTHREAD_MUTEX_RECURSIVE) == 0
   |                                                      `- error: cannot convert value of type 'Int' to expected argument type 'Int32'
15 |         else { preconditionFailure() }
16 |
BUILD FAILURE 6.1 android