The Swift Package Index logo.Swift Package Index

Build Information

Failed to build SwiftQL, reference v1.9.0 (6409b5), with Swift 6.4 for Linux on 23 Sep 2026 22:36:24 UTC.

Build Command

bash -c docker run --pull=always --rm -v "checkouts-54344845-0":/host -w "$PWD" -e JAVA_HOME="/root/.sdkman/candidates/java/current" -e SPI_BUILD="1" -e SPI_PROCESSING="1" registry.gitlab.com/saguaro1/spi-images:basic-6.4-latest swift build --triple x86_64-unknown-linux-gnu 2>&1

Build Log

========================================
RunAll
========================================
Builder version: 5.1.0
Interrupt handler set up.
========================================
Checkout
========================================
Clone URL: https://github.com/lukevanin/swiftql.git
Reference: v1.9.0
Initialized empty Git repository in /host/spi-builder-workspace/.git/
hint: Using 'master' as the name for the initial branch. This default branch name
hint: is subject to change. To configure the initial branch name to use in all
hint: of your new repositories, which will suppress this warning, call:
hint:
hint: 	git config --global init.defaultBranch <name>
hint:
hint: Names commonly chosen instead of 'master' are 'main', 'trunk' and
hint: 'development'. The just-created branch can be renamed via this command:
hint:
hint: 	git branch -m <name>
From https://github.com/lukevanin/swiftql
 * tag               v1.9.0     -> FETCH_HEAD
HEAD is now at 6409b5c Merge pull request #784 from lukevanin/release/v1.9.0-preparation
Cloned https://github.com/lukevanin/swiftql.git
Revision (git rev-parse @):
6409b5c2e1cf5426fa6894bee0ffc792e34733d1
SPI manifest file found: $PWD/.spi.yml
SUCCESS checkout https://github.com/lukevanin/swiftql.git at v1.9.0
========================================
Build
========================================
Selected platform:         linux
Swift version:             6.4
Building package at path:  $PWD
https://github.com/lukevanin/swiftql.git
Running build ...
bash -c docker run --pull=always --rm -v "checkouts-54344845-0":/host -w "$PWD" -e JAVA_HOME="/root/.sdkman/candidates/java/current" -e SPI_BUILD="1" -e SPI_PROCESSING="1" registry.gitlab.com/saguaro1/spi-images:basic-6.4-latest swift build --triple x86_64-unknown-linux-gnu 2>&1
basic-6.4-latest: Pulling from saguaro1/spi-images
Digest: sha256:c77fcce225e223ac0fafed844619173fc6de8d62dd560eeb28db3182af6a282b
Status: Image is up to date for registry.gitlab.com/saguaro1/spi-images:basic-6.4-latest
Fetching https://github.com/OpenCombine/OpenCombine.git
Fetching https://github.com/apple/swift-docc-plugin.git
Fetching https://github.com/apple/swift-syntax.git
Fetching https://github.com/groue/GRDB.swift.git
[1/113916] Fetching grdb.swift
[2280/116261] Fetching grdb.swift, swift-docc-plugin
[13738/124567] Fetching grdb.swift, swift-docc-plugin, opencombine
Fetched https://github.com/OpenCombine/OpenCombine.git (0.77s)
[17155/116261] Fetching grdb.swift, swift-docc-plugin
[36521/196288] Fetching grdb.swift, swift-docc-plugin, swift-syntax
Fetched https://github.com/apple/swift-docc-plugin.git (3.33s)
Fetched https://github.com/apple/swift-syntax.git (3.35s)
[58098/113916] Fetching grdb.swift
Fetched https://github.com/groue/GRDB.swift.git (7.10s)
Computing version for https://github.com/OpenCombine/OpenCombine.git
Computed https://github.com/OpenCombine/OpenCombine.git at 0.14.0 (8.20s)
Computing version for https://github.com/groue/GRDB.swift.git
warning: 'grdb.swift': /Package.swift:40:19: warning: 'v4' is deprecated: watchOS 9.0 is the oldest supported version [#DeprecatedDeclaration]
38 |         .macOS(.v10_13),
39 |         .tvOS(.v11),
40 |         .watchOS(.v4),
   |                   `- warning: 'v4' is deprecated: watchOS 9.0 is the oldest supported version [#DeprecatedDeclaration]
41 |     ],
42 |     products: [
[#DeprecatedDeclaration]: <https://docs.swift.org/compiler/documentation/diagnostics/deprecated-declaration>
Computed https://github.com/groue/GRDB.swift.git at 6.29.3 (0.22s)
Computing version for https://github.com/apple/swift-syntax.git
Computed https://github.com/apple/swift-syntax.git at 509.1.1 (0.28s)
Computing version for https://github.com/apple/swift-docc-plugin.git
Computed https://github.com/apple/swift-docc-plugin.git at 1.5.0 (0.19s)
Fetching https://github.com/swiftlang/swift-docc-symbolkit
[1/3829] Fetching swift-docc-symbolkit
Fetched https://github.com/swiftlang/swift-docc-symbolkit (0.65s)
Computing version for https://github.com/swiftlang/swift-docc-symbolkit
Computed https://github.com/swiftlang/swift-docc-symbolkit at 1.0.0 (0.87s)
Creating working copy for https://github.com/OpenCombine/OpenCombine.git
Working copy of https://github.com/OpenCombine/OpenCombine.git resolved at 0.14.0
Creating working copy for https://github.com/apple/swift-docc-plugin.git
Working copy of https://github.com/apple/swift-docc-plugin.git resolved at 1.5.0
Creating working copy for https://github.com/swiftlang/swift-docc-symbolkit
Working copy of https://github.com/swiftlang/swift-docc-symbolkit resolved at 1.0.0
Creating working copy for https://github.com/apple/swift-syntax.git
Working copy of https://github.com/apple/swift-syntax.git resolved at 509.1.1
Creating working copy for https://github.com/groue/GRDB.swift.git
Working copy of https://github.com/groue/GRDB.swift.git resolved at 6.29.3
warning: 'grdb.swift': /host/spi-builder-workspace/.build/checkouts/GRDB.swift/Package.swift:40:19: warning: 'v4' is deprecated: watchOS 9.0 is the oldest supported version [#DeprecatedDeclaration]
38 |         .macOS(.v10_13),
39 |         .tvOS(.v11),
40 |         .watchOS(.v4),
   |                   `- warning: 'v4' is deprecated: watchOS 9.0 is the oldest supported version [#DeprecatedDeclaration]
41 |     ],
42 |     products: [
[#DeprecatedDeclaration]: <https://docs.swift.org/compiler/documentation/diagnostics/deprecated-declaration>
Building for debugging...
[Computing dependencies]
[Pre-planning 1 / 1438]
[Planning deferred tasks]
[Starting]
[76 / 479] SwiftQLSQLiteIndexAdvisor
[249 / 494] SwiftSyntax509
[258 / 512] GRDB
[259 / 512] COpenCombineHelpers
[271 / 512] SwiftQLSQLiteBuildValidationManifest
[273 / 513] SwiftSyntax509
[280 / 513] OpenCombineFoundation
[287 / 513] OpenCombine
[288 / 513] OpenCombine
[290 / 513] GRDB
[291 / 514] SwiftQLCore
[293 / 514] SwiftQLCore
[294 / 514] GRDB-product
[296 / 514] GRDB-product
[297 / 514] SwiftQLNorthwindFixtures
[298 / 515] SwiftQLTestSupport
[302 / 515] SwiftQLCore
[305 / 525] SwiftSyntax
[307 / 525] SwiftSyntax
[309 / 525] SwiftSyntax
[310 / 525] SwiftSyntax
[311 / 525] SwiftSyntax
[312 / 525] SwiftSyntax
[312 / 525]
[316 / 530] SwiftQLSQLiteConformanceFixtures
[322 / 558] SwiftQLTestSupport
[324 / 558] SwiftQLSQLiteBuildValidationManifest
[325 / 558] SwiftQLTestSupport
[327 / 558] SwiftQLTestSupport
[350 / 569] OpenCombineDispatch
[351 / 569] SwiftQLTestSupport
[352 / 569] OpenCombineDispatch
[365 / 569] SwiftQLSQLiteConformanceFixtures
[366 / 570] SwiftQLTestSupport
[367 / 570] SwiftQLTestSupport
[371 / 570] SwiftQLSQLiteBuildValidationManifest
[373 / 570] SwiftQLSQLiteBuildValidationManifest
[374 / 570] SwiftQLSQLiteConformanceFixtures
[380 / 571] SwiftQLSQLiteBuildValidationManifest
[381 / 571] SwiftQLNorthwindFixtures
[383 / 571] SwiftQLNorthwindFixtures
[385 / 571] OpenCombineFoundation
[388 / 573] OpenCombineFoundation
[391 / 573] OpenCombineFoundation
[392 / 573] SwiftSyntax
[400 / 573] OpenCombineFoundation
[404 / 586] SwiftQLSQLiteBuildValidationValidator
[407 / 586] SwiftParser
[410 / 603] SwiftDiagnostics
[411 / 604] SwiftBasicFormat
[418 / 609] SwiftBasicFormat
[419 / 610] SwiftQLSQLiteBuildValidationValidator
[422 / 610] SwiftQLSQLiteBuildValidationValidator
[428 / 610] SwiftQLSQLiteBuildValidationValidator
[438 / 610] SwiftQLSQLiteBuildValidationValidator
[439 / 610] SwiftQLSQLiteBuildValidationValidator
[440 / 610] SwiftQLSQLiteBuildValidationValidator
[440 / 610] SwiftQLSQLiteBuildValidationManifest
[442 / 610] SwiftParser
[444 / 610] SwiftParser
[445 / 611] SwiftQLSQLiteBuildValidationValidator
[447 / 611] SwiftQLSQLiteBuildValidationValidator
[448 / 611] SwiftParser-product
[450 / 611] SwiftQLDeclaredQueryDiscovery
[452 / 611] SwiftDiagnostics
[453 / 611] SwiftOperators
[456 / 611] SwiftDiagnostics
[458 / 611] SwiftBasicFormat
[459 / 612] SwiftBasicFormat
[464 / 612] OpenCombineFoundation
[471 / 615] swiftql-build-validate-product
[475 / 619] SwiftQLSQLiteIndexAdvisor
[477 / 620] SwiftBasicFormat
[490 / 628] SwiftQLSQLiteBuildValidationManifest
[494 / 648] swiftql-index-advisor-product
[495 / 649] SwiftParserDiagnostics
[497 / 650] SwiftQLDeclaredQueryDiscovery
[507 / 651] swiftql-index-advisor-product
[514 / 651] SwiftOperators
[525 / 652] SwiftParserDiagnostics
[528 / 652] SwiftParserDiagnostics
[530 / 652] SwiftParser
[532 / 652] SwiftParser
[534 / 652] SwiftOperators
[536 / 652] SwiftOperators
[539 / 652] SwiftOperators
[539 / 652] GRDB-product
[544 / 654]
[547 / 665] SwiftSyntaxBuilder
[548 / 665] SwiftSyntaxBuilder
[549 / 666] swiftql-declared-query-registry-product
[552 / 667] swiftql-declared-query-registry-product
[553 / 667] SwiftSyntaxBuilder
[556 / 667] swiftql-declared-query-registry-product
[563 / 668] SwiftSyntaxBuilder
[565 / 668] SwiftSyntaxMacros
[572 / 678] OpenCombineDispatch
[575 / 678] SwiftSyntaxMacros
[582 / 678] SwiftSyntaxMacros
[585 / 678]
[594 / 688] SwiftSyntaxMacroExpansion
error: link command failed with exit code 1 (use -v to see invocation)
/host/spi-builder-workspace/Package.swift: swiftql-build-validate-product: /host/spi-builder-workspace/.build/out/Products/Debug-linux-x86_64/GRDB.o:DatabaseSnapshotPool.o:function $s4GRDB20DatabaseSnapshotPoolC_13configurationAcA0B0C_AA13ConfigurationVSgtKcfcyAFKXEfU0_: error: undefined reference to 'sqlite3_snapshot_open'
/host/spi-builder-workspace/Package.swift: swiftql-build-validate-product: /host/spi-builder-workspace/.build/out/Products/Debug-linux-x86_64/GRDB.o:DatabaseSnapshotPool.o:function $s4GRDB20DatabaseSnapshotPoolC_13configurationAcA0B0C_AA13ConfigurationVSgtKcfcyAFKcfU1_: error: undefined reference to 'sqlite3_snapshot_open'
/host/spi-builder-workspace/Package.swift: swiftql-build-validate-product: /host/spi-builder-workspace/.build/out/Products/Debug-linux-x86_64/GRDB.o:DatabaseSnapshotPool.o:function $s4GRDB20DatabaseSnapshotPoolC4path13configurationACSS_AA13ConfigurationVtKcfcyAA0B0CKcfU0_: error: undefined reference to 'sqlite3_snapshot_open'
/host/spi-builder-workspace/Package.swift: swiftql-build-validate-product: /host/spi-builder-workspace/.build/out/Products/Debug-linux-x86_64/GRDB.o:WALSnapshot.o:function $s4GRDB11WALSnapshotCyAcA8DatabaseCKcfcs5Int32VSpySpySo16sqlite3_snapshotVGSgGXEfU_: error: undefined reference to 'sqlite3_snapshot_get'
/host/spi-builder-workspace/Package.swift: swiftql-build-validate-product: /host/spi-builder-workspace/.build/out/Products/Debug-linux-x86_64/GRDB.o:GRDB.o:function $s4GRDB11WALSnapshotCfd: error: undefined reference to 'sqlite3_snapshot_free'
/host/spi-builder-workspace/Package.swift: swiftql-build-validate-product: /host/spi-builder-workspace/.build/out/Products/Debug-linux-x86_64/GRDB.o:GRDB.o:function $s4GRDB11WALSnapshotC7compareys5Int32VACF: error: undefined reference to 'sqlite3_snapshot_cmp'
/host/spi-builder-workspace/Package.swift: swiftql-build-validate-product: clang: error: linker command failed with exit code 1 (use -v to see invocation)
error: Ld /host/spi-builder-workspace/.build/out/Products/Debug-linux-x86_64/swiftql-build-validate normal failed with a nonzero exit code. Command line:     cd /host/spi-builder-workspace
    /usr/bin/swiftc -target x86_64-unknown-linux-gnu -emit-executable -L/host/spi-builder-workspace/.build/out/Intermediates.noindex/EagerLinkingTBDs/Debug-linux-x86_64 -L/host/spi-builder-workspace/.build/out/Products/Debug-linux-x86_64 @/host/spi-builder-workspace/.build/out/Intermediates.noindex/SwiftQL.build/Debug-linux-x86_64/swiftql-build-validate-p.build/Objects-normal/x86_64/swiftql-build-validate.LinkFileList -Xlinker -rpath -Xlinker \$ORIGIN -Xlinker -rpath -Xlinker /host/spi-builder-workspace/.build/out/Products/Debug-linux-x86_64/PackageFrameworks -Xlinker --gc-sections -Xclang-linker -rdynamic -L/usr/lib/swift/linux -L/usr/lib/swift @/host/spi-builder-workspace/.build/out/Intermediates.noindex/SwiftQL.build/Debug-linux-x86_64/swiftql-build-validate-p.build/Objects-normal/x86_64/swiftql_build_validate-swiftbuild.autolink -o /host/spi-builder-workspace/.build/out/Products/Debug-linux-x86_64/swiftql-build-validate
[597 / 688] SwiftSyntax
error: Build failed
BUILD FAILURE 6.4 linux