The Swift Package Index logo.Swift Package Index

Build Information

Failed to build DoccGPT, reference main (0a3eeb), with Swift 6.4 for Wasm on 19 Sep 2026 07:54:52 UTC.

Build Command

bash -c docker run --pull=always --rm -v "checkouts-53886769-2":/host -w "$PWD" -e JAVA_HOME="/root/.sdkman/candidates/java/current" -e SPI_BUILD="1" -e SPI_PROCESSING="1" registry.gitlab.com/saguaro1/spi-images:wasm-6.4-latest swift build --swift-sdk swift-6.4.x-DEVELOPMENT-SNAPSHOT-2026-09-04-a_wasm 2>&1

Build Log

========================================
RunAll
========================================
Builder version: 5.1.0
Interrupt handler set up.
========================================
Checkout
========================================
Clone URL: https://github.com/gonzalonunez/docc-gpt.git
Reference: main
Initialized empty Git repository in /host/spi-builder-workspace/.git/
hint: Using 'master' as the name for the initial branch. This default branch name
hint: is subject to change. To configure the initial branch name to use in all
hint: of your new repositories, which will suppress this warning, call:
hint:
hint: 	git config --global init.defaultBranch <name>
hint:
hint: Names commonly chosen instead of 'master' are 'main', 'trunk' and
hint: 'development'. The just-created branch can be renamed via this command:
hint:
hint: 	git branch -m <name>
From https://github.com/gonzalonunez/docc-gpt
 * branch            main       -> FETCH_HEAD
 * [new branch]      main       -> origin/main
HEAD is now at 0a3eeb6 Add new models (#24)
Cloned https://github.com/gonzalonunez/docc-gpt.git
Revision (git rev-parse @):
0a3eeb6aebfeff5dcafc302d0b2f2e53b6ad237e
SPI manifest file found: $PWD/.spi.yml
SUCCESS checkout https://github.com/gonzalonunez/docc-gpt.git at main
========================================
Build
========================================
Selected platform:         wasm
Swift version:             6.4
Building package at path:  $PWD
https://github.com/gonzalonunez/docc-gpt.git
Running build ...
bash -c docker run --pull=always --rm -v "checkouts-53886769-2":/host -w "$PWD" -e JAVA_HOME="/root/.sdkman/candidates/java/current" -e SPI_BUILD="1" -e SPI_PROCESSING="1" registry.gitlab.com/saguaro1/spi-images:wasm-6.4-latest swift build --swift-sdk swift-6.4.x-DEVELOPMENT-SNAPSHOT-2026-09-04-a_wasm 2>&1
wasm-6.4-latest: Pulling from saguaro1/spi-images
Digest: sha256:4328fdb43c680d205c1d6761b1e3267aa38277eefdda9ddfb17b6a0f1a77857a
Status: Image is up to date for registry.gitlab.com/saguaro1/spi-images:wasm-6.4-latest
Fetching https://github.com/apple/swift-argument-parser
Fetching https://github.com/apple/swift-log
Fetching https://github.com/pointfreeco/swift-dependencies.git
[1/8096] Fetching swift-log
[487/15687] Fetching swift-log, swift-dependencies
[6216/34605] Fetching swift-log, swift-dependencies, swift-argument-parser
Fetched https://github.com/pointfreeco/swift-dependencies.git (0.83s)
[17177/27014] Fetching swift-log, swift-argument-parser
Fetched https://github.com/apple/swift-log (0.83s)
[9459/18918] Fetching swift-argument-parser
Fetched https://github.com/apple/swift-argument-parser (1.18s)
Computing version for https://github.com/pointfreeco/swift-dependencies.git
Computed https://github.com/pointfreeco/swift-dependencies.git at 0.6.0 (1.60s)
Fetching https://github.com/pointfreeco/xctest-dynamic-overlay
Fetching https://github.com/pointfreeco/swift-clocks
[1/1446] Fetching swift-clocks
Fetched https://github.com/pointfreeco/swift-clocks (0.52s)
[1/2727] Fetching xctest-dynamic-overlay
Fetching https://github.com/pointfreeco/combine-schedulers
Fetched https://github.com/pointfreeco/xctest-dynamic-overlay (0.77s)
Fetching https://github.com/pointfreeco/swift-concurrency-extras
[1/2686] Fetching combine-schedulers
[1909/3744] Fetching combine-schedulers, swift-concurrency-extras
Fetched https://github.com/pointfreeco/combine-schedulers (0.52s)
Fetched https://github.com/pointfreeco/swift-concurrency-extras (0.52s)
Computing version for https://github.com/pointfreeco/swift-clocks
Computed https://github.com/pointfreeco/swift-clocks at 0.4.0 (1.66s)
Computing version for https://github.com/pointfreeco/combine-schedulers
Computed https://github.com/pointfreeco/combine-schedulers at 0.11.0 (0.29s)
Computing version for https://github.com/pointfreeco/swift-concurrency-extras
Computed https://github.com/pointfreeco/swift-concurrency-extras at 0.1.2 (0.39s)
Computing version for https://github.com/pointfreeco/xctest-dynamic-overlay
Computed https://github.com/pointfreeco/xctest-dynamic-overlay at 0.9.0 (0.35s)
Computing version for https://github.com/apple/swift-argument-parser
Computed https://github.com/apple/swift-argument-parser at 1.8.2 (0.32s)
Computing version for https://github.com/apple/swift-log
Computed https://github.com/apple/swift-log at 1.15.1 (0.36s)
Creating working copy for https://github.com/pointfreeco/swift-clocks
Working copy of https://github.com/pointfreeco/swift-clocks resolved at 0.4.0
Creating working copy for https://github.com/pointfreeco/swift-dependencies.git
Working copy of https://github.com/pointfreeco/swift-dependencies.git resolved at 0.6.0
Creating working copy for https://github.com/pointfreeco/xctest-dynamic-overlay
Working copy of https://github.com/pointfreeco/xctest-dynamic-overlay resolved at 0.9.0
Creating working copy for https://github.com/apple/swift-log
Working copy of https://github.com/apple/swift-log resolved at 1.15.1
Creating working copy for https://github.com/apple/swift-argument-parser
Working copy of https://github.com/apple/swift-argument-parser resolved at 1.8.2
Creating working copy for https://github.com/pointfreeco/combine-schedulers
Working copy of https://github.com/pointfreeco/combine-schedulers resolved at 0.11.0
Creating working copy for https://github.com/pointfreeco/swift-concurrency-extras
Working copy of https://github.com/pointfreeco/swift-concurrency-extras resolved at 0.1.2
Building for debugging...
[Computing dependencies]
[Constructing description]
[Pre-planning 1 / 363]
[Planning deferred tasks]
[66 / 142]
[86 / 180] ConcurrencyExtras
error: SwiftCompile normal wasm32 failed with a nonzero exit code. Command line:     cd /host

/host/spi-builder-workspace/Sources/Example/GifWritingOptions.swift:13:23: error: cannot find type 'GifLoop' in scope
11 |
12 |   /// The loop behavior of the GIF.
13 |   public var gifLoop: GifLoop = .infinite
   |                       `- error: cannot find type 'GifLoop' in scope
14 |
15 |   /// Whether to overwrite an existing file with the same name.
/host/spi-builder-workspace/Sources/Example/GifWritingOptions.swift:19:19: error: cannot find type 'DispatchQoS' in scope
17 |
18 |   /// The quality of service class to use for the write operation.
19 |   public var qos: DispatchQoS.QoSClass = .default
   |                   `- error: cannot find type 'DispatchQoS' in scope
20 |
21 |   /// Whether to skip failed images when writing the GIF.
Failed frontend command:
/usr/bin/swift-frontend -frontend -emit-module -experimental-skip-non-inlinable-function-bodies-without-types /host/spi-builder-workspace/Sources/Example/GifLoop.swift /host/spi-builder-workspace/Sources/Example/GifWritingOptions.swift /host/spi-builder-workspace/Sources/Example/MovieWritingOptions.swift /host/spi-builder-workspace/Sources/Example/Post.swift /host/spi-builder-workspace/Sources/Example/User.swift -target wasm32-unknown-wasip1 -disable-objc-interop -sdk /root/.swiftpm/swift-sdks/swift-6.4.x-DEVELOPMENT-SNAPSHOT-2026-09-04-a_wasm.artifactbundle/swift-6.4.x-DEVELOPMENT-SNAPSHOT-2026-09-04-a_wasm/wasm32-unknown-wasip1/WASI.sdk -sysroot /root/.swiftpm/swift-sdks/swift-6.4.x-DEVELOPMENT-SNAPSHOT-2026-09-04-a_wasm.artifactbundle/swift-6.4.x-DEVELOPMENT-SNAPSHOT-2026-09-04-a_wasm/wasm32-unknown-wasip1/WASI.sdk -I /host/spi-builder-workspace/.build/out/Products/Debug-webassembly-wasm32 -module-cache-path /host/spi-builder-workspace/.build/out/ModuleCache.noindex -color-diagnostics -Xcc -fcolor-diagnostics -enable-testing -g -debug-info-format\=dwarf -dwarf-version\=4 -swift-version 5 -Onone -D SWIFT_PACKAGE -D DEBUG -D SWIFT_MODULE_RESOURCE_BUNDLE_UNAVAILABLE -D Xcode -serialize-debugging-options -enable-experimental-feature DebugDescriptionMacro -empty-abi-descriptor -external-plugin-path /usr/lib/swift/host/plugins/testing\#/usr/bin/swift-plugin-server -validate-clang-modules-once -clang-build-session-file /host/spi-builder-workspace/.build/out/ModuleCache.noindex/Session.modulevalidation -Xcc -working-directory -Xcc /host -resource-dir /root/.swiftpm/swift-sdks/swift-6.4.x-DEVELOPMENT-SNAPSHOT-2026-09-04-a_wasm.artifactbundle/swift-6.4.x-DEVELOPMENT-SNAPSHOT-2026-09-04-a_wasm/wasm32-unknown-wasip1/swift.xctoolchain/usr/lib/swift_static -use-static-resource-dir -enable-anonymous-context-mangled-names -file-compilation-dir /host -Xcc -resource-dir -Xcc /root/.swiftpm/swift-sdks/swift-6.4.x-DEVELOPMENT-SNAPSHOT-2026-09-04-a_wasm.artifactbundle/swift-6.4.x-DEVELOPMENT-SNAPSHOT-2026-09-04-a_wasm/wasm32-unknown-wasip1/swift.xctoolchain/usr/lib/swift_static/clang -Xcc -D_LIBCPP_HARDENING_MODE\=_LIBCPP_HARDENING_MODE_DEBUG -Xcc -fmodules-prune-interval\=86400 -Xcc -fmodules-prune-after\=345600 -Xcc -I/host/spi-builder-workspace/.build/out/Products/Debug-webassembly-wasm32/include -Xcc -I/host/spi-builder-workspace/.build/out/Intermediates.noindex/DoccGPT.build/Debug-webassembly-wasm32/Example-t.build/DerivedSources-normal/wasm32 -Xcc -I/host/spi-builder-workspace/.build/out/Intermediates.noindex/DoccGPT.build/Debug-webassembly-wasm32/Example-t.build/DerivedSources/wasm32 -Xcc -I/host/spi-builder-workspace/.build/out/Intermediates.noindex/DoccGPT.build/Debug-webassembly-wasm32/Example-t.build/DerivedSources -Xcc -DSWIFT_PACKAGE -Xcc -DDEBUG\=1 -no-auto-bridging-header-chaining -module-name Example -const-gather-protocols-file /host/spi-builder-workspace/.build/out/Intermediates.noindex/DoccGPT.build/Debug-webassembly-wasm32/Example-t.build/Objects-normal/wasm32/Example_const_extract_protocols.json -in-process-plugin-server-path /usr/lib/swift/host/libSwiftInProcPluginServer.so -plugin-path /usr/lib/swift/host/plugins -plugin-path /usr/local/lib/swift/host/plugins -emit-module-doc-path /host/spi-builder-workspace/.build/out/Intermediates.noindex/DoccGPT.build/Debug-webassembly-wasm32/Example-t.build/Objects-normal/wasm32/Modules/Example.swiftdoc -emit-module-source-info-path /host/spi-builder-workspace/.build/out/Intermediates.noindex/DoccGPT.build/Debug-webassembly-wasm32/Example-t.build/Objects-normal/wasm32/Modules/Example.swiftsourceinfo -emit-objc-header-path /host/spi-builder-workspace/.build/out/Intermediates.noindex/DoccGPT.build/Debug-webassembly-wasm32/Example-t.build/Objects-normal/wasm32/Example-Swift.h -serialize-diagnostics-path /host/spi-builder-workspace/.build/out/Intermediates.noindex/DoccGPT.build/Debug-webassembly-wasm32/Example-t.build/Objects-normal/wasm32/Example-primary-emit-module.dia -emit-dependencies-path /host/spi-builder-workspace/.build/out/Intermediates.noindex/DoccGPT.build/Debug-webassembly-wasm32/Example-t.build/Objects-normal/wasm32/Example-primary-emit-module.d -parse-as-library -o /host/spi-builder-workspace/.build/out/Intermediates.noindex/DoccGPT.build/Debug-webassembly-wasm32/Example-t.build/Objects-normal/wasm32/Modules/Example.swiftmodule
error: Build failed
BUILD FAILURE 6.4 wasm