The Swift Package Index logo.Swift Package Index

Build Information

Failed to build swift-figma-api, reference main (c266a8), with Swift 6.4 for Wasm on 24 Sep 2026 15:04:02 UTC.

Build Command

bash -c docker run --pull=always --rm -v "checkouts-54344843-2":/host -w "$PWD" -e JAVA_HOME="/root/.sdkman/candidates/java/current" -e SPI_BUILD="1" -e SPI_PROCESSING="1" registry.gitlab.com/saguaro1/spi-images:wasm-6.4-latest swift build --swift-sdk swift-6.4.x-DEVELOPMENT-SNAPSHOT-2026-09-04-a_wasm 2>&1

Build Log

========================================
RunAll
========================================
Builder version: 5.1.0
Interrupt handler set up.
========================================
Checkout
========================================
Clone URL: https://github.com/DesignPipe/swift-figma-api.git
Reference: main
Initialized empty Git repository in /host/spi-builder-workspace/.git/
hint: Using 'master' as the name for the initial branch. This default branch name
hint: is subject to change. To configure the initial branch name to use in all
hint: of your new repositories, which will suppress this warning, call:
hint:
hint: 	git config --global init.defaultBranch <name>
hint:
hint: Names commonly chosen instead of 'master' are 'main', 'trunk' and
hint: 'development'. The just-created branch can be renamed via this command:
hint:
hint: 	git branch -m <name>
From https://github.com/DesignPipe/swift-figma-api
 * branch            main       -> FETCH_HEAD
 * [new branch]      main       -> origin/main
HEAD is now at c266a84 feat: add geometry=paths support for fillGeometry/strokeGeometry
Cloned https://github.com/DesignPipe/swift-figma-api.git
Revision (git rev-parse @):
c266a84a0ed53de5ffd1701c8321ed9c10f34d4c
SUCCESS checkout https://github.com/DesignPipe/swift-figma-api.git at main
========================================
Build
========================================
Selected platform:         wasm
Swift version:             6.4
Building package at path:  $PWD
https://github.com/DesignPipe/swift-figma-api.git
Running build ...
bash -c docker run --pull=always --rm -v "checkouts-54344843-2":/host -w "$PWD" -e JAVA_HOME="/root/.sdkman/candidates/java/current" -e SPI_BUILD="1" -e SPI_PROCESSING="1" registry.gitlab.com/saguaro1/spi-images:wasm-6.4-latest swift build --swift-sdk swift-6.4.x-DEVELOPMENT-SNAPSHOT-2026-09-04-a_wasm 2>&1
wasm-6.4-latest: Pulling from saguaro1/spi-images
Digest: sha256:4328fdb43c680d205c1d6761b1e3267aa38277eefdda9ddfb17b6a0f1a77857a
Status: Image is up to date for registry.gitlab.com/saguaro1/spi-images:wasm-6.4-latest
Fetching https://github.com/mattt/swift-yyjson
Fetching https://github.com/pointfreeco/swift-custom-dump
[1/556] Fetching swift-yyjson
[557/6222] Fetching swift-yyjson, swift-custom-dump
Fetched https://github.com/mattt/swift-yyjson (1.50s)
Fetched https://github.com/pointfreeco/swift-custom-dump (1.50s)
Computing version for https://github.com/mattt/swift-yyjson
Computed https://github.com/mattt/swift-yyjson at 0.6.0 (1.69s)
Computing version for https://github.com/pointfreeco/swift-custom-dump
Computed https://github.com/pointfreeco/swift-custom-dump at 1.7.3 (0.18s)
Fetching https://github.com/pointfreeco/swift-issue-reporting
[1/6161] Fetching swift-issue-reporting
Fetched https://github.com/pointfreeco/swift-issue-reporting (1.35s)
Computing version for https://github.com/pointfreeco/swift-issue-reporting
Computed https://github.com/pointfreeco/swift-issue-reporting at 2.1.1 (2.52s)
Creating working copy for https://github.com/pointfreeco/swift-issue-reporting
Working copy of https://github.com/pointfreeco/swift-issue-reporting resolved at 2.1.1
Creating working copy for https://github.com/mattt/swift-yyjson
Working copy of https://github.com/mattt/swift-yyjson resolved at 0.6.0
Creating working copy for https://github.com/pointfreeco/swift-custom-dump
Working copy of https://github.com/pointfreeco/swift-custom-dump resolved at 1.7.3
Building for debugging...
[Pre-planning 1 / 155]
[Constructing 1 / 305]
[38 / 55] YYJSON
[41 / 55] YYJSON
[45 / 56]
[48 / 65] FigmaAPI
[49 / 65] FigmaAPI
error: SwiftCompile normal wasm32 /host/spi-builder-workspace/Sources/FigmaAPI/Endpoint/PostWebhookEndpoint.swift failed with a nonzero exit code. Command line:     cd /host
    builtin-SwiftPerFileCompile PostWebhookEndpoint.swift
error: SwiftCompile normal wasm32 /host/spi-builder-workspace/Sources/FigmaAPI/Endpoint/PutDevResourceEndpoint.swift failed with a nonzero exit code. Command line:     cd /host
    builtin-SwiftPerFileCompile PutDevResourceEndpoint.swift
error: SwiftCompile normal wasm32 /host/spi-builder-workspace/Sources/FigmaAPI/Endpoint/PutWebhookEndpoint.swift failed with a nonzero exit code. Command line:     cd /host
    builtin-SwiftPerFileCompile PutWebhookEndpoint.swift
error: SwiftCompile normal wasm32 /host/spi-builder-workspace/Sources/FigmaAPI/Endpoint/StylesEndpoint.swift failed with a nonzero exit code. Command line:     cd /host
    builtin-SwiftPerFileCompile StylesEndpoint.swift
error: SwiftCompile normal wasm32 /host/spi-builder-workspace/Sources/FigmaAPI/Endpoint/UpdateVariablesEndpoint.swift failed with a nonzero exit code. Command line:     cd /host
    builtin-SwiftPerFileCompile UpdateVariablesEndpoint.swift
error: SwiftCompile normal wasm32 /host/spi-builder-workspace/Sources/FigmaAPI/Endpoint/VariablesEndpoint.swift failed with a nonzero exit code. Command line:     cd /host
    builtin-SwiftPerFileCompile VariablesEndpoint.swift
error: SwiftCompile normal wasm32 /host/spi-builder-workspace/Sources/FigmaAPI/FigmaClient.swift failed with a nonzero exit code. Command line:     cd /host
    builtin-SwiftPerFileCompile FigmaClient.swift
error: SwiftCompile normal wasm32 /host/spi-builder-workspace/Sources/FigmaAPI/GitHubClient.swift failed with a nonzero exit code. Command line:     cd /host
    builtin-SwiftPerFileCompile GitHubClient.swift
/host/spi-builder-workspace/Sources/FigmaAPI/Endpoint/PostWebhookEndpoint.swift:17:53: error: cannot find type 'URLRequest' in scope
15 |     }
16 |
17 |     public func makeRequest(baseURL: URL) throws -> URLRequest {
   |                                                     `- error: cannot find type 'URLRequest' in scope
18 |         let url = baseURL
19 |             .appendingPathComponent("v2")
/host/spi-builder-workspace/Sources/FigmaAPI/Endpoint/Endpoint.swift:15:46: error: cannot find type 'URLRequest' in scope
13 |     /// - Returns: Resource request.
14 |     /// - Throws: Any error creating request.
15 |     func makeRequest(baseURL: URL) throws -> URLRequest
   |                                              `- error: cannot find type 'URLRequest' in scope
16 |
17 |     /// Obtain new content from response with body.
/host/spi-builder-workspace/Sources/FigmaAPI/Endpoint/PostWebhookEndpoint.swift:21:23: error: cannot find 'URLRequest' in scope
19 |             .appendingPathComponent("v2")
20 |             .appendingPathComponent("webhooks")
21 |         var request = URLRequest(url: url)
   |                       `- error: cannot find 'URLRequest' in scope
22 |         request.httpMethod = "POST"
23 |         request.setValue("application/json", forHTTPHeaderField: "Content-Type")
/host/spi-builder-workspace/Sources/FigmaAPI/Endpoint/PutDevResourceEndpoint.swift:21:53: error: cannot find type 'URLRequest' in scope
19 |     }
20 |
21 |     public func makeRequest(baseURL: URL) throws -> URLRequest {
   |                                                     `- error: cannot find type 'URLRequest' in scope
22 |         let url = baseURL
23 |             .appendingPathComponent("v1")
/host/spi-builder-workspace/Sources/FigmaAPI/Endpoint/PutDevResourceEndpoint.swift:26:23: error: cannot find 'URLRequest' in scope
24 |             .appendingPathComponent("dev_resources")
25 |
26 |         var request = URLRequest(url: url)
   |                       `- error: cannot find 'URLRequest' in scope
27 |         request.httpMethod = "PUT"
28 |         request.setValue("application/json", forHTTPHeaderField: "Content-Type")
/host/spi-builder-workspace/Sources/FigmaAPI/Endpoint/PutWebhookEndpoint.swift:19:53: error: cannot find type 'URLRequest' in scope
17 |     }
18 |
19 |     public func makeRequest(baseURL: URL) throws -> URLRequest {
   |                                                     `- error: cannot find type 'URLRequest' in scope
20 |         let url = baseURL
21 |             .appendingPathComponent("v2")
/host/spi-builder-workspace/Sources/FigmaAPI/Endpoint/PutWebhookEndpoint.swift:24:23: error: cannot find 'URLRequest' in scope
22 |             .appendingPathComponent("webhooks")
23 |             .appendingPathComponent(webhookId)
24 |         var request = URLRequest(url: url)
   |                       `- error: cannot find 'URLRequest' in scope
25 |         request.httpMethod = "PUT"
26 |         request.setValue("application/json", forHTTPHeaderField: "Content-Type")
/host/spi-builder-workspace/Sources/FigmaAPI/Endpoint/StylesEndpoint.swift:19:46: error: cannot find type 'URLRequest' in scope
17 |     }
18 |
19 |     public func makeRequest(baseURL: URL) -> URLRequest {
   |                                              `- error: cannot find type 'URLRequest' in scope
20 |         let url = baseURL
21 |             .appendingPathComponent("v1")
/host/spi-builder-workspace/Sources/FigmaAPI/Endpoint/StylesEndpoint.swift:25:16: error: cannot find 'URLRequest' in scope
23 |             .appendingPathComponent(fileId)
24 |             .appendingPathComponent("styles")
25 |         return URLRequest(url: url)
   |                `- error: cannot find 'URLRequest' in scope
26 |     }
27 | }
/host/spi-builder-workspace/Sources/FigmaAPI/Endpoint/UpdateVariablesEndpoint.swift:21:53: error: cannot find type 'URLRequest' in scope
19 |     }
20 |
21 |     public func makeRequest(baseURL: URL) throws -> URLRequest {
   |                                                     `- error: cannot find type 'URLRequest' in scope
22 |         let url = baseURL
23 |             .appendingPathComponent("v1")
/host/spi-builder-workspace/Sources/FigmaAPI/Endpoint/UpdateVariablesEndpoint.swift:28:23: error: cannot find 'URLRequest' in scope
26 |             .appendingPathComponent("variables")
27 |
28 |         var request = URLRequest(url: url)
   |                       `- error: cannot find 'URLRequest' in scope
29 |         request.httpMethod = "POST"
30 |         request.setValue("application/json", forHTTPHeaderField: "Content-Type")
/host/spi-builder-workspace/Sources/FigmaAPI/Endpoint/VariablesEndpoint.swift:19:46: error: cannot find type 'URLRequest' in scope
17 |     }
18 |
19 |     public func makeRequest(baseURL: URL) -> URLRequest {
   |                                              `- error: cannot find type 'URLRequest' in scope
20 |         let url = baseURL
21 |             .appendingPathComponent("v1")
/host/spi-builder-workspace/Sources/FigmaAPI/Endpoint/VariablesEndpoint.swift:26:16: error: cannot find 'URLRequest' in scope
24 |             .appendingPathComponent("variables")
25 |             .appendingPathComponent("local")
26 |         return URLRequest(url: url)
   |                `- error: cannot find 'URLRequest' in scope
27 |     }
28 | }
/host/spi-builder-workspace/Sources/FigmaAPI/FigmaClient.swift:11:46: error: type 'URLSessionConfiguration' (aka 'AnyObject') has no member 'ephemeral'
 9 |
10 |     public init(accessToken: String, timeout: TimeInterval?) {
11 |         let config = URLSessionConfiguration.ephemeral
   |                                              `- error: type 'URLSessionConfiguration' (aka 'AnyObject') has no member 'ephemeral'
12 |         config.httpAdditionalHeaders = ["X-Figma-Token": accessToken]
13 |         config.timeoutIntervalForRequest = timeout ?? 30
/host/spi-builder-workspace/Sources/FigmaAPI/GitHubClient.swift:11:46: error: type 'URLSessionConfiguration' (aka 'AnyObject') has no member 'ephemeral'
 9 |
10 |     public init() {
11 |         let config = URLSessionConfiguration.ephemeral
   |                                              `- error: type 'URLSessionConfiguration' (aka 'AnyObject') has no member 'ephemeral'
12 |         config.timeoutIntervalForRequest = 10
13 |         super.init(baseURL: Self.gitHubBaseURL, config: config)
Failed frontend command:
/usr/bin/swift-frontend -frontend -c /host/spi-builder-workspace/Sources/FigmaAPI/Client.swift /host/spi-builder-workspace/Sources/FigmaAPI/Endpoint/BaseEndpoint.swift /host/spi-builder-workspace/Sources/FigmaAPI/Endpoint/ComponentsEndpoint.swift /host/spi-builder-workspace/Sources/FigmaAPI/Endpoint/DeleteCommentEndpoint.swift /host/spi-builder-workspace/Sources/FigmaAPI/Endpoint/DeleteDevResourceEndpoint.swift /host/spi-builder-workspace/Sources/FigmaAPI/Endpoint/DeleteReactionEndpoint.swift /host/spi-builder-workspace/Sources/FigmaAPI/Endpoint/DeleteWebhookEndpoint.swift /host/spi-builder-workspace/Sources/FigmaAPI/Endpoint/Endpoint.swift /host/spi-builder-workspace/Sources/FigmaAPI/Endpoint/FileMetadataEndpoint.swift /host/spi-builder-workspace/Sources/FigmaAPI/Endpoint/GetActivityLogsEndpoint.swift /host/spi-builder-workspace/Sources/FigmaAPI/Endpoint/GetCommentsEndpoint.swift /host/spi-builder-workspace/Sources/FigmaAPI/Endpoint/GetComponentActionsEndpoint.swift /host/spi-builder-workspace/Sources/FigmaAPI/Endpoint/GetComponentEndpoint.swift /host/spi-builder-workspace/Sources/FigmaAPI/Endpoint/GetComponentSetEndpoint.swift /host/spi-builder-workspace/Sources/FigmaAPI/Endpoint/GetComponentUsagesEndpoint.swift /host/spi-builder-workspace/Sources/FigmaAPI/Endpoint/GetDevResourcesEndpoint.swift /host/spi-builder-workspace/Sources/FigmaAPI/Endpoint/GetFileComponentSetsEndpoint.swift /host/spi-builder-workspace/Sources/FigmaAPI/Endpoint/GetFileMetaEndpoint.swift /host/spi-builder-workspace/Sources/FigmaAPI/Endpoint/GetFileVersionsEndpoint.swift /host/spi-builder-workspace/Sources/FigmaAPI/Endpoint/GetImageFillsEndpoint.swift /host/spi-builder-workspace/Sources/FigmaAPI/Endpoint/GetMeEndpoint.swift /host/spi-builder-workspace/Sources/FigmaAPI/Endpoint/GetPaymentsEndpoint.swift /host/spi-builder-workspace/Sources/FigmaAPI/Endpoint/GetProjectFilesEndpoint.swift /host/spi-builder-workspace/Sources/FigmaAPI/Endpoint/GetPublishedVariablesEndpoint.swift /host/spi-builder-workspace/Sources/FigmaAPI/Endpoint/GetReactionsEndpoint.swift /host/spi-builder-workspace/Sources/FigmaAPI/Endpoint/GetStyleActionsEndpoint.swift /host/spi-builder-workspace/Sources/FigmaAPI/Endpoint/GetStyleEndpoint.swift /host/spi-builder-workspace/Sources/FigmaAPI/Endpoint/GetStyleUsagesEndpoint.swift /host/spi-builder-workspace/Sources/FigmaAPI/Endpoint/GetTeamComponentSetsEndpoint.swift /host/spi-builder-workspace/Sources/FigmaAPI/Endpoint/GetTeamComponentsEndpoint.swift /host/spi-builder-workspace/Sources/FigmaAPI/Endpoint/GetTeamProjectsEndpoint.swift /host/spi-builder-workspace/Sources/FigmaAPI/Endpoint/GetTeamStylesEndpoint.swift /host/spi-builder-workspace/Sources/FigmaAPI/Endpoint/GetTeamWebhooksEndpoint.swift /host/spi-builder-workspace/Sources/FigmaAPI/Endpoint/GetVariableActionsEndpoint.swift /host/spi-builder-workspace/Sources/FigmaAPI/Endpoint/GetWebhookEndpoint.swift /host/spi-builder-workspace/Sources/FigmaAPI/Endpoint/GetWebhookRequestsEndpoint.swift /host/spi-builder-workspace/Sources/FigmaAPI/Endpoint/GetWebhooksEndpoint.swift /host/spi-builder-workspace/Sources/FigmaAPI/Endpoint/ImageEndpoint.swift /host/spi-builder-workspace/Sources/FigmaAPI/Endpoint/LatestReleaseEndpoint.swift /host/spi-builder-workspace/Sources/FigmaAPI/Endpoint/NodesEndpoint.swift /host/spi-builder-workspace/Sources/FigmaAPI/Endpoint/PaginationParams.swift /host/spi-builder-workspace/Sources/FigmaAPI/Endpoint/PostCommentEndpoint.swift /host/spi-builder-workspace/Sources/FigmaAPI/Endpoint/PostDevResourceEndpoint.swift /host/spi-builder-workspace/Sources/FigmaAPI/Endpoint/PostReactionEndpoint.swift -primary-file /host/spi-builder-workspace/Sources/FigmaAPI/Endpoint/PostWebhookEndpoint.swift -primary-file /host/spi-builder-workspace/Sources/FigmaAPI/Endpoint/PutDevResourceEndpoint.swift -primary-file /host/spi-builder-workspace/Sources/FigmaAPI/Endpoint/PutWebhookEndpoint.swift -primary-file /host/spi-builder-workspace/Sources/FigmaAPI/Endpoint/StylesEndpoint.swift -primary-file /host/spi-builder-workspace/Sources/FigmaAPI/Endpoint/UpdateVariablesEndpoint.swift -primary-file /host/spi-builder-workspace/Sources/FigmaAPI/Endpoint/VariablesEndpoint.swift -primary-file /host/spi-builder-workspace/Sources/FigmaAPI/Error+Description.swift -primary-file /host/spi-builder-workspace/Sources/FigmaAPI/FigmaAPIError.swift -primary-file /host/spi-builder-workspace/Sources/FigmaAPI/FigmaClient.swift -primary-file /host/spi-builder-workspace/Sources/FigmaAPI/GitHubClient.swift -primary-file /host/spi-builder-workspace/Sources/FigmaAPI/Model/ActivityLog.swift /host/spi-builder-workspace/Sources/FigmaAPI/Model/Comment.swift /host/spi-builder-workspace/Sources/FigmaAPI/Model/ComponentSet.swift /host/spi-builder-workspace/Sources/FigmaAPI/Model/DevResource.swift /host/spi-builder-workspace/Sources/FigmaAPI/Model/EmptyResponse.swift /host/spi-builder-workspace/Sources/FigmaAPI/Model/FigmaClientError.swift /host/spi-builder-workspace/Sources/FigmaAPI/Model/FileMeta.swift /host/spi-builder-workspace/Sources/FigmaAPI/Model/FileVersion.swift /host/spi-builder-workspace/Sources/FigmaAPI/Model/FloatNormalization.swift /host/spi-builder-workspace/Sources/FigmaAPI/Model/LibraryAnalytics.swift /host/spi-builder-workspace/Sources/FigmaAPI/Model/Node.swift /host/spi-builder-workspace/Sources/FigmaAPI/Model/NodeHashableProperties.swift /host/spi-builder-workspace/Sources/FigmaAPI/Model/PaymentInfo.swift /host/spi-builder-workspace/Sources/FigmaAPI/Model/PostCommentBody.swift /host/spi-builder-workspace/Sources/FigmaAPI/Model/PostDevResourceBody.swift /host/spi-builder-workspace/Sources/FigmaAPI/Model/PostReactionBody.swift /host/spi-builder-workspace/Sources/FigmaAPI/Model/PostWebhookBody.swift /host/spi-builder-workspace/Sources/FigmaAPI/Model/Project.swift /host/spi-builder-workspace/Sources/FigmaAPI/Model/PutDevResourceBody.swift /host/spi-builder-workspace/Sources/FigmaAPI/Model/PutWebhookBody.swift /host/spi-builder-workspace/Sources/FigmaAPI/Model/Reaction.swift /host/spi-builder-workspace/Sources/FigmaAPI/Model/Style.swift /host/spi-builder-workspace/Sources/FigmaAPI/Model/User.swift /host/spi-builder-workspace/Sources/FigmaAPI/Model/VariableUpdate.swift /host/spi-builder-workspace/Sources/FigmaAPI/Model/Variables.swift /host/spi-builder-workspace/Sources/FigmaAPI/Model/VectorPath.swift /host/spi-builder-workspace/Sources/FigmaAPI/Model/Webhook.swift /host/spi-builder-workspace/Sources/FigmaAPI/Model/WebhookRequest.swift /host/spi-builder-workspace/Sources/FigmaAPI/RateLimitedClient.swift /host/spi-builder-workspace/Sources/FigmaAPI/RetryPolicy.swift /host/spi-builder-workspace/Sources/FigmaAPI/SharedRateLimiter.swift -supplementary-output-file-map /host/spi-builder-workspace/.build/out/Intermediates.noindex/swift-figma-api.build/Debug-webassembly-wasm32/FigmaAPI-t.build/Objects-normal/wasm32/supplementaryOutputs-5 -target wasm32-unknown-wasip1 -disable-objc-interop -sdk /root/.swiftpm/swift-sdks/swift-6.4.x-DEVELOPMENT-SNAPSHOT-2026-09-04-a_wasm.artifactbundle/swift-6.4.x-DEVELOPMENT-SNAPSHOT-2026-09-04-a_wasm/wasm32-unknown-wasip1/WASI.sdk -sysroot /root/.swiftpm/swift-sdks/swift-6.4.x-DEVELOPMENT-SNAPSHOT-2026-09-04-a_wasm.artifactbundle/swift-6.4.x-DEVELOPMENT-SNAPSHOT-2026-09-04-a_wasm/wasm32-unknown-wasip1/WASI.sdk -I /host/spi-builder-workspace/.build/out/Products/Debug-webassembly-wasm32 -module-cache-path /host/spi-builder-workspace/.build/out/ModuleCache.noindex -color-diagnostics -Xcc -fcolor-diagnostics -enable-testing -g -debug-info-format\=dwarf -dwarf-version\=4 -swift-version 6 -Onone -D SWIFT_PACKAGE -D DEBUG -D SWIFT_MODULE_RESOURCE_BUNDLE_UNAVAILABLE -D Xcode -serialize-debugging-options -enable-experimental-feature DebugDescriptionMacro -empty-abi-descriptor -external-plugin-path /usr/lib/swift/host/plugins/testing\#/usr/bin/swift-plugin-server -validate-clang-modules-once -clang-build-session-file /host/spi-builder-workspace/.build/out/ModuleCache.noindex/Session.modulevalidation -Xcc -working-directory -Xcc /host -resource-dir /root/.swiftpm/swift-sdks/swift-6.4.x-DEVELOPMENT-SNAPSHOT-2026-09-04-a_wasm.artifactbundle/swift-6.4.x-DEVELOPMENT-SNAPSHOT-2026-09-04-a_wasm/wasm32-unknown-wasip1/swift.xctoolchain/usr/lib/swift_static -use-static-resource-dir -enable-anonymous-context-mangled-names -file-compilation-dir /host -Xcc -resource-dir -Xcc /root/.swiftpm/swift-sdks/swift-6.4.x-DEVELOPMENT-SNAPSHOT-2026-09-04-a_wasm.artifactbundle/swift-6.4.x-DEVELOPMENT-SNAPSHOT-2026-09-04-a_wasm/wasm32-unknown-wasip1/swift.xctoolchain/usr/lib/swift_static/clang -Xcc -fmodule-map-file\=/host/spi-builder-workspace/.build/checkouts/swift-yyjson/Sources/Cyyjson/module.modulemap -Xcc -D_LIBCPP_HARDENING_MODE\=_LIBCPP_HARDENING_MODE_DEBUG -Xcc -fmodules-prune-interval\=86400 -Xcc -fmodules-prune-after\=345600 -Xcc -I/host/spi-builder-workspace/.build/checkouts/swift-yyjson/Sources/Cyyjson -Xcc -I/host/spi-builder-workspace/.build/out/Products/Debug-webassembly-wasm32/include -Xcc -I/host/spi-builder-workspace/.build/out/Intermediates.noindex/swift-figma-api.build/Debug-webassembly-wasm32/FigmaAPI-t.build/DerivedSources-normal/wasm32 -Xcc -I/host/spi-builder-workspace/.build/out/Intermediates.noindex/swift-figma-api.build/Debug-webassembly-wasm32/FigmaAPI-t.build/DerivedSources/wasm32 -Xcc -I/host/spi-builder-workspace/.build/out/Intermediates.noindex/swift-figma-api.build/Debug-webassembly-wasm32/FigmaAPI-t.build/DerivedSources -Xcc -DSWIFT_PACKAGE -Xcc -DDEBUG\=1 -no-auto-bridging-header-chaining -module-name FigmaAPI -package-name spi_builder_workspace -const-gather-protocols-file /host/spi-builder-workspace/.build/out/Intermediates.noindex/swift-figma-api.build/Debug-webassembly-wasm32/FigmaAPI-t.build/Objects-normal/wasm32/FigmaAPI_const_extract_protocols.json -in-process-plugin-server-path /usr/lib/swift/host/libSwiftInProcPluginServer.so -plugin-path /usr/lib/swift/host/plugins -plugin-path /usr/local/lib/swift/host/plugins -parse-as-library -o /host/spi-builder-workspace/.build/out/Intermediates.noindex/swift-figma-api.build/Debug-webassembly-wasm32/FigmaAPI-t.build/Objects-normal/wasm32/PostWebhookEndpoint.o -o /host/spi-builder-workspace/.build/out/Intermediates.noindex/swift-figma-api.build/Debug-webassembly-wasm32/FigmaAPI-t.build/Objects-normal/wasm32/PutDevResourceEndpoint.o -o /host/spi-builder-workspace/.build/out/Intermediates.noindex/swift-figma-api.build/Debug-webassembly-wasm32/FigmaAPI-t.build/Objects-normal/wasm32/PutWebhookEndpoint.o -o /host/spi-builder-workspace/.build/out/Intermediates.noindex/swift-figma-api.build/Debug-webassembly-wasm32/FigmaAPI-t.build/Objects-normal/wasm32/StylesEndpoint.o -o /host/spi-builder-workspace/.build/out/Intermediates.noindex/swift-figma-api.build/Debug-webassembly-wasm32/FigmaAPI-t.build/Objects-normal/wasm32/UpdateVariablesEndpoint.o -o /host/spi-builder-workspace/.build/out/Intermediates.noindex/swift-figma-api.build/Debug-webassembly-wasm32/FigmaAPI-t.build/Objects-normal/wasm32/VariablesEndpoint.o -o /host/spi-builder-workspace/.build/out/Intermediates.noindex/swift-figma-api.build/Debug-webassembly-wasm32/FigmaAPI-t.build/Objects-normal/wasm32/Error+Description.o -o /host/spi-builder-workspace/.build/out/Intermediates.noindex/swift-figma-api.build/Debug-webassembly-wasm32/FigmaAPI-t.build/Objects-normal/wasm32/FigmaAPIError.o -o /host/spi-builder-workspace/.build/out/Intermediates.noindex/swift-figma-api.build/Debug-webassembly-wasm32/FigmaAPI-t.build/Objects-normal/wasm32/FigmaClient.o -o /host/spi-builder-workspace/.build/out/Intermediates.noindex/swift-figma-api.build/Debug-webassembly-wasm32/FigmaAPI-t.build/Objects-normal/wasm32/GitHubClient.o -o /host/spi-builder-workspace/.build/out/Intermediates.noindex/swift-figma-api.build/Debug-webassembly-wasm32/FigmaAPI-t.build/Objects-normal/wasm32/ActivityLog.o -index-unit-output-path /swift-figma-api.build/Debug-webassembly-wasm32/FigmaAPI-t.build/Objects-normal/wasm32/PostWebhookEndpoint.o -index-unit-output-path /swift-figma-api.build/Debug-webassembly-wasm32/FigmaAPI-t.build/Objects-normal/wasm32/PutDevResourceEndpoint.o -index-unit-output-path /swift-figma-api.build/Debug-webassembly-wasm32/FigmaAPI-t.build/Objects-normal/wasm32/PutWebhookEndpoint.o -index-unit-output-path /swift-figma-api.build/Debug-webassembly-wasm32/FigmaAPI-t.build/Objects-normal/wasm32/StylesEndpoint.o -index-unit-output-path /swift-figma-api.build/Debug-webassembly-wasm32/FigmaAPI-t.build/Objects-normal/wasm32/UpdateVariablesEndpoint.o -index-unit-output-path /swift-figma-api.build/Debug-webassembly-wasm32/FigmaAPI-t.build/Objects-normal/wasm32/VariablesEndpoint.o -index-unit-output-path /swift-figma-api.build/Debug-webassembly-wasm32/FigmaAPI-t.build/Objects-normal/wasm32/Error+Description.o -index-unit-output-path /swift-figma-api.build/Debug-webassembly-wasm32/FigmaAPI-t.build/Objects-normal/wasm32/FigmaAPIError.o -index-unit-output-path /swift-figma-api.build/Debug-webassembly-wasm32/FigmaAPI-t.build/Objects-normal/wasm32/FigmaClient.o -index-unit-output-path /swift-figma-api.build/Debug-webassembly-wasm32/FigmaAPI-t.build/Objects-normal/wasm32/GitHubClient.o -index-unit-output-path /swift-figma-api.build/Debug-webassembly-wasm32/FigmaAPI-t.build/Objects-normal/wasm32/ActivityLog.o -index-store-path /host/spi-builder-workspace/.build/out -index-system-modules
error: Build failed
BUILD FAILURE 6.4 wasm