The Swift Package Index logo.Swift Package Index

Build Information

Failed to build WWIntelligentAgent, reference 1.4.1 (92a69f), with Swift 6.3 for macOS (SPM) on 13 Jul 2026 00:02:31 UTC.

Build Command

env DEVELOPER_DIR=/Applications/Xcode-26.4.0.app xcrun swift build --arch arm64

Build Log

========================================
RunAll
========================================
Builder version: undefined version: run 'make version' to update
Interrupt handler set up.
========================================
Checkout
========================================
Clone URL: https://github.com/William-Weng/WWIntelligentAgent.git
Reference: 1.4.1
Initialized empty Git repository in /Users/admin/builder/spi-builder-workspace/.git/
From https://github.com/William-Weng/WWIntelligentAgent
 * tag               1.4.1      -> FETCH_HEAD
HEAD is now at 92a69f8 - 加上`停止模型工作階段`功能
Cloned https://github.com/William-Weng/WWIntelligentAgent.git
Revision (git rev-parse @):
92a69f8b4934c4abe5b8835225448975f9555088
SUCCESS checkout https://github.com/William-Weng/WWIntelligentAgent.git at 1.4.1
Fetching https://github.com/William-Weng/WWSQLite3Manager
[1/874] Fetching wwsqlite3manager
Fetched https://github.com/William-Weng/WWSQLite3Manager from cache (1.08s)
Computing version for https://github.com/William-Weng/WWSQLite3Manager
Computed https://github.com/William-Weng/WWSQLite3Manager at 2.4.4 (3.97s)
Creating working copy for https://github.com/William-Weng/WWSQLite3Manager
Working copy of https://github.com/William-Weng/WWSQLite3Manager resolved at 2.4.4
========================================
ResolveProductDependencies
========================================
Resolving dependencies ...
{
  "identity": ".resolve-product-dependencies",
  "name": "resolve-dependencies",
  "url": "/Users/admin/builder/spi-builder-workspace/.resolve-product-dependencies",
  "version": "unspecified",
  "path": "/Users/admin/builder/spi-builder-workspace/.resolve-product-dependencies",
  "traits": [
    "default"
  ],
  "dependencies": [
    {
      "identity": "wwintelligentagent",
      "name": "WWIntelligentAgent",
      "url": "https://github.com/William-Weng/WWIntelligentAgent.git",
      "version": "unspecified",
      "path": "/Users/admin/builder/spi-builder-workspace/.resolve-product-dependencies/.build/checkouts/WWIntelligentAgent",
      "traits": [
        "default"
      ],
      "dependencies": [
        {
          "identity": "wwsqlite3manager",
          "name": "WWSQLite3Manager",
          "url": "https://github.com/William-Weng/WWSQLite3Manager",
          "version": "2.4.4",
          "path": "/Users/admin/builder/spi-builder-workspace/.resolve-product-dependencies/.build/checkouts/WWSQLite3Manager",
          "traits": [
            "default"
          ],
          "dependencies": [
          ]
        }
      ]
    }
  ]
}
Fetching https://github.com/William-Weng/WWIntelligentAgent.git
[1/434] Fetching wwintelligentagent
Fetched https://github.com/William-Weng/WWIntelligentAgent.git from cache (0.91s)
Fetching https://github.com/William-Weng/WWSQLite3Manager from cache
Fetched https://github.com/William-Weng/WWSQLite3Manager from cache (0.44s)
Computing version for https://github.com/William-Weng/WWSQLite3Manager
Computed https://github.com/William-Weng/WWSQLite3Manager at 2.4.4 (0.50s)
Creating working copy for https://github.com/William-Weng/WWSQLite3Manager
Working copy of https://github.com/William-Weng/WWSQLite3Manager resolved at 2.4.4
Creating working copy for https://github.com/William-Weng/WWIntelligentAgent.git
Working copy of https://github.com/William-Weng/WWIntelligentAgent.git resolved at 1.4.1 (92a69f8)
warning: '.resolve-product-dependencies': dependency 'wwintelligentagent' is not used by any target
Found 1 product dependencies
  - WWSQLite3Manager
========================================
Build
========================================
Selected platform:         macosSpm
Swift version:             6.3
Building package at path:  $PWD
https://github.com/William-Weng/WWIntelligentAgent.git
Running build ...
env DEVELOPER_DIR=/Applications/Xcode-26.4.0.app xcrun swift build --arch arm64
Building for debugging...
[0/5] Write sources
[2/5] Copying Privacy
[4/5] Write swift-version--6988338F2F200930.txt
[6/22] Compiling WWSQLite3Manager Typealias.swift
/Users/admin/builder/spi-builder-workspace/.build/checkouts/WWSQLite3Manager/Sources/WWSQLite3Manager/Model/SchemeDelegate.swift:8:8: error: no such module 'UIKit'
 6 | //
 7 |
 8 | import UIKit
   |        `- error: no such module 'UIKit'
 9 |
10 | // MARK: - SchemeDelegate
[7/23] Compiling WWSQLite3Manager Extension.swift
/Users/admin/builder/spi-builder-workspace/.build/checkouts/WWSQLite3Manager/Sources/WWSQLite3Manager/Model/SchemeDelegate.swift:8:8: error: no such module 'UIKit'
 6 | //
 7 |
 8 | import UIKit
   |        `- error: no such module 'UIKit'
 9 |
10 | // MARK: - SchemeDelegate
[8/23] Compiling WWSQLite3Manager SelectMethod.swift
/Users/admin/builder/spi-builder-workspace/.build/checkouts/WWSQLite3Manager/Sources/WWSQLite3Manager/Model/SchemeDelegate.swift:8:8: error: no such module 'UIKit'
 6 | //
 7 |
 8 | import UIKit
   |        `- error: no such module 'UIKit'
 9 |
10 | // MARK: - SchemeDelegate
[9/23] Compiling WWSQLite3Manager FTS5Configuration.swift
/Users/admin/builder/spi-builder-workspace/.build/checkouts/WWSQLite3Manager/Sources/WWSQLite3Manager/Model/SchemeDelegate.swift:8:8: error: no such module 'UIKit'
 6 | //
 7 |
 8 | import UIKit
   |        `- error: no such module 'UIKit'
 9 |
10 | // MARK: - SchemeDelegate
error: emit-module command failed with exit code 1 (use -v to see invocation)
[10/23] Emitting module WWSQLite3Manager
/Users/admin/builder/spi-builder-workspace/.build/checkouts/WWSQLite3Manager/Sources/WWSQLite3Manager/Model/SchemeDelegate.swift:8:8: error: no such module 'UIKit'
 6 | //
 7 |
 8 | import UIKit
   |        `- error: no such module 'UIKit'
 9 |
10 | // MARK: - SchemeDelegate
[11/23] Compiling WWSQLite3Manager SqliteMaster.swift
/Users/admin/builder/spi-builder-workspace/.build/checkouts/WWSQLite3Manager/Sources/WWSQLite3Manager/Model/SchemeDelegate.swift:8:8: error: no such module 'UIKit'
 6 | //
 7 |
 8 | import UIKit
   |        `- error: no such module 'UIKit'
 9 |
10 | // MARK: - SchemeDelegate
[12/23] Compiling WWSQLite3Manager TableScheme.swift
/Users/admin/builder/spi-builder-workspace/.build/checkouts/WWSQLite3Manager/Sources/WWSQLite3Manager/Model/SchemeDelegate.swift:8:8: error: no such module 'UIKit'
 6 | //
 7 |
 8 | import UIKit
   |        `- error: no such module 'UIKit'
 9 |
10 | // MARK: - SchemeDelegate
[13/23] Compiling WWSQLite3Manager SQLite3Manager.swift
/Users/admin/builder/spi-builder-workspace/.build/checkouts/WWSQLite3Manager/Sources/WWSQLite3Manager/Model/SchemeDelegate.swift:8:8: error: no such module 'UIKit'
 6 | //
 7 |
 8 | import UIKit
   |        `- error: no such module 'UIKit'
 9 |
10 | // MARK: - SchemeDelegate
[14/23] Compiling WWSQLite3Manager Constant.swift
/Users/admin/builder/spi-builder-workspace/.build/checkouts/WWSQLite3Manager/Sources/WWSQLite3Manager/Model/SchemeDelegate.swift:8:8: error: no such module 'UIKit'
 6 | //
 7 |
 8 | import UIKit
   |        `- error: no such module 'UIKit'
 9 |
10 | // MARK: - SchemeDelegate
[15/23] Compiling WWSQLite3Manager Where.swift
/Users/admin/builder/spi-builder-workspace/.build/checkouts/WWSQLite3Manager/Sources/WWSQLite3Manager/Model/SchemeDelegate.swift:8:8: error: no such module 'UIKit'
 6 | //
 7 |
 8 | import UIKit
   |        `- error: no such module 'UIKit'
 9 |
10 | // MARK: - SchemeDelegate
[16/23] Compiling WWSQLite3Manager Database.swift
/Users/admin/builder/spi-builder-workspace/.build/checkouts/WWSQLite3Manager/Sources/WWSQLite3Manager/Model/SchemeDelegate.swift:8:8: error: no such module 'UIKit'
 6 | //
 7 |
 8 | import UIKit
   |        `- error: no such module 'UIKit'
 9 |
10 | // MARK: - SchemeDelegate
[17/23] Compiling WWSQLite3Manager GroupBy.swift
/Users/admin/builder/spi-builder-workspace/.build/checkouts/WWSQLite3Manager/Sources/WWSQLite3Manager/Model/SchemeDelegate.swift:8:8: error: no such module 'UIKit'
 6 | //
 7 |
 8 | import UIKit
   |        `- error: no such module 'UIKit'
 9 |
10 | // MARK: - SchemeDelegate
[18/23] Compiling WWSQLite3Manager Having.swift
/Users/admin/builder/spi-builder-workspace/.build/checkouts/WWSQLite3Manager/Sources/WWSQLite3Manager/Model/SchemeDelegate.swift:8:8: error: no such module 'UIKit'
 6 | //
 7 |
 8 | import UIKit
   |        `- error: no such module 'UIKit'
 9 |
10 | // MARK: - SchemeDelegate
[19/23] Compiling WWSQLite3Manager FTS5Result.swift
/Users/admin/builder/spi-builder-workspace/.build/checkouts/WWSQLite3Manager/Sources/WWSQLite3Manager/Model/SchemeDelegate.swift:8:8: error: no such module 'UIKit'
 6 | //
 7 |
 8 | import UIKit
   |        `- error: no such module 'UIKit'
 9 |
10 | // MARK: - SchemeDelegate
[20/23] Compiling WWSQLite3Manager SchemeDelegate.swift
/Users/admin/builder/spi-builder-workspace/.build/checkouts/WWSQLite3Manager/Sources/WWSQLite3Manager/Model/SchemeDelegate.swift:8:8: error: no such module 'UIKit'
 6 | //
 7 |
 8 | import UIKit
   |        `- error: no such module 'UIKit'
 9 |
10 | // MARK: - SchemeDelegate
[21/23] Compiling WWSQLite3Manager Limit.swift
/Users/admin/builder/spi-builder-workspace/.build/checkouts/WWSQLite3Manager/Sources/WWSQLite3Manager/Model/SchemeDelegate.swift:8:8: error: no such module 'UIKit'
 6 | //
 7 |
 8 | import UIKit
   |        `- error: no such module 'UIKit'
 9 |
10 | // MARK: - SchemeDelegate
[22/23] Compiling WWSQLite3Manager OrderBy.swift
/Users/admin/builder/spi-builder-workspace/.build/checkouts/WWSQLite3Manager/Sources/WWSQLite3Manager/Model/SchemeDelegate.swift:8:8: error: no such module 'UIKit'
 6 | //
 7 |
 8 | import UIKit
   |        `- error: no such module 'UIKit'
 9 |
10 | // MARK: - SchemeDelegate
[23/23] Compiling WWSQLite3Manager resource_bundle_accessor.swift
/Users/admin/builder/spi-builder-workspace/.build/checkouts/WWSQLite3Manager/Sources/WWSQLite3Manager/Model/SchemeDelegate.swift:8:8: error: no such module 'UIKit'
 6 | //
 7 |
 8 | import UIKit
   |        `- error: no such module 'UIKit'
 9 |
10 | // MARK: - SchemeDelegate
BUILD FAILURE 6.3 macosSpm