Build Information
Failed to build SSStoryStatus, reference master (d197a9), with Swift 6.4 for watchOS using Xcode 27.0 on 19 Sep 2026 23:22:32 UTC.
Build Command
env DEVELOPER_DIR=/Applications/Xcode-27.0.0-Release.Candidate.app xcrun xcodebuild -IDEClonedSourcePackagesDirPathOverride=$PWD/.dependencies -skipMacroValidation -skipPackagePluginValidation -derivedDataPath $PWD/.derivedData build -scheme SSStoryStatus -destination generic/platform=watchOSBuild Log
WriteAuxiliaryFile /Users/admin/builder/spi-builder-workspace/.derivedData/Build/Intermediates.noindex/SSStoryStatus.build/Debug-watchos/SSStoryStatus-t.build/Objects-normal/arm64/SSStoryStatus_const_extract_protocols.json (in target 'SSStoryStatus' from project 'SSStoryStatus')
cd /Users/admin/builder/spi-builder-workspace
write-file /Users/admin/builder/spi-builder-workspace/.derivedData/Build/Intermediates.noindex/SSStoryStatus.build/Debug-watchos/SSStoryStatus-t.build/Objects-normal/arm64/SSStoryStatus_const_extract_protocols.json
WriteAuxiliaryFile /Users/admin/builder/spi-builder-workspace/.derivedData/Build/Intermediates.noindex/SSStoryStatus.build/Debug-watchos/SSStoryStatus-t.build/Objects-normal/arm64/SSStoryStatus.LinkFileList (in target 'SSStoryStatus' from project 'SSStoryStatus')
cd /Users/admin/builder/spi-builder-workspace
write-file /Users/admin/builder/spi-builder-workspace/.derivedData/Build/Intermediates.noindex/SSStoryStatus.build/Debug-watchos/SSStoryStatus-t.build/Objects-normal/arm64/SSStoryStatus.LinkFileList
WriteAuxiliaryFile /Users/admin/builder/spi-builder-workspace/.derivedData/Build/Intermediates.noindex/SSStoryStatus.build/Debug-watchos/SSStoryStatus-t.build/Objects-normal/arm64/SSStoryStatus-OutputFileMap.json (in target 'SSStoryStatus' from project 'SSStoryStatus')
cd /Users/admin/builder/spi-builder-workspace
write-file /Users/admin/builder/spi-builder-workspace/.derivedData/Build/Intermediates.noindex/SSStoryStatus.build/Debug-watchos/SSStoryStatus-t.build/Objects-normal/arm64/SSStoryStatus-OutputFileMap.json
WriteAuxiliaryFile /Users/admin/builder/spi-builder-workspace/.derivedData/Build/Intermediates.noindex/SSStoryStatus.build/Debug-watchos/SSStoryStatus-t.build/DerivedSources/resource_bundle_accessor.swift (in target 'SSStoryStatus' from project 'SSStoryStatus')
cd /Users/admin/builder/spi-builder-workspace
write-file /Users/admin/builder/spi-builder-workspace/.derivedData/Build/Intermediates.noindex/SSStoryStatus.build/Debug-watchos/SSStoryStatus-t.build/DerivedSources/resource_bundle_accessor.swift
Copy /Users/admin/builder/spi-builder-workspace/.derivedData/Build/Intermediates.noindex/GeneratedModuleMaps-watchos/SSStoryStatus.modulemap /Users/admin/builder/spi-builder-workspace/.derivedData/Build/Intermediates.noindex/SSStoryStatus.build/Debug-watchos/SSStoryStatus-t.build/SSStoryStatus.modulemap (in target 'SSStoryStatus' from project 'SSStoryStatus')
cd /Users/admin/builder/spi-builder-workspace
builtin-copy -exclude .DS_Store -exclude CVS -exclude .svn -exclude .git -exclude .hg -resolve-src-symlinks /Users/admin/builder/spi-builder-workspace/.derivedData/Build/Intermediates.noindex/SSStoryStatus.build/Debug-watchos/SSStoryStatus-t.build/SSStoryStatus.modulemap /Users/admin/builder/spi-builder-workspace/.derivedData/Build/Intermediates.noindex/GeneratedModuleMaps-watchos
GenerateAssetSymbols /Users/admin/builder/spi-builder-workspace/Sources/SSStoryStatus/Resources/Assets.xcassets (in target 'SSStoryStatus' from project 'SSStoryStatus')
cd /Users/admin/builder/spi-builder-workspace
/Applications/Xcode-27.0.0-Release.Candidate.app/Contents/Developer/usr/bin/actool /Users/admin/builder/spi-builder-workspace/Sources/SSStoryStatus/Resources/Assets.xcassets --compile /Users/admin/builder/spi-builder-workspace/.derivedData/Build/Products/Debug-watchos --output-format human-readable-text --notices --warnings --export-dependency-info /Users/admin/builder/spi-builder-workspace/.derivedData/Build/Intermediates.noindex/SSStoryStatus.build/Debug-watchos/SSStoryStatus-t.build/assetcatalog_dependencies --output-partial-info-plist /Users/admin/builder/spi-builder-workspace/.derivedData/Build/Intermediates.noindex/SSStoryStatus.build/Debug-watchos/SSStoryStatus-t.build/assetcatalog_generated_info.plist --compress-pngs --enable-on-demand-resources NO --development-region en --target-device watch --minimum-deployment-target 10.0 --platform watchos --bundle-identifier spi-builder-workspace.SSStoryStatus --generate-swift-asset-symbol-extensions NO --generate-swift-asset-symbols /Users/admin/builder/spi-builder-workspace/.derivedData/Build/Intermediates.noindex/SSStoryStatus.build/Debug-watchos/SSStoryStatus-t.build/DerivedSources/GeneratedAssetSymbols.swift --generate-objc-asset-symbols /Users/admin/builder/spi-builder-workspace/.derivedData/Build/Intermediates.noindex/SSStoryStatus.build/Debug-watchos/SSStoryStatus-t.build/DerivedSources/GeneratedAssetSymbols.h --generate-asset-symbol-index /Users/admin/builder/spi-builder-workspace/.derivedData/Build/Intermediates.noindex/SSStoryStatus.build/Debug-watchos/SSStoryStatus-t.build/DerivedSources/GeneratedAssetSymbols-Index.plist
/* com.apple.actool.compilation-results */
/Users/admin/builder/spi-builder-workspace/.derivedData/Build/Intermediates.noindex/SSStoryStatus.build/Debug-watchos/SSStoryStatus-t.build/DerivedSources/GeneratedAssetSymbols-Index.plist
/Users/admin/builder/spi-builder-workspace/.derivedData/Build/Intermediates.noindex/SSStoryStatus.build/Debug-watchos/SSStoryStatus-t.build/DerivedSources/GeneratedAssetSymbols.h
/Users/admin/builder/spi-builder-workspace/.derivedData/Build/Intermediates.noindex/SSStoryStatus.build/Debug-watchos/SSStoryStatus-t.build/DerivedSources/GeneratedAssetSymbols.swift
MkDir /Users/admin/builder/spi-builder-workspace/.derivedData/Build/Intermediates.noindex/SSStoryStatus.build/Debug-watchos/SSStoryStatus_SSStoryStatus-b.build/assetcatalog_output/thinned (in target 'SSStoryStatus_SSStoryStatus' from project 'SSStoryStatus')
cd /Users/admin/builder/spi-builder-workspace
/bin/mkdir -p /Users/admin/builder/spi-builder-workspace/.derivedData/Build/Intermediates.noindex/SSStoryStatus.build/Debug-watchos/SSStoryStatus_SSStoryStatus-b.build/assetcatalog_output/thinned
MkDir /Users/admin/builder/spi-builder-workspace/.derivedData/Build/Intermediates.noindex/SSStoryStatus.build/Debug-watchos/SSStoryStatus_SSStoryStatus-b.build/assetcatalog_output/unthinned (in target 'SSStoryStatus_SSStoryStatus' from project 'SSStoryStatus')
cd /Users/admin/builder/spi-builder-workspace
/bin/mkdir -p /Users/admin/builder/spi-builder-workspace/.derivedData/Build/Intermediates.noindex/SSStoryStatus.build/Debug-watchos/SSStoryStatus_SSStoryStatus-b.build/assetcatalog_output/unthinned
CompileAssetCatalogVariant thinned /Users/admin/builder/spi-builder-workspace/.derivedData/Build/Products/Debug-watchos/SSStoryStatus_SSStoryStatus.bundle /Users/admin/builder/spi-builder-workspace/Sources/SSStoryStatus/Resources/Assets.xcassets (in target 'SSStoryStatus_SSStoryStatus' from project 'SSStoryStatus')
cd /Users/admin/builder/spi-builder-workspace
/Applications/Xcode-27.0.0-Release.Candidate.app/Contents/Developer/usr/bin/actool /Users/admin/builder/spi-builder-workspace/Sources/SSStoryStatus/Resources/Assets.xcassets --compile /Users/admin/builder/spi-builder-workspace/.derivedData/Build/Intermediates.noindex/SSStoryStatus.build/Debug-watchos/SSStoryStatus_SSStoryStatus-b.build/assetcatalog_output/thinned --output-format human-readable-text --notices --warnings --export-dependency-info /Users/admin/builder/spi-builder-workspace/.derivedData/Build/Intermediates.noindex/SSStoryStatus.build/Debug-watchos/SSStoryStatus_SSStoryStatus-b.build/assetcatalog_dependencies_thinned --output-partial-info-plist /Users/admin/builder/spi-builder-workspace/.derivedData/Build/Intermediates.noindex/SSStoryStatus.build/Debug-watchos/SSStoryStatus_SSStoryStatus-b.build/assetcatalog_generated_info.plist_thinned --compress-pngs --enable-on-demand-resources NO --development-region en --target-device watch --minimum-deployment-target 10.0 --platform watchos
/* com.apple.actool.compilation-results */
/Users/admin/builder/spi-builder-workspace/.derivedData/Build/Intermediates.noindex/SSStoryStatus.build/Debug-watchos/SSStoryStatus_SSStoryStatus-b.build/assetcatalog_generated_info.plist_thinned
/Users/admin/builder/spi-builder-workspace/.derivedData/Build/Intermediates.noindex/SSStoryStatus.build/Debug-watchos/SSStoryStatus_SSStoryStatus-b.build/assetcatalog_output/thinned/Assets.car
SwiftDriver SSStoryStatus normal arm64_32 com.apple.xcode.tools.swift.compiler (in target 'SSStoryStatus' from project 'SSStoryStatus')
cd /Users/admin/builder/spi-builder-workspace/.swiftpm/xcode
builtin-SwiftDriver -- /Applications/Xcode-27.0.0-Release.Candidate.app/Contents/Developer/Toolchains/XcodeDefault.xctoolchain/usr/bin/swiftc -parse-as-library -module-name SSStoryStatus -Onone @/Users/admin/builder/spi-builder-workspace/.derivedData/Build/Intermediates.noindex/SSStoryStatus.build/Debug-watchos/SSStoryStatus-t.build/Objects-normal/arm64_32/SSStoryStatus.SwiftFileList -DSWIFT_PACKAGE -DDEBUG -DSWIFT_MODULE_RESOURCE_BUNDLE_AVAILABLE -DSPM -DXcode -plugin-path /Applications/Xcode-27.0.0-Release.Candidate.app/Contents/Developer/Toolchains/XcodeDefault.xctoolchain/usr/lib/swift/host/plugins/testing -enable-experimental-feature DebugDescriptionMacro -sdk /Applications/Xcode-27.0.0-Release.Candidate.app/Contents/Developer/Platforms/WatchOS.platform/Developer/SDKs/WatchOS27.0.sdk -target arm64_32-apple-watchos10.0 -g -module-cache-path /Users/admin/builder/spi-builder-workspace/.derivedData/ModuleCache.noindex -Xfrontend -serialize-debugging-options -profile-coverage-mapping -profile-generate -enable-testing -index-store-path /Users/admin/builder/spi-builder-workspace/.derivedData/Index.noindex/DataStore -Xcc -D_LIBCPP_HARDENING_MODE\=_LIBCPP_HARDENING_MODE_DEBUG -swift-version 5 -I /Users/admin/builder/spi-builder-workspace/.derivedData/Build/Products/Debug-watchos -Isystem /Applications/Xcode-27.0.0-Release.Candidate.app/Contents/Developer/Platforms/WatchOS.platform/Developer/usr/lib -F /Users/admin/builder/spi-builder-workspace/.derivedData/Build/Products/Debug-watchos -F /Applications/Xcode-27.0.0-Release.Candidate.app/Contents/Developer/Platforms/WatchOS.platform/Developer/Library/Frameworks -F /Applications/Xcode-27.0.0-Release.Candidate.app/Contents/Developer/Platforms/WatchOS.platform/Developer/SDKs/WatchOS27.0.sdk/Developer/Library/Frameworks -c -j10 -enable-batch-mode -incremental -Xcc -ivfsstatcache -Xcc /Users/admin/builder/spi-builder-workspace/.derivedData/SDKStatCaches.noindex/watchos27.0-24R360-e829b21a6f8c9b70876ba0858053c04477534ef55a1706bf4c1112bbb242f0a2.sdkstatcache -output-file-map /Users/admin/builder/spi-builder-workspace/.derivedData/Build/Intermediates.noindex/SSStoryStatus.build/Debug-watchos/SSStoryStatus-t.build/Objects-normal/arm64_32/SSStoryStatus-OutputFileMap.json -save-temps -no-color-diagnostics -explicit-module-build -module-cache-path /Users/admin/builder/spi-builder-workspace/.derivedData/Build/Intermediates.noindex/SwiftExplicitPrecompiledModules -clang-scanner-module-cache-path /Users/admin/builder/spi-builder-workspace/.derivedData/ModuleCache.noindex -sdk-module-cache-path /Users/admin/builder/spi-builder-workspace/.derivedData/SDKExplicitPrecompiledModules -emit-dependencies -emit-module -emit-module-path /Users/admin/builder/spi-builder-workspace/.derivedData/Build/Intermediates.noindex/SSStoryStatus.build/Debug-watchos/SSStoryStatus-t.build/Objects-normal/arm64_32/SSStoryStatus.swiftmodule -serialize-diagnostics -dependency-scan-serialize-diagnostics-path /Users/admin/builder/spi-builder-workspace/.derivedData/Build/Intermediates.noindex/SSStoryStatus.build/Debug-watchos/SSStoryStatus-t.build/Objects-normal/arm64_32/SSStoryStatus-dependency-scan.dia -validate-clang-modules-once -clang-build-session-file /Users/admin/builder/spi-builder-workspace/.derivedData/ModuleCache.noindex/Session.modulevalidation -Xcc -fmodules-prune-interval\=86400 -Xcc -fmodules-prune-after\=345600 -package-name spi_builder_workspace -emit-const-values -const-gather-protocols-list /Users/admin/builder/spi-builder-workspace/.derivedData/Build/Intermediates.noindex/SSStoryStatus.build/Debug-watchos/SSStoryStatus-t.build/Objects-normal/arm64_32/SSStoryStatus_const_extract_protocols.json -Xcc -I/Users/admin/builder/spi-builder-workspace/.derivedData/Build/Products/Debug-watchos/include -Xcc -I/Users/admin/builder/spi-builder-workspace/.derivedData/Build/Intermediates.noindex/SSStoryStatus.build/Debug-watchos/SSStoryStatus-t.build/DerivedSources-normal/arm64_32 -Xcc -I/Users/admin/builder/spi-builder-workspace/.derivedData/Build/Intermediates.noindex/SSStoryStatus.build/Debug-watchos/SSStoryStatus-t.build/DerivedSources/arm64_32 -Xcc -I/Users/admin/builder/spi-builder-workspace/.derivedData/Build/Intermediates.noindex/SSStoryStatus.build/Debug-watchos/SSStoryStatus-t.build/DerivedSources -Xcc -DSWIFT_PACKAGE -Xcc -DDEBUG\=1 -emit-objc-header -emit-objc-header-path /Users/admin/builder/spi-builder-workspace/.derivedData/Build/Intermediates.noindex/SSStoryStatus.build/Debug-watchos/SSStoryStatus-t.build/Objects-normal/arm64_32/SSStoryStatus-Swift.h -working-directory /Users/admin/builder/spi-builder-workspace/.swiftpm/xcode -experimental-emit-module-separately -disable-cmo
/Users/admin/builder/spi-builder-workspace/Sources/SSStoryStatus/ViewModels/UserViewModel.swift:23:12: warning: Extraneous whitespace between attribute name and '('; this is an error in the Swift 6 language mode (in target 'SSStoryStatus' from project 'SSStoryStatus')
SwiftDriver SSStoryStatus normal arm64 com.apple.xcode.tools.swift.compiler (in target 'SSStoryStatus' from project 'SSStoryStatus')
cd /Users/admin/builder/spi-builder-workspace/.swiftpm/xcode
builtin-SwiftDriver -- /Applications/Xcode-27.0.0-Release.Candidate.app/Contents/Developer/Toolchains/XcodeDefault.xctoolchain/usr/bin/swiftc -parse-as-library -module-name SSStoryStatus -Onone @/Users/admin/builder/spi-builder-workspace/.derivedData/Build/Intermediates.noindex/SSStoryStatus.build/Debug-watchos/SSStoryStatus-t.build/Objects-normal/arm64/SSStoryStatus.SwiftFileList -DSWIFT_PACKAGE -DDEBUG -DSWIFT_MODULE_RESOURCE_BUNDLE_AVAILABLE -DSPM -DXcode -plugin-path /Applications/Xcode-27.0.0-Release.Candidate.app/Contents/Developer/Toolchains/XcodeDefault.xctoolchain/usr/lib/swift/host/plugins/testing -enable-experimental-feature DebugDescriptionMacro -sdk /Applications/Xcode-27.0.0-Release.Candidate.app/Contents/Developer/Platforms/WatchOS.platform/Developer/SDKs/WatchOS27.0.sdk -target arm64-apple-watchos10.0 -g -module-cache-path /Users/admin/builder/spi-builder-workspace/.derivedData/ModuleCache.noindex -Xfrontend -serialize-debugging-options -profile-coverage-mapping -profile-generate -enable-testing -index-store-path /Users/admin/builder/spi-builder-workspace/.derivedData/Index.noindex/DataStore -Xcc -D_LIBCPP_HARDENING_MODE\=_LIBCPP_HARDENING_MODE_DEBUG -swift-version 5 -I /Users/admin/builder/spi-builder-workspace/.derivedData/Build/Products/Debug-watchos -Isystem /Applications/Xcode-27.0.0-Release.Candidate.app/Contents/Developer/Platforms/WatchOS.platform/Developer/usr/lib -F /Users/admin/builder/spi-builder-workspace/.derivedData/Build/Products/Debug-watchos -F /Applications/Xcode-27.0.0-Release.Candidate.app/Contents/Developer/Platforms/WatchOS.platform/Developer/Library/Frameworks -F /Applications/Xcode-27.0.0-Release.Candidate.app/Contents/Developer/Platforms/WatchOS.platform/Developer/SDKs/WatchOS27.0.sdk/Developer/Library/Frameworks -c -j10 -enable-batch-mode -incremental -Xcc -ivfsstatcache -Xcc /Users/admin/builder/spi-builder-workspace/.derivedData/SDKStatCaches.noindex/watchos27.0-24R360-e829b21a6f8c9b70876ba0858053c04477534ef55a1706bf4c1112bbb242f0a2.sdkstatcache -output-file-map /Users/admin/builder/spi-builder-workspace/.derivedData/Build/Intermediates.noindex/SSStoryStatus.build/Debug-watchos/SSStoryStatus-t.build/Objects-normal/arm64/SSStoryStatus-OutputFileMap.json -save-temps -no-color-diagnostics -explicit-module-build -module-cache-path /Users/admin/builder/spi-builder-workspace/.derivedData/Build/Intermediates.noindex/SwiftExplicitPrecompiledModules -clang-scanner-module-cache-path /Users/admin/builder/spi-builder-workspace/.derivedData/ModuleCache.noindex -sdk-module-cache-path /Users/admin/builder/spi-builder-workspace/.derivedData/SDKExplicitPrecompiledModules -emit-dependencies -emit-module -emit-module-path /Users/admin/builder/spi-builder-workspace/.derivedData/Build/Intermediates.noindex/SSStoryStatus.build/Debug-watchos/SSStoryStatus-t.build/Objects-normal/arm64/SSStoryStatus.swiftmodule -serialize-diagnostics -dependency-scan-serialize-diagnostics-path /Users/admin/builder/spi-builder-workspace/.derivedData/Build/Intermediates.noindex/SSStoryStatus.build/Debug-watchos/SSStoryStatus-t.build/Objects-normal/arm64/SSStoryStatus-dependency-scan.dia -validate-clang-modules-once -clang-build-session-file /Users/admin/builder/spi-builder-workspace/.derivedData/ModuleCache.noindex/Session.modulevalidation -Xcc -fmodules-prune-interval\=86400 -Xcc -fmodules-prune-after\=345600 -package-name spi_builder_workspace -emit-const-values -const-gather-protocols-list /Users/admin/builder/spi-builder-workspace/.derivedData/Build/Intermediates.noindex/SSStoryStatus.build/Debug-watchos/SSStoryStatus-t.build/Objects-normal/arm64/SSStoryStatus_const_extract_protocols.json -Xcc -I/Users/admin/builder/spi-builder-workspace/.derivedData/Build/Products/Debug-watchos/include -Xcc -I/Users/admin/builder/spi-builder-workspace/.derivedData/Build/Intermediates.noindex/SSStoryStatus.build/Debug-watchos/SSStoryStatus-t.build/DerivedSources-normal/arm64 -Xcc -I/Users/admin/builder/spi-builder-workspace/.derivedData/Build/Intermediates.noindex/SSStoryStatus.build/Debug-watchos/SSStoryStatus-t.build/DerivedSources/arm64 -Xcc -I/Users/admin/builder/spi-builder-workspace/.derivedData/Build/Intermediates.noindex/SSStoryStatus.build/Debug-watchos/SSStoryStatus-t.build/DerivedSources -Xcc -DSWIFT_PACKAGE -Xcc -DDEBUG\=1 -emit-objc-header -emit-objc-header-path /Users/admin/builder/spi-builder-workspace/.derivedData/Build/Intermediates.noindex/SSStoryStatus.build/Debug-watchos/SSStoryStatus-t.build/Objects-normal/arm64/SSStoryStatus-Swift.h -working-directory /Users/admin/builder/spi-builder-workspace/.swiftpm/xcode -experimental-emit-module-separately -disable-cmo
/Users/admin/builder/spi-builder-workspace/Sources/SSStoryStatus/ViewModels/UserViewModel.swift:23:12: warning: Extraneous whitespace between attribute name and '('; this is an error in the Swift 6 language mode (in target 'SSStoryStatus' from project 'SSStoryStatus')
LinkAssetCatalog /Users/admin/builder/spi-builder-workspace/Sources/SSStoryStatus/Resources/Assets.xcassets (in target 'SSStoryStatus_SSStoryStatus' from project 'SSStoryStatus')
cd /Users/admin/builder/spi-builder-workspace
builtin-linkAssetCatalog --thinned /Users/admin/builder/spi-builder-workspace/.derivedData/Build/Intermediates.noindex/SSStoryStatus.build/Debug-watchos/SSStoryStatus_SSStoryStatus-b.build/assetcatalog_output/thinned --thinned-dependencies /Users/admin/builder/spi-builder-workspace/.derivedData/Build/Intermediates.noindex/SSStoryStatus.build/Debug-watchos/SSStoryStatus_SSStoryStatus-b.build/assetcatalog_dependencies_thinned --thinned-info-plist-content /Users/admin/builder/spi-builder-workspace/.derivedData/Build/Intermediates.noindex/SSStoryStatus.build/Debug-watchos/SSStoryStatus_SSStoryStatus-b.build/assetcatalog_generated_info.plist_thinned --unthinned /Users/admin/builder/spi-builder-workspace/.derivedData/Build/Intermediates.noindex/SSStoryStatus.build/Debug-watchos/SSStoryStatus_SSStoryStatus-b.build/assetcatalog_output/unthinned --unthinned-dependencies /Users/admin/builder/spi-builder-workspace/.derivedData/Build/Intermediates.noindex/SSStoryStatus.build/Debug-watchos/SSStoryStatus_SSStoryStatus-b.build/assetcatalog_dependencies_unthinned --unthinned-info-plist-content /Users/admin/builder/spi-builder-workspace/.derivedData/Build/Intermediates.noindex/SSStoryStatus.build/Debug-watchos/SSStoryStatus_SSStoryStatus-b.build/assetcatalog_generated_info.plist_unthinned --output /Users/admin/builder/spi-builder-workspace/.derivedData/Build/Products/Debug-watchos/SSStoryStatus_SSStoryStatus.bundle --plist-output /Users/admin/builder/spi-builder-workspace/.derivedData/Build/Intermediates.noindex/SSStoryStatus.build/Debug-watchos/SSStoryStatus_SSStoryStatus-b.build/assetcatalog_generated_info.plist
note: Emplaced /Users/admin/builder/spi-builder-workspace/.derivedData/Build/Products/Debug-watchos/SSStoryStatus_SSStoryStatus.bundle/Assets.car (in target 'SSStoryStatus_SSStoryStatus' from project 'SSStoryStatus')
ProcessInfoPlistFile /Users/admin/builder/spi-builder-workspace/.derivedData/Build/Products/Debug-watchos/SSStoryStatus_SSStoryStatus.bundle/Info.plist /Users/admin/builder/spi-builder-workspace/.derivedData/Build/Intermediates.noindex/SSStoryStatus.build/Debug-watchos/SSStoryStatus_SSStoryStatus-b.build/empty-SSStoryStatus_SSStoryStatus.plist (in target 'SSStoryStatus_SSStoryStatus' from project 'SSStoryStatus')
cd /Users/admin/builder/spi-builder-workspace
builtin-infoPlistUtility /Users/admin/builder/spi-builder-workspace/.derivedData/Build/Intermediates.noindex/SSStoryStatus.build/Debug-watchos/SSStoryStatus_SSStoryStatus-b.build/empty-SSStoryStatus_SSStoryStatus.plist -producttype com.apple.product-type.bundle -expandbuildsettings -format binary -platform watchos -additionalcontentfile /Users/admin/builder/spi-builder-workspace/.derivedData/Build/Intermediates.noindex/SSStoryStatus.build/Debug-watchos/SSStoryStatus_SSStoryStatus-b.build/assetcatalog_generated_info.plist -o /Users/admin/builder/spi-builder-workspace/.derivedData/Build/Products/Debug-watchos/SSStoryStatus_SSStoryStatus.bundle/Info.plist
RegisterExecutionPolicyException /Users/admin/builder/spi-builder-workspace/.derivedData/Build/Products/Debug-watchos/SSStoryStatus_SSStoryStatus.bundle (in target 'SSStoryStatus_SSStoryStatus' from project 'SSStoryStatus')
cd /Users/admin/builder/spi-builder-workspace
builtin-RegisterExecutionPolicyException /Users/admin/builder/spi-builder-workspace/.derivedData/Build/Products/Debug-watchos/SSStoryStatus_SSStoryStatus.bundle
Touch /Users/admin/builder/spi-builder-workspace/.derivedData/Build/Products/Debug-watchos/SSStoryStatus_SSStoryStatus.bundle (in target 'SSStoryStatus_SSStoryStatus' from project 'SSStoryStatus')
cd /Users/admin/builder/spi-builder-workspace
/usr/bin/touch -c /Users/admin/builder/spi-builder-workspace/.derivedData/Build/Products/Debug-watchos/SSStoryStatus_SSStoryStatus.bundle
SwiftExplicitDependencyGeneratePcm arm64 /Users/admin/builder/spi-builder-workspace/.derivedData/SDKExplicitPrecompiledModules/_Builtin_stdbool-83J96QSOFE9VX04AAS6310UAE.pcm
SwiftExplicitDependencyGeneratePcm arm64 /Users/admin/builder/spi-builder-workspace/.derivedData/SDKExplicitPrecompiledModules/_SwiftConcurrencyShims-659N52XSKR5F0QSB880BH2FJR.pcm
SwiftExplicitDependencyGeneratePcm arm64 /Users/admin/builder/spi-builder-workspace/.derivedData/SDKExplicitPrecompiledModules/SwiftShims-4MXFZPV6FEB0XBYXCGPWAMQGL.pcm
SwiftExplicitDependencyGeneratePcm arm64 /Users/admin/builder/spi-builder-workspace/.derivedData/SDKExplicitPrecompiledModules/ptrauth-3TZ9WJCGLYD25HQPWH4968ONX.pcm
SwiftExplicitDependencyGeneratePcm arm64 /Users/admin/builder/spi-builder-workspace/.derivedData/SDKExplicitPrecompiledModules/_Builtin_float-C0CW5Q4HGBQYKE77TC42IAFB5.pcm
SwiftExplicitDependencyGeneratePcm arm64 /Users/admin/builder/spi-builder-workspace/.derivedData/SDKExplicitPrecompiledModules/_AvailabilityInternal-BUNV3UXM65NT37THI4W1AM0SF.pcm
SwiftExplicitDependencyGeneratePcm arm64 /Users/admin/builder/spi-builder-workspace/.derivedData/SDKExplicitPrecompiledModules/_Builtin_stddef-1FU30Y8SWFB7OUUHMJQH5J6FM.pcm
SwiftExplicitDependencyGeneratePcm arm64 /Users/admin/builder/spi-builder-workspace/.derivedData/SDKExplicitPrecompiledModules/ptrcheck-AIF0NDOYZ8ORBNHQAQR5NNB8M.pcm
SwiftExplicitDependencyGeneratePcm arm64 /Users/admin/builder/spi-builder-workspace/.derivedData/SDKExplicitPrecompiledModules/_Builtin_stdarg-A7UU8LE6MP85SM26YO7PBZNUQ.pcm
SwiftExplicitDependencyGeneratePcm arm64 /Users/admin/builder/spi-builder-workspace/.derivedData/SDKExplicitPrecompiledModules/DeveloperToolsSupport-E7CNISCB36UE8XQ9IOHK9XDX1.pcm
SwiftExplicitDependencyGeneratePcm arm64_32 /Users/admin/builder/spi-builder-workspace/.derivedData/SDKExplicitPrecompiledModules/_Builtin_stdbool-A967K8W8YUYEC9SN52KJ7OO88.pcm
SwiftExplicitDependencyGeneratePcm arm64_32 /Users/admin/builder/spi-builder-workspace/.derivedData/SDKExplicitPrecompiledModules/_AvailabilityInternal-244WAN3Z1QBT7PIA64EZEFY1R.pcm
SwiftExplicitDependencyGeneratePcm arm64_32 /Users/admin/builder/spi-builder-workspace/.derivedData/SDKExplicitPrecompiledModules/ptrauth-BFXF358ME5AK535N5A9Z766WU.pcm
SwiftExplicitDependencyGeneratePcm arm64_32 /Users/admin/builder/spi-builder-workspace/.derivedData/SDKExplicitPrecompiledModules/_Builtin_stddef-H44EFHQX6XSS5MZ7QP6YJZ76.pcm
SwiftExplicitDependencyGeneratePcm arm64_32 /Users/admin/builder/spi-builder-workspace/.derivedData/SDKExplicitPrecompiledModules/SwiftShims-9CQQGWTSNTN9EB5NSHDWUJICH.pcm
SwiftExplicitDependencyGeneratePcm arm64_32 /Users/admin/builder/spi-builder-workspace/.derivedData/SDKExplicitPrecompiledModules/_SwiftConcurrencyShims-6RTBPQ03V7BM9SPRK8SUE055H.pcm
SwiftExplicitDependencyGeneratePcm arm64_32 /Users/admin/builder/spi-builder-workspace/.derivedData/SDKExplicitPrecompiledModules/_Builtin_float-6KO8O3PEWRCA4WC6PPLOYO6WJ.pcm
SwiftExplicitDependencyGeneratePcm arm64_32 /Users/admin/builder/spi-builder-workspace/.derivedData/SDKExplicitPrecompiledModules/ptrcheck-7ELIH9BTIGVKX3UBITM9N72WD.pcm
SwiftExplicitDependencyGeneratePcm arm64_32 /Users/admin/builder/spi-builder-workspace/.derivedData/SDKExplicitPrecompiledModules/DeveloperToolsSupport-DZU5G1OCMNWU0AQRULIFHUJ1Z.pcm
SwiftExplicitDependencyGeneratePcm arm64_32 /Users/admin/builder/spi-builder-workspace/.derivedData/SDKExplicitPrecompiledModules/_Builtin_stdarg-D305JG44A2WPI6CJY37X3QJE8.pcm
SwiftExplicitDependencyGeneratePcm arm64 /Users/admin/builder/spi-builder-workspace/.derivedData/SDKExplicitPrecompiledModules/_DarwinFoundation1-7SPX3MD0HMP55E4OLNCPNDQ53.pcm
SwiftExplicitDependencyGeneratePcm arm64_32 /Users/admin/builder/spi-builder-workspace/.derivedData/SDKExplicitPrecompiledModules/_DarwinFoundation1-2GWF9RFMPLQW4PDHS3NARVI3G.pcm
SwiftExplicitDependencyGeneratePcm arm64 /Users/admin/builder/spi-builder-workspace/.derivedData/SDKExplicitPrecompiledModules/_DarwinFoundation2-D0XAPJU49S5E9XMKYOFGSTB1Q.pcm
SwiftExplicitDependencyGeneratePcm arm64 /Users/admin/builder/spi-builder-workspace/.derivedData/SDKExplicitPrecompiledModules/_Builtin_limits-9GWPA2B0H20DYUNYHYCWKABJG.pcm
SwiftExplicitDependencyGeneratePcm arm64_32 /Users/admin/builder/spi-builder-workspace/.derivedData/SDKExplicitPrecompiledModules/_DarwinFoundation2-9MY8GOSYRO0M9MKNXF6D3MBNK.pcm
SwiftExplicitDependencyGeneratePcm arm64_32 /Users/admin/builder/spi-builder-workspace/.derivedData/SDKExplicitPrecompiledModules/_Builtin_limits-3VKBU2AFTD65PAJZ5CJ3LHFM2.pcm
SwiftExplicitDependencyGeneratePcm arm64 /Users/admin/builder/spi-builder-workspace/.derivedData/SDKExplicitPrecompiledModules/_Builtin_tgmath-8NQ96OZ0YHXEC24JI95P01UF8.pcm
SwiftExplicitDependencyGeneratePcm arm64 /Users/admin/builder/spi-builder-workspace/.derivedData/SDKExplicitPrecompiledModules/sys_types-2KXQLI78OUCDP779AE68GZJ2.pcm
SwiftExplicitDependencyGeneratePcm arm64 /Users/admin/builder/spi-builder-workspace/.derivedData/SDKExplicitPrecompiledModules/_Builtin_stdint-8XMILLJZEGRN2XG7XZUXZ5RLX.pcm
SwiftExplicitDependencyGeneratePcm arm64 /Users/admin/builder/spi-builder-workspace/.derivedData/SDKExplicitPrecompiledModules/string_h-E6PRXK75PHIPCZFWOFCQ3QBMK.pcm
SwiftExplicitDependencyGeneratePcm arm64_32 /Users/admin/builder/spi-builder-workspace/.derivedData/SDKExplicitPrecompiledModules/_Builtin_tgmath-23PGCKURCQILXMK0MYZRYDCOU.pcm
SwiftExplicitDependencyGeneratePcm arm64_32 /Users/admin/builder/spi-builder-workspace/.derivedData/SDKExplicitPrecompiledModules/string_h-BFVLUQUSBZWYMLCU9QI7VZALW.pcm
SwiftExplicitDependencyGeneratePcm arm64_32 /Users/admin/builder/spi-builder-workspace/.derivedData/SDKExplicitPrecompiledModules/sys_types-8TLLMW08ZJWDGIIPKOYFGHHZW.pcm
SwiftExplicitDependencyGeneratePcm arm64_32 /Users/admin/builder/spi-builder-workspace/.derivedData/SDKExplicitPrecompiledModules/_Builtin_stdint-1HMXWI3V0V4TXHRWZOMZGZ80Y.pcm
SwiftExplicitDependencyGeneratePcm arm64 /Users/admin/builder/spi-builder-workspace/.derivedData/SDKExplicitPrecompiledModules/_DarwinFoundation3-B97LRG0E9GON2NUE65TVG81HU.pcm
SwiftExplicitDependencyGeneratePcm arm64 /Users/admin/builder/spi-builder-workspace/.derivedData/SDKExplicitPrecompiledModules/_Builtin_stdatomic-7JEFA3KBJJJN6TKJWY3OG1VG5.pcm
SwiftExplicitDependencyGeneratePcm arm64 /Users/admin/builder/spi-builder-workspace/.derivedData/SDKExplicitPrecompiledModules/_Builtin_intrinsics-75960HIPCIYA06IUW8FIIPQT.pcm
SwiftExplicitDependencyGeneratePcm arm64_32 /Users/admin/builder/spi-builder-workspace/.derivedData/SDKExplicitPrecompiledModules/_Builtin_stdatomic-1TY035TURL76BF2U98PZPPZRX.pcm
SwiftExplicitDependencyGeneratePcm arm64_32 /Users/admin/builder/spi-builder-workspace/.derivedData/SDKExplicitPrecompiledModules/_DarwinFoundation3-3DUTYQDQSD9HUAAVY947NMWOI.pcm
SwiftExplicitDependencyGeneratePcm arm64_32 /Users/admin/builder/spi-builder-workspace/.derivedData/SDKExplicitPrecompiledModules/_Builtin_intrinsics-196IIAKDQVU42DLOZP9OQCV76.pcm
SwiftExplicitDependencyGeneratePcm arm64 /Users/admin/builder/spi-builder-workspace/.derivedData/SDKExplicitPrecompiledModules/_Builtin_inttypes-3UQSCM7WNM9EK4HZML8TY5J3D.pcm
SwiftExplicitDependencyGeneratePcm arm64_32 /Users/admin/builder/spi-builder-workspace/.derivedData/SDKExplicitPrecompiledModules/_Builtin_inttypes-D2KPCR4PEX9AQA33NGLUT5SBR.pcm
SwiftExplicitDependencyGeneratePcm arm64 /Users/admin/builder/spi-builder-workspace/.derivedData/SDKExplicitPrecompiledModules/Darwin-3984OXKFNSPE77NT743WK8SEX.pcm
SwiftExplicitDependencyGeneratePcm arm64_32 /Users/admin/builder/spi-builder-workspace/.derivedData/SDKExplicitPrecompiledModules/Darwin-3FVT1SKLN2ZQ5RVOABMTQBB34.pcm
SwiftExplicitDependencyGeneratePcm arm64 /Users/admin/builder/spi-builder-workspace/.derivedData/SDKExplicitPrecompiledModules/simd-EH08NODU6574T74ZKU61VP9BW.pcm
SwiftExplicitDependencyGeneratePcm arm64_32 /Users/admin/builder/spi-builder-workspace/.derivedData/SDKExplicitPrecompiledModules/simd-21UNWYOBUZI1LVSQ99S1XBLMO.pcm
SwiftExplicitDependencyGeneratePcm arm64_32 /Users/admin/builder/spi-builder-workspace/.derivedData/SDKExplicitPrecompiledModules/ObjectiveC-6IJNELR2E80E7LUKESVCP2KET.pcm
SwiftExplicitDependencyGeneratePcm arm64_32 /Users/admin/builder/spi-builder-workspace/.derivedData/SDKExplicitPrecompiledModules/MachO-56838ZJ0NC1EBAJ0O6O8QMPDX.pcm
SwiftExplicitDependencyGeneratePcm arm64 /Users/admin/builder/spi-builder-workspace/.derivedData/SDKExplicitPrecompiledModules/MachO-2U90NNSAQILBNBPS1SA4F8TYP.pcm
SwiftExplicitDependencyGeneratePcm arm64 /Users/admin/builder/spi-builder-workspace/.derivedData/SDKExplicitPrecompiledModules/ObjectiveC-72IVD3VS2RS8Q28D9PIMY0KQP.pcm
SwiftExplicitDependencyGeneratePcm arm64 /Users/admin/builder/spi-builder-workspace/.derivedData/SDKExplicitPrecompiledModules/os_object-3SDKD7F87FTZ26OON37DRYT6O.pcm
SwiftExplicitDependencyGeneratePcm arm64_32 /Users/admin/builder/spi-builder-workspace/.derivedData/SDKExplicitPrecompiledModules/os_object-5YWTC6L4756IWSTPGXS5NM0D0.pcm
SwiftExplicitDependencyGeneratePcm arm64_32 /Users/admin/builder/spi-builder-workspace/.derivedData/SDKExplicitPrecompiledModules/os_workgroup-5JHTPDMNBUNHLJI8LPHKQK1JK.pcm
SwiftExplicitDependencyGeneratePcm arm64 /Users/admin/builder/spi-builder-workspace/.derivedData/SDKExplicitPrecompiledModules/os_workgroup-89GG5G7YC2D0ZTK6AZXXQ20DH.pcm
SwiftExplicitDependencyGeneratePcm arm64_32 /Users/admin/builder/spi-builder-workspace/.derivedData/SDKExplicitPrecompiledModules/Spatial-CWVWNML3T0NXVHZDKVLD3X1YZ.pcm
SwiftExplicitDependencyGeneratePcm arm64 /Users/admin/builder/spi-builder-workspace/.derivedData/SDKExplicitPrecompiledModules/Spatial-44FJGYXFAT2AQAW9Z6T7YS02U.pcm
SwiftExplicitDependencyGeneratePcm arm64 /Users/admin/builder/spi-builder-workspace/.derivedData/SDKExplicitPrecompiledModules/Dispatch-1NLJOVAK60XP0DUB05XA59EIM.pcm
SwiftExplicitDependencyGeneratePcm arm64_32 /Users/admin/builder/spi-builder-workspace/.derivedData/SDKExplicitPrecompiledModules/Dispatch-2P62F1T4XV63S4P99TUDTOK2Q.pcm
SwiftExplicitDependencyGeneratePcm arm64 /Users/admin/builder/spi-builder-workspace/.derivedData/SDKExplicitPrecompiledModules/CoreFoundation-8T2L24YC5NU7WO6WQJWRY7W08.pcm
SwiftExplicitDependencyGeneratePcm arm64 /Users/admin/builder/spi-builder-workspace/.derivedData/SDKExplicitPrecompiledModules/XPC-40DR0X1DHKGCV4J1IOLFS8MOU.pcm
SwiftExplicitDependencyGeneratePcm arm64_32 /Users/admin/builder/spi-builder-workspace/.derivedData/SDKExplicitPrecompiledModules/XPC-81Y45QFY96XYYFCW2GT6FY8S4.pcm
SwiftExplicitDependencyGeneratePcm arm64_32 /Users/admin/builder/spi-builder-workspace/.derivedData/SDKExplicitPrecompiledModules/CoreFoundation-8E6Y4BA3EXYKUGJ24GT9LGV3N.pcm
SwiftExplicitDependencyGeneratePcm arm64 /Users/admin/builder/spi-builder-workspace/.derivedData/SDKExplicitPrecompiledModules/os-5DIL6Z9LFIGLMZAHM7X2T5435.pcm
SwiftExplicitDependencyGeneratePcm arm64_32 /Users/admin/builder/spi-builder-workspace/.derivedData/SDKExplicitPrecompiledModules/os-E5IGB442IA6SBB25TTCOLK2OC.pcm
SwiftExplicitDependencyGeneratePcm arm64 /Users/admin/builder/spi-builder-workspace/.derivedData/SDKExplicitPrecompiledModules/Security-6RZ6YBRU8WCUHRFFRVUK5WKMM.pcm
SwiftExplicitDependencyGeneratePcm arm64 /Users/admin/builder/spi-builder-workspace/.derivedData/SDKExplicitPrecompiledModules/CoreGraphics-DWNZ73GEH98SBJXZ7DEXB420K.pcm
SwiftExplicitDependencyGeneratePcm arm64 /Users/admin/builder/spi-builder-workspace/.derivedData/SDKExplicitPrecompiledModules/CoreAudioTypes-A9MF7N5LT63G21HNFVM6BT14B.pcm
SwiftExplicitDependencyGeneratePcm arm64_32 /Users/admin/builder/spi-builder-workspace/.derivedData/SDKExplicitPrecompiledModules/Security-D7TOWF88VWF67TB9HAFP5UWB1.pcm
SwiftExplicitDependencyGeneratePcm arm64_32 /Users/admin/builder/spi-builder-workspace/.derivedData/SDKExplicitPrecompiledModules/CoreGraphics-9FDXYX6BKBUT6TJ2VF819E7T5.pcm
SwiftExplicitDependencyGeneratePcm arm64_32 /Users/admin/builder/spi-builder-workspace/.derivedData/SDKExplicitPrecompiledModules/CoreAudioTypes-9GVB1DHA32M46R4A9NWSI3I2K.pcm
SwiftExplicitDependencyGeneratePcm arm64 /Users/admin/builder/spi-builder-workspace/.derivedData/SDKExplicitPrecompiledModules/CoreAudio-1B79RJJTP71GE6UY9WLESAN3C.pcm
SwiftExplicitDependencyGeneratePcm arm64_32 /Users/admin/builder/spi-builder-workspace/.derivedData/SDKExplicitPrecompiledModules/CoreAudio-5W6MX6OUPWBMUR8VD5LHT1PZF.pcm
SwiftExplicitDependencyGeneratePcm arm64 /Users/admin/builder/spi-builder-workspace/.derivedData/SDKExplicitPrecompiledModules/Foundation-DLBKUSGXN8QHAT8W0OARR9S8A.pcm
SwiftExplicitDependencyGeneratePcm arm64_32 /Users/admin/builder/spi-builder-workspace/.derivedData/SDKExplicitPrecompiledModules/Foundation-BJ2VQGI3OGR34500MEQ1VKHPH.pcm
SwiftExplicitDependencyGeneratePcm arm64 /Users/admin/builder/spi-builder-workspace/.derivedData/SDKExplicitPrecompiledModules/ImageIO-208F4GO13XRG67XXLAMH07N4X.pcm
SwiftExplicitDependencyGeneratePcm arm64 /Users/admin/builder/spi-builder-workspace/.derivedData/SDKExplicitPrecompiledModules/CoreVideo-8MRR5MNWUOAW2DBPGUQ8FKK4.pcm
SwiftExplicitDependencyGeneratePcm arm64 /Users/admin/builder/spi-builder-workspace/.derivedData/SDKExplicitPrecompiledModules/CoreText-970YJN6NIYGK1316L35Z0O8QT.pcm
SwiftExplicitDependencyGeneratePcm arm64_32 /Users/admin/builder/spi-builder-workspace/.derivedData/SDKExplicitPrecompiledModules/ImageIO-2Y4S05VUFWLNTRW92S35BUMG8.pcm
SwiftExplicitDependencyGeneratePcm arm64_32 /Users/admin/builder/spi-builder-workspace/.derivedData/SDKExplicitPrecompiledModules/CoreText-C9X2REPZN2V5BSU4G80FCETDR.pcm
SwiftExplicitDependencyGeneratePcm arm64_32 /Users/admin/builder/spi-builder-workspace/.derivedData/SDKExplicitPrecompiledModules/CoreVideo-2P8HI0403J99LBDPKNFJ5D4DL.pcm
SwiftExplicitDependencyGeneratePcm arm64_32 /Users/admin/builder/spi-builder-workspace/.derivedData/SDKExplicitPrecompiledModules/CoreMedia-AO387T8CHWTTZODD1DGT0UAFA.pcm
SwiftExplicitDependencyGeneratePcm arm64 /Users/admin/builder/spi-builder-workspace/.derivedData/SDKExplicitPrecompiledModules/CoreMedia-1AJVCUZNAO74KIKMFVFUUHWDI.pcm
SwiftExplicitDependencyGeneratePcm arm64 /Users/admin/builder/spi-builder-workspace/.derivedData/SDKExplicitPrecompiledModules/CoreData-9JFJC4UET8BAO5IPV2JU6W9V8.pcm
SwiftExplicitDependencyGeneratePcm arm64 /Users/admin/builder/spi-builder-workspace/.derivedData/SDKExplicitPrecompiledModules/CoreTransferable-9PPG3SLJ55T4LITIFYX2M0NOZ.pcm
SwiftExplicitDependencyGeneratePcm arm64 /Users/admin/builder/spi-builder-workspace/.derivedData/SDKExplicitPrecompiledModules/AVKit-APT69Z4XLJTO6G3GFJEUMDL9G.pcm
SwiftExplicitDependencyGeneratePcm arm64 /Users/admin/builder/spi-builder-workspace/.derivedData/SDKExplicitPrecompiledModules/LocalAuthentication-E2VERNNN1K2IWY24TR43TU59K.pcm
SwiftExplicitDependencyGeneratePcm arm64 /Users/admin/builder/spi-builder-workspace/.derivedData/SDKExplicitPrecompiledModules/UniformTypeIdentifiers-8L08Q8DQJV8C4AW84YVGFGTRN.pcm
SwiftExplicitDependencyGeneratePcm arm64 /Users/admin/builder/spi-builder-workspace/.derivedData/SDKExplicitPrecompiledModules/DataDetection-7BNVI1SZW5ISQL5SX4WL2X7I5.pcm
SwiftExplicitDependencyGeneratePcm arm64 /Users/admin/builder/spi-builder-workspace/.derivedData/SDKExplicitPrecompiledModules/QuartzCore-94KFMWNOU7ZLUZNB4T5DLZC9D.pcm
SwiftExplicitDependencyGeneratePcm arm64 /Users/admin/builder/spi-builder-workspace/.derivedData/SDKExplicitPrecompiledModules/Accessibility-27QMG6ZQ1NKYTNBYFPM1XKNFC.pcm
SwiftExplicitDependencyGeneratePcm arm64 /Users/admin/builder/spi-builder-workspace/.derivedData/SDKExplicitPrecompiledModules/UserNotifications-ARAH8MEQ0C2L0FBO39HITJMAO.pcm
SwiftExplicitDependencyGeneratePcm arm64 /Users/admin/builder/spi-builder-workspace/.derivedData/SDKExplicitPrecompiledModules/_LocationEssentials-5ZZDGDXB6HLQUC72SJW7YJ7MK.pcm
SwiftExplicitDependencyGeneratePcm arm64_32 /Users/admin/builder/spi-builder-workspace/.derivedData/SDKExplicitPrecompiledModules/UIUtilities-9YFVNIMRC5HRVOIARNWHP1E3H.pcm
SwiftExplicitDependencyGeneratePcm arm64_32 /Users/admin/builder/spi-builder-workspace/.derivedData/SDKExplicitPrecompiledModules/UserNotifications-6TBN8TEAKO014N1T2QD926XED.pcm
SwiftExplicitDependencyGeneratePcm arm64_32 /Users/admin/builder/spi-builder-workspace/.derivedData/SDKExplicitPrecompiledModules/Accessibility-F385OMZ5GYBUY5O4QAJB4NRII.pcm
SwiftExplicitDependencyGeneratePcm arm64_32 /Users/admin/builder/spi-builder-workspace/.derivedData/SDKExplicitPrecompiledModules/_LocationEssentials-AQ1OL9QKC3LQLY5CNSRM1HB53.pcm
SwiftExplicitDependencyGeneratePcm arm64 /Users/admin/builder/spi-builder-workspace/.derivedData/SDKExplicitPrecompiledModules/CoreLocation-ACKJ9K7ABI14F97Y46Y6SRR17.pcm
SwiftExplicitDependencyGeneratePcm arm64_32 /Users/admin/builder/spi-builder-workspace/.derivedData/SDKExplicitPrecompiledModules/UniformTypeIdentifiers-CJZ3NTHPSBH4XWX5EVOG56UZS.pcm
SwiftExplicitDependencyGeneratePcm arm64_32 /Users/admin/builder/spi-builder-workspace/.derivedData/SDKExplicitPrecompiledModules/QuartzCore-6375NPYACK5NYVHPMC1QQ8MC2.pcm
SwiftExplicitDependencyGeneratePcm arm64_32 /Users/admin/builder/spi-builder-workspace/.derivedData/SDKExplicitPrecompiledModules/CoreTransferable-5D4IR6X37682FPHJ5CBPTKQV6.pcm
SwiftExplicitDependencyGeneratePcm arm64_32 /Users/admin/builder/spi-builder-workspace/.derivedData/SDKExplicitPrecompiledModules/AVKit-DGLMG173V7OD5E3TSXVW687BU.pcm
SwiftExplicitDependencyGeneratePcm arm64_32 /Users/admin/builder/spi-builder-workspace/.derivedData/SDKExplicitPrecompiledModules/DataDetection-U9BF7WHFVA6BZGFXXXP272PS.pcm
SwiftExplicitDependencyGeneratePcm arm64 /Users/admin/builder/spi-builder-workspace/.derivedData/SDKExplicitPrecompiledModules/SwiftUICore-C1DST1IX2Z0PTH5SJJZ1IULRB.pcm
SwiftExplicitDependencyGeneratePcm arm64_32 /Users/admin/builder/spi-builder-workspace/.derivedData/SDKExplicitPrecompiledModules/SceneKit-DKNLHKM5FJBQ79LSNMSSMBUBR.pcm
SwiftExplicitDependencyGeneratePcm arm64_32 /Users/admin/builder/spi-builder-workspace/.derivedData/SDKExplicitPrecompiledModules/CoreLocation-8XU5YMYM4P11RQMYCQAG65ITK.pcm
SwiftExplicitDependencyGeneratePcm arm64_32 /Users/admin/builder/spi-builder-workspace/.derivedData/SDKExplicitPrecompiledModules/Symbols-1H97WMG76HU94F5VGJR19PXFY.pcm
SwiftExplicitDependencyGeneratePcm arm64 /Users/admin/builder/spi-builder-workspace/.derivedData/SDKExplicitPrecompiledModules/SceneKit-5HZKIL7XETTTD8TOHYPN8JKRJ.pcm
SwiftExplicitDependencyGeneratePcm arm64 /Users/admin/builder/spi-builder-workspace/.derivedData/SDKExplicitPrecompiledModules/UIUtilities-IR7RNW23VAUKYI9MLCS9NL9A.pcm
SwiftExplicitDependencyGeneratePcm arm64 /Users/admin/builder/spi-builder-workspace/.derivedData/SDKExplicitPrecompiledModules/CoreMIDI-DMNFPOXYVF7STUO5GNB3DF2BQ.pcm
SwiftExplicitDependencyGeneratePcm arm64 /Users/admin/builder/spi-builder-workspace/.derivedData/SDKExplicitPrecompiledModules/CoreMotion-6RD5K48QT1F4L9CATNFD2O7YB.pcm
SwiftExplicitDependencyGeneratePcm arm64 /Users/admin/builder/spi-builder-workspace/.derivedData/SDKExplicitPrecompiledModules/OSLog-B7VGO357Y3GJG35TST7DKDSI3.pcm
SwiftExplicitDependencyGeneratePcm arm64_32 /Users/admin/builder/spi-builder-workspace/.derivedData/SDKExplicitPrecompiledModules/CoreData-7AU1AFQWUH88EAPDKVMLJPKVD.pcm
SwiftExplicitDependencyGeneratePcm arm64_32 /Users/admin/builder/spi-builder-workspace/.derivedData/SDKExplicitPrecompiledModules/CoreMIDI-8Q3SSIDM9J726670QKKYTPP3W.pcm
SwiftExplicitDependencyGeneratePcm arm64_32 /Users/admin/builder/spi-builder-workspace/.derivedData/SDKExplicitPrecompiledModules/LocalAuthentication-ATD947DC6Q0HA129OWBMG6HNP.pcm
SwiftExplicitDependencyGeneratePcm arm64 /Users/admin/builder/spi-builder-workspace/.derivedData/SDKExplicitPrecompiledModules/Symbols-3EFABTJ9L5PQDJ7RQCYQWEJMM.pcm
SwiftExplicitDependencyGeneratePcm arm64_32 /Users/admin/builder/spi-builder-workspace/.derivedData/SDKExplicitPrecompiledModules/OSLog-D9AVFY0KWO7RVBIQ73CBIJVCN.pcm
SwiftExplicitDependencyGeneratePcm arm64_32 /Users/admin/builder/spi-builder-workspace/.derivedData/SDKExplicitPrecompiledModules/CoreMotion-1XGTVTE5PP32UHME8AC63TL6.pcm
SwiftExplicitDependencyGeneratePcm arm64_32 /Users/admin/builder/spi-builder-workspace/.derivedData/SDKExplicitPrecompiledModules/SwiftUICore-3Q7WLRD8MR9R3NGIPUBQCP6F6.pcm
SwiftExplicitDependencyGeneratePcm arm64 /Users/admin/builder/spi-builder-workspace/.derivedData/SDKExplicitPrecompiledModules/AVFAudio-6A028BJEJQTO3623H6QZ4E26C.pcm
SwiftExplicitDependencyGeneratePcm arm64 /Users/admin/builder/spi-builder-workspace/.derivedData/SDKExplicitPrecompiledModules/UIKit-27R3P1YMV4C6JLDT661G3MRIA.pcm
SwiftExplicitDependencyGeneratePcm arm64_32 /Users/admin/builder/spi-builder-workspace/.derivedData/SDKExplicitPrecompiledModules/AVFAudio-E592LPPEJNCSUD5VBNV0IP3RS.pcm
SwiftExplicitDependencyGeneratePcm arm64_32 /Users/admin/builder/spi-builder-workspace/.derivedData/SDKExplicitPrecompiledModules/UIKit-6PPV7YPZ89CZPHYAP072QH8B6.pcm
SwiftExplicitDependencyGeneratePcm arm64 /Users/admin/builder/spi-builder-workspace/.derivedData/SDKExplicitPrecompiledModules/AVFoundation-78VW43DHMXH57E9M5JLISD2E9.pcm
SwiftExplicitDependencyGeneratePcm arm64_32 /Users/admin/builder/spi-builder-workspace/.derivedData/SDKExplicitPrecompiledModules/AVFoundation-EPE1OBOP1126QTAL5QEGZFKYT.pcm
SwiftExplicitDependencyGeneratePcm arm64 /Users/admin/builder/spi-builder-workspace/.derivedData/SDKExplicitPrecompiledModules/MapKit-EJJWC7IL56MPLQMI93GJRE5OG.pcm
SwiftExplicitDependencyGeneratePcm arm64 /Users/admin/builder/spi-builder-workspace/.derivedData/SDKExplicitPrecompiledModules/HomeKit-DTS1N4AWILAL1URZ5IOXV5221.pcm
SwiftExplicitDependencyGeneratePcm arm64_32 /Users/admin/builder/spi-builder-workspace/.derivedData/SDKExplicitPrecompiledModules/MapKit-CWGB4YMP1VX1NYQN5FULFD5DR.pcm
SwiftExplicitDependencyGeneratePcm arm64_32 /Users/admin/builder/spi-builder-workspace/.derivedData/SDKExplicitPrecompiledModules/HomeKit-DUDZOMSN3UK8GNTNBNMPIWJRN.pcm
SwiftExplicitDependencyGeneratePcm arm64 /Users/admin/builder/spi-builder-workspace/.derivedData/SDKExplicitPrecompiledModules/WatchKit-3VT3K8YON6FJ6OWSUFJMFMP8J.pcm
SwiftExplicitDependencyGeneratePcm arm64_32 /Users/admin/builder/spi-builder-workspace/.derivedData/SDKExplicitPrecompiledModules/WatchKit-FHF6WTKLC2APGK3LA2XJ6516.pcm
SwiftExplicitDependencyGeneratePcm arm64 /Users/admin/builder/spi-builder-workspace/.derivedData/SDKExplicitPrecompiledModules/SwiftUI-APXDH8ULYLM6FD17YRA73TULO.pcm
SwiftExplicitDependencyGeneratePcm arm64_32 /Users/admin/builder/spi-builder-workspace/.derivedData/SDKExplicitPrecompiledModules/SwiftUI-9AYG9OCT5VOJK7V4MX1WYR86T.pcm
SwiftEmitModule normal arm64 Emitting\ module\ for\ SSStoryStatus (in target 'SSStoryStatus' from project 'SSStoryStatus')
/Users/admin/builder/spi-builder-workspace/Sources/SSStoryStatus/Helpers/Video/VideoCacheManager.swift:35:29: error: cannot find type 'AVAsset' in scope
33 | }
34 |
35 | func saveVideo(avAsset: AVAsset, remoteUrl: URL, date: Date = .now) async throws -> URL {
| `- error: cannot find type 'AVAsset' in scope
36 | let fileURL = getFileUrl(for: remoteUrl.md5String)
37 |
/Users/admin/builder/spi-builder-workspace/Sources/SSStoryStatus/Helpers/Video/VideoRetriever.swift:13:31: error: cannot find type 'AVAsset' in scope
11 |
12 | // MARK: - Methods
13 | func exportVideo(avAsset: AVAsset, outputURL: URL, fileType: AVFileType = .mp4, preset: String = AVAssetExportPresetHighestQuality) async throws {
| `- error: cannot find type 'AVAsset' in scope
14 | guard let exportable = try? await avAsset.load(.isExportable), exportable else {
15 | throw RetrieverError.notExportable
/Users/admin/builder/spi-builder-workspace/Sources/SSStoryStatus/Helpers/Video/VideoRetriever.swift:13:66: error: cannot find type 'AVFileType' in scope
11 |
12 | // MARK: - Methods
13 | func exportVideo(avAsset: AVAsset, outputURL: URL, fileType: AVFileType = .mp4, preset: String = AVAssetExportPresetHighestQuality) async throws {
| `- error: cannot find type 'AVFileType' in scope
14 | guard let exportable = try? await avAsset.load(.isExportable), exportable else {
15 | throw RetrieverError.notExportable
/Users/admin/builder/spi-builder-workspace/Sources/SSStoryStatus/Helpers/Video/VideoRetriever.swift:13:102: error: cannot find 'AVAssetExportPresetHighestQuality' in scope
11 |
12 | // MARK: - Methods
13 | func exportVideo(avAsset: AVAsset, outputURL: URL, fileType: AVFileType = .mp4, preset: String = AVAssetExportPresetHighestQuality) async throws {
| `- error: cannot find 'AVAssetExportPresetHighestQuality' in scope
14 | guard let exportable = try? await avAsset.load(.isExportable), exportable else {
15 | throw RetrieverError.notExportable
/Users/admin/builder/spi-builder-workspace/Sources/SSStoryStatus/Helpers/Video/VideoRetriever.swift:38:74: error: cannot find type 'AVMutableComposition' in scope
36 | }
37 |
38 | private func getMutableComposition(avAsset: AVAsset) async throws -> AVMutableComposition {
| `- error: cannot find type 'AVMutableComposition' in scope
39 | guard let sourceVideoTrack = try await avAsset.loadTracks(withMediaType: .video).first,
40 | let sourceAudioTrack = try await avAsset.loadTracks(withMediaType: .audio).first else {
/Users/admin/builder/spi-builder-workspace/Sources/SSStoryStatus/Helpers/Video/VideoRetriever.swift:38:49: error: cannot find type 'AVAsset' in scope
36 | }
37 |
38 | private func getMutableComposition(avAsset: AVAsset) async throws -> AVMutableComposition {
| `- error: cannot find type 'AVAsset' in scope
39 | guard let sourceVideoTrack = try await avAsset.loadTracks(withMediaType: .video).first,
40 | let sourceAudioTrack = try await avAsset.loadTracks(withMediaType: .audio).first else {
/Users/admin/builder/spi-builder-workspace/Sources/SSStoryStatus/Styles/ProfileStyle.swift:175:42: error: 'label' is unavailable in watchOS
173 |
174 | /// Color for the username text font.
175 | public var textColor: Color = Color(.label)
| `- error: 'label' is unavailable in watchOS
176 |
177 | // MARK: - Body
/Applications/Xcode-27.0.0-Release.Candidate.app/Contents/Developer/Platforms/WatchOS.platform/Developer/SDKs/WatchOS27.0.sdk/System/Library/Frameworks/UIKit.framework/Headers/UIInterface.h:171:49: note: 'label' has been explicitly marked unavailable here
169 | /* Foreground colors for static text and related elements.
170 | */
171 | @property (class, nonatomic, readonly) UIColor *labelColor API_AVAILABLE(ios(13.0), tvos(13.0)) API_UNAVAILABLE(watchos);
| `- note: 'label' has been explicitly marked unavailable here
172 | @property (class, nonatomic, readonly) UIColor *secondaryLabelColor API_AVAILABLE(ios(13.0), tvos(13.0)) API_UNAVAILABLE(watchos);
173 | @property (class, nonatomic, readonly) UIColor *tertiaryLabelColor API_AVAILABLE(ios(13.0), tvos(13.0)) API_UNAVAILABLE(watchos);
/Users/admin/builder/spi-builder-workspace/Sources/SSStoryStatus/Styles/StoryFooterStyle.swift:152:45: error: 'label' is unavailable in watchOS
150 |
151 | /// The color for caption text.
152 | public var captionColor: Color = Color(.label)
| `- error: 'label' is unavailable in watchOS
153 |
154 | // MARK: - Body
/Applications/Xcode-27.0.0-Release.Candidate.app/Contents/Developer/Platforms/WatchOS.platform/Developer/SDKs/WatchOS27.0.sdk/System/Library/Frameworks/UIKit.framework/Headers/UIInterface.h:171:49: note: 'label' has been explicitly marked unavailable here
169 | /* Foreground colors for static text and related elements.
170 | */
171 | @property (class, nonatomic, readonly) UIColor *labelColor API_AVAILABLE(ios(13.0), tvos(13.0)) API_UNAVAILABLE(watchos);
| `- note: 'label' has been explicitly marked unavailable here
172 | @property (class, nonatomic, readonly) UIColor *secondaryLabelColor API_AVAILABLE(ios(13.0), tvos(13.0)) API_UNAVAILABLE(watchos);
173 | @property (class, nonatomic, readonly) UIColor *tertiaryLabelColor API_AVAILABLE(ios(13.0), tvos(13.0)) API_UNAVAILABLE(watchos);
/Users/admin/builder/spi-builder-workspace/Sources/SSStoryStatus/Styles/StoryHeaderStyle.swift:150:42: error: 'label' is unavailable in watchOS
148 |
149 | /// The color for username text.
150 | public var nameColor: Color = Color(.label)
| `- error: 'label' is unavailable in watchOS
151 |
152 | /// The font for date in header.
/Applications/Xcode-27.0.0-Release.Candidate.app/Contents/Developer/Platforms/WatchOS.platform/Developer/SDKs/WatchOS27.0.sdk/System/Library/Frameworks/UIKit.framework/Headers/UIInterface.h:171:49: note: 'label' has been explicitly marked unavailable here
169 | /* Foreground colors for static text and related elements.
170 | */
171 | @property (class, nonatomic, readonly) UIColor *labelColor API_AVAILABLE(ios(13.0), tvos(13.0)) API_UNAVAILABLE(watchos);
| `- note: 'label' has been explicitly marked unavailable here
172 | @property (class, nonatomic, readonly) UIColor *secondaryLabelColor API_AVAILABLE(ios(13.0), tvos(13.0)) API_UNAVAILABLE(watchos);
173 | @property (class, nonatomic, readonly) UIColor *tertiaryLabelColor API_AVAILABLE(ios(13.0), tvos(13.0)) API_UNAVAILABLE(watchos);
/Users/admin/builder/spi-builder-workspace/Sources/SSStoryStatus/Styles/StoryHeaderStyle.swift:156:42: error: 'label' is unavailable in watchOS
154 |
155 | /// The color for date text in header.
156 | public var dateColor: Color = Color(.label).opacity(0.8)
| `- error: 'label' is unavailable in watchOS
157 |
158 | /// Dismiss image to close story view.
/Applications/Xcode-27.0.0-Release.Candidate.app/Contents/Developer/Platforms/WatchOS.platform/Developer/SDKs/WatchOS27.0.sdk/System/Library/Frameworks/UIKit.framework/Headers/UIInterface.h:171:49: note: 'label' has been explicitly marked unavailable here
169 | /* Foreground colors for static text and related elements.
170 | */
171 | @property (class, nonatomic, readonly) UIColor *labelColor API_AVAILABLE(ios(13.0), tvos(13.0)) API_UNAVAILABLE(watchos);
| `- note: 'label' has been explicitly marked unavailable here
172 | @property (class, nonatomic, readonly) UIColor *secondaryLabelColor API_AVAILABLE(ios(13.0), tvos(13.0)) API_UNAVAILABLE(watchos);
173 | @property (class, nonatomic, readonly) UIColor *tertiaryLabelColor API_AVAILABLE(ios(13.0), tvos(13.0)) API_UNAVAILABLE(watchos);
/Users/admin/builder/spi-builder-workspace/Sources/SSStoryStatus/Styles/StoryHeaderStyle.swift:168:45: error: 'label' is unavailable in watchOS
166 |
167 | /// The color of dismiss button.
168 | public var dismissColor: Color = Color(.label)
| `- error: 'label' is unavailable in watchOS
169 |
170 | /// The padding for dismiss button.
/Applications/Xcode-27.0.0-Release.Candidate.app/Contents/Developer/Platforms/WatchOS.platform/Developer/SDKs/WatchOS27.0.sdk/System/Library/Frameworks/UIKit.framework/Headers/UIInterface.h:171:49: note: 'label' has been explicitly marked unavailable here
169 | /* Foreground colors for static text and related elements.
170 | */
171 | @property (class, nonatomic, readonly) UIColor *labelColor API_AVAILABLE(ios(13.0), tvos(13.0)) API_UNAVAILABLE(watchos);
| `- note: 'label' has been explicitly marked unavailable here
172 | @property (class, nonatomic, readonly) UIColor *secondaryLabelColor API_AVAILABLE(ios(13.0), tvos(13.0)) API_UNAVAILABLE(watchos);
173 | @property (class, nonatomic, readonly) UIColor *tertiaryLabelColor API_AVAILABLE(ios(13.0), tvos(13.0)) API_UNAVAILABLE(watchos);
/Users/admin/builder/spi-builder-workspace/Sources/SSStoryStatus/ViewModels/AsyncVideoModel.swift:21:17: error: cannot find type 'AVPlayer' in scope
19 | let videoCacheManager = VideoCacheManager.shared
20 | var url: URL?
21 | var player: AVPlayer = AVPlayer()
| `- error: cannot find type 'AVPlayer' in scope
22 | private var playerTimeObserver: Any? = nil
23 | private var queue = DispatchQueue(label: "playerQueue", qos: .default, target: .main)
/Users/admin/builder/spi-builder-workspace/Sources/SSStoryStatus/ViewModels/AsyncVideoModel.swift:21:28: error: cannot find 'AVPlayer' in scope
19 | let videoCacheManager = VideoCacheManager.shared
20 | var url: URL?
21 | var player: AVPlayer = AVPlayer()
| `- error: cannot find 'AVPlayer' in scope
22 | private var playerTimeObserver: Any? = nil
23 | private var queue = DispatchQueue(label: "playerQueue", qos: .default, target: .main)
macro expansion @ObservationTracked:2:23: error: cannot find type 'AVPlayer' in scope
`- /Users/admin/builder/spi-builder-workspace/Sources/SSStoryStatus/ViewModels/AsyncVideoModel.swift:21:38: note: expanded code originates here
19 | let videoCacheManager = VideoCacheManager.shared
20 | var url: URL?
21 | var player: AVPlayer = AVPlayer()
+--- macro expansion @ObservationTracked ---------------------------
|1 | @ObservationIgnored
|2 | private var _player: AVPlayer = AVPlayer()
| | `- error: cannot find type 'AVPlayer' in scope
+-------------------------------------------------------------------
22 | private var playerTimeObserver: Any? = nil
23 | private var queue = DispatchQueue(label: "playerQueue", qos: .default, target: .main)
macro expansion @ObservationTracked:2:34: error: cannot find 'AVPlayer' in scope
`- /Users/admin/builder/spi-builder-workspace/Sources/SSStoryStatus/ViewModels/AsyncVideoModel.swift:21:38: note: expanded code originates here
19 | let videoCacheManager = VideoCacheManager.shared
20 | var url: URL?
21 | var player: AVPlayer = AVPlayer()
+--- macro expansion @ObservationTracked ---------------------------
|1 | @ObservationIgnored
|2 | private var _player: AVPlayer = AVPlayer()
| | `- error: cannot find 'AVPlayer' in scope
+-------------------------------------------------------------------
22 | private var playerTimeObserver: Any? = nil
23 | private var queue = DispatchQueue(label: "playerQueue", qos: .default, target: .main)
/Users/admin/builder/spi-builder-workspace/Sources/SSStoryStatus/ViewModels/AsyncVideoModel.swift:114:42: error: cannot find type 'AVPlayerItem' in scope
112 |
113 | // Player item must be updated on main thread
114 | private func updatePlayer(with item: AVPlayerItem?) {
| `- error: cannot find type 'AVPlayerItem' in scope
115 | queue.async { [weak player] in
116 | player?.replaceCurrentItem(with: item)
/Users/admin/builder/spi-builder-workspace/Sources/SSStoryStatus/ViewModels/AsyncVideoModel.swift:120:34: error: cannot find type 'AVAsset' in scope
118 | }
119 |
120 | private func getAVAsset() -> AVAsset? {
| `- error: cannot find type 'AVAsset' in scope
121 | guard let url else {
122 | return nil
/Users/admin/builder/spi-builder-workspace/Sources/SSStoryStatus/ViewModels/UserViewModel.swift:23:12: warning: extraneous whitespace between attribute name and '('; this is an error in the Swift 6 language mode
21 | var progressModels: [StoryProgressModel] = []
22 | var storyDuration: Float = Durations.storyDefaultDuration
23 | private (set) var isPaused = true
| `- warning: extraneous whitespace between attribute name and '('; this is an error in the Swift 6 language mode
24 | private var timer: Timer.TimerPublisher?
25 | private var cancellables: Set<AnyCancellable> = []
Failed frontend command:
SwiftCompile normal arm64 (in target 'SSStoryStatus' from project 'SSStoryStatus')
cd /Users/admin/builder/spi-builder-workspace/.swiftpm/xcode
/Applications/Xcode-27.0.0-Release.Candidate.app/Contents/Developer/Toolchains/XcodeDefault.xctoolchain/usr/bin/swift-frontend -frontend -emit-module -experimental-skip-non-inlinable-function-bodies-without-types /Users/admin/builder/spi-builder-workspace/.derivedData/Build/Intermediates.noindex/SSStoryStatus.build/Debug-watchos/SSStoryStatus-t.build/DerivedSources/resource_bundle_accessor.swift /Users/admin/builder/spi-builder-workspace/Sources/SSStoryStatus/Helpers/Constants/Constants.swift /Users/admin/builder/spi-builder-workspace/Sources/SSStoryStatus/Helpers/Environments/ActionEnvironment.swift /Users/admin/builder/spi-builder-workspace/Sources/SSStoryStatus/Helpers/Environments/ConfigurationEnvironment.swift /Users/admin/builder/spi-builder-workspace/Sources/SSStoryStatus/Helpers/Environments/StyleEnvironment.swift /Users/admin/builder/spi-builder-workspace/Sources/SSStoryStatus/Helpers/Extensions/Bundle+Extension.swift /Users/admin/builder/spi-builder-workspace/Sources/SSStoryStatus/Helpers/Extensions/Comparable+Extension.swift /Users/admin/builder/spi-builder-workspace/Sources/SSStoryStatus/Helpers/Extensions/Date+Extension.swift /Users/admin/builder/spi-builder-workspace/Sources/SSStoryStatus/Helpers/Extensions/FileManager+Extension.swift /Users/admin/builder/spi-builder-workspace/Sources/SSStoryStatus/Helpers/Extensions/Image+Extension.swift /Users/admin/builder/spi-builder-workspace/Sources/SSStoryStatus/Helpers/Extensions/URL+Extension.swift /Users/admin/builder/spi-builder-workspace/Sources/SSStoryStatus/Helpers/Extensions/View+Extension.swift /Users/admin/builder/spi-builder-workspace/Sources/SSStoryStatus/Helpers/Image/CachedAsyncImage.swift /Users/admin/builder/spi-builder-workspace/Sources/SSStoryStatus/Helpers/Image/ImageCache.swift /Users/admin/builder/spi-builder-workspace/Sources/SSStoryStatus/Helpers/Image/ImageCacheManager.swift /Users/admin/builder/spi-builder-workspace/Sources/SSStoryStatus/Helpers/Video/CachedAsyncVideo.swift /Users/admin/builder/spi-builder-workspace/Sources/SSStoryStatus/Helpers/Video/VideoCacheManager.swift /Users/admin/builder/spi-builder-workspace/Sources/SSStoryStatus/Helpers/Video/VideoRetriever.swift /Users/admin/builder/spi-builder-workspace/Sources/SSStoryStatus/Models/Enums.swift /Users/admin/builder/spi-builder-workspace/Sources/SSStoryStatus/Models/StoryModel.swift /Users/admin/builder/spi-builder-workspace/Sources/SSStoryStatus/Models/UserModel.swift /Users/admin/builder/spi-builder-workspace/Sources/SSStoryStatus/Styles/EmojiStyle.swift /Users/admin/builder/spi-builder-workspace/Sources/SSStoryStatus/Styles/MessageTextFieldStyle.swift /Users/admin/builder/spi-builder-workspace/Sources/SSStoryStatus/Styles/ProfileListStyle.swift /Users/admin/builder/spi-builder-workspace/Sources/SSStoryStatus/Styles/ProfileStyle.swift /Users/admin/builder/spi-builder-workspace/Sources/SSStoryStatus/Styles/ProgressBarStyle.swift /Users/admin/builder/spi-builder-workspace/Sources/SSStoryStatus/Styles/StoryFooterStyle.swift /Users/admin/builder/spi-builder-workspace/Sources/SSStoryStatus/Styles/StoryHeaderStyle.swift /Users/admin/builder/spi-builder-workspace/Sources/SSStoryStatus/Styles/StoryStyle.swift /Users/admin/builder/spi-builder-workspace/Sources/SSStoryStatus/ViewModels/AsyncImageModel.swift /Users/admin/builder/spi-builder-workspace/Sources/SSStoryStatus/ViewModels/AsyncVideoModel.swift /Users/admin/builder/spi-builder-workspace/Sources/SSStoryStatus/ViewModels/StoryProgressModel.swift /Users/admin/builder/spi-builder-workspace/Sources/SSStoryStatus/ViewModels/StoryViewModel.swift /Users/admin/builder/spi-builder-workspace/Sources/SSStoryStatus/ViewModels/UserViewModel.swift /Users/admin/builder/spi-builder-workspace/Sources/SSStoryStatus/Views/PrivateViews/CircularProgressView.swift /Users/admin/builder/spi-builder-workspace/Sources/SSStoryStatus/Views/PrivateViews/Components/EmojiView.swift /Users/admin/builder/spi-builder-workspace/Sources/SSStoryStatus/Views/PrivateViews/Components/MessageTextField.swift /Users/admin/builder/spi-builder-workspace/Sources/SSStoryStatus/Views/PrivateViews/Components/ProfileListView.swift /Users/admin/builder/spi-builder-workspace/Sources/SSStoryStatus/Views/PrivateViews/Components/ProfileView.swift /Users/admin/builder/spi-builder-workspace/Sources/SSStoryStatus/Views/PrivateViews/Components/StoryFooterView.swift /Users/admin/builder/spi-builder-workspace/Sources/SSStoryStatus/Views/PrivateViews/Components/StoryHeaderView.swift /Users/admin/builder/spi-builder-workspace/Sources/SSStoryStatus/Views/PrivateViews/LinearProgressView.swift /Users/admin/builder/spi-builder-workspace/Sources/SSStoryStatus/Views/PrivateViews/StoryDetailView.swift /Users/admin/builder/spi-builder-workspace/Sources/SSStoryStatus/Views/PrivateViews/StoryProgressView.swift /Users/admin/builder/spi-builder-workspace/Sources/SSStoryStatus/Views/PrivateViews/StoryReactionView.swift /Users/admin/builder/spi-builder-workspace/Sources/SSStoryStatus/Views/PrivateViews/StoryView.swift /Users/admin/builder/spi-builder-workspace/Sources/SSStoryStatus/Views/SSStoryStatus.swift /Users/admin/builder/spi-builder-workspace/.derivedData/Build/Intermediates.noindex/SSStoryStatus.build/Debug-watchos/SSStoryStatus-t.build/DerivedSources/GeneratedAssetSymbols.swift -target arm64-apple-watchos10.0 -module-can-import-version DeveloperToolsSupport 24.0.24 24.0.24 -disable-cross-import-overlay-search -swift-module-cross-import AVKit /Applications/Xcode-27.0.0-Release.Candidate.app/Contents/Developer/Platforms/WatchOS.platform/Developer/SDKs/WatchOS.sdk/System/Library/Frameworks/AVKit.framework/Modules/AVKit.swiftcrossimport/SwiftUI.swiftoverlay -load-resolved-plugin /Applications/Xcode-27.0.0-Release.Candidate.app/Contents/Developer/Platforms/WatchOS.platform/Developer/usr/lib/swift/host/plugins/libFoundationMacros.dylib\#/Applications/Xcode-27.0.0-Release.Candidate.app/Contents/Developer/Platforms/WatchOS.platform/Developer/usr/bin/swift-plugin-server\#FoundationMacros -load-resolved-plugin /Applications/Xcode-27.0.0-Release.Candidate.app/Contents/Developer/Platforms/WatchOS.platform/Developer/usr/lib/swift/host/plugins/libObservationMacros.dylib\#/Applications/Xcode-27.0.0-Release.Candidate.app/Contents/Developer/Platforms/WatchOS.platform/Developer/usr/bin/swift-plugin-server\#ObservationMacros -load-resolved-plugin /Applications/Xcode-27.0.0-Release.Candidate.app/Contents/Developer/Platforms/WatchOS.platform/Developer/usr/lib/swift/host/plugins/libPreviewsMacros.dylib\#/Applications/Xcode-27.0.0-Release.Candidate.app/Contents/Developer/Platforms/WatchOS.platform/Developer/usr/bin/swift-plugin-server\#PreviewsMacros -load-resolved-plugin /Applications/Xcode-27.0.0-Release.Candidate.app/Contents/Developer/Platforms/WatchOS.platform/Developer/usr/lib/swift/host/plugins/libSwiftMacros.dylib\#/Applications/Xcode-27.0.0-Release.Candidate.app/Contents/Developer/Platforms/WatchOS.platform/Developer/usr/bin/swift-plugin-server\#SwiftMacros -load-resolved-plugin /Applications/Xcode-27.0.0-Release.Candidate.app/Contents/Developer/Platforms/WatchOS.platform/Developer/usr/lib/swift/host/plugins/libSwiftUIMacros.dylib\#/Applications/Xcode-27.0.0-Release.Candidate.app/Contents/Developer/Platforms/WatchOS.platform/Developer/usr/bin/swift-plugin-server\#SwiftUIMacros -disable-implicit-swift-modules -Xcc -fno-implicit-modules -Xcc -fno-implicit-module-maps -explicit-swift-module-map-file /Users/admin/builder/spi-builder-workspace/.derivedData/Build/Intermediates.noindex/SSStoryStatus.build/Debug-watchos/SSStoryStatus-t.build/Objects-normal/arm64/SSStoryStatus-dependencies-2.json -Xllvm -aarch64-use-tbi -enable-objc-interop -stack-check -sdk /Applications/Xcode-27.0.0-Release.Candidate.app/Contents/Developer/Platforms/WatchOS.platform/Developer/SDKs/WatchOS27.0.sdk -I /Users/admin/builder/spi-builder-workspace/.derivedData/Build/Products/Debug-watchos -Isystem /Applications/Xcode-27.0.0-Release.Candidate.app/Contents/Developer/Platforms/WatchOS.platform/Developer/usr/lib -F /Users/admin/builder/spi-builder-workspace/.derivedData/Build/Products/Debug-watchos -F /Applications/Xcode-27.0.0-Release.Candidate.app/Contents/Developer/Platforms/WatchOS.platform/Developer/Library/Frameworks -F /Applications/Xcode-27.0.0-Release.Candidate.app/Contents/Developer/Platforms/WatchOS.platform/Developer/SDKs/WatchOS27.0.sdk/Developer/Library/Frameworks -module-cache-path /Users/admin/builder/spi-builder-workspace/.derivedData/Build/Intermediates.noindex/SwiftExplicitPrecompiledModules -no-color-diagnostics -Xcc -fno-color-diagnostics -enable-testing -g -debug-info-format\=dwarf -dwarf-version\=4 -profile-generate -profile-coverage-mapping -swift-version 5 -Onone -D SWIFT_PACKAGE -D DEBUG -D SWIFT_MODULE_RESOURCE_BUNDLE_AVAILABLE -D SPM -D Xcode -serialize-debugging-options -enable-experimental-feature DebugDescriptionMacro -empty-abi-descriptor -validate-clang-modules-once -clang-build-session-file /Users/admin/builder/spi-builder-workspace/.derivedData/ModuleCache.noindex/Session.modulevalidation -Xcc -working-directory -Xcc /Users/admin/builder/spi-builder-workspace/.swiftpm/xcode -enable-anonymous-context-mangled-names -file-compilation-dir /Users/admin/builder/spi-builder-workspace/.swiftpm/xcode -Xcc -D_LIBCPP_HARDENING_MODE\=_LIBCPP_HARDENING_MODE_DEBUG -Xcc -ivfsstatcache -Xcc /Users/admin/builder/spi-builder-workspace/.derivedData/SDKStatCaches.noindex/watchos27.0-24R360-e829b21a6f8c9b70876ba0858053c04477534ef55a1706bf4c1112bbb242f0a2.sdkstatcache -Xcc -fmodules-prune-interval\=86400 -Xcc -fmodules-prune-after\=345600 -Xcc -I/Users/admin/builder/spi-builder-workspace/.derivedData/Build/Products/Debug-watchos/include -Xcc -I/Users/admin/builder/spi-builder-workspace/.derivedData/Build/Intermediates.noindex/SSStoryStatus.build/Debug-watchos/SSStoryStatus-t.build/DerivedSources-normal/arm64 -Xcc -I/Users/admin/builder/spi-builder-workspace/.derivedData/Build/Intermediates.noindex/SSStoryStatus.build/Debug-watchos/SSStoryStatus-t.build/DerivedSources/arm64 -Xcc -I/Users/admin/builder/spi-builder-workspace/.derivedData/Build/Intermediates.noindex/SSStoryStatus.build/Debug-watchos/SSStoryStatus-t.build/DerivedSources -Xcc -DSWIFT_PACKAGE -Xcc -DDEBUG\=1 -no-auto-bridging-header-chaining -module-name SSStoryStatus -package-name spi_builder_workspace -const-gather-protocols-file /Users/admin/builder/spi-builder-workspace/.derivedData/Build/Intermediates.noindex/SSStoryStatus.build/Debug-watchos/SSStoryStatus-t.build/Objects-normal/arm64/SSStoryStatus_const_extract_protocols.json -disable-clang-spi -clang-target arm64-apple-watchos27.0 -target-sdk-version 27.0 -target-sdk-name watchos27.0 -in-process-plugin-server-path /Applications/Xcode-27.0.0-Release.Candidate.app/Contents/Developer/Toolchains/XcodeDefault.xctoolchain/usr/lib/swift/host/libSwiftInProcPluginServer.dylib -emit-module-doc-path /Users/admin/builder/spi-builder-workspace/.derivedData/Build/Intermediates.noindex/SSStoryStatus.build/Debug-watchos/SSStoryStatus-t.build/Objects-normal/arm64/SSStoryStatus.swiftdoc -emit-module-source-info-path /Users/admin/builder/spi-builder-workspace/.derivedData/Build/Intermediates.noindex/SSStoryStatus.build/Debug-watchos/SSStoryStatus-t.build/Objects-normal/arm64/SSStoryStatus.swiftsourceinfo -emit-objc-header-path /Users/admin/builder/spi-builder-workspace/.derivedData/Build/Intermediates.noindex/SSStoryStatus.build/Debug-watchos/SSStoryStatus-t.build/Objects-normal/arm64/SSStoryStatus-Swift.h -serialize-diagnostics-path /Users/admin/builder/spi-builder-workspace/.derivedData/Build/Intermediates.noindex/SSStoryStatus.build/Debug-watchos/SSStoryStatus-t.build/Objects-normal/arm64/SSStoryStatus-primary-emit-module.dia -emit-dependencies-path /Users/admin/builder/spi-builder-workspace/.derivedData/Build/Intermediates.noindex/SSStoryStatus.build/Debug-watchos/SSStoryStatus-t.build/Objects-normal/arm64/SSStoryStatus-primary-emit-module.d -parse-as-library -o /Users/admin/builder/spi-builder-workspace/.derivedData/Build/Intermediates.noindex/SSStoryStatus.build/Debug-watchos/SSStoryStatus-t.build/Objects-normal/arm64/SSStoryStatus.swiftmodule -emit-abi-descriptor-path /Users/admin/builder/spi-builder-workspace/.derivedData/Build/Intermediates.noindex/SSStoryStatus.build/Debug-watchos/SSStoryStatus-t.build/Objects-normal/arm64/SSStoryStatus.abi.json
SwiftCompile normal arm64 Compiling\ StoryHeaderView.swift,\ LinearProgressView.swift,\ StoryDetailView.swift,\ StoryProgressView.swift /Users/admin/builder/spi-builder-workspace/Sources/SSStoryStatus/Views/PrivateViews/Components/StoryHeaderView.swift /Users/admin/builder/spi-builder-workspace/Sources/SSStoryStatus/Views/PrivateViews/LinearProgressView.swift /Users/admin/builder/spi-builder-workspace/Sources/SSStoryStatus/Views/PrivateViews/StoryDetailView.swift /Users/admin/builder/spi-builder-workspace/Sources/SSStoryStatus/Views/PrivateViews/StoryProgressView.swift (in target 'SSStoryStatus' from project 'SSStoryStatus')
SwiftCompile normal arm64 /Users/admin/builder/spi-builder-workspace/Sources/SSStoryStatus/Views/PrivateViews/Components/StoryHeaderView.swift (in target 'SSStoryStatus' from project 'SSStoryStatus')
cd /Users/admin/builder/spi-builder-workspace/.swiftpm/xcode
builtin-SwiftPerFileCompile StoryHeaderView.swift
SwiftCompile normal arm64 /Users/admin/builder/spi-builder-workspace/Sources/SSStoryStatus/Views/PrivateViews/LinearProgressView.swift (in target 'SSStoryStatus' from project 'SSStoryStatus')
cd /Users/admin/builder/spi-builder-workspace/.swiftpm/xcode
builtin-SwiftPerFileCompile LinearProgressView.swift
SwiftCompile normal arm64 /Users/admin/builder/spi-builder-workspace/Sources/SSStoryStatus/Views/PrivateViews/StoryDetailView.swift (in target 'SSStoryStatus' from project 'SSStoryStatus')
cd /Users/admin/builder/spi-builder-workspace/.swiftpm/xcode
builtin-SwiftPerFileCompile StoryDetailView.swift
SwiftCompile normal arm64 /Users/admin/builder/spi-builder-workspace/Sources/SSStoryStatus/Views/PrivateViews/StoryProgressView.swift (in target 'SSStoryStatus' from project 'SSStoryStatus')
cd /Users/admin/builder/spi-builder-workspace/.swiftpm/xcode
builtin-SwiftPerFileCompile StoryProgressView.swift
/Users/admin/builder/spi-builder-workspace/Sources/SSStoryStatus/ViewModels/UserViewModel.swift:23:12: warning: extraneous whitespace between attribute name and '('; this is an error in the Swift 6 language mode
21 | var progressModels: [StoryProgressModel] = []
22 | var storyDuration: Float = Durations.storyDefaultDuration
23 | private (set) var isPaused = true
| `- warning: extraneous whitespace between attribute name and '('; this is an error in the Swift 6 language mode
24 | private var timer: Timer.TimerPublisher?
25 | private var cancellables: Set<AnyCancellable> = []
SwiftCompile normal arm64 Compiling\ StoryReactionView.swift,\ StoryView.swift,\ SSStoryStatus.swift,\ GeneratedAssetSymbols.swift /Users/admin/builder/spi-builder-workspace/Sources/SSStoryStatus/Views/PrivateViews/StoryReactionView.swift /Users/admin/builder/spi-builder-workspace/Sources/SSStoryStatus/Views/PrivateViews/StoryView.swift /Users/admin/builder/spi-builder-workspace/Sources/SSStoryStatus/Views/SSStoryStatus.swift /Users/admin/builder/spi-builder-workspace/.derivedData/Build/Intermediates.noindex/SSStoryStatus.build/Debug-watchos/SSStoryStatus-t.build/DerivedSources/GeneratedAssetSymbols.swift (in target 'SSStoryStatus' from project 'SSStoryStatus')
SwiftCompile normal arm64 /Users/admin/builder/spi-builder-workspace/Sources/SSStoryStatus/Views/PrivateViews/StoryReactionView.swift (in target 'SSStoryStatus' from project 'SSStoryStatus')
cd /Users/admin/builder/spi-builder-workspace/.swiftpm/xcode
builtin-SwiftPerFileCompile StoryReactionView.swift
SwiftCompile normal arm64 /Users/admin/builder/spi-builder-workspace/Sources/SSStoryStatus/Views/PrivateViews/StoryView.swift (in target 'SSStoryStatus' from project 'SSStoryStatus')
cd /Users/admin/builder/spi-builder-workspace/.swiftpm/xcode
builtin-SwiftPerFileCompile StoryView.swift
SwiftCompile normal arm64 (in target 'SSStoryStatus' from project 'SSStoryStatus')
cd /Users/admin/builder/spi-builder-workspace/.swiftpm/xcode
SwiftCompile normal arm64 /Users/admin/builder/spi-builder-workspace/.derivedData/Build/Intermediates.noindex/SSStoryStatus.build/Debug-watchos/SSStoryStatus-t.build/DerivedSources/GeneratedAssetSymbols.swift (in target 'SSStoryStatus' from project 'SSStoryStatus')
cd /Users/admin/builder/spi-builder-workspace/.swiftpm/xcode
builtin-SwiftPerFileCompile GeneratedAssetSymbols.swift
SwiftCompile normal arm64 Compiling\ EmojiView.swift,\ MessageTextField.swift,\ ProfileListView.swift,\ ProfileView.swift,\ StoryFooterView.swift /Users/admin/builder/spi-builder-workspace/Sources/SSStoryStatus/Views/PrivateViews/Components/EmojiView.swift /Users/admin/builder/spi-builder-workspace/Sources/SSStoryStatus/Views/PrivateViews/Components/MessageTextField.swift /Users/admin/builder/spi-builder-workspace/Sources/SSStoryStatus/Views/PrivateViews/Components/ProfileListView.swift /Users/admin/builder/spi-builder-workspace/Sources/SSStoryStatus/Views/PrivateViews/Components/ProfileView.swift /Users/admin/builder/spi-builder-workspace/Sources/SSStoryStatus/Views/PrivateViews/Components/StoryFooterView.swift (in target 'SSStoryStatus' from project 'SSStoryStatus')
SwiftCompile normal arm64 /Users/admin/builder/spi-builder-workspace/Sources/SSStoryStatus/Views/PrivateViews/Components/EmojiView.swift (in target 'SSStoryStatus' from project 'SSStoryStatus')
cd /Users/admin/builder/spi-builder-workspace/.swiftpm/xcode
builtin-SwiftPerFileCompile EmojiView.swift
SwiftCompile normal arm64 /Users/admin/builder/spi-builder-workspace/Sources/SSStoryStatus/Views/PrivateViews/Components/MessageTextField.swift (in target 'SSStoryStatus' from project 'SSStoryStatus')
cd /Users/admin/builder/spi-builder-workspace/.swiftpm/xcode
builtin-SwiftPerFileCompile MessageTextField.swift
SwiftCompile normal arm64 /Users/admin/builder/spi-builder-workspace/Sources/SSStoryStatus/Views/PrivateViews/Components/ProfileListView.swift (in target 'SSStoryStatus' from project 'SSStoryStatus')
cd /Users/admin/builder/spi-builder-workspace/.swiftpm/xcode
builtin-SwiftPerFileCompile ProfileListView.swift
SwiftCompile normal arm64 /Users/admin/builder/spi-builder-workspace/Sources/SSStoryStatus/Views/PrivateViews/Components/ProfileView.swift (in target 'SSStoryStatus' from project 'SSStoryStatus')
cd /Users/admin/builder/spi-builder-workspace/.swiftpm/xcode
builtin-SwiftPerFileCompile ProfileView.swift
SwiftCompile normal arm64 /Users/admin/builder/spi-builder-workspace/Sources/SSStoryStatus/Views/PrivateViews/Components/StoryFooterView.swift (in target 'SSStoryStatus' from project 'SSStoryStatus')
cd /Users/admin/builder/spi-builder-workspace/.swiftpm/xcode
builtin-SwiftPerFileCompile StoryFooterView.swift
SwiftCompile normal arm64 Compiling\ URL+Extension.swift,\ View+Extension.swift,\ CachedAsyncImage.swift,\ ImageCache.swift,\ ImageCacheManager.swift /Users/admin/builder/spi-builder-workspace/Sources/SSStoryStatus/Helpers/Extensions/URL+Extension.swift /Users/admin/builder/spi-builder-workspace/Sources/SSStoryStatus/Helpers/Extensions/View+Extension.swift /Users/admin/builder/spi-builder-workspace/Sources/SSStoryStatus/Helpers/Image/CachedAsyncImage.swift /Users/admin/builder/spi-builder-workspace/Sources/SSStoryStatus/Helpers/Image/ImageCache.swift /Users/admin/builder/spi-builder-workspace/Sources/SSStoryStatus/Helpers/Image/ImageCacheManager.swift (in target 'SSStoryStatus' from project 'SSStoryStatus')
SwiftCompile normal arm64 /Users/admin/builder/spi-builder-workspace/Sources/SSStoryStatus/Helpers/Extensions/URL+Extension.swift (in target 'SSStoryStatus' from project 'SSStoryStatus')
cd /Users/admin/builder/spi-builder-workspace/.swiftpm/xcode
builtin-SwiftPerFileCompile URL+Extension.swift
SwiftCompile normal arm64 /Users/admin/builder/spi-builder-workspace/Sources/SSStoryStatus/Helpers/Extensions/View+Extension.swift (in target 'SSStoryStatus' from project 'SSStoryStatus')
cd /Users/admin/builder/spi-builder-workspace/.swiftpm/xcode
builtin-SwiftPerFileCompile View+Extension.swift
SwiftCompile normal arm64 /Users/admin/builder/spi-builder-workspace/Sources/SSStoryStatus/Helpers/Image/CachedAsyncImage.swift (in target 'SSStoryStatus' from project 'SSStoryStatus')
cd /Users/admin/builder/spi-builder-workspace/.swiftpm/xcode
builtin-SwiftPerFileCompile CachedAsyncImage.swift
SwiftCompile normal arm64 /Users/admin/builder/spi-builder-workspace/Sources/SSStoryStatus/Helpers/Image/ImageCache.swift (in target 'SSStoryStatus' from project 'SSStoryStatus')
cd /Users/admin/builder/spi-builder-workspace/.swiftpm/xcode
builtin-SwiftPerFileCompile ImageCache.swift
SwiftCompile normal arm64 /Users/admin/builder/spi-builder-workspace/Sources/SSStoryStatus/Helpers/Image/ImageCacheManager.swift (in target 'SSStoryStatus' from project 'SSStoryStatus')
cd /Users/admin/builder/spi-builder-workspace/.swiftpm/xcode
builtin-SwiftPerFileCompile ImageCacheManager.swift
SwiftCompile normal arm64 Compiling\ UserModel.swift,\ EmojiStyle.swift,\ MessageTextFieldStyle.swift,\ ProfileListStyle.swift,\ ProfileStyle.swift /Users/admin/builder/spi-builder-workspace/Sources/SSStoryStatus/Models/UserModel.swift /Users/admin/builder/spi-builder-workspace/Sources/SSStoryStatus/Styles/EmojiStyle.swift /Users/admin/builder/spi-builder-workspace/Sources/SSStoryStatus/Styles/MessageTextFieldStyle.swift /Users/admin/builder/spi-builder-workspace/Sources/SSStoryStatus/Styles/ProfileListStyle.swift /Users/admin/builder/spi-builder-workspace/Sources/SSStoryStatus/Styles/ProfileStyle.swift (in target 'SSStoryStatus' from project 'SSStoryStatus')
SwiftCompile normal arm64 /Users/admin/builder/spi-builder-workspace/Sources/SSStoryStatus/Models/UserModel.swift (in target 'SSStoryStatus' from project 'SSStoryStatus')
cd /Users/admin/builder/spi-builder-workspace/.swiftpm/xcode
builtin-SwiftPerFileCompile UserModel.swift
SwiftCompile normal arm64 /Users/admin/builder/spi-builder-workspace/Sources/SSStoryStatus/Styles/EmojiStyle.swift (in target 'SSStoryStatus' from project 'SSStoryStatus')
cd /Users/admin/builder/spi-builder-workspace/.swiftpm/xcode
builtin-SwiftPerFileCompile EmojiStyle.swift
SwiftCompile normal arm64 /Users/admin/builder/spi-builder-workspace/Sources/SSStoryStatus/Styles/MessageTextFieldStyle.swift (in target 'SSStoryStatus' from project 'SSStoryStatus')
cd /Users/admin/builder/spi-builder-workspace/.swiftpm/xcode
builtin-SwiftPerFileCompile MessageTextFieldStyle.swift
SwiftCompile normal arm64 /Users/admin/builder/spi-builder-workspace/Sources/SSStoryStatus/Styles/ProfileListStyle.swift (in target 'SSStoryStatus' from project 'SSStoryStatus')
cd /Users/admin/builder/spi-builder-workspace/.swiftpm/xcode
builtin-SwiftPerFileCompile ProfileListStyle.swift
SwiftCompile normal arm64 /Users/admin/builder/spi-builder-workspace/Sources/SSStoryStatus/Styles/ProfileStyle.swift (in target 'SSStoryStatus' from project 'SSStoryStatus')
cd /Users/admin/builder/spi-builder-workspace/.swiftpm/xcode
builtin-SwiftPerFileCompile ProfileStyle.swift
SwiftCompile normal arm64 Compiling\ resource_bundle_accessor.swift,\ Constants.swift,\ ActionEnvironment.swift,\ ConfigurationEnvironment.swift,\ StyleEnvironment.swift /Users/admin/builder/spi-builder-workspace/.derivedData/Build/Intermediates.noindex/SSStoryStatus.build/Debug-watchos/SSStoryStatus-t.build/DerivedSources/resource_bundle_accessor.swift /Users/admin/builder/spi-builder-workspace/Sources/SSStoryStatus/Helpers/Constants/Constants.swift /Users/admin/builder/spi-builder-workspace/Sources/SSStoryStatus/Helpers/Environments/ActionEnvironment.swift /Users/admin/builder/spi-builder-workspace/Sources/SSStoryStatus/Helpers/Environments/ConfigurationEnvironment.swift /Users/admin/builder/spi-builder-workspace/Sources/SSStoryStatus/Helpers/Environments/StyleEnvironment.swift (in target 'SSStoryStatus' from project 'SSStoryStatus')
SwiftCompile normal arm64 /Users/admin/builder/spi-builder-workspace/.derivedData/Build/Intermediates.noindex/SSStoryStatus.build/Debug-watchos/SSStoryStatus-t.build/DerivedSources/resource_bundle_accessor.swift (in target 'SSStoryStatus' from project 'SSStoryStatus')
cd /Users/admin/builder/spi-builder-workspace/.swiftpm/xcode
builtin-SwiftPerFileCompile resource_bundle_accessor.swift
SwiftCompile normal arm64 /Users/admin/builder/spi-builder-workspace/Sources/SSStoryStatus/Helpers/Constants/Constants.swift (in target 'SSStoryStatus' from project 'SSStoryStatus')
cd /Users/admin/builder/spi-builder-workspace/.swiftpm/xcode
builtin-SwiftPerFileCompile Constants.swift
SwiftCompile normal arm64 /Users/admin/builder/spi-builder-workspace/Sources/SSStoryStatus/Helpers/Environments/ActionEnvironment.swift (in target 'SSStoryStatus' from project 'SSStoryStatus')
cd /Users/admin/builder/spi-builder-workspace/.swiftpm/xcode
builtin-SwiftPerFileCompile ActionEnvironment.swift
SwiftCompile normal arm64 /Users/admin/builder/spi-builder-workspace/Sources/SSStoryStatus/Helpers/Environments/ConfigurationEnvironment.swift (in target 'SSStoryStatus' from project 'SSStoryStatus')
cd /Users/admin/builder/spi-builder-workspace/.swiftpm/xcode
builtin-SwiftPerFileCompile ConfigurationEnvironment.swift
SwiftCompile normal arm64 /Users/admin/builder/spi-builder-workspace/Sources/SSStoryStatus/Helpers/Environments/StyleEnvironment.swift (in target 'SSStoryStatus' from project 'SSStoryStatus')
cd /Users/admin/builder/spi-builder-workspace/.swiftpm/xcode
builtin-SwiftPerFileCompile StyleEnvironment.swift
SwiftCompile normal arm64 Compiling\ CachedAsyncVideo.swift,\ VideoCacheManager.swift,\ VideoRetriever.swift,\ Enums.swift,\ StoryModel.swift /Users/admin/builder/spi-builder-workspace/Sources/SSStoryStatus/Helpers/Video/CachedAsyncVideo.swift /Users/admin/builder/spi-builder-workspace/Sources/SSStoryStatus/Helpers/Video/VideoCacheManager.swift /Users/admin/builder/spi-builder-workspace/Sources/SSStoryStatus/Helpers/Video/VideoRetriever.swift /Users/admin/builder/spi-builder-workspace/Sources/SSStoryStatus/Models/Enums.swift /Users/admin/builder/spi-builder-workspace/Sources/SSStoryStatus/Models/StoryModel.swift (in target 'SSStoryStatus' from project 'SSStoryStatus')
/Users/admin/builder/spi-builder-workspace/Sources/SSStoryStatus/ViewModels/AsyncVideoModel.swift:21:17: error: cannot find type 'AVPlayer' in scope
19 | let videoCacheManager = VideoCacheManager.shared
20 | var url: URL?
21 | var player: AVPlayer = AVPlayer()
| `- error: cannot find type 'AVPlayer' in scope
22 | private var playerTimeObserver: Any? = nil
23 | private var queue = DispatchQueue(label: "playerQueue", qos: .default, target: .main)
/Users/admin/builder/spi-builder-workspace/Sources/SSStoryStatus/Helpers/Video/VideoCacheManager.swift:35:29: error: cannot find type 'AVAsset' in scope
33 | }
34 |
35 | func saveVideo(avAsset: AVAsset, remoteUrl: URL, date: Date = .now) async throws -> URL {
| `- error: cannot find type 'AVAsset' in scope
36 | let fileURL = getFileUrl(for: remoteUrl.md5String)
37 |
/Users/admin/builder/spi-builder-workspace/Sources/SSStoryStatus/Helpers/Video/VideoRetriever.swift:13:31: error: cannot find type 'AVAsset' in scope
11 |
12 | // MARK: - Methods
13 | func exportVideo(avAsset: AVAsset, outputURL: URL, fileType: AVFileType = .mp4, preset: String = AVAssetExportPresetHighestQuality) async throws {
| `- error: cannot find type 'AVAsset' in scope
14 | guard let exportable = try? await avAsset.load(.isExportable), exportable else {
15 | throw RetrieverError.notExportable
/Users/admin/builder/spi-builder-workspace/Sources/SSStoryStatus/Helpers/Video/VideoRetriever.swift:13:66: error: cannot find type 'AVFileType' in scope
11 |
12 | // MARK: - Methods
13 | func exportVideo(avAsset: AVAsset, outputURL: URL, fileType: AVFileType = .mp4, preset: String = AVAssetExportPresetHighestQuality) async throws {
| `- error: cannot find type 'AVFileType' in scope
14 | guard let exportable = try? await avAsset.load(.isExportable), exportable else {
15 | throw RetrieverError.notExportable
/Users/admin/builder/spi-builder-workspace/Sources/SSStoryStatus/Helpers/Video/VideoRetriever.swift:13:102: error: cannot find 'AVAssetExportPresetHighestQuality' in scope
11 |
12 | // MARK: - Methods
13 | func exportVideo(avAsset: AVAsset, outputURL: URL, fileType: AVFileType = .mp4, preset: String = AVAssetExportPresetHighestQuality) async throws {
| `- error: cannot find 'AVAssetExportPresetHighestQuality' in scope
14 | guard let exportable = try? await avAsset.load(.isExportable), exportable else {
15 | throw RetrieverError.notExportable
/Users/admin/builder/spi-builder-workspace/Sources/SSStoryStatus/Helpers/Video/VideoRetriever.swift:38:74: error: cannot find type 'AVMutableComposition' in scope
36 | }
37 |
38 | private func getMutableComposition(avAsset: AVAsset) async throws -> AVMutableComposition {
| `- error: cannot find type 'AVMutableComposition' in scope
39 | guard let sourceVideoTrack = try await avAsset.loadTracks(withMediaType: .video).first,
40 | let sourceAudioTrack = try await avAsset.loadTracks(withMediaType: .audio).first else {
/Users/admin/builder/spi-builder-workspace/Sources/SSStoryStatus/Helpers/Video/VideoRetriever.swift:38:49: error: cannot find type 'AVAsset' in scope
36 | }
37 |
38 | private func getMutableComposition(avAsset: AVAsset) async throws -> AVMutableComposition {
| `- error: cannot find type 'AVAsset' in scope
39 | guard let sourceVideoTrack = try await avAsset.loadTracks(withMediaType: .video).first,
40 | let sourceAudioTrack = try await avAsset.loadTracks(withMediaType: .audio).first else {
/Users/admin/builder/spi-builder-workspace/Sources/SSStoryStatus/Helpers/Video/VideoRetriever.swift:20:21: error: cannot find 'AVAssetExportSession' in scope
18 | let composition = try await getMutableComposition(avAsset: avAsset)
19 |
20 | guard await AVAssetExportSession.compatibility(ofExportPreset: preset, with: composition, outputFileType: fileType) else {
| `- error: cannot find 'AVAssetExportSession' in scope
21 | throw RetrieverError.incompatibleFile
22 | }
/Users/admin/builder/spi-builder-workspace/Sources/SSStoryStatus/Helpers/Video/VideoRetriever.swift:24:29: error: cannot find 'AVAssetExportSession' in scope
22 | }
23 |
24 | guard let session = AVAssetExportSession(asset: composition, presetName: preset) else {
| `- error: cannot find 'AVAssetExportSession' in scope
25 | throw RetrieverError.unknownError
26 | }
/Users/admin/builder/spi-builder-workspace/Sources/SSStoryStatus/Helpers/Video/VideoRetriever.swift:33:34: error: cannot infer contextual base in reference to member 'completed'
31 | await session.export()
32 |
33 | guard session.status == .completed else {
| `- error: cannot infer contextual base in reference to member 'completed'
34 | throw RetrieverError.exportFailed(session.error?.localizedDescription)
35 | }
/Users/admin/builder/spi-builder-workspace/Sources/SSStoryStatus/Helpers/Video/VideoRetriever.swift:44:27: error: cannot find 'AVMutableComposition' in scope
42 | }
43 |
44 | let composition = AVMutableComposition()
| `- error: cannot find 'AVMutableComposition' in scope
45 | guard let compositionVideoTrack = composition.addMutableTrack(withMediaType: .video, preferredTrackID: CMPersistentTrackID(kCMPersistentTrackID_Invalid)),
46 | let compositionAudioTrack = composition.addMutableTrack(withMediaType: .audio, preferredTrackID: CMPersistentTrackID(kCMPersistentTrackID_Invalid)) else {
/Users/admin/builder/spi-builder-workspace/Sources/SSStoryStatus/Helpers/Video/VideoRetriever.swift:45:112: error: cannot find 'CMPersistentTrackID' in scope
43 |
44 | let composition = AVMutableComposition()
45 | guard let compositionVideoTrack = composition.addMutableTrack(withMediaType: .video, preferredTrackID: CMPersistentTrackID(kCMPersistentTrackID_Invalid)),
| `- error: cannot find 'CMPersistentTrackID' in scope
46 | let compositionAudioTrack = composition.addMutableTrack(withMediaType: .audio, preferredTrackID: CMPersistentTrackID(kCMPersistentTrackID_Invalid)) else {
47 | throw RetrieverError.notExportable
/Users/admin/builder/spi-builder-workspace/Sources/SSStoryStatus/Helpers/Video/VideoRetriever.swift:45:132: error: cannot find 'kCMPersistentTrackID_Invalid' in scope
43 |
44 | let composition = AVMutableComposition()
45 | guard let compositionVideoTrack = composition.addMutableTrack(withMediaType: .video, preferredTrackID: CMPersistentTrackID(kCMPersistentTrackID_Invalid)),
| `- error: cannot find 'kCMPersistentTrackID_Invalid' in scope
46 | let compositionAudioTrack = composition.addMutableTrack(withMediaType: .audio, preferredTrackID: CMPersistentTrackID(kCMPersistentTrackID_Invalid)) else {
47 | throw RetrieverError.notExportable
/Users/admin/builder/spi-builder-workspace/Sources/SSStoryStatus/Helpers/Video/VideoRetriever.swift:46:112: error: cannot find 'CMPersistentTrackID' in scope
44 | let composition = AVMutableComposition()
45 | guard let compositionVideoTrack = composition.addMutableTrack(withMediaType: .video, preferredTrackID: CMPersistentTrackID(kCMPersistentTrackID_Invalid)),
46 | let compositionAudioTrack = composition.addMutableTrack(withMediaType: .audio, preferredTrackID: CMPersistentTrackID(kCMPersistentTrackID_Invalid)) else {
| `- error: cannot find 'CMPersistentTrackID' in scope
47 | throw RetrieverError.notExportable
48 | }
/Users/admin/builder/spi-builder-workspace/Sources/SSStoryStatus/Helpers/Video/VideoRetriever.swift:46:132: error: cannot find 'kCMPersistentTrackID_Invalid' in scope
44 | let composition = AVMutableComposition()
45 | guard let compositionVideoTrack = composition.addMutableTrack(withMediaType: .video, preferredTrackID: CMPersistentTrackID(kCMPersistentTrackID_Invalid)),
46 | let compositionAudioTrack = composition.addMutableTrack(withMediaType: .audio, preferredTrackID: CMPersistentTrackID(kCMPersistentTrackID_Invalid)) else {
| `- error: cannot find 'kCMPersistentTrackID_Invalid' in scope
47 | throw RetrieverError.notExportable
48 | }
/Users/admin/builder/spi-builder-workspace/Sources/SSStoryStatus/Helpers/Video/VideoRetriever.swift:52:39: error: cannot find 'CMTimeRange' in scope
50 | // Insert audio & video
51 | do {
52 | let timeRange = try await CMTimeRange(start: .zero, end: avAsset.load(.duration))
| `- error: cannot find 'CMTimeRange' in scope
53 | try compositionAudioTrack.insertTimeRange(timeRange, of: sourceAudioTrack, at: .zero)
54 | try compositionVideoTrack.insertTimeRange(timeRange, of: sourceVideoTrack, at: .zero)
/Users/admin/builder/spi-builder-workspace/Sources/SSStoryStatus/Helpers/Video/VideoRetriever.swift:39:42: warning: no 'async' operations occur within 'await' expression [#UnnecessaryEffectMarker]
37 |
38 | private func getMutableComposition(avAsset: AVAsset) async throws -> AVMutableComposition {
39 | guard let sourceVideoTrack = try await avAsset.loadTracks(withMediaType: .video).first,
| `- warning: no 'async' operations occur within 'await' expression [#UnnecessaryEffectMarker]
40 | let sourceAudioTrack = try await avAsset.loadTracks(withMediaType: .audio).first else {
41 | throw RetrieverError.notExportable
/Users/admin/builder/spi-builder-workspace/Sources/SSStoryStatus/Helpers/Video/VideoRetriever.swift:39:38: warning: no calls to throwing functions occur within 'try' expression [#UnnecessaryEffectMarker]
37 |
38 | private func getMutableComposition(avAsset: AVAsset) async throws -> AVMutableComposition {
39 | guard let sourceVideoTrack = try await avAsset.loadTracks(withMediaType: .video).first,
| `- warning: no calls to throwing functions occur within 'try' expression [#UnnecessaryEffectMarker]
40 | let sourceAudioTrack = try await avAsset.loadTracks(withMediaType: .audio).first else {
41 | throw RetrieverError.notExportable
/Users/admin/builder/spi-builder-workspace/Sources/SSStoryStatus/Helpers/Video/VideoRetriever.swift:40:42: warning: no 'async' operations occur within 'await' expression [#UnnecessaryEffectMarker]
38 | private func getMutableComposition(avAsset: AVAsset) async throws -> AVMutableComposition {
39 | guard let sourceVideoTrack = try await avAsset.loadTracks(withMediaType: .video).first,
40 | let sourceAudioTrack = try await avAsset.loadTracks(withMediaType: .audio).first else {
| `- warning: no 'async' operations occur within 'await' expression [#UnnecessaryEffectMarker]
41 | throw RetrieverError.notExportable
42 | }
SwiftCompile normal arm64 /Users/admin/builder/spi-builder-workspace/Sources/SSStoryStatus/Helpers/Video/CachedAsyncVideo.swift (in target 'SSStoryStatus' from project 'SSStoryStatus')
cd /Users/admin/builder/spi-builder-workspace/.swiftpm/xcode
builtin-SwiftPerFileCompile CachedAsyncVideo.swift
SwiftCompile normal arm64 /Users/admin/builder/spi-builder-workspace/Sources/SSStoryStatus/Helpers/Video/VideoCacheManager.swift (in target 'SSStoryStatus' from project 'SSStoryStatus')
cd /Users/admin/builder/spi-builder-workspace/.swiftpm/xcode
builtin-SwiftPerFileCompile VideoCacheManager.swift
SwiftCompile normal arm64 /Users/admin/builder/spi-builder-workspace/Sources/SSStoryStatus/Helpers/Video/VideoRetriever.swift (in target 'SSStoryStatus' from project 'SSStoryStatus')
cd /Users/admin/builder/spi-builder-workspace/.swiftpm/xcode
builtin-SwiftPerFileCompile VideoRetriever.swift
SwiftCompile normal arm64 /Users/admin/builder/spi-builder-workspace/Sources/SSStoryStatus/Models/Enums.swift (in target 'SSStoryStatus' from project 'SSStoryStatus')
cd /Users/admin/builder/spi-builder-workspace/.swiftpm/xcode
builtin-SwiftPerFileCompile Enums.swift
SwiftCompile normal arm64 /Users/admin/builder/spi-builder-workspace/Sources/SSStoryStatus/Models/StoryModel.swift (in target 'SSStoryStatus' from project 'SSStoryStatus')
cd /Users/admin/builder/spi-builder-workspace/.swiftpm/xcode
builtin-SwiftPerFileCompile StoryModel.swift
SwiftCompile normal arm64 Compiling\ ProgressBarStyle.swift,\ StoryFooterStyle.swift,\ StoryHeaderStyle.swift,\ StoryStyle.swift,\ AsyncImageModel.swift /Users/admin/builder/spi-builder-workspace/Sources/SSStoryStatus/Styles/ProgressBarStyle.swift /Users/admin/builder/spi-builder-workspace/Sources/SSStoryStatus/Styles/StoryFooterStyle.swift /Users/admin/builder/spi-builder-workspace/Sources/SSStoryStatus/Styles/StoryHeaderStyle.swift /Users/admin/builder/spi-builder-workspace/Sources/SSStoryStatus/Styles/StoryStyle.swift /Users/admin/builder/spi-builder-workspace/Sources/SSStoryStatus/ViewModels/AsyncImageModel.swift (in target 'SSStoryStatus' from project 'SSStoryStatus')
/Users/admin/builder/spi-builder-workspace/Sources/SSStoryStatus/Styles/StoryFooterStyle.swift:152:45: error: 'label' is unavailable in watchOS
150 |
151 | /// The color for caption text.
152 | public var captionColor: Color = Color(.label)
| `- error: 'label' is unavailable in watchOS
153 |
154 | // MARK: - Body
/Applications/Xcode-27.0.0-Release.Candidate.app/Contents/Developer/Platforms/WatchOS.platform/Developer/SDKs/WatchOS27.0.sdk/System/Library/Frameworks/UIKit.framework/Headers/UIInterface.h:171:49: note: 'label' has been explicitly marked unavailable here
169 | /* Foreground colors for static text and related elements.
170 | */
171 | @property (class, nonatomic, readonly) UIColor *labelColor API_AVAILABLE(ios(13.0), tvos(13.0)) API_UNAVAILABLE(watchos);
| `- note: 'label' has been explicitly marked unavailable here
172 | @property (class, nonatomic, readonly) UIColor *secondaryLabelColor API_AVAILABLE(ios(13.0), tvos(13.0)) API_UNAVAILABLE(watchos);
173 | @property (class, nonatomic, readonly) UIColor *tertiaryLabelColor API_AVAILABLE(ios(13.0), tvos(13.0)) API_UNAVAILABLE(watchos);
/Users/admin/builder/spi-builder-workspace/Sources/SSStoryStatus/Styles/StoryHeaderStyle.swift:150:42: error: 'label' is unavailable in watchOS
148 |
149 | /// The color for username text.
150 | public var nameColor: Color = Color(.label)
| `- error: 'label' is unavailable in watchOS
151 |
152 | /// The font for date in header.
/Applications/Xcode-27.0.0-Release.Candidate.app/Contents/Developer/Platforms/WatchOS.platform/Developer/SDKs/WatchOS27.0.sdk/System/Library/Frameworks/UIKit.framework/Headers/UIInterface.h:171:49: note: 'label' has been explicitly marked unavailable here
169 | /* Foreground colors for static text and related elements.
170 | */
171 | @property (class, nonatomic, readonly) UIColor *labelColor API_AVAILABLE(ios(13.0), tvos(13.0)) API_UNAVAILABLE(watchos);
| `- note: 'label' has been explicitly marked unavailable here
172 | @property (class, nonatomic, readonly) UIColor *secondaryLabelColor API_AVAILABLE(ios(13.0), tvos(13.0)) API_UNAVAILABLE(watchos);
173 | @property (class, nonatomic, readonly) UIColor *tertiaryLabelColor API_AVAILABLE(ios(13.0), tvos(13.0)) API_UNAVAILABLE(watchos);
/Users/admin/builder/spi-builder-workspace/Sources/SSStoryStatus/Styles/StoryHeaderStyle.swift:156:42: error: 'label' is unavailable in watchOS
154 |
155 | /// The color for date text in header.
156 | public var dateColor: Color = Color(.label).opacity(0.8)
| `- error: 'label' is unavailable in watchOS
157 |
158 | /// Dismiss image to close story view.
/Applications/Xcode-27.0.0-Release.Candidate.app/Contents/Developer/Platforms/WatchOS.platform/Developer/SDKs/WatchOS27.0.sdk/System/Library/Frameworks/UIKit.framework/Headers/UIInterface.h:171:49: note: 'label' has been explicitly marked unavailable here
169 | /* Foreground colors for static text and related elements.
170 | */
171 | @property (class, nonatomic, readonly) UIColor *labelColor API_AVAILABLE(ios(13.0), tvos(13.0)) API_UNAVAILABLE(watchos);
| `- note: 'label' has been explicitly marked unavailable here
172 | @property (class, nonatomic, readonly) UIColor *secondaryLabelColor API_AVAILABLE(ios(13.0), tvos(13.0)) API_UNAVAILABLE(watchos);
173 | @property (class, nonatomic, readonly) UIColor *tertiaryLabelColor API_AVAILABLE(ios(13.0), tvos(13.0)) API_UNAVAILABLE(watchos);
/Users/admin/builder/spi-builder-workspace/Sources/SSStoryStatus/Styles/StoryHeaderStyle.swift:168:45: error: 'label' is unavailable in watchOS
166 |
167 | /// The color of dismiss button.
168 | public var dismissColor: Color = Color(.label)
| `- error: 'label' is unavailable in watchOS
169 |
170 | /// The padding for dismiss button.
/Applications/Xcode-27.0.0-Release.Candidate.app/Contents/Developer/Platforms/WatchOS.platform/Developer/SDKs/WatchOS27.0.sdk/System/Library/Frameworks/UIKit.framework/Headers/UIInterface.h:171:49: note: 'label' has been explicitly marked unavailable here
169 | /* Foreground colors for static text and related elements.
170 | */
171 | @property (class, nonatomic, readonly) UIColor *labelColor API_AVAILABLE(ios(13.0), tvos(13.0)) API_UNAVAILABLE(watchos);
| `- note: 'label' has been explicitly marked unavailable here
172 | @property (class, nonatomic, readonly) UIColor *secondaryLabelColor API_AVAILABLE(ios(13.0), tvos(13.0)) API_UNAVAILABLE(watchos);
173 | @property (class, nonatomic, readonly) UIColor *tertiaryLabelColor API_AVAILABLE(ios(13.0), tvos(13.0)) API_UNAVAILABLE(watchos);
SwiftCompile normal arm64 /Users/admin/builder/spi-builder-workspace/Sources/SSStoryStatus/Styles/ProgressBarStyle.swift (in target 'SSStoryStatus' from project 'SSStoryStatus')
cd /Users/admin/builder/spi-builder-workspace/.swiftpm/xcode
builtin-SwiftPerFileCompile ProgressBarStyle.swift
SwiftCompile normal arm64 /Users/admin/builder/spi-builder-workspace/Sources/SSStoryStatus/Styles/StoryFooterStyle.swift (in target 'SSStoryStatus' from project 'SSStoryStatus')
cd /Users/admin/builder/spi-builder-workspace/.swiftpm/xcode
builtin-SwiftPerFileCompile StoryFooterStyle.swift
SwiftCompile normal arm64 /Users/admin/builder/spi-builder-workspace/Sources/SSStoryStatus/Styles/StoryHeaderStyle.swift (in target 'SSStoryStatus' from project 'SSStoryStatus')
cd /Users/admin/builder/spi-builder-workspace/.swiftpm/xcode
builtin-SwiftPerFileCompile StoryHeaderStyle.swift
SwiftCompile normal arm64 /Users/admin/builder/spi-builder-workspace/Sources/SSStoryStatus/Styles/StoryStyle.swift (in target 'SSStoryStatus' from project 'SSStoryStatus')
cd /Users/admin/builder/spi-builder-workspace/.swiftpm/xcode
builtin-SwiftPerFileCompile StoryStyle.swift
SwiftCompile normal arm64 /Users/admin/builder/spi-builder-workspace/Sources/SSStoryStatus/ViewModels/AsyncImageModel.swift (in target 'SSStoryStatus' from project 'SSStoryStatus')
cd /Users/admin/builder/spi-builder-workspace/.swiftpm/xcode
builtin-SwiftPerFileCompile AsyncImageModel.swift
SwiftCompile normal arm64 Compiling\ Bundle+Extension.swift,\ Comparable+Extension.swift,\ Date+Extension.swift,\ FileManager+Extension.swift,\ Image+Extension.swift /Users/admin/builder/spi-builder-workspace/Sources/SSStoryStatus/Helpers/Extensions/Bundle+Extension.swift /Users/admin/builder/spi-builder-workspace/Sources/SSStoryStatus/Helpers/Extensions/Comparable+Extension.swift /Users/admin/builder/spi-builder-workspace/Sources/SSStoryStatus/Helpers/Extensions/Date+Extension.swift /Users/admin/builder/spi-builder-workspace/Sources/SSStoryStatus/Helpers/Extensions/FileManager+Extension.swift /Users/admin/builder/spi-builder-workspace/Sources/SSStoryStatus/Helpers/Extensions/Image+Extension.swift (in target 'SSStoryStatus' from project 'SSStoryStatus')
SwiftCompile normal arm64 /Users/admin/builder/spi-builder-workspace/Sources/SSStoryStatus/Helpers/Extensions/Bundle+Extension.swift (in target 'SSStoryStatus' from project 'SSStoryStatus')
cd /Users/admin/builder/spi-builder-workspace/.swiftpm/xcode
builtin-SwiftPerFileCompile Bundle+Extension.swift
SwiftCompile normal arm64 /Users/admin/builder/spi-builder-workspace/Sources/SSStoryStatus/Helpers/Extensions/Comparable+Extension.swift (in target 'SSStoryStatus' from project 'SSStoryStatus')
cd /Users/admin/builder/spi-builder-workspace/.swiftpm/xcode
builtin-SwiftPerFileCompile Comparable+Extension.swift
SwiftCompile normal arm64 /Users/admin/builder/spi-builder-workspace/Sources/SSStoryStatus/Helpers/Extensions/Date+Extension.swift (in target 'SSStoryStatus' from project 'SSStoryStatus')
cd /Users/admin/builder/spi-builder-workspace/.swiftpm/xcode
builtin-SwiftPerFileCompile Date+Extension.swift
SwiftCompile normal arm64 /Users/admin/builder/spi-builder-workspace/Sources/SSStoryStatus/Helpers/Extensions/FileManager+Extension.swift (in target 'SSStoryStatus' from project 'SSStoryStatus')
cd /Users/admin/builder/spi-builder-workspace/.swiftpm/xcode
builtin-SwiftPerFileCompile FileManager+Extension.swift
SwiftCompile normal arm64 /Users/admin/builder/spi-builder-workspace/Sources/SSStoryStatus/Helpers/Extensions/Image+Extension.swift (in target 'SSStoryStatus' from project 'SSStoryStatus')
cd /Users/admin/builder/spi-builder-workspace/.swiftpm/xcode
builtin-SwiftPerFileCompile Image+Extension.swift
SwiftEmitModule normal arm64_32 Emitting\ module\ for\ SSStoryStatus (in target 'SSStoryStatus' from project 'SSStoryStatus')
SwiftCompile normal arm64_32 (in target 'SSStoryStatus' from project 'SSStoryStatus')
cd /Users/admin/builder/spi-builder-workspace/.swiftpm/xcode
PruneExplicitPrecompiledModules /Users/admin/builder/spi-builder-workspace/.derivedData/Build/Intermediates.noindex/SwiftExplicitPrecompiledModules
PruneExplicitPrecompiledModules /Users/admin/builder/spi-builder-workspace/.derivedData/Build/Intermediates.noindex/ExplicitPrecompiledModules
PruneExplicitPrecompiledModules /Users/admin/builder/spi-builder-workspace/.derivedData/SDKExplicitPrecompiledModules
2026-09-19 19:22:19.633 xcodebuild[623:3844] [MT] IDERunDestination: Supported platforms for the buildables in the current scheme is empty.
** BUILD FAILED **
The following build commands failed:
SwiftCompile normal arm64 (in target 'SSStoryStatus' from project 'SSStoryStatus')
SwiftEmitModule normal arm64 Emitting\ module\ for\ SSStoryStatus (in target 'SSStoryStatus' from project 'SSStoryStatus')
Building workspace SSStoryStatus with scheme SSStoryStatus
(3 failures)
Command line invocation:
/Applications/Xcode-27.0.0-Release.Candidate.app/Contents/Developer/usr/bin/xcodebuild -IDEClonedSourcePackagesDirPathOverride=/Users/admin/builder/spi-builder-workspace/.dependencies -resolvePackageDependencies
Resolve Package Graph
Resolved source packages:
SSStoryStatus: /Users/admin/builder/spi-builder-workspace
resolved source packages: SSStoryStatus
2026-09-19 19:22:28.722 xcodebuild[833:4767] [MT] IDERunDestination: Supported platforms for the buildables in the current scheme is empty.
{
"dependencies" : [
],
"manifest_display_name" : "SSStoryStatus",
"name" : "SSStoryStatus",
"path" : "/Users/admin/builder/spi-builder-workspace",
"platforms" : [
{
"name" : "ios",
"version" : "17.0"
}
],
"products" : [
{
"name" : "SSStoryStatus",
"targets" : [
"SSStoryStatus"
],
"type" : {
"library" : [
"automatic"
]
}
}
],
"targets" : [
{
"c99name" : "SSStoryStatusTests",
"module_type" : "SwiftTarget",
"name" : "SSStoryStatusTests",
"path" : "Tests/SSStoryStatusTests",
"sources" : [
"SSStoryStatusTests.swift"
],
"target_dependencies" : [
"SSStoryStatus"
],
"type" : "test"
},
{
"c99name" : "SSStoryStatus",
"module_type" : "SwiftTarget",
"name" : "SSStoryStatus",
"path" : "Sources/SSStoryStatus",
"product_memberships" : [
"SSStoryStatus"
],
"resources" : [
{
"path" : "/Users/admin/builder/spi-builder-workspace/Sources/SSStoryStatus/Resources/Assets.xcassets",
"rule" : {
"process" : {
}
}
}
],
"sources" : [
"Helpers/Constants/Constants.swift",
"Helpers/Environments/ActionEnvironment.swift",
"Helpers/Environments/ConfigurationEnvironment.swift",
"Helpers/Environments/StyleEnvironment.swift",
"Helpers/Extensions/Bundle+Extension.swift",
"Helpers/Extensions/Comparable+Extension.swift",
"Helpers/Extensions/Date+Extension.swift",
"Helpers/Extensions/FileManager+Extension.swift",
"Helpers/Extensions/Image+Extension.swift",
"Helpers/Extensions/URL+Extension.swift",
"Helpers/Extensions/View+Extension.swift",
"Helpers/Image/CachedAsyncImage.swift",
"Helpers/Image/ImageCache.swift",
"Helpers/Image/ImageCacheManager.swift",
"Helpers/Video/CachedAsyncVideo.swift",
"Helpers/Video/VideoCacheManager.swift",
"Helpers/Video/VideoRetriever.swift",
"Models/Enums.swift",
"Models/StoryModel.swift",
"Models/UserModel.swift",
"Styles/EmojiStyle.swift",
"Styles/MessageTextFieldStyle.swift",
"Styles/ProfileListStyle.swift",
"Styles/ProfileStyle.swift",
"Styles/ProgressBarStyle.swift",
"Styles/StoryFooterStyle.swift",
"Styles/StoryHeaderStyle.swift",
"Styles/StoryStyle.swift",
"ViewModels/AsyncImageModel.swift",
"ViewModels/AsyncVideoModel.swift",
"ViewModels/StoryProgressModel.swift",
"ViewModels/StoryViewModel.swift",
"ViewModels/UserViewModel.swift",
"Views/PrivateViews/CircularProgressView.swift",
"Views/PrivateViews/Components/EmojiView.swift",
"Views/PrivateViews/Components/MessageTextField.swift",
"Views/PrivateViews/Components/ProfileListView.swift",
"Views/PrivateViews/Components/ProfileView.swift",
"Views/PrivateViews/Components/StoryFooterView.swift",
"Views/PrivateViews/Components/StoryHeaderView.swift",
"Views/PrivateViews/LinearProgressView.swift",
"Views/PrivateViews/StoryDetailView.swift",
"Views/PrivateViews/StoryProgressView.swift",
"Views/PrivateViews/StoryReactionView.swift",
"Views/PrivateViews/StoryView.swift",
"Views/SSStoryStatus.swift"
],
"type" : "library"
}
],
"tools_version" : "5.9"
}
{
"workspace" : {
"name" : "SSStoryStatus",
"schemes" : [
"SSStoryStatus"
]
}
}
2026-09-19 19:22:29.909 xcodebuild[841:4836] [MT] IDERunDestination: Supported platforms for the buildables in the current scheme is empty.
Running build ...
env DEVELOPER_DIR=/Applications/Xcode-27.0.0-Release.Candidate.app xcrun xcodebuild -IDEClonedSourcePackagesDirPathOverride=$PWD/.dependencies -skipMacroValidation -skipPackagePluginValidation -derivedDataPath $PWD/.derivedData build -scheme SSStoryStatus -destination generic/platform=watchOS
Command line invocation:
/Applications/Xcode-27.0.0-Release.Candidate.app/Contents/Developer/usr/bin/xcodebuild -IDEClonedSourcePackagesDirPathOverride=/Users/admin/builder/spi-builder-workspace/.dependencies -skipMacroValidation -skipPackagePluginValidation -derivedDataPath /Users/admin/builder/spi-builder-workspace/.derivedData build -scheme SSStoryStatus -destination generic/platform=watchOS
Resolve Package Graph
Resolved source packages:
SSStoryStatus: /Users/admin/builder/spi-builder-workspace
ComputePackagePrebuildTargetDependencyGraph
Prepare packages
CreateBuildRequest
SendProjectDescription
CreateBuildOperation
ComputeTargetDependencyGraph
note: Building targets in dependency order
note: Target dependency graph (3 targets)
Target 'SSStoryStatus-product' in project 'SSStoryStatus'
➜ Explicit dependency on target 'SSStoryStatus' in project 'SSStoryStatus'
➜ Explicit dependency on target 'SSStoryStatus_SSStoryStatus' in project 'SSStoryStatus'
Target 'SSStoryStatus' in project 'SSStoryStatus'
➜ Explicit dependency on target 'SSStoryStatus_SSStoryStatus' in project 'SSStoryStatus'
Target 'SSStoryStatus_SSStoryStatus' in project 'SSStoryStatus' (no dependencies)
GatherProvisioningInputs
CreateBuildDescription
ClangStatCache /Applications/Xcode-27.0.0-Release.Candidate.app/Contents/Developer/Toolchains/XcodeDefault.xctoolchain/usr/bin/clang-stat-cache /Applications/Xcode-27.0.0-Release.Candidate.app/Contents/Developer/Platforms/WatchOS.platform/Developer/SDKs/WatchOS27.0.sdk /Users/admin/builder/spi-builder-workspace/.derivedData/SDKStatCaches.noindex/watchos27.0-24R360-e829b21a6f8c9b70876ba0858053c04477534ef55a1706bf4c1112bbb242f0a2.sdkstatcache
cd /Users/admin/builder/spi-builder-workspace/.swiftpm/xcode
/Applications/Xcode-27.0.0-Release.Candidate.app/Contents/Developer/Toolchains/XcodeDefault.xctoolchain/usr/bin/clang-stat-cache /Applications/Xcode-27.0.0-Release.Candidate.app/Contents/Developer/Platforms/WatchOS.platform/Developer/SDKs/WatchOS27.0.sdk -o /Users/admin/builder/spi-builder-workspace/.derivedData/SDKStatCaches.noindex/watchos27.0-24R360-e829b21a6f8c9b70876ba0858053c04477534ef55a1706bf4c1112bbb242f0a2.sdkstatcache
SwiftDriver SSStoryStatus normal arm64 com.apple.xcode.tools.swift.compiler (in target 'SSStoryStatus' from project 'SSStoryStatus')
cd /Users/admin/builder/spi-builder-workspace/.swiftpm/xcode
builtin-SwiftDriver -- /Applications/Xcode-27.0.0-Release.Candidate.app/Contents/Developer/Toolchains/XcodeDefault.xctoolchain/usr/bin/swiftc -parse-as-library -module-name SSStoryStatus -Onone @/Users/admin/builder/spi-builder-workspace/.derivedData/Build/Intermediates.noindex/SSStoryStatus.build/Debug-watchos/SSStoryStatus-t.build/Objects-normal/arm64/SSStoryStatus.SwiftFileList -DSWIFT_PACKAGE -DDEBUG -DSWIFT_MODULE_RESOURCE_BUNDLE_AVAILABLE -DSPM -DXcode -plugin-path /Applications/Xcode-27.0.0-Release.Candidate.app/Contents/Developer/Toolchains/XcodeDefault.xctoolchain/usr/lib/swift/host/plugins/testing -enable-experimental-feature DebugDescriptionMacro -sdk /Applications/Xcode-27.0.0-Release.Candidate.app/Contents/Developer/Platforms/WatchOS.platform/Developer/SDKs/WatchOS27.0.sdk -target arm64-apple-watchos10.0 -g -module-cache-path /Users/admin/builder/spi-builder-workspace/.derivedData/ModuleCache.noindex -Xfrontend -serialize-debugging-options -profile-coverage-mapping -profile-generate -enable-testing -index-store-path /Users/admin/builder/spi-builder-workspace/.derivedData/Index.noindex/DataStore -Xcc -D_LIBCPP_HARDENING_MODE\=_LIBCPP_HARDENING_MODE_DEBUG -swift-version 5 -I /Users/admin/builder/spi-builder-workspace/.derivedData/Build/Products/Debug-watchos -Isystem /Applications/Xcode-27.0.0-Release.Candidate.app/Contents/Developer/Platforms/WatchOS.platform/Developer/usr/lib -F /Users/admin/builder/spi-builder-workspace/.derivedData/Build/Products/Debug-watchos -F /Applications/Xcode-27.0.0-Release.Candidate.app/Contents/Developer/Platforms/WatchOS.platform/Developer/Library/Frameworks -F /Applications/Xcode-27.0.0-Release.Candidate.app/Contents/Developer/Platforms/WatchOS.platform/Developer/SDKs/WatchOS27.0.sdk/Developer/Library/Frameworks -c -j10 -enable-batch-mode -incremental -Xcc -ivfsstatcache -Xcc /Users/admin/builder/spi-builder-workspace/.derivedData/SDKStatCaches.noindex/watchos27.0-24R360-e829b21a6f8c9b70876ba0858053c04477534ef55a1706bf4c1112bbb242f0a2.sdkstatcache -output-file-map /Users/admin/builder/spi-builder-workspace/.derivedData/Build/Intermediates.noindex/SSStoryStatus.build/Debug-watchos/SSStoryStatus-t.build/Objects-normal/arm64/SSStoryStatus-OutputFileMap.json -save-temps -no-color-diagnostics -explicit-module-build -module-cache-path /Users/admin/builder/spi-builder-workspace/.derivedData/Build/Intermediates.noindex/SwiftExplicitPrecompiledModules -clang-scanner-module-cache-path /Users/admin/builder/spi-builder-workspace/.derivedData/ModuleCache.noindex -sdk-module-cache-path /Users/admin/builder/spi-builder-workspace/.derivedData/SDKExplicitPrecompiledModules -emit-dependencies -emit-module -emit-module-path /Users/admin/builder/spi-builder-workspace/.derivedData/Build/Intermediates.noindex/SSStoryStatus.build/Debug-watchos/SSStoryStatus-t.build/Objects-normal/arm64/SSStoryStatus.swiftmodule -serialize-diagnostics -dependency-scan-serialize-diagnostics-path /Users/admin/builder/spi-builder-workspace/.derivedData/Build/Intermediates.noindex/SSStoryStatus.build/Debug-watchos/SSStoryStatus-t.build/Objects-normal/arm64/SSStoryStatus-dependency-scan.dia -validate-clang-modules-once -clang-build-session-file /Users/admin/builder/spi-builder-workspace/.derivedData/ModuleCache.noindex/Session.modulevalidation -Xcc -fmodules-prune-interval\=86400 -Xcc -fmodules-prune-after\=345600 -package-name spi_builder_workspace -emit-const-values -const-gather-protocols-list /Users/admin/builder/spi-builder-workspace/.derivedData/Build/Intermediates.noindex/SSStoryStatus.build/Debug-watchos/SSStoryStatus-t.build/Objects-normal/arm64/SSStoryStatus_const_extract_protocols.json -Xcc -I/Users/admin/builder/spi-builder-workspace/.derivedData/Build/Products/Debug-watchos/include -Xcc -I/Users/admin/builder/spi-builder-workspace/.derivedData/Build/Intermediates.noindex/SSStoryStatus.build/Debug-watchos/SSStoryStatus-t.build/DerivedSources-normal/arm64 -Xcc -I/Users/admin/builder/spi-builder-workspace/.derivedData/Build/Intermediates.noindex/SSStoryStatus.build/Debug-watchos/SSStoryStatus-t.build/DerivedSources/arm64 -Xcc -I/Users/admin/builder/spi-builder-workspace/.derivedData/Build/Intermediates.noindex/SSStoryStatus.build/Debug-watchos/SSStoryStatus-t.build/DerivedSources -Xcc -DSWIFT_PACKAGE -Xcc -DDEBUG\=1 -emit-objc-header -emit-objc-header-path /Users/admin/builder/spi-builder-workspace/.derivedData/Build/Intermediates.noindex/SSStoryStatus.build/Debug-watchos/SSStoryStatus-t.build/Objects-normal/arm64/SSStoryStatus-Swift.h -working-directory /Users/admin/builder/spi-builder-workspace/.swiftpm/xcode -experimental-emit-module-separately -disable-cmo
/Users/admin/builder/spi-builder-workspace/Sources/SSStoryStatus/ViewModels/UserViewModel.swift:23:12: warning: Extraneous whitespace between attribute name and '('; this is an error in the Swift 6 language mode (in target 'SSStoryStatus' from project 'SSStoryStatus')
SwiftDriver SSStoryStatus normal arm64_32 com.apple.xcode.tools.swift.compiler (in target 'SSStoryStatus' from project 'SSStoryStatus')
cd /Users/admin/builder/spi-builder-workspace/.swiftpm/xcode
builtin-SwiftDriver -- /Applications/Xcode-27.0.0-Release.Candidate.app/Contents/Developer/Toolchains/XcodeDefault.xctoolchain/usr/bin/swiftc -parse-as-library -module-name SSStoryStatus -Onone @/Users/admin/builder/spi-builder-workspace/.derivedData/Build/Intermediates.noindex/SSStoryStatus.build/Debug-watchos/SSStoryStatus-t.build/Objects-normal/arm64_32/SSStoryStatus.SwiftFileList -DSWIFT_PACKAGE -DDEBUG -DSWIFT_MODULE_RESOURCE_BUNDLE_AVAILABLE -DSPM -DXcode -plugin-path /Applications/Xcode-27.0.0-Release.Candidate.app/Contents/Developer/Toolchains/XcodeDefault.xctoolchain/usr/lib/swift/host/plugins/testing -enable-experimental-feature DebugDescriptionMacro -sdk /Applications/Xcode-27.0.0-Release.Candidate.app/Contents/Developer/Platforms/WatchOS.platform/Developer/SDKs/WatchOS27.0.sdk -target arm64_32-apple-watchos10.0 -g -module-cache-path /Users/admin/builder/spi-builder-workspace/.derivedData/ModuleCache.noindex -Xfrontend -serialize-debugging-options -profile-coverage-mapping -profile-generate -enable-testing -index-store-path /Users/admin/builder/spi-builder-workspace/.derivedData/Index.noindex/DataStore -Xcc -D_LIBCPP_HARDENING_MODE\=_LIBCPP_HARDENING_MODE_DEBUG -swift-version 5 -I /Users/admin/builder/spi-builder-workspace/.derivedData/Build/Products/Debug-watchos -Isystem /Applications/Xcode-27.0.0-Release.Candidate.app/Contents/Developer/Platforms/WatchOS.platform/Developer/usr/lib -F /Users/admin/builder/spi-builder-workspace/.derivedData/Build/Products/Debug-watchos -F /Applications/Xcode-27.0.0-Release.Candidate.app/Contents/Developer/Platforms/WatchOS.platform/Developer/Library/Frameworks -F /Applications/Xcode-27.0.0-Release.Candidate.app/Contents/Developer/Platforms/WatchOS.platform/Developer/SDKs/WatchOS27.0.sdk/Developer/Library/Frameworks -c -j10 -enable-batch-mode -incremental -Xcc -ivfsstatcache -Xcc /Users/admin/builder/spi-builder-workspace/.derivedData/SDKStatCaches.noindex/watchos27.0-24R360-e829b21a6f8c9b70876ba0858053c04477534ef55a1706bf4c1112bbb242f0a2.sdkstatcache -output-file-map /Users/admin/builder/spi-builder-workspace/.derivedData/Build/Intermediates.noindex/SSStoryStatus.build/Debug-watchos/SSStoryStatus-t.build/Objects-normal/arm64_32/SSStoryStatus-OutputFileMap.json -save-temps -no-color-diagnostics -explicit-module-build -module-cache-path /Users/admin/builder/spi-builder-workspace/.derivedData/Build/Intermediates.noindex/SwiftExplicitPrecompiledModules -clang-scanner-module-cache-path /Users/admin/builder/spi-builder-workspace/.derivedData/ModuleCache.noindex -sdk-module-cache-path /Users/admin/builder/spi-builder-workspace/.derivedData/SDKExplicitPrecompiledModules -emit-dependencies -emit-module -emit-module-path /Users/admin/builder/spi-builder-workspace/.derivedData/Build/Intermediates.noindex/SSStoryStatus.build/Debug-watchos/SSStoryStatus-t.build/Objects-normal/arm64_32/SSStoryStatus.swiftmodule -serialize-diagnostics -dependency-scan-serialize-diagnostics-path /Users/admin/builder/spi-builder-workspace/.derivedData/Build/Intermediates.noindex/SSStoryStatus.build/Debug-watchos/SSStoryStatus-t.build/Objects-normal/arm64_32/SSStoryStatus-dependency-scan.dia -validate-clang-modules-once -clang-build-session-file /Users/admin/builder/spi-builder-workspace/.derivedData/ModuleCache.noindex/Session.modulevalidation -Xcc -fmodules-prune-interval\=86400 -Xcc -fmodules-prune-after\=345600 -package-name spi_builder_workspace -emit-const-values -const-gather-protocols-list /Users/admin/builder/spi-builder-workspace/.derivedData/Build/Intermediates.noindex/SSStoryStatus.build/Debug-watchos/SSStoryStatus-t.build/Objects-normal/arm64_32/SSStoryStatus_const_extract_protocols.json -Xcc -I/Users/admin/builder/spi-builder-workspace/.derivedData/Build/Products/Debug-watchos/include -Xcc -I/Users/admin/builder/spi-builder-workspace/.derivedData/Build/Intermediates.noindex/SSStoryStatus.build/Debug-watchos/SSStoryStatus-t.build/DerivedSources-normal/arm64_32 -Xcc -I/Users/admin/builder/spi-builder-workspace/.derivedData/Build/Intermediates.noindex/SSStoryStatus.build/Debug-watchos/SSStoryStatus-t.build/DerivedSources/arm64_32 -Xcc -I/Users/admin/builder/spi-builder-workspace/.derivedData/Build/Intermediates.noindex/SSStoryStatus.build/Debug-watchos/SSStoryStatus-t.build/DerivedSources -Xcc -DSWIFT_PACKAGE -Xcc -DDEBUG\=1 -emit-objc-header -emit-objc-header-path /Users/admin/builder/spi-builder-workspace/.derivedData/Build/Intermediates.noindex/SSStoryStatus.build/Debug-watchos/SSStoryStatus-t.build/Objects-normal/arm64_32/SSStoryStatus-Swift.h -working-directory /Users/admin/builder/spi-builder-workspace/.swiftpm/xcode -experimental-emit-module-separately -disable-cmo
/Users/admin/builder/spi-builder-workspace/Sources/SSStoryStatus/ViewModels/UserViewModel.swift:23:12: warning: Extraneous whitespace between attribute name and '('; this is an error in the Swift 6 language mode (in target 'SSStoryStatus' from project 'SSStoryStatus')
SwiftEmitModule normal arm64_32 Emitting\ module\ for\ SSStoryStatus (in target 'SSStoryStatus' from project 'SSStoryStatus')
/Users/admin/builder/spi-builder-workspace/Sources/SSStoryStatus/Helpers/Video/VideoCacheManager.swift:35:29: error: cannot find type 'AVAsset' in scope
33 | }
34 |
35 | func saveVideo(avAsset: AVAsset, remoteUrl: URL, date: Date = .now) async throws -> URL {
| `- error: cannot find type 'AVAsset' in scope
36 | let fileURL = getFileUrl(for: remoteUrl.md5String)
37 |
/Users/admin/builder/spi-builder-workspace/Sources/SSStoryStatus/Helpers/Video/VideoRetriever.swift:13:31: error: cannot find type 'AVAsset' in scope
11 |
12 | // MARK: - Methods
13 | func exportVideo(avAsset: AVAsset, outputURL: URL, fileType: AVFileType = .mp4, preset: String = AVAssetExportPresetHighestQuality) async throws {
| `- error: cannot find type 'AVAsset' in scope
14 | guard let exportable = try? await avAsset.load(.isExportable), exportable else {
15 | throw RetrieverError.notExportable
/Users/admin/builder/spi-builder-workspace/Sources/SSStoryStatus/Helpers/Video/VideoRetriever.swift:13:66: error: cannot find type 'AVFileType' in scope
11 |
12 | // MARK: - Methods
13 | func exportVideo(avAsset: AVAsset, outputURL: URL, fileType: AVFileType = .mp4, preset: String = AVAssetExportPresetHighestQuality) async throws {
| `- error: cannot find type 'AVFileType' in scope
14 | guard let exportable = try? await avAsset.load(.isExportable), exportable else {
15 | throw RetrieverError.notExportable
/Users/admin/builder/spi-builder-workspace/Sources/SSStoryStatus/Helpers/Video/VideoRetriever.swift:13:102: error: cannot find 'AVAssetExportPresetHighestQuality' in scope
11 |
12 | // MARK: - Methods
13 | func exportVideo(avAsset: AVAsset, outputURL: URL, fileType: AVFileType = .mp4, preset: String = AVAssetExportPresetHighestQuality) async throws {
| `- error: cannot find 'AVAssetExportPresetHighestQuality' in scope
14 | guard let exportable = try? await avAsset.load(.isExportable), exportable else {
15 | throw RetrieverError.notExportable
/Users/admin/builder/spi-builder-workspace/Sources/SSStoryStatus/Helpers/Video/VideoRetriever.swift:38:74: error: cannot find type 'AVMutableComposition' in scope
36 | }
37 |
38 | private func getMutableComposition(avAsset: AVAsset) async throws -> AVMutableComposition {
| `- error: cannot find type 'AVMutableComposition' in scope
39 | guard let sourceVideoTrack = try await avAsset.loadTracks(withMediaType: .video).first,
40 | let sourceAudioTrack = try await avAsset.loadTracks(withMediaType: .audio).first else {
/Users/admin/builder/spi-builder-workspace/Sources/SSStoryStatus/Helpers/Video/VideoRetriever.swift:38:49: error: cannot find type 'AVAsset' in scope
36 | }
37 |
38 | private func getMutableComposition(avAsset: AVAsset) async throws -> AVMutableComposition {
| `- error: cannot find type 'AVAsset' in scope
39 | guard let sourceVideoTrack = try await avAsset.loadTracks(withMediaType: .video).first,
40 | let sourceAudioTrack = try await avAsset.loadTracks(withMediaType: .audio).first else {
/Users/admin/builder/spi-builder-workspace/Sources/SSStoryStatus/Styles/ProfileStyle.swift:175:42: error: 'label' is unavailable in watchOS
173 |
174 | /// Color for the username text font.
175 | public var textColor: Color = Color(.label)
| `- error: 'label' is unavailable in watchOS
176 |
177 | // MARK: - Body
/Applications/Xcode-27.0.0-Release.Candidate.app/Contents/Developer/Platforms/WatchOS.platform/Developer/SDKs/WatchOS27.0.sdk/System/Library/Frameworks/UIKit.framework/Headers/UIInterface.h:171:49: note: 'label' has been explicitly marked unavailable here
169 | /* Foreground colors for static text and related elements.
170 | */
171 | @property (class, nonatomic, readonly) UIColor *labelColor API_AVAILABLE(ios(13.0), tvos(13.0)) API_UNAVAILABLE(watchos);
| `- note: 'label' has been explicitly marked unavailable here
172 | @property (class, nonatomic, readonly) UIColor *secondaryLabelColor API_AVAILABLE(ios(13.0), tvos(13.0)) API_UNAVAILABLE(watchos);
173 | @property (class, nonatomic, readonly) UIColor *tertiaryLabelColor API_AVAILABLE(ios(13.0), tvos(13.0)) API_UNAVAILABLE(watchos);
/Users/admin/builder/spi-builder-workspace/Sources/SSStoryStatus/Styles/StoryFooterStyle.swift:152:45: error: 'label' is unavailable in watchOS
150 |
151 | /// The color for caption text.
152 | public var captionColor: Color = Color(.label)
| `- error: 'label' is unavailable in watchOS
153 |
154 | // MARK: - Body
/Applications/Xcode-27.0.0-Release.Candidate.app/Contents/Developer/Platforms/WatchOS.platform/Developer/SDKs/WatchOS27.0.sdk/System/Library/Frameworks/UIKit.framework/Headers/UIInterface.h:171:49: note: 'label' has been explicitly marked unavailable here
169 | /* Foreground colors for static text and related elements.
170 | */
171 | @property (class, nonatomic, readonly) UIColor *labelColor API_AVAILABLE(ios(13.0), tvos(13.0)) API_UNAVAILABLE(watchos);
| `- note: 'label' has been explicitly marked unavailable here
172 | @property (class, nonatomic, readonly) UIColor *secondaryLabelColor API_AVAILABLE(ios(13.0), tvos(13.0)) API_UNAVAILABLE(watchos);
173 | @property (class, nonatomic, readonly) UIColor *tertiaryLabelColor API_AVAILABLE(ios(13.0), tvos(13.0)) API_UNAVAILABLE(watchos);
/Users/admin/builder/spi-builder-workspace/Sources/SSStoryStatus/Styles/StoryHeaderStyle.swift:150:42: error: 'label' is unavailable in watchOS
148 |
149 | /// The color for username text.
150 | public var nameColor: Color = Color(.label)
| `- error: 'label' is unavailable in watchOS
151 |
152 | /// The font for date in header.
/Applications/Xcode-27.0.0-Release.Candidate.app/Contents/Developer/Platforms/WatchOS.platform/Developer/SDKs/WatchOS27.0.sdk/System/Library/Frameworks/UIKit.framework/Headers/UIInterface.h:171:49: note: 'label' has been explicitly marked unavailable here
169 | /* Foreground colors for static text and related elements.
170 | */
171 | @property (class, nonatomic, readonly) UIColor *labelColor API_AVAILABLE(ios(13.0), tvos(13.0)) API_UNAVAILABLE(watchos);
| `- note: 'label' has been explicitly marked unavailable here
172 | @property (class, nonatomic, readonly) UIColor *secondaryLabelColor API_AVAILABLE(ios(13.0), tvos(13.0)) API_UNAVAILABLE(watchos);
173 | @property (class, nonatomic, readonly) UIColor *tertiaryLabelColor API_AVAILABLE(ios(13.0), tvos(13.0)) API_UNAVAILABLE(watchos);
/Users/admin/builder/spi-builder-workspace/Sources/SSStoryStatus/Styles/StoryHeaderStyle.swift:156:42: error: 'label' is unavailable in watchOS
154 |
155 | /// The color for date text in header.
156 | public var dateColor: Color = Color(.label).opacity(0.8)
| `- error: 'label' is unavailable in watchOS
157 |
158 | /// Dismiss image to close story view.
/Applications/Xcode-27.0.0-Release.Candidate.app/Contents/Developer/Platforms/WatchOS.platform/Developer/SDKs/WatchOS27.0.sdk/System/Library/Frameworks/UIKit.framework/Headers/UIInterface.h:171:49: note: 'label' has been explicitly marked unavailable here
169 | /* Foreground colors for static text and related elements.
170 | */
171 | @property (class, nonatomic, readonly) UIColor *labelColor API_AVAILABLE(ios(13.0), tvos(13.0)) API_UNAVAILABLE(watchos);
| `- note: 'label' has been explicitly marked unavailable here
172 | @property (class, nonatomic, readonly) UIColor *secondaryLabelColor API_AVAILABLE(ios(13.0), tvos(13.0)) API_UNAVAILABLE(watchos);
173 | @property (class, nonatomic, readonly) UIColor *tertiaryLabelColor API_AVAILABLE(ios(13.0), tvos(13.0)) API_UNAVAILABLE(watchos);
/Users/admin/builder/spi-builder-workspace/Sources/SSStoryStatus/Styles/StoryHeaderStyle.swift:168:45: error: 'label' is unavailable in watchOS
166 |
167 | /// The color of dismiss button.
168 | public var dismissColor: Color = Color(.label)
| `- error: 'label' is unavailable in watchOS
169 |
170 | /// The padding for dismiss button.
/Applications/Xcode-27.0.0-Release.Candidate.app/Contents/Developer/Platforms/WatchOS.platform/Developer/SDKs/WatchOS27.0.sdk/System/Library/Frameworks/UIKit.framework/Headers/UIInterface.h:171:49: note: 'label' has been explicitly marked unavailable here
169 | /* Foreground colors for static text and related elements.
170 | */
171 | @property (class, nonatomic, readonly) UIColor *labelColor API_AVAILABLE(ios(13.0), tvos(13.0)) API_UNAVAILABLE(watchos);
| `- note: 'label' has been explicitly marked unavailable here
172 | @property (class, nonatomic, readonly) UIColor *secondaryLabelColor API_AVAILABLE(ios(13.0), tvos(13.0)) API_UNAVAILABLE(watchos);
173 | @property (class, nonatomic, readonly) UIColor *tertiaryLabelColor API_AVAILABLE(ios(13.0), tvos(13.0)) API_UNAVAILABLE(watchos);
/Users/admin/builder/spi-builder-workspace/Sources/SSStoryStatus/ViewModels/AsyncVideoModel.swift:21:17: error: cannot find type 'AVPlayer' in scope
19 | let videoCacheManager = VideoCacheManager.shared
20 | var url: URL?
21 | var player: AVPlayer = AVPlayer()
| `- error: cannot find type 'AVPlayer' in scope
22 | private var playerTimeObserver: Any? = nil
23 | private var queue = DispatchQueue(label: "playerQueue", qos: .default, target: .main)
/Users/admin/builder/spi-builder-workspace/Sources/SSStoryStatus/ViewModels/AsyncVideoModel.swift:21:28: error: cannot find 'AVPlayer' in scope
19 | let videoCacheManager = VideoCacheManager.shared
20 | var url: URL?
21 | var player: AVPlayer = AVPlayer()
| `- error: cannot find 'AVPlayer' in scope
22 | private var playerTimeObserver: Any? = nil
23 | private var queue = DispatchQueue(label: "playerQueue", qos: .default, target: .main)
macro expansion @ObservationTracked:2:23: error: cannot find type 'AVPlayer' in scope
`- /Users/admin/builder/spi-builder-workspace/Sources/SSStoryStatus/ViewModels/AsyncVideoModel.swift:21:38: note: expanded code originates here
19 | let videoCacheManager = VideoCacheManager.shared
20 | var url: URL?
21 | var player: AVPlayer = AVPlayer()
+--- macro expansion @ObservationTracked ---------------------------
|1 | @ObservationIgnored
|2 | private var _player: AVPlayer = AVPlayer()
| | `- error: cannot find type 'AVPlayer' in scope
+-------------------------------------------------------------------
22 | private var playerTimeObserver: Any? = nil
23 | private var queue = DispatchQueue(label: "playerQueue", qos: .default, target: .main)
macro expansion @ObservationTracked:2:34: error: cannot find 'AVPlayer' in scope
`- /Users/admin/builder/spi-builder-workspace/Sources/SSStoryStatus/ViewModels/AsyncVideoModel.swift:21:38: note: expanded code originates here
19 | let videoCacheManager = VideoCacheManager.shared
20 | var url: URL?
21 | var player: AVPlayer = AVPlayer()
+--- macro expansion @ObservationTracked ---------------------------
|1 | @ObservationIgnored
|2 | private var _player: AVPlayer = AVPlayer()
| | `- error: cannot find 'AVPlayer' in scope
+-------------------------------------------------------------------
22 | private var playerTimeObserver: Any? = nil
23 | private var queue = DispatchQueue(label: "playerQueue", qos: .default, target: .main)
/Users/admin/builder/spi-builder-workspace/Sources/SSStoryStatus/ViewModels/AsyncVideoModel.swift:114:42: error: cannot find type 'AVPlayerItem' in scope
112 |
113 | // Player item must be updated on main thread
114 | private func updatePlayer(with item: AVPlayerItem?) {
| `- error: cannot find type 'AVPlayerItem' in scope
115 | queue.async { [weak player] in
116 | player?.replaceCurrentItem(with: item)
/Users/admin/builder/spi-builder-workspace/Sources/SSStoryStatus/ViewModels/AsyncVideoModel.swift:120:34: error: cannot find type 'AVAsset' in scope
118 | }
119 |
120 | private func getAVAsset() -> AVAsset? {
| `- error: cannot find type 'AVAsset' in scope
121 | guard let url else {
122 | return nil
/Users/admin/builder/spi-builder-workspace/Sources/SSStoryStatus/ViewModels/UserViewModel.swift:23:12: warning: extraneous whitespace between attribute name and '('; this is an error in the Swift 6 language mode
21 | var progressModels: [StoryProgressModel] = []
22 | var storyDuration: Float = Durations.storyDefaultDuration
23 | private (set) var isPaused = true
| `- warning: extraneous whitespace between attribute name and '('; this is an error in the Swift 6 language mode
24 | private var timer: Timer.TimerPublisher?
25 | private var cancellables: Set<AnyCancellable> = []
Failed frontend command:
SwiftCompile normal arm64_32 (in target 'SSStoryStatus' from project 'SSStoryStatus')
cd /Users/admin/builder/spi-builder-workspace/.swiftpm/xcode
/Applications/Xcode-27.0.0-Release.Candidate.app/Contents/Developer/Toolchains/XcodeDefault.xctoolchain/usr/bin/swift-frontend -frontend -emit-module -experimental-skip-non-inlinable-function-bodies-without-types /Users/admin/builder/spi-builder-workspace/.derivedData/Build/Intermediates.noindex/SSStoryStatus.build/Debug-watchos/SSStoryStatus-t.build/DerivedSources/resource_bundle_accessor.swift /Users/admin/builder/spi-builder-workspace/Sources/SSStoryStatus/Helpers/Constants/Constants.swift /Users/admin/builder/spi-builder-workspace/Sources/SSStoryStatus/Helpers/Environments/ActionEnvironment.swift /Users/admin/builder/spi-builder-workspace/Sources/SSStoryStatus/Helpers/Environments/ConfigurationEnvironment.swift /Users/admin/builder/spi-builder-workspace/Sources/SSStoryStatus/Helpers/Environments/StyleEnvironment.swift /Users/admin/builder/spi-builder-workspace/Sources/SSStoryStatus/Helpers/Extensions/Bundle+Extension.swift /Users/admin/builder/spi-builder-workspace/Sources/SSStoryStatus/Helpers/Extensions/Comparable+Extension.swift /Users/admin/builder/spi-builder-workspace/Sources/SSStoryStatus/Helpers/Extensions/Date+Extension.swift /Users/admin/builder/spi-builder-workspace/Sources/SSStoryStatus/Helpers/Extensions/FileManager+Extension.swift /Users/admin/builder/spi-builder-workspace/Sources/SSStoryStatus/Helpers/Extensions/Image+Extension.swift /Users/admin/builder/spi-builder-workspace/Sources/SSStoryStatus/Helpers/Extensions/URL+Extension.swift /Users/admin/builder/spi-builder-workspace/Sources/SSStoryStatus/Helpers/Extensions/View+Extension.swift /Users/admin/builder/spi-builder-workspace/Sources/SSStoryStatus/Helpers/Image/CachedAsyncImage.swift /Users/admin/builder/spi-builder-workspace/Sources/SSStoryStatus/Helpers/Image/ImageCache.swift /Users/admin/builder/spi-builder-workspace/Sources/SSStoryStatus/Helpers/Image/ImageCacheManager.swift /Users/admin/builder/spi-builder-workspace/Sources/SSStoryStatus/Helpers/Video/CachedAsyncVideo.swift /Users/admin/builder/spi-builder-workspace/Sources/SSStoryStatus/Helpers/Video/VideoCacheManager.swift /Users/admin/builder/spi-builder-workspace/Sources/SSStoryStatus/Helpers/Video/VideoRetriever.swift /Users/admin/builder/spi-builder-workspace/Sources/SSStoryStatus/Models/Enums.swift /Users/admin/builder/spi-builder-workspace/Sources/SSStoryStatus/Models/StoryModel.swift /Users/admin/builder/spi-builder-workspace/Sources/SSStoryStatus/Models/UserModel.swift /Users/admin/builder/spi-builder-workspace/Sources/SSStoryStatus/Styles/EmojiStyle.swift /Users/admin/builder/spi-builder-workspace/Sources/SSStoryStatus/Styles/MessageTextFieldStyle.swift /Users/admin/builder/spi-builder-workspace/Sources/SSStoryStatus/Styles/ProfileListStyle.swift /Users/admin/builder/spi-builder-workspace/Sources/SSStoryStatus/Styles/ProfileStyle.swift /Users/admin/builder/spi-builder-workspace/Sources/SSStoryStatus/Styles/ProgressBarStyle.swift /Users/admin/builder/spi-builder-workspace/Sources/SSStoryStatus/Styles/StoryFooterStyle.swift /Users/admin/builder/spi-builder-workspace/Sources/SSStoryStatus/Styles/StoryHeaderStyle.swift /Users/admin/builder/spi-builder-workspace/Sources/SSStoryStatus/Styles/StoryStyle.swift /Users/admin/builder/spi-builder-workspace/Sources/SSStoryStatus/ViewModels/AsyncImageModel.swift /Users/admin/builder/spi-builder-workspace/Sources/SSStoryStatus/ViewModels/AsyncVideoModel.swift /Users/admin/builder/spi-builder-workspace/Sources/SSStoryStatus/ViewModels/StoryProgressModel.swift /Users/admin/builder/spi-builder-workspace/Sources/SSStoryStatus/ViewModels/StoryViewModel.swift /Users/admin/builder/spi-builder-workspace/Sources/SSStoryStatus/ViewModels/UserViewModel.swift /Users/admin/builder/spi-builder-workspace/Sources/SSStoryStatus/Views/PrivateViews/CircularProgressView.swift /Users/admin/builder/spi-builder-workspace/Sources/SSStoryStatus/Views/PrivateViews/Components/EmojiView.swift /Users/admin/builder/spi-builder-workspace/Sources/SSStoryStatus/Views/PrivateViews/Components/MessageTextField.swift /Users/admin/builder/spi-builder-workspace/Sources/SSStoryStatus/Views/PrivateViews/Components/ProfileListView.swift /Users/admin/builder/spi-builder-workspace/Sources/SSStoryStatus/Views/PrivateViews/Components/ProfileView.swift /Users/admin/builder/spi-builder-workspace/Sources/SSStoryStatus/Views/PrivateViews/Components/StoryFooterView.swift /Users/admin/builder/spi-builder-workspace/Sources/SSStoryStatus/Views/PrivateViews/Components/StoryHeaderView.swift /Users/admin/builder/spi-builder-workspace/Sources/SSStoryStatus/Views/PrivateViews/LinearProgressView.swift /Users/admin/builder/spi-builder-workspace/Sources/SSStoryStatus/Views/PrivateViews/StoryDetailView.swift /Users/admin/builder/spi-builder-workspace/Sources/SSStoryStatus/Views/PrivateViews/StoryProgressView.swift /Users/admin/builder/spi-builder-workspace/Sources/SSStoryStatus/Views/PrivateViews/StoryReactionView.swift /Users/admin/builder/spi-builder-workspace/Sources/SSStoryStatus/Views/PrivateViews/StoryView.swift /Users/admin/builder/spi-builder-workspace/Sources/SSStoryStatus/Views/SSStoryStatus.swift /Users/admin/builder/spi-builder-workspace/.derivedData/Build/Intermediates.noindex/SSStoryStatus.build/Debug-watchos/SSStoryStatus-t.build/DerivedSources/GeneratedAssetSymbols.swift -target arm64_32-apple-watchos10.0 -module-can-import-version DeveloperToolsSupport 24.0.24 24.0.24 -disable-cross-import-overlay-search -swift-module-cross-import AVKit /Applications/Xcode-27.0.0-Release.Candidate.app/Contents/Developer/Platforms/WatchOS.platform/Developer/SDKs/WatchOS.sdk/System/Library/Frameworks/AVKit.framework/Modules/AVKit.swiftcrossimport/SwiftUI.swiftoverlay -load-resolved-plugin /Applications/Xcode-27.0.0-Release.Candidate.app/Contents/Developer/Platforms/WatchOS.platform/Developer/usr/lib/swift/host/plugins/libFoundationMacros.dylib\#/Applications/Xcode-27.0.0-Release.Candidate.app/Contents/Developer/Platforms/WatchOS.platform/Developer/usr/bin/swift-plugin-server\#FoundationMacros -load-resolved-plugin /Applications/Xcode-27.0.0-Release.Candidate.app/Contents/Developer/Platforms/WatchOS.platform/Developer/usr/lib/swift/host/plugins/libObservationMacros.dylib\#/Applications/Xcode-27.0.0-Release.Candidate.app/Contents/Developer/Platforms/WatchOS.platform/Developer/usr/bin/swift-plugin-server\#ObservationMacros -load-resolved-plugin /Applications/Xcode-27.0.0-Release.Candidate.app/Contents/Developer/Platforms/WatchOS.platform/Developer/usr/lib/swift/host/plugins/libPreviewsMacros.dylib\#/Applications/Xcode-27.0.0-Release.Candidate.app/Contents/Developer/Platforms/WatchOS.platform/Developer/usr/bin/swift-plugin-server\#PreviewsMacros -load-resolved-plugin /Applications/Xcode-27.0.0-Release.Candidate.app/Contents/Developer/Platforms/WatchOS.platform/Developer/usr/lib/swift/host/plugins/libSwiftMacros.dylib\#/Applications/Xcode-27.0.0-Release.Candidate.app/Contents/Developer/Platforms/WatchOS.platform/Developer/usr/bin/swift-plugin-server\#SwiftMacros -load-resolved-plugin /Applications/Xcode-27.0.0-Release.Candidate.app/Contents/Developer/Platforms/WatchOS.platform/Developer/usr/lib/swift/host/plugins/libSwiftUIMacros.dylib\#/Applications/Xcode-27.0.0-Release.Candidate.app/Contents/Developer/Platforms/WatchOS.platform/Developer/usr/bin/swift-plugin-server\#SwiftUIMacros -disable-implicit-swift-modules -Xcc -fno-implicit-modules -Xcc -fno-implicit-module-maps -explicit-swift-module-map-file /Users/admin/builder/spi-builder-workspace/.derivedData/Build/Intermediates.noindex/SSStoryStatus.build/Debug-watchos/SSStoryStatus-t.build/Objects-normal/arm64_32/SSStoryStatus-dependencies-1.json -enable-objc-interop -sdk /Applications/Xcode-27.0.0-Release.Candidate.app/Contents/Developer/Platforms/WatchOS.platform/Developer/SDKs/WatchOS27.0.sdk -I /Users/admin/builder/spi-builder-workspace/.derivedData/Build/Products/Debug-watchos -Isystem /Applications/Xcode-27.0.0-Release.Candidate.app/Contents/Developer/Platforms/WatchOS.platform/Developer/usr/lib -F /Users/admin/builder/spi-builder-workspace/.derivedData/Build/Products/Debug-watchos -F /Applications/Xcode-27.0.0-Release.Candidate.app/Contents/Developer/Platforms/WatchOS.platform/Developer/Library/Frameworks -F /Applications/Xcode-27.0.0-Release.Candidate.app/Contents/Developer/Platforms/WatchOS.platform/Developer/SDKs/WatchOS27.0.sdk/Developer/Library/Frameworks -module-cache-path /Users/admin/builder/spi-builder-workspace/.derivedData/Build/Intermediates.noindex/SwiftExplicitPrecompiledModules -no-color-diagnostics -Xcc -fno-color-diagnostics -enable-testing -g -debug-info-format\=dwarf -dwarf-version\=4 -profile-generate -profile-coverage-mapping -swift-version 5 -Onone -D SWIFT_PACKAGE -D DEBUG -D SWIFT_MODULE_RESOURCE_BUNDLE_AVAILABLE -D SPM -D Xcode -serialize-debugging-options -enable-experimental-feature DebugDescriptionMacro -empty-abi-descriptor -validate-clang-modules-once -clang-build-session-file /Users/admin/builder/spi-builder-workspace/.derivedData/ModuleCache.noindex/Session.modulevalidation -Xcc -working-directory -Xcc /Users/admin/builder/spi-builder-workspace/.swiftpm/xcode -enable-anonymous-context-mangled-names -file-compilation-dir /Users/admin/builder/spi-builder-workspace/.swiftpm/xcode -Xcc -D_LIBCPP_HARDENING_MODE\=_LIBCPP_HARDENING_MODE_DEBUG -Xcc -ivfsstatcache -Xcc /Users/admin/builder/spi-builder-workspace/.derivedData/SDKStatCaches.noindex/watchos27.0-24R360-e829b21a6f8c9b70876ba0858053c04477534ef55a1706bf4c1112bbb242f0a2.sdkstatcache -Xcc -fmodules-prune-interval\=86400 -Xcc -fmodules-prune-after\=345600 -Xcc -I/Users/admin/builder/spi-builder-workspace/.derivedData/Build/Products/Debug-watchos/include -Xcc -I/Users/admin/builder/spi-builder-workspace/.derivedData/Build/Intermediates.noindex/SSStoryStatus.build/Debug-watchos/SSStoryStatus-t.build/DerivedSources-normal/arm64_32 -Xcc -I/Users/admin/builder/spi-builder-workspace/.derivedData/Build/Intermediates.noindex/SSStoryStatus.build/Debug-watchos/SSStoryStatus-t.build/DerivedSources/arm64_32 -Xcc -I/Users/admin/builder/spi-builder-workspace/.derivedData/Build/Intermediates.noindex/SSStoryStatus.build/Debug-watchos/SSStoryStatus-t.build/DerivedSources -Xcc -DSWIFT_PACKAGE -Xcc -DDEBUG\=1 -no-auto-bridging-header-chaining -module-name SSStoryStatus -package-name spi_builder_workspace -const-gather-protocols-file /Users/admin/builder/spi-builder-workspace/.derivedData/Build/Intermediates.noindex/SSStoryStatus.build/Debug-watchos/SSStoryStatus-t.build/Objects-normal/arm64_32/SSStoryStatus_const_extract_protocols.json -disable-clang-spi -clang-target arm64_32-apple-watchos27.0 -target-sdk-version 27.0 -target-sdk-name watchos27.0 -in-process-plugin-server-path /Applications/Xcode-27.0.0-Release.Candidate.app/Contents/Developer/Toolchains/XcodeDefault.xctoolchain/usr/lib/swift/host/libSwiftInProcPluginServer.dylib -emit-module-doc-path /Users/admin/builder/spi-builder-workspace/.derivedData/Build/Intermediates.noindex/SSStoryStatus.build/Debug-watchos/SSStoryStatus-t.build/Objects-normal/arm64_32/SSStoryStatus.swiftdoc -emit-module-source-info-path /Users/admin/builder/spi-builder-workspace/.derivedData/Build/Intermediates.noindex/SSStoryStatus.build/Debug-watchos/SSStoryStatus-t.build/Objects-normal/arm64_32/SSStoryStatus.swiftsourceinfo -emit-objc-header-path /Users/admin/builder/spi-builder-workspace/.derivedData/Build/Intermediates.noindex/SSStoryStatus.build/Debug-watchos/SSStoryStatus-t.build/Objects-normal/arm64_32/SSStoryStatus-Swift.h -serialize-diagnostics-path /Users/admin/builder/spi-builder-workspace/.derivedData/Build/Intermediates.noindex/SSStoryStatus.build/Debug-watchos/SSStoryStatus-t.build/Objects-normal/arm64_32/SSStoryStatus-primary-emit-module.dia -emit-dependencies-path /Users/admin/builder/spi-builder-workspace/.derivedData/Build/Intermediates.noindex/SSStoryStatus.build/Debug-watchos/SSStoryStatus-t.build/Objects-normal/arm64_32/SSStoryStatus-primary-emit-module.d -parse-as-library -o /Users/admin/builder/spi-builder-workspace/.derivedData/Build/Intermediates.noindex/SSStoryStatus.build/Debug-watchos/SSStoryStatus-t.build/Objects-normal/arm64_32/SSStoryStatus.swiftmodule -emit-abi-descriptor-path /Users/admin/builder/spi-builder-workspace/.derivedData/Build/Intermediates.noindex/SSStoryStatus.build/Debug-watchos/SSStoryStatus-t.build/Objects-normal/arm64_32/SSStoryStatus.abi.json
SwiftCompile normal arm64_32 Compiling\ ProgressBarStyle.swift,\ StoryFooterStyle.swift,\ StoryHeaderStyle.swift,\ StoryStyle.swift,\ AsyncImageModel.swift /Users/admin/builder/spi-builder-workspace/Sources/SSStoryStatus/Styles/ProgressBarStyle.swift /Users/admin/builder/spi-builder-workspace/Sources/SSStoryStatus/Styles/StoryFooterStyle.swift /Users/admin/builder/spi-builder-workspace/Sources/SSStoryStatus/Styles/StoryHeaderStyle.swift /Users/admin/builder/spi-builder-workspace/Sources/SSStoryStatus/Styles/StoryStyle.swift /Users/admin/builder/spi-builder-workspace/Sources/SSStoryStatus/ViewModels/AsyncImageModel.swift (in target 'SSStoryStatus' from project 'SSStoryStatus')
SwiftCompile normal arm64_32 /Users/admin/builder/spi-builder-workspace/Sources/SSStoryStatus/Styles/ProgressBarStyle.swift (in target 'SSStoryStatus' from project 'SSStoryStatus')
cd /Users/admin/builder/spi-builder-workspace/.swiftpm/xcode
builtin-SwiftPerFileCompile ProgressBarStyle.swift
SwiftCompile normal arm64_32 /Users/admin/builder/spi-builder-workspace/Sources/SSStoryStatus/Styles/StoryFooterStyle.swift (in target 'SSStoryStatus' from project 'SSStoryStatus')
cd /Users/admin/builder/spi-builder-workspace/.swiftpm/xcode
builtin-SwiftPerFileCompile StoryFooterStyle.swift
SwiftCompile normal arm64_32 /Users/admin/builder/spi-builder-workspace/Sources/SSStoryStatus/Styles/StoryHeaderStyle.swift (in target 'SSStoryStatus' from project 'SSStoryStatus')
cd /Users/admin/builder/spi-builder-workspace/.swiftpm/xcode
builtin-SwiftPerFileCompile StoryHeaderStyle.swift
SwiftCompile normal arm64_32 /Users/admin/builder/spi-builder-workspace/Sources/SSStoryStatus/Styles/StoryStyle.swift (in target 'SSStoryStatus' from project 'SSStoryStatus')
cd /Users/admin/builder/spi-builder-workspace/.swiftpm/xcode
builtin-SwiftPerFileCompile StoryStyle.swift
SwiftCompile normal arm64_32 /Users/admin/builder/spi-builder-workspace/Sources/SSStoryStatus/ViewModels/AsyncImageModel.swift (in target 'SSStoryStatus' from project 'SSStoryStatus')
cd /Users/admin/builder/spi-builder-workspace/.swiftpm/xcode
builtin-SwiftPerFileCompile AsyncImageModel.swift
/Users/admin/builder/spi-builder-workspace/Sources/SSStoryStatus/Styles/StoryFooterStyle.swift:152:45: error: 'label' is unavailable in watchOS
150 |
151 | /// The color for caption text.
152 | public var captionColor: Color = Color(.label)
| `- error: 'label' is unavailable in watchOS
153 |
154 | // MARK: - Body
/Applications/Xcode-27.0.0-Release.Candidate.app/Contents/Developer/Platforms/WatchOS.platform/Developer/SDKs/WatchOS27.0.sdk/System/Library/Frameworks/UIKit.framework/Headers/UIInterface.h:171:49: note: 'label' has been explicitly marked unavailable here
169 | /* Foreground colors for static text and related elements.
170 | */
171 | @property (class, nonatomic, readonly) UIColor *labelColor API_AVAILABLE(ios(13.0), tvos(13.0)) API_UNAVAILABLE(watchos);
| `- note: 'label' has been explicitly marked unavailable here
172 | @property (class, nonatomic, readonly) UIColor *secondaryLabelColor API_AVAILABLE(ios(13.0), tvos(13.0)) API_UNAVAILABLE(watchos);
173 | @property (class, nonatomic, readonly) UIColor *tertiaryLabelColor API_AVAILABLE(ios(13.0), tvos(13.0)) API_UNAVAILABLE(watchos);
/Users/admin/builder/spi-builder-workspace/Sources/SSStoryStatus/Styles/StoryHeaderStyle.swift:150:42: error: 'label' is unavailable in watchOS
148 |
149 | /// The color for username text.
150 | public var nameColor: Color = Color(.label)
| `- error: 'label' is unavailable in watchOS
151 |
152 | /// The font for date in header.
/Applications/Xcode-27.0.0-Release.Candidate.app/Contents/Developer/Platforms/WatchOS.platform/Developer/SDKs/WatchOS27.0.sdk/System/Library/Frameworks/UIKit.framework/Headers/UIInterface.h:171:49: note: 'label' has been explicitly marked unavailable here
169 | /* Foreground colors for static text and related elements.
170 | */
171 | @property (class, nonatomic, readonly) UIColor *labelColor API_AVAILABLE(ios(13.0), tvos(13.0)) API_UNAVAILABLE(watchos);
| `- note: 'label' has been explicitly marked unavailable here
172 | @property (class, nonatomic, readonly) UIColor *secondaryLabelColor API_AVAILABLE(ios(13.0), tvos(13.0)) API_UNAVAILABLE(watchos);
173 | @property (class, nonatomic, readonly) UIColor *tertiaryLabelColor API_AVAILABLE(ios(13.0), tvos(13.0)) API_UNAVAILABLE(watchos);
/Users/admin/builder/spi-builder-workspace/Sources/SSStoryStatus/Styles/StoryHeaderStyle.swift:156:42: error: 'label' is unavailable in watchOS
154 |
155 | /// The color for date text in header.
156 | public var dateColor: Color = Color(.label).opacity(0.8)
| `- error: 'label' is unavailable in watchOS
157 |
158 | /// Dismiss image to close story view.
/Applications/Xcode-27.0.0-Release.Candidate.app/Contents/Developer/Platforms/WatchOS.platform/Developer/SDKs/WatchOS27.0.sdk/System/Library/Frameworks/UIKit.framework/Headers/UIInterface.h:171:49: note: 'label' has been explicitly marked unavailable here
169 | /* Foreground colors for static text and related elements.
170 | */
171 | @property (class, nonatomic, readonly) UIColor *labelColor API_AVAILABLE(ios(13.0), tvos(13.0)) API_UNAVAILABLE(watchos);
| `- note: 'label' has been explicitly marked unavailable here
172 | @property (class, nonatomic, readonly) UIColor *secondaryLabelColor API_AVAILABLE(ios(13.0), tvos(13.0)) API_UNAVAILABLE(watchos);
173 | @property (class, nonatomic, readonly) UIColor *tertiaryLabelColor API_AVAILABLE(ios(13.0), tvos(13.0)) API_UNAVAILABLE(watchos);
/Users/admin/builder/spi-builder-workspace/Sources/SSStoryStatus/Styles/StoryHeaderStyle.swift:168:45: error: 'label' is unavailable in watchOS
166 |
167 | /// The color of dismiss button.
168 | public var dismissColor: Color = Color(.label)
| `- error: 'label' is unavailable in watchOS
169 |
170 | /// The padding for dismiss button.
/Applications/Xcode-27.0.0-Release.Candidate.app/Contents/Developer/Platforms/WatchOS.platform/Developer/SDKs/WatchOS27.0.sdk/System/Library/Frameworks/UIKit.framework/Headers/UIInterface.h:171:49: note: 'label' has been explicitly marked unavailable here
169 | /* Foreground colors for static text and related elements.
170 | */
171 | @property (class, nonatomic, readonly) UIColor *labelColor API_AVAILABLE(ios(13.0), tvos(13.0)) API_UNAVAILABLE(watchos);
| `- note: 'label' has been explicitly marked unavailable here
172 | @property (class, nonatomic, readonly) UIColor *secondaryLabelColor API_AVAILABLE(ios(13.0), tvos(13.0)) API_UNAVAILABLE(watchos);
173 | @property (class, nonatomic, readonly) UIColor *tertiaryLabelColor API_AVAILABLE(ios(13.0), tvos(13.0)) API_UNAVAILABLE(watchos);
SwiftCompile normal arm64_32 Compiling\ Bundle+Extension.swift,\ Comparable+Extension.swift,\ Date+Extension.swift,\ FileManager+Extension.swift,\ Image+Extension.swift /Users/admin/builder/spi-builder-workspace/Sources/SSStoryStatus/Helpers/Extensions/Bundle+Extension.swift /Users/admin/builder/spi-builder-workspace/Sources/SSStoryStatus/Helpers/Extensions/Comparable+Extension.swift /Users/admin/builder/spi-builder-workspace/Sources/SSStoryStatus/Helpers/Extensions/Date+Extension.swift /Users/admin/builder/spi-builder-workspace/Sources/SSStoryStatus/Helpers/Extensions/FileManager+Extension.swift /Users/admin/builder/spi-builder-workspace/Sources/SSStoryStatus/Helpers/Extensions/Image+Extension.swift (in target 'SSStoryStatus' from project 'SSStoryStatus')
SwiftCompile normal arm64_32 /Users/admin/builder/spi-builder-workspace/Sources/SSStoryStatus/Helpers/Extensions/Bundle+Extension.swift (in target 'SSStoryStatus' from project 'SSStoryStatus')
cd /Users/admin/builder/spi-builder-workspace/.swiftpm/xcode
builtin-SwiftPerFileCompile Bundle+Extension.swift
SwiftCompile normal arm64_32 /Users/admin/builder/spi-builder-workspace/Sources/SSStoryStatus/Helpers/Extensions/Comparable+Extension.swift (in target 'SSStoryStatus' from project 'SSStoryStatus')
cd /Users/admin/builder/spi-builder-workspace/.swiftpm/xcode
builtin-SwiftPerFileCompile Comparable+Extension.swift
SwiftCompile normal arm64_32 /Users/admin/builder/spi-builder-workspace/Sources/SSStoryStatus/Helpers/Extensions/Date+Extension.swift (in target 'SSStoryStatus' from project 'SSStoryStatus')
cd /Users/admin/builder/spi-builder-workspace/.swiftpm/xcode
builtin-SwiftPerFileCompile Date+Extension.swift
SwiftCompile normal arm64_32 /Users/admin/builder/spi-builder-workspace/Sources/SSStoryStatus/Helpers/Extensions/FileManager+Extension.swift (in target 'SSStoryStatus' from project 'SSStoryStatus')
cd /Users/admin/builder/spi-builder-workspace/.swiftpm/xcode
builtin-SwiftPerFileCompile FileManager+Extension.swift
SwiftCompile normal arm64_32 /Users/admin/builder/spi-builder-workspace/Sources/SSStoryStatus/Helpers/Extensions/Image+Extension.swift (in target 'SSStoryStatus' from project 'SSStoryStatus')
cd /Users/admin/builder/spi-builder-workspace/.swiftpm/xcode
builtin-SwiftPerFileCompile Image+Extension.swift
SwiftCompile normal arm64_32 Compiling\ resource_bundle_accessor.swift,\ Constants.swift,\ ActionEnvironment.swift,\ ConfigurationEnvironment.swift,\ StyleEnvironment.swift /Users/admin/builder/spi-builder-workspace/.derivedData/Build/Intermediates.noindex/SSStoryStatus.build/Debug-watchos/SSStoryStatus-t.build/DerivedSources/resource_bundle_accessor.swift /Users/admin/builder/spi-builder-workspace/Sources/SSStoryStatus/Helpers/Constants/Constants.swift /Users/admin/builder/spi-builder-workspace/Sources/SSStoryStatus/Helpers/Environments/ActionEnvironment.swift /Users/admin/builder/spi-builder-workspace/Sources/SSStoryStatus/Helpers/Environments/ConfigurationEnvironment.swift /Users/admin/builder/spi-builder-workspace/Sources/SSStoryStatus/Helpers/Environments/StyleEnvironment.swift (in target 'SSStoryStatus' from project 'SSStoryStatus')
SwiftCompile normal arm64_32 /Users/admin/builder/spi-builder-workspace/.derivedData/Build/Intermediates.noindex/SSStoryStatus.build/Debug-watchos/SSStoryStatus-t.build/DerivedSources/resource_bundle_accessor.swift (in target 'SSStoryStatus' from project 'SSStoryStatus')
cd /Users/admin/builder/spi-builder-workspace/.swiftpm/xcode
builtin-SwiftPerFileCompile resource_bundle_accessor.swift
SwiftCompile normal arm64_32 /Users/admin/builder/spi-builder-workspace/Sources/SSStoryStatus/Helpers/Constants/Constants.swift (in target 'SSStoryStatus' from project 'SSStoryStatus')
cd /Users/admin/builder/spi-builder-workspace/.swiftpm/xcode
builtin-SwiftPerFileCompile Constants.swift
SwiftCompile normal arm64_32 /Users/admin/builder/spi-builder-workspace/Sources/SSStoryStatus/Helpers/Environments/ActionEnvironment.swift (in target 'SSStoryStatus' from project 'SSStoryStatus')
cd /Users/admin/builder/spi-builder-workspace/.swiftpm/xcode
builtin-SwiftPerFileCompile ActionEnvironment.swift
SwiftCompile normal arm64_32 /Users/admin/builder/spi-builder-workspace/Sources/SSStoryStatus/Helpers/Environments/ConfigurationEnvironment.swift (in target 'SSStoryStatus' from project 'SSStoryStatus')
cd /Users/admin/builder/spi-builder-workspace/.swiftpm/xcode
builtin-SwiftPerFileCompile ConfigurationEnvironment.swift
SwiftCompile normal arm64_32 /Users/admin/builder/spi-builder-workspace/Sources/SSStoryStatus/Helpers/Environments/StyleEnvironment.swift (in target 'SSStoryStatus' from project 'SSStoryStatus')
cd /Users/admin/builder/spi-builder-workspace/.swiftpm/xcode
builtin-SwiftPerFileCompile StyleEnvironment.swift
SwiftCompile normal arm64_32 Compiling\ StoryHeaderView.swift,\ LinearProgressView.swift,\ StoryDetailView.swift,\ StoryProgressView.swift /Users/admin/builder/spi-builder-workspace/Sources/SSStoryStatus/Views/PrivateViews/Components/StoryHeaderView.swift /Users/admin/builder/spi-builder-workspace/Sources/SSStoryStatus/Views/PrivateViews/LinearProgressView.swift /Users/admin/builder/spi-builder-workspace/Sources/SSStoryStatus/Views/PrivateViews/StoryDetailView.swift /Users/admin/builder/spi-builder-workspace/Sources/SSStoryStatus/Views/PrivateViews/StoryProgressView.swift (in target 'SSStoryStatus' from project 'SSStoryStatus')
/Users/admin/builder/spi-builder-workspace/Sources/SSStoryStatus/ViewModels/UserViewModel.swift:23:12: warning: extraneous whitespace between attribute name and '('; this is an error in the Swift 6 language mode
21 | var progressModels: [StoryProgressModel] = []
22 | var storyDuration: Float = Durations.storyDefaultDuration
23 | private (set) var isPaused = true
| `- warning: extraneous whitespace between attribute name and '('; this is an error in the Swift 6 language mode
24 | private var timer: Timer.TimerPublisher?
25 | private var cancellables: Set<AnyCancellable> = []
SwiftCompile normal arm64_32 /Users/admin/builder/spi-builder-workspace/Sources/SSStoryStatus/Views/PrivateViews/Components/StoryHeaderView.swift (in target 'SSStoryStatus' from project 'SSStoryStatus')
cd /Users/admin/builder/spi-builder-workspace/.swiftpm/xcode
builtin-SwiftPerFileCompile StoryHeaderView.swift
SwiftCompile normal arm64_32 /Users/admin/builder/spi-builder-workspace/Sources/SSStoryStatus/Views/PrivateViews/LinearProgressView.swift (in target 'SSStoryStatus' from project 'SSStoryStatus')
cd /Users/admin/builder/spi-builder-workspace/.swiftpm/xcode
builtin-SwiftPerFileCompile LinearProgressView.swift
SwiftCompile normal arm64_32 /Users/admin/builder/spi-builder-workspace/Sources/SSStoryStatus/Views/PrivateViews/StoryDetailView.swift (in target 'SSStoryStatus' from project 'SSStoryStatus')
cd /Users/admin/builder/spi-builder-workspace/.swiftpm/xcode
builtin-SwiftPerFileCompile StoryDetailView.swift
SwiftCompile normal arm64_32 /Users/admin/builder/spi-builder-workspace/Sources/SSStoryStatus/Views/PrivateViews/StoryProgressView.swift (in target 'SSStoryStatus' from project 'SSStoryStatus')
cd /Users/admin/builder/spi-builder-workspace/.swiftpm/xcode
builtin-SwiftPerFileCompile StoryProgressView.swift
SwiftCompile normal arm64_32 Compiling\ AsyncVideoModel.swift,\ StoryProgressModel.swift,\ StoryViewModel.swift,\ UserViewModel.swift,\ CircularProgressView.swift /Users/admin/builder/spi-builder-workspace/Sources/SSStoryStatus/ViewModels/AsyncVideoModel.swift /Users/admin/builder/spi-builder-workspace/Sources/SSStoryStatus/ViewModels/StoryProgressModel.swift /Users/admin/builder/spi-builder-workspace/Sources/SSStoryStatus/ViewModels/StoryViewModel.swift /Users/admin/builder/spi-builder-workspace/Sources/SSStoryStatus/ViewModels/UserViewModel.swift /Users/admin/builder/spi-builder-workspace/Sources/SSStoryStatus/Views/PrivateViews/CircularProgressView.swift (in target 'SSStoryStatus' from project 'SSStoryStatus')
/Users/admin/builder/spi-builder-workspace/Sources/SSStoryStatus/ViewModels/UserViewModel.swift:23:12: warning: extraneous whitespace between attribute name and '('; this is an error in the Swift 6 language mode
21 | var progressModels: [StoryProgressModel] = []
22 | var storyDuration: Float = Durations.storyDefaultDuration
23 | private (set) var isPaused = true
| `- warning: extraneous whitespace between attribute name and '('; this is an error in the Swift 6 language mode
24 | private var timer: Timer.TimerPublisher?
25 | private var cancellables: Set<AnyCancellable> = []
/Users/admin/builder/spi-builder-workspace/Sources/SSStoryStatus/ViewModels/AsyncVideoModel.swift:21:17: error: cannot find type 'AVPlayer' in scope
19 | let videoCacheManager = VideoCacheManager.shared
20 | var url: URL?
21 | var player: AVPlayer = AVPlayer()
| `- error: cannot find type 'AVPlayer' in scope
22 | private var playerTimeObserver: Any? = nil
23 | private var queue = DispatchQueue(label: "playerQueue", qos: .default, target: .main)
/Users/admin/builder/spi-builder-workspace/Sources/SSStoryStatus/ViewModels/AsyncVideoModel.swift:21:28: error: cannot find 'AVPlayer' in scope
19 | let videoCacheManager = VideoCacheManager.shared
20 | var url: URL?
21 | var player: AVPlayer = AVPlayer()
| `- error: cannot find 'AVPlayer' in scope
22 | private var playerTimeObserver: Any? = nil
23 | private var queue = DispatchQueue(label: "playerQueue", qos: .default, target: .main)
macro expansion @ObservationTracked:2:23: error: cannot find type 'AVPlayer' in scope
`- /Users/admin/builder/spi-builder-workspace/Sources/SSStoryStatus/ViewModels/AsyncVideoModel.swift:21:38: note: expanded code originates here
19 | let videoCacheManager = VideoCacheManager.shared
20 | var url: URL?
21 | var player: AVPlayer = AVPlayer()
+--- macro expansion @ObservationTracked ---------------------------
|1 | @ObservationIgnored
|2 | private var _player: AVPlayer = AVPlayer()
| | `- error: cannot find type 'AVPlayer' in scope
+-------------------------------------------------------------------
22 | private var playerTimeObserver: Any? = nil
23 | private var queue = DispatchQueue(label: "playerQueue", qos: .default, target: .main)
macro expansion @ObservationTracked:2:34: error: cannot find 'AVPlayer' in scope
`- /Users/admin/builder/spi-builder-workspace/Sources/SSStoryStatus/ViewModels/AsyncVideoModel.swift:21:38: note: expanded code originates here
19 | let videoCacheManager = VideoCacheManager.shared
20 | var url: URL?
21 | var player: AVPlayer = AVPlayer()
+--- macro expansion @ObservationTracked ---------------------------
|1 | @ObservationIgnored
|2 | private var _player: AVPlayer = AVPlayer()
| | `- error: cannot find 'AVPlayer' in scope
+-------------------------------------------------------------------
22 | private var playerTimeObserver: Any? = nil
23 | private var queue = DispatchQueue(label: "playerQueue", qos: .default, target: .main)
/Users/admin/builder/spi-builder-workspace/Sources/SSStoryStatus/ViewModels/AsyncVideoModel.swift:114:42: error: cannot find type 'AVPlayerItem' in scope
112 |
113 | // Player item must be updated on main thread
114 | private func updatePlayer(with item: AVPlayerItem?) {
| `- error: cannot find type 'AVPlayerItem' in scope
115 | queue.async { [weak player] in
116 | player?.replaceCurrentItem(with: item)
/Users/admin/builder/spi-builder-workspace/Sources/SSStoryStatus/ViewModels/AsyncVideoModel.swift:120:34: error: cannot find type 'AVAsset' in scope
118 | }
119 |
120 | private func getAVAsset() -> AVAsset? {
| `- error: cannot find type 'AVAsset' in scope
121 | guard let url else {
122 | return nil
/Users/admin/builder/spi-builder-workspace/Sources/SSStoryStatus/Helpers/Video/VideoCacheManager.swift:35:29: error: cannot find type 'AVAsset' in scope
33 | }
34 |
35 | func saveVideo(avAsset: AVAsset, remoteUrl: URL, date: Date = .now) async throws -> URL {
| `- error: cannot find type 'AVAsset' in scope
36 | let fileURL = getFileUrl(for: remoteUrl.md5String)
37 |
/Users/admin/builder/spi-builder-workspace/Sources/SSStoryStatus/ViewModels/AsyncVideoModel.swift:69:20: error: cannot find 'CMTimeGetSeconds' in scope
67 |
68 | let cmTime = try? await avAsset.load(.duration)
69 | duration = CMTimeGetSeconds(cmTime ?? .zero)
| `- error: cannot find 'CMTimeGetSeconds' in scope
70 | }
71 |
/Users/admin/builder/spi-builder-workspace/Sources/SSStoryStatus/ViewModels/AsyncVideoModel.swift:77:36: error: cannot find 'AVPlayerItem' in scope
75 | if forced || player.currentTime() >= player.currentItem?.duration ?? .zero {
76 | removePlayerObserver()
77 | updatePlayer(with: AVPlayerItem(url: url))
| `- error: cannot find 'AVPlayerItem' in scope
78 | setupPlayerObserver()
79 | }
/Users/admin/builder/spi-builder-workspace/Sources/SSStoryStatus/ViewModels/AsyncVideoModel.swift:86:24: error: cannot find 'CMTime' in scope
84 |
85 | func setupPlayerObserver() {
86 | let interval = CMTime(seconds: Durations.videoProgressUpdateInterval, preferredTimescale: CMTimeScale(NSEC_PER_SEC))
| `- error: cannot find 'CMTime' in scope
87 | playerTimeObserver = player.addPeriodicTimeObserver(forInterval: interval, queue: .main) { [weak self] cmTime in
88 | self?.progress = CMTimeGetSeconds(cmTime)
/Users/admin/builder/spi-builder-workspace/Sources/SSStoryStatus/ViewModels/AsyncVideoModel.swift:86:99: error: cannot find 'CMTimeScale' in scope
84 |
85 | func setupPlayerObserver() {
86 | let interval = CMTime(seconds: Durations.videoProgressUpdateInterval, preferredTimescale: CMTimeScale(NSEC_PER_SEC))
| `- error: cannot find 'CMTimeScale' in scope
87 | playerTimeObserver = player.addPeriodicTimeObserver(forInterval: interval, queue: .main) { [weak self] cmTime in
88 | self?.progress = CMTimeGetSeconds(cmTime)
/Users/admin/builder/spi-builder-workspace/Sources/SSStoryStatus/ViewModels/AsyncVideoModel.swift:88:30: error: cannot find 'CMTimeGetSeconds' in scope
86 | let interval = CMTime(seconds: Durations.videoProgressUpdateInterval, preferredTimescale: CMTimeScale(NSEC_PER_SEC))
87 | playerTimeObserver = player.addPeriodicTimeObserver(forInterval: interval, queue: .main) { [weak self] cmTime in
88 | self?.progress = CMTimeGetSeconds(cmTime)
| `- error: cannot find 'CMTimeGetSeconds' in scope
89 | }
90 | }
/Users/admin/builder/spi-builder-workspace/Sources/SSStoryStatus/ViewModels/AsyncVideoModel.swift:109:28: error: extra argument 'with' in call
107 | func resetPlayer() {
108 | removePlayerObserver()
109 | updatePlayer(with: nil)
| `- error: extra argument 'with' in call
110 | self.url = nil
111 | }
/Users/admin/builder/spi-builder-workspace/Sources/SSStoryStatus/ViewModels/AsyncVideoModel.swift:109:28: error: 'nil' requires a contextual type
107 | func resetPlayer() {
108 | removePlayerObserver()
109 | updatePlayer(with: nil)
| `- error: 'nil' requires a contextual type
110 | self.url = nil
111 | }
SwiftCompile normal arm64_32 /Users/admin/builder/spi-builder-workspace/Sources/SSStoryStatus/ViewModels/AsyncVideoModel.swift (in target 'SSStoryStatus' from project 'SSStoryStatus')
cd /Users/admin/builder/spi-builder-workspace/.swiftpm/xcode
builtin-SwiftPerFileCompile AsyncVideoModel.swift
SwiftCompile normal arm64_32 /Users/admin/builder/spi-builder-workspace/Sources/SSStoryStatus/ViewModels/StoryProgressModel.swift (in target 'SSStoryStatus' from project 'SSStoryStatus')
cd /Users/admin/builder/spi-builder-workspace/.swiftpm/xcode
builtin-SwiftPerFileCompile StoryProgressModel.swift
SwiftCompile normal arm64_32 /Users/admin/builder/spi-builder-workspace/Sources/SSStoryStatus/ViewModels/StoryViewModel.swift (in target 'SSStoryStatus' from project 'SSStoryStatus')
cd /Users/admin/builder/spi-builder-workspace/.swiftpm/xcode
builtin-SwiftPerFileCompile StoryViewModel.swift
SwiftCompile normal arm64_32 /Users/admin/builder/spi-builder-workspace/Sources/SSStoryStatus/ViewModels/UserViewModel.swift (in target 'SSStoryStatus' from project 'SSStoryStatus')
cd /Users/admin/builder/spi-builder-workspace/.swiftpm/xcode
builtin-SwiftPerFileCompile UserViewModel.swift
SwiftCompile normal arm64_32 /Users/admin/builder/spi-builder-workspace/Sources/SSStoryStatus/Views/PrivateViews/CircularProgressView.swift (in target 'SSStoryStatus' from project 'SSStoryStatus')
cd /Users/admin/builder/spi-builder-workspace/.swiftpm/xcode
builtin-SwiftPerFileCompile CircularProgressView.swift
SwiftCompile normal arm64_32 Compiling\ CachedAsyncVideo.swift,\ VideoCacheManager.swift,\ VideoRetriever.swift,\ Enums.swift,\ StoryModel.swift /Users/admin/builder/spi-builder-workspace/Sources/SSStoryStatus/Helpers/Video/CachedAsyncVideo.swift /Users/admin/builder/spi-builder-workspace/Sources/SSStoryStatus/Helpers/Video/VideoCacheManager.swift /Users/admin/builder/spi-builder-workspace/Sources/SSStoryStatus/Helpers/Video/VideoRetriever.swift /Users/admin/builder/spi-builder-workspace/Sources/SSStoryStatus/Models/Enums.swift /Users/admin/builder/spi-builder-workspace/Sources/SSStoryStatus/Models/StoryModel.swift (in target 'SSStoryStatus' from project 'SSStoryStatus')
/Users/admin/builder/spi-builder-workspace/Sources/SSStoryStatus/ViewModels/AsyncVideoModel.swift:21:17: error: cannot find type 'AVPlayer' in scope
19 | let videoCacheManager = VideoCacheManager.shared
20 | var url: URL?
21 | var player: AVPlayer = AVPlayer()
| `- error: cannot find type 'AVPlayer' in scope
22 | private var playerTimeObserver: Any? = nil
23 | private var queue = DispatchQueue(label: "playerQueue", qos: .default, target: .main)
/Users/admin/builder/spi-builder-workspace/Sources/SSStoryStatus/Helpers/Video/VideoCacheManager.swift:35:29: error: cannot find type 'AVAsset' in scope
33 | }
34 |
35 | func saveVideo(avAsset: AVAsset, remoteUrl: URL, date: Date = .now) async throws -> URL {
| `- error: cannot find type 'AVAsset' in scope
36 | let fileURL = getFileUrl(for: remoteUrl.md5String)
37 |
/Users/admin/builder/spi-builder-workspace/Sources/SSStoryStatus/Helpers/Video/VideoRetriever.swift:13:31: error: cannot find type 'AVAsset' in scope
11 |
12 | // MARK: - Methods
13 | func exportVideo(avAsset: AVAsset, outputURL: URL, fileType: AVFileType = .mp4, preset: String = AVAssetExportPresetHighestQuality) async throws {
| `- error: cannot find type 'AVAsset' in scope
14 | guard let exportable = try? await avAsset.load(.isExportable), exportable else {
15 | throw RetrieverError.notExportable
/Users/admin/builder/spi-builder-workspace/Sources/SSStoryStatus/Helpers/Video/VideoRetriever.swift:13:66: error: cannot find type 'AVFileType' in scope
11 |
12 | // MARK: - Methods
13 | func exportVideo(avAsset: AVAsset, outputURL: URL, fileType: AVFileType = .mp4, preset: String = AVAssetExportPresetHighestQuality) async throws {
| `- error: cannot find type 'AVFileType' in scope
14 | guard let exportable = try? await avAsset.load(.isExportable), exportable else {
15 | throw RetrieverError.notExportable
/Users/admin/builder/spi-builder-workspace/Sources/SSStoryStatus/Helpers/Video/VideoRetriever.swift:13:102: error: cannot find 'AVAssetExportPresetHighestQuality' in scope
11 |
12 | // MARK: - Methods
13 | func exportVideo(avAsset: AVAsset, outputURL: URL, fileType: AVFileType = .mp4, preset: String = AVAssetExportPresetHighestQuality) async throws {
| `- error: cannot find 'AVAssetExportPresetHighestQuality' in scope
14 | guard let exportable = try? await avAsset.load(.isExportable), exportable else {
15 | throw RetrieverError.notExportable
/Users/admin/builder/spi-builder-workspace/Sources/SSStoryStatus/Helpers/Video/VideoRetriever.swift:38:74: error: cannot find type 'AVMutableComposition' in scope
36 | }
37 |
38 | private func getMutableComposition(avAsset: AVAsset) async throws -> AVMutableComposition {
| `- error: cannot find type 'AVMutableComposition' in scope
39 | guard let sourceVideoTrack = try await avAsset.loadTracks(withMediaType: .video).first,
40 | let sourceAudioTrack = try await avAsset.loadTracks(withMediaType: .audio).first else {
/Users/admin/builder/spi-builder-workspace/Sources/SSStoryStatus/Helpers/Video/VideoRetriever.swift:38:49: error: cannot find type 'AVAsset' in scope
36 | }
37 |
38 | private func getMutableComposition(avAsset: AVAsset) async throws -> AVMutableComposition {
| `- error: cannot find type 'AVAsset' in scope
39 | guard let sourceVideoTrack = try await avAsset.loadTracks(withMediaType: .video).first,
40 | let sourceAudioTrack = try await avAsset.loadTracks(withMediaType: .audio).first else {
/Users/admin/builder/spi-builder-workspace/Sources/SSStoryStatus/Helpers/Video/VideoRetriever.swift:20:21: error: cannot find 'AVAssetExportSession' in scope
18 | let composition = try await getMutableComposition(avAsset: avAsset)
19 |
20 | guard await AVAssetExportSession.compatibility(ofExportPreset: preset, with: composition, outputFileType: fileType) else {
| `- error: cannot find 'AVAssetExportSession' in scope
21 | throw RetrieverError.incompatibleFile
22 | }
/Users/admin/builder/spi-builder-workspace/Sources/SSStoryStatus/Helpers/Video/VideoRetriever.swift:24:29: error: cannot find 'AVAssetExportSession' in scope
22 | }
23 |
24 | guard let session = AVAssetExportSession(asset: composition, presetName: preset) else {
| `- error: cannot find 'AVAssetExportSession' in scope
25 | throw RetrieverError.unknownError
26 | }
/Users/admin/builder/spi-builder-workspace/Sources/SSStoryStatus/Helpers/Video/VideoRetriever.swift:33:34: error: cannot infer contextual base in reference to member 'completed'
31 | await session.export()
32 |
33 | guard session.status == .completed else {
| `- error: cannot infer contextual base in reference to member 'completed'
34 | throw RetrieverError.exportFailed(session.error?.localizedDescription)
35 | }
/Users/admin/builder/spi-builder-workspace/Sources/SSStoryStatus/Helpers/Video/VideoRetriever.swift:44:27: error: cannot find 'AVMutableComposition' in scope
42 | }
43 |
44 | let composition = AVMutableComposition()
| `- error: cannot find 'AVMutableComposition' in scope
45 | guard let compositionVideoTrack = composition.addMutableTrack(withMediaType: .video, preferredTrackID: CMPersistentTrackID(kCMPersistentTrackID_Invalid)),
46 | let compositionAudioTrack = composition.addMutableTrack(withMediaType: .audio, preferredTrackID: CMPersistentTrackID(kCMPersistentTrackID_Invalid)) else {
/Users/admin/builder/spi-builder-workspace/Sources/SSStoryStatus/Helpers/Video/VideoRetriever.swift:45:112: error: cannot find 'CMPersistentTrackID' in scope
43 |
44 | let composition = AVMutableComposition()
45 | guard let compositionVideoTrack = composition.addMutableTrack(withMediaType: .video, preferredTrackID: CMPersistentTrackID(kCMPersistentTrackID_Invalid)),
| `- error: cannot find 'CMPersistentTrackID' in scope
46 | let compositionAudioTrack = composition.addMutableTrack(withMediaType: .audio, preferredTrackID: CMPersistentTrackID(kCMPersistentTrackID_Invalid)) else {
47 | throw RetrieverError.notExportable
/Users/admin/builder/spi-builder-workspace/Sources/SSStoryStatus/Helpers/Video/VideoRetriever.swift:45:132: error: cannot find 'kCMPersistentTrackID_Invalid' in scope
43 |
44 | let composition = AVMutableComposition()
45 | guard let compositionVideoTrack = composition.addMutableTrack(withMediaType: .video, preferredTrackID: CMPersistentTrackID(kCMPersistentTrackID_Invalid)),
| `- error: cannot find 'kCMPersistentTrackID_Invalid' in scope
46 | let compositionAudioTrack = composition.addMutableTrack(withMediaType: .audio, preferredTrackID: CMPersistentTrackID(kCMPersistentTrackID_Invalid)) else {
47 | throw RetrieverError.notExportable
/Users/admin/builder/spi-builder-workspace/Sources/SSStoryStatus/Helpers/Video/VideoRetriever.swift:46:112: error: cannot find 'CMPersistentTrackID' in scope
44 | let composition = AVMutableComposition()
45 | guard let compositionVideoTrack = composition.addMutableTrack(withMediaType: .video, preferredTrackID: CMPersistentTrackID(kCMPersistentTrackID_Invalid)),
46 | let compositionAudioTrack = composition.addMutableTrack(withMediaType: .audio, preferredTrackID: CMPersistentTrackID(kCMPersistentTrackID_Invalid)) else {
| `- error: cannot find 'CMPersistentTrackID' in scope
47 | throw RetrieverError.notExportable
48 | }
/Users/admin/builder/spi-builder-workspace/Sources/SSStoryStatus/Helpers/Video/VideoRetriever.swift:46:132: error: cannot find 'kCMPersistentTrackID_Invalid' in scope
44 | let composition = AVMutableComposition()
45 | guard let compositionVideoTrack = composition.addMutableTrack(withMediaType: .video, preferredTrackID: CMPersistentTrackID(kCMPersistentTrackID_Invalid)),
46 | let compositionAudioTrack = composition.addMutableTrack(withMediaType: .audio, preferredTrackID: CMPersistentTrackID(kCMPersistentTrackID_Invalid)) else {
| `- error: cannot find 'kCMPersistentTrackID_Invalid' in scope
47 | throw RetrieverError.notExportable
48 | }
/Users/admin/builder/spi-builder-workspace/Sources/SSStoryStatus/Helpers/Video/VideoRetriever.swift:52:39: error: cannot find 'CMTimeRange' in scope
50 | // Insert audio & video
51 | do {
52 | let timeRange = try await CMTimeRange(start: .zero, end: avAsset.load(.duration))
| `- error: cannot find 'CMTimeRange' in scope
53 | try compositionAudioTrack.insertTimeRange(timeRange, of: sourceAudioTrack, at: .zero)
54 | try compositionVideoTrack.insertTimeRange(timeRange, of: sourceVideoTrack, at: .zero)
/Users/admin/builder/spi-builder-workspace/Sources/SSStoryStatus/Helpers/Video/VideoRetriever.swift:39:42: warning: no 'async' operations occur within 'await' expression [#UnnecessaryEffectMarker]
37 |
38 | private func getMutableComposition(avAsset: AVAsset) async throws -> AVMutableComposition {
39 | guard let sourceVideoTrack = try await avAsset.loadTracks(withMediaType: .video).first,
| `- warning: no 'async' operations occur within 'await' expression [#UnnecessaryEffectMarker]
40 | let sourceAudioTrack = try await avAsset.loadTracks(withMediaType: .audio).first else {
41 | throw RetrieverError.notExportable
/Users/admin/builder/spi-builder-workspace/Sources/SSStoryStatus/Helpers/Video/VideoRetriever.swift:39:38: warning: no calls to throwing functions occur within 'try' expression [#UnnecessaryEffectMarker]
37 |
38 | private func getMutableComposition(avAsset: AVAsset) async throws -> AVMutableComposition {
39 | guard let sourceVideoTrack = try await avAsset.loadTracks(withMediaType: .video).first,
| `- warning: no calls to throwing functions occur within 'try' expression [#UnnecessaryEffectMarker]
40 | let sourceAudioTrack = try await avAsset.loadTracks(withMediaType: .audio).first else {
41 | throw RetrieverError.notExportable
/Users/admin/builder/spi-builder-workspace/Sources/SSStoryStatus/Helpers/Video/VideoRetriever.swift:40:42: warning: no 'async' operations occur within 'await' expression [#UnnecessaryEffectMarker]
38 | private func getMutableComposition(avAsset: AVAsset) async throws -> AVMutableComposition {
39 | guard let sourceVideoTrack = try await avAsset.loadTracks(withMediaType: .video).first,
40 | let sourceAudioTrack = try await avAsset.loadTracks(withMediaType: .audio).first else {
| `- warning: no 'async' operations occur within 'await' expression [#UnnecessaryEffectMarker]
41 | throw RetrieverError.notExportable
42 | }
SwiftCompile normal arm64_32 /Users/admin/builder/spi-builder-workspace/Sources/SSStoryStatus/Helpers/Video/CachedAsyncVideo.swift (in target 'SSStoryStatus' from project 'SSStoryStatus')
cd /Users/admin/builder/spi-builder-workspace/.swiftpm/xcode
builtin-SwiftPerFileCompile CachedAsyncVideo.swift
SwiftCompile normal arm64_32 /Users/admin/builder/spi-builder-workspace/Sources/SSStoryStatus/Helpers/Video/VideoCacheManager.swift (in target 'SSStoryStatus' from project 'SSStoryStatus')
cd /Users/admin/builder/spi-builder-workspace/.swiftpm/xcode
builtin-SwiftPerFileCompile VideoCacheManager.swift
SwiftCompile normal arm64_32 /Users/admin/builder/spi-builder-workspace/Sources/SSStoryStatus/Helpers/Video/VideoRetriever.swift (in target 'SSStoryStatus' from project 'SSStoryStatus')
cd /Users/admin/builder/spi-builder-workspace/.swiftpm/xcode
builtin-SwiftPerFileCompile VideoRetriever.swift
SwiftCompile normal arm64_32 /Users/admin/builder/spi-builder-workspace/Sources/SSStoryStatus/Models/Enums.swift (in target 'SSStoryStatus' from project 'SSStoryStatus')
cd /Users/admin/builder/spi-builder-workspace/.swiftpm/xcode
builtin-SwiftPerFileCompile Enums.swift
SwiftCompile normal arm64_32 /Users/admin/builder/spi-builder-workspace/Sources/SSStoryStatus/Models/StoryModel.swift (in target 'SSStoryStatus' from project 'SSStoryStatus')
cd /Users/admin/builder/spi-builder-workspace/.swiftpm/xcode
builtin-SwiftPerFileCompile StoryModel.swift
SwiftCompile normal arm64_32 Compiling\ StoryReactionView.swift,\ StoryView.swift,\ SSStoryStatus.swift,\ GeneratedAssetSymbols.swift /Users/admin/builder/spi-builder-workspace/Sources/SSStoryStatus/Views/PrivateViews/StoryReactionView.swift /Users/admin/builder/spi-builder-workspace/Sources/SSStoryStatus/Views/PrivateViews/StoryView.swift /Users/admin/builder/spi-builder-workspace/Sources/SSStoryStatus/Views/SSStoryStatus.swift /Users/admin/builder/spi-builder-workspace/.derivedData/Build/Intermediates.noindex/SSStoryStatus.build/Debug-watchos/SSStoryStatus-t.build/DerivedSources/GeneratedAssetSymbols.swift (in target 'SSStoryStatus' from project 'SSStoryStatus')
SwiftCompile normal arm64_32 /Users/admin/builder/spi-builder-workspace/Sources/SSStoryStatus/Views/PrivateViews/StoryReactionView.swift (in target 'SSStoryStatus' from project 'SSStoryStatus')
cd /Users/admin/builder/spi-builder-workspace/.swiftpm/xcode
builtin-SwiftPerFileCompile StoryReactionView.swift
SwiftCompile normal arm64_32 /Users/admin/builder/spi-builder-workspace/Sources/SSStoryStatus/Views/PrivateViews/StoryView.swift (in target 'SSStoryStatus' from project 'SSStoryStatus')
cd /Users/admin/builder/spi-builder-workspace/.swiftpm/xcode
builtin-SwiftPerFileCompile StoryView.swift
SwiftCompile normal arm64_32 (in target 'SSStoryStatus' from project 'SSStoryStatus')
cd /Users/admin/builder/spi-builder-workspace/.swiftpm/xcode
SwiftCompile normal arm64_32 /Users/admin/builder/spi-builder-workspace/.derivedData/Build/Intermediates.noindex/SSStoryStatus.build/Debug-watchos/SSStoryStatus-t.build/DerivedSources/GeneratedAssetSymbols.swift (in target 'SSStoryStatus' from project 'SSStoryStatus')
cd /Users/admin/builder/spi-builder-workspace/.swiftpm/xcode
builtin-SwiftPerFileCompile GeneratedAssetSymbols.swift
SwiftCompile normal arm64_32 Compiling\ UserModel.swift,\ EmojiStyle.swift,\ MessageTextFieldStyle.swift,\ ProfileListStyle.swift,\ ProfileStyle.swift /Users/admin/builder/spi-builder-workspace/Sources/SSStoryStatus/Models/UserModel.swift /Users/admin/builder/spi-builder-workspace/Sources/SSStoryStatus/Styles/EmojiStyle.swift /Users/admin/builder/spi-builder-workspace/Sources/SSStoryStatus/Styles/MessageTextFieldStyle.swift /Users/admin/builder/spi-builder-workspace/Sources/SSStoryStatus/Styles/ProfileListStyle.swift /Users/admin/builder/spi-builder-workspace/Sources/SSStoryStatus/Styles/ProfileStyle.swift (in target 'SSStoryStatus' from project 'SSStoryStatus')
SwiftCompile normal arm64_32 /Users/admin/builder/spi-builder-workspace/Sources/SSStoryStatus/Models/UserModel.swift (in target 'SSStoryStatus' from project 'SSStoryStatus')
cd /Users/admin/builder/spi-builder-workspace/.swiftpm/xcode
builtin-SwiftPerFileCompile UserModel.swift
SwiftCompile normal arm64_32 /Users/admin/builder/spi-builder-workspace/Sources/SSStoryStatus/Styles/EmojiStyle.swift (in target 'SSStoryStatus' from project 'SSStoryStatus')
cd /Users/admin/builder/spi-builder-workspace/.swiftpm/xcode
builtin-SwiftPerFileCompile EmojiStyle.swift
SwiftCompile normal arm64_32 /Users/admin/builder/spi-builder-workspace/Sources/SSStoryStatus/Styles/MessageTextFieldStyle.swift (in target 'SSStoryStatus' from project 'SSStoryStatus')
cd /Users/admin/builder/spi-builder-workspace/.swiftpm/xcode
builtin-SwiftPerFileCompile MessageTextFieldStyle.swift
SwiftCompile normal arm64_32 /Users/admin/builder/spi-builder-workspace/Sources/SSStoryStatus/Styles/ProfileListStyle.swift (in target 'SSStoryStatus' from project 'SSStoryStatus')
cd /Users/admin/builder/spi-builder-workspace/.swiftpm/xcode
builtin-SwiftPerFileCompile ProfileListStyle.swift
SwiftCompile normal arm64_32 /Users/admin/builder/spi-builder-workspace/Sources/SSStoryStatus/Styles/ProfileStyle.swift (in target 'SSStoryStatus' from project 'SSStoryStatus')
cd /Users/admin/builder/spi-builder-workspace/.swiftpm/xcode
builtin-SwiftPerFileCompile ProfileStyle.swift
SwiftCompile normal arm64_32 Compiling\ URL+Extension.swift,\ View+Extension.swift,\ CachedAsyncImage.swift,\ ImageCache.swift,\ ImageCacheManager.swift /Users/admin/builder/spi-builder-workspace/Sources/SSStoryStatus/Helpers/Extensions/URL+Extension.swift /Users/admin/builder/spi-builder-workspace/Sources/SSStoryStatus/Helpers/Extensions/View+Extension.swift /Users/admin/builder/spi-builder-workspace/Sources/SSStoryStatus/Helpers/Image/CachedAsyncImage.swift /Users/admin/builder/spi-builder-workspace/Sources/SSStoryStatus/Helpers/Image/ImageCache.swift /Users/admin/builder/spi-builder-workspace/Sources/SSStoryStatus/Helpers/Image/ImageCacheManager.swift (in target 'SSStoryStatus' from project 'SSStoryStatus')
SwiftCompile normal arm64_32 /Users/admin/builder/spi-builder-workspace/Sources/SSStoryStatus/Helpers/Extensions/URL+Extension.swift (in target 'SSStoryStatus' from project 'SSStoryStatus')
cd /Users/admin/builder/spi-builder-workspace/.swiftpm/xcode
builtin-SwiftPerFileCompile URL+Extension.swift
SwiftCompile normal arm64_32 /Users/admin/builder/spi-builder-workspace/Sources/SSStoryStatus/Helpers/Extensions/View+Extension.swift (in target 'SSStoryStatus' from project 'SSStoryStatus')
cd /Users/admin/builder/spi-builder-workspace/.swiftpm/xcode
builtin-SwiftPerFileCompile View+Extension.swift
SwiftCompile normal arm64_32 /Users/admin/builder/spi-builder-workspace/Sources/SSStoryStatus/Helpers/Image/CachedAsyncImage.swift (in target 'SSStoryStatus' from project 'SSStoryStatus')
cd /Users/admin/builder/spi-builder-workspace/.swiftpm/xcode
builtin-SwiftPerFileCompile CachedAsyncImage.swift
SwiftCompile normal arm64_32 /Users/admin/builder/spi-builder-workspace/Sources/SSStoryStatus/Helpers/Image/ImageCache.swift (in target 'SSStoryStatus' from project 'SSStoryStatus')
cd /Users/admin/builder/spi-builder-workspace/.swiftpm/xcode
builtin-SwiftPerFileCompile ImageCache.swift
SwiftCompile normal arm64_32 /Users/admin/builder/spi-builder-workspace/Sources/SSStoryStatus/Helpers/Image/ImageCacheManager.swift (in target 'SSStoryStatus' from project 'SSStoryStatus')
cd /Users/admin/builder/spi-builder-workspace/.swiftpm/xcode
builtin-SwiftPerFileCompile ImageCacheManager.swift
SwiftEmitModule normal arm64 Emitting\ module\ for\ SSStoryStatus (in target 'SSStoryStatus' from project 'SSStoryStatus')
SwiftCompile normal arm64 (in target 'SSStoryStatus' from project 'SSStoryStatus')
cd /Users/admin/builder/spi-builder-workspace/.swiftpm/xcode
PruneExplicitPrecompiledModules /Users/admin/builder/spi-builder-workspace/.derivedData/Build/Intermediates.noindex/ExplicitPrecompiledModules
PruneExplicitPrecompiledModules /Users/admin/builder/spi-builder-workspace/.derivedData/Build/Intermediates.noindex/SwiftExplicitPrecompiledModules
PruneExplicitPrecompiledModules /Users/admin/builder/spi-builder-workspace/.derivedData/SDKExplicitPrecompiledModules
2026-09-19 19:22:30.853 xcodebuild[842:4867] [MT] IDERunDestination: Supported platforms for the buildables in the current scheme is empty.
** BUILD FAILED **
The following build commands failed:
SwiftCompile normal arm64_32 (in target 'SSStoryStatus' from project 'SSStoryStatus')
SwiftEmitModule normal arm64_32 Emitting\ module\ for\ SSStoryStatus (in target 'SSStoryStatus' from project 'SSStoryStatus')
Building workspace SSStoryStatus with scheme SSStoryStatus
(3 failures)
BUILD FAILURE 6.4 watchOS