The Swift Package Index logo.Swift Package Index

Build Information

Failed to build swift-sodium, reference v0.0.2 (1c76ec), with Swift 6.4 for Android on 21 Sep 2026 02:34:07 UTC.

Build Command

bash -c docker run --pull=always --rm -v "checkouts-54344847-0":/host -w "$PWD" -e JAVA_HOME="/root/.sdkman/candidates/java/current" -e SPI_BUILD="1" -e SPI_PROCESSING="1" registry.gitlab.com/saguaro1/spi-images:android-6.4-latest swift build --swift-sdk aarch64-unknown-linux-android28 2>&1

Build Log

========================================
RunAll
========================================
Builder version: 5.1.0
Interrupt handler set up.
========================================
Checkout
========================================
Clone URL: https://github.com/sinoru/swift-sodium.git
Reference: v0.0.2
Initialized empty Git repository in /host/spi-builder-workspace/.git/
hint: Using 'master' as the name for the initial branch. This default branch name
hint: is subject to change. To configure the initial branch name to use in all
hint: of your new repositories, which will suppress this warning, call:
hint:
hint: 	git config --global init.defaultBranch <name>
hint:
hint: Names commonly chosen instead of 'master' are 'main', 'trunk' and
hint: 'development'. The just-created branch can be renamed via this command:
hint:
hint: 	git branch -m <name>
From https://github.com/sinoru/swift-sodium
 * tag               v0.0.2     -> FETCH_HEAD
HEAD is now at 1c76ec2 Merge branch 'release/0.0.2'
Cloned https://github.com/sinoru/swift-sodium.git
Revision (git rev-parse @):
1c76ec249bec72659723e0775d0aee32777b64ca
SUCCESS checkout https://github.com/sinoru/swift-sodium.git at v0.0.2
========================================
Build
========================================
Selected platform:         android
Swift version:             6.4
Building package at path:  $PWD
https://github.com/sinoru/swift-sodium.git
Running build ...
bash -c docker run --pull=always --rm -v "checkouts-54344847-0":/host -w "$PWD" -e JAVA_HOME="/root/.sdkman/candidates/java/current" -e SPI_BUILD="1" -e SPI_PROCESSING="1" registry.gitlab.com/saguaro1/spi-images:android-6.4-latest swift build --swift-sdk aarch64-unknown-linux-android28 2>&1
android-6.4-latest: Pulling from saguaro1/spi-images
Digest: sha256:abadcff584c273feba50641b454858d377ba30b35ea7287a94f45ebd8afd0ea0
Status: Image is up to date for registry.gitlab.com/saguaro1/spi-images:android-6.4-latest
Fetching https://github.com/apple/swift-nio
[1/86065] Fetching swift-nio
Fetched https://github.com/apple/swift-nio (2.82s)
Computing version for https://github.com/apple/swift-nio
Computed https://github.com/apple/swift-nio at 2.103.0 (3.19s)
Fetching https://github.com/apple/swift-atomics.git
Fetching https://github.com/apple/swift-collections.git
Fetching https://github.com/apple/swift-system.git
[1/1875] Fetching swift-atomics
[58/8773] Fetching swift-atomics, swift-system
[7131/36125] Fetching swift-atomics, swift-system, swift-collections
Fetched https://github.com/apple/swift-system.git (0.68s)
[526/29227] Fetching swift-atomics, swift-collections
Fetched https://github.com/apple/swift-atomics.git (0.79s)
[548/27352] Fetching swift-collections
Fetched https://github.com/apple/swift-collections.git (1.59s)
Computing version for https://github.com/apple/swift-atomics.git
Computed https://github.com/apple/swift-atomics.git at 1.3.1 (1.78s)
Computing version for https://github.com/apple/swift-collections.git
Computed https://github.com/apple/swift-collections.git at 1.6.0 (0.31s)
Computing version for https://github.com/apple/swift-system.git
Computed https://github.com/apple/swift-system.git at 1.8.1 (0.23s)
Creating working copy for https://github.com/apple/swift-nio
Working copy of https://github.com/apple/swift-nio resolved at 2.103.0
Creating working copy for https://github.com/apple/swift-collections.git
Working copy of https://github.com/apple/swift-collections.git resolved at 1.6.0
Creating working copy for https://github.com/apple/swift-atomics.git
Working copy of https://github.com/apple/swift-atomics.git resolved at 1.3.1
Creating working copy for https://github.com/apple/swift-system.git
Working copy of https://github.com/apple/swift-system.git resolved at 1.8.1
Building for debugging...
[Computing dependencies]
[Constructing description]
[Pre-planning 1 / 803]
[Planning deferred tasks]
[146 / 390] NIOConcurrencyHelpers
[159 / 414] Clibsodium
[168 / 414] Clibsodium
[178 / 414] Clibsodium
[195 / 414] Clibsodium
error: SwiftCompile normal aarch64 failed with a nonzero exit code. Command line:     cd /host

/host/spi-builder-workspace/Sources/SodiumCore/DataSize.swift:17:8: error: Unknown platform
 15 | import ucrt
 16 | #else
 17 | #error("Unknown platform")
    |        `- error: Unknown platform
 18 | #endif
 19 |
<module-includes>:1:10: note: in file included from <module-includes>:1:
1 | #include "sodium.h"
  |          `- note: in file included from <module-includes>:1:
2 |
/host/spi-builder-workspace/Sources/Clibsodium/include/sodium.h:76:1: warning: umbrella header for module 'Clibsodium' does not include header '/sodium/crypto_sign_edwards25519sha512batch.h'
74 |
75 | #endif
76 |
   | `- warning: umbrella header for module 'Clibsodium' does not include header '/sodium/crypto_sign_edwards25519sha512batch.h'
<module-includes>:1:10: note: in file included from <module-includes>:1:
1 | #include "sodium.h"
  |          `- note: in file included from <module-includes>:1:
2 |
/host/spi-builder-workspace/Sources/Clibsodium/include/sodium.h:76:1: warning: umbrella header for module 'Clibsodium' does not include header '/sodium/private/softaes.h'
74 |
75 | #endif
76 |
   | `- warning: umbrella header for module 'Clibsodium' does not include header '/sodium/private/softaes.h'
<module-includes>:1:10: note: in file included from <module-includes>:1:
1 | #include "sodium.h"
  |          `- note: in file included from <module-includes>:1:
2 |
/host/spi-builder-workspace/Sources/Clibsodium/include/sodium.h:76:1: warning: umbrella header for module 'Clibsodium' does not include header '/sodium/private/sse2_64_32.h'
74 |
75 | #endif
76 |
   | `- warning: umbrella header for module 'Clibsodium' does not include header '/sodium/private/sse2_64_32.h'
<module-includes>:1:10: note: in file included from <module-includes>:1:
1 | #include "sodium.h"
  |          `- note: in file included from <module-includes>:1:
2 |
/host/spi-builder-workspace/Sources/Clibsodium/include/sodium.h:76:1: warning: umbrella header for module 'Clibsodium' does not include header '/sodium/private/chacha20_ietf_ext.h'
74 |
75 | #endif
76 |
   | `- warning: umbrella header for module 'Clibsodium' does not include header '/sodium/private/chacha20_ietf_ext.h'
<module-includes>:1:10: note: in file included from <module-includes>:1:
1 | #include "sodium.h"
  |          `- note: in file included from <module-includes>:1:
2 |
/host/spi-builder-workspace/Sources/Clibsodium/include/sodium.h:76:1: warning: umbrella header for module 'Clibsodium' does not include header '/sodium/private/ed25519_ref10.h'
74 |
75 | #endif
76 |
   | `- warning: umbrella header for module 'Clibsodium' does not include header '/sodium/private/ed25519_ref10.h'
<module-includes>:1:10: note: in file included from <module-includes>:1:
1 | #include "sodium.h"
  |          `- note: in file included from <module-includes>:1:
2 |
/host/spi-builder-workspace/Sources/Clibsodium/include/sodium.h:76:1: warning: umbrella header for module 'Clibsodium' does not include header '/sodium/private/asm_cet.h'
74 |
75 | #endif
76 |
   | `- warning: umbrella header for module 'Clibsodium' does not include header '/sodium/private/asm_cet.h'
<module-includes>:1:10: note: in file included from <module-includes>:1:
1 | #include "sodium.h"
  |          `- note: in file included from <module-includes>:1:
2 |
/host/spi-builder-workspace/Sources/Clibsodium/include/sodium.h:76:1: warning: umbrella header for module 'Clibsodium' does not include header '/sodium/private/ed25519_ref10_fe_51.h'
74 |
75 | #endif
76 |
   | `- warning: umbrella header for module 'Clibsodium' does not include header '/sodium/private/ed25519_ref10_fe_51.h'
<module-includes>:1:10: note: in file included from <module-includes>:1:
1 | #include "sodium.h"
  |          `- note: in file included from <module-includes>:1:
2 |
/host/spi-builder-workspace/Sources/Clibsodium/include/sodium.h:76:1: warning: umbrella header for module 'Clibsodium' does not include header '/sodium/private/mutex.h'
74 |
75 | #endif
76 |
   | `- warning: umbrella header for module 'Clibsodium' does not include header '/sodium/private/mutex.h'
<module-includes>:1:10: note: in file included from <module-includes>:1:
1 | #include "sodium.h"
  |          `- note: in file included from <module-includes>:1:
2 |
/host/spi-builder-workspace/Sources/Clibsodium/include/sodium.h:76:1: warning: umbrella header for module 'Clibsodium' does not include header '/sodium/private/ed25519_ref10_fe_25_5.h'
74 |
75 | #endif
76 |
   | `- warning: umbrella header for module 'Clibsodium' does not include header '/sodium/private/ed25519_ref10_fe_25_5.h'
<module-includes>:1:10: note: in file included from <module-includes>:1:
1 | #include "sodium.h"
  |          `- note: in file included from <module-includes>:1:
2 |
/host/spi-builder-workspace/Sources/Clibsodium/include/sodium.h:76:1: warning: umbrella header for module 'Clibsodium' does not include header '/sodium/private/implementations.h'
74 |
75 | #endif
76 |
   | `- warning: umbrella header for module 'Clibsodium' does not include header '/sodium/private/implementations.h'
<module-includes>:1:10: note: in file included from <module-includes>:1:
1 | #include "sodium.h"
  |          `- note: in file included from <module-includes>:1:
2 |
/host/spi-builder-workspace/Sources/Clibsodium/include/sodium.h:76:1: warning: umbrella header for module 'Clibsodium' does not include header '/sodium/private/common.h'
74 |
75 | #endif
76 |
   | `- warning: umbrella header for module 'Clibsodium' does not include header '/sodium/private/common.h'
/host/spi-builder-workspace/Sources/SodiumCore/DataSize.swift:21:43: error: cannot find 'CHAR_BIT' in scope
 19 |
 20 | public struct DataSize: Equatable, Hashable, Sendable {
 21 |     private static let charBit: Int = Int(CHAR_BIT)
    |                                           `- error: cannot find 'CHAR_BIT' in scope
 22 |     public private(set) var rawValue: UInt16
 23 |
Failed frontend command:
/root/.local/share/swiftly/toolchains/6.4.x-snapshot-2026-09-04/usr/bin/swift-frontend -frontend -emit-module -experimental-skip-non-inlinable-function-bodies-without-types /host/spi-builder-workspace/Sources/SodiumCore/Ciphers/AEADCipher.swift /host/spi-builder-workspace/Sources/SodiumCore/Ciphers/Cipher.swift /host/spi-builder-workspace/Sources/SodiumCore/Ciphers/XChaCha20Poly1305.swift /host/spi-builder-workspace/Sources/SodiumCore/Ciphers/XSalsa20Poly1305.swift /host/spi-builder-workspace/Sources/SodiumCore/DataSize.swift /host/spi-builder-workspace/Sources/SodiumCore/Sodium+Data.swift /host/spi-builder-workspace/Sources/SodiumCore/Sodium+DataProtocol.swift /host/spi-builder-workspace/Sources/SodiumCore/Sodium+DataProtocol_Base64.swift /host/spi-builder-workspace/Sources/SodiumCore/Sodium+DataProtocol_Random.swift /host/spi-builder-workspace/Sources/SodiumCore/Sodium+Error.swift /host/spi-builder-workspace/Sources/SodiumCore/Sodium.swift /host/spi-builder-workspace/Sources/SodiumCore/SymmetricKey.swift -target aarch64-unknown-linux-android28 -Xllvm -aarch64-use-tbi -disable-objc-interop -sdk /android-ndk/android-ndk-r27d/toolchains/llvm/prebuilt/linux-x86_64/sysroot -sysroot /android-ndk/android-ndk-r27d/toolchains/llvm/prebuilt/linux-x86_64/sysroot -I /host/spi-builder-workspace/.build/out/Products/Debug-android-aarch64 -module-cache-path /host/spi-builder-workspace/.build/out/ModuleCache.noindex -color-diagnostics -Xcc -fcolor-diagnostics -enable-testing -g -debug-info-format\=dwarf -dwarf-version\=4 -swift-version 5 -Onone -D SWIFT_PACKAGE -D DEBUG -D SWIFT_MODULE_RESOURCE_BUNDLE_UNAVAILABLE -D Xcode -serialize-debugging-options -enable-experimental-feature DebugDescriptionMacro -empty-abi-descriptor -external-plugin-path /root/.local/share/swiftly/toolchains/6.4.x-snapshot-2026-09-04/usr/lib/swift/host/plugins/testing\#/root/.local/share/swiftly/toolchains/6.4.x-snapshot-2026-09-04/usr/bin/swift-plugin-server -validate-clang-modules-once -clang-build-session-file /host/spi-builder-workspace/.build/out/ModuleCache.noindex/Session.modulevalidation -Xcc -working-directory -Xcc /host -resource-dir /root/.swiftpm/swift-sdks/swift-6.4.x-DEVELOPMENT-SNAPSHOT-2026-09-04-a_android.artifactbundle/swift-android/swift-resources/usr/lib/swift-aarch64 -enable-anonymous-context-mangled-names -file-compilation-dir /host -Xcc -resource-dir -Xcc /android-ndk/android-ndk-r27d/toolchains/llvm/prebuilt/linux-x86_64/lib/clang/18 -Xcc -fmodule-map-file\=/host/spi-builder-workspace/Sources/Clibsodium/include/module.modulemap -Xcc -fno-omit-frame-pointer -Xcc -D_LIBCPP_HARDENING_MODE\=_LIBCPP_HARDENING_MODE_DEBUG -Xcc -fmodules-prune-interval\=86400 -Xcc -fmodules-prune-after\=345600 -Xcc -I/host/spi-builder-workspace/Sources/Clibsodium/include -Xcc -I/host/spi-builder-workspace/.build/out/Products/Debug-android-aarch64/include -Xcc -I/host/spi-builder-workspace/.build/out/Intermediates.noindex/swift-sodium.build/Debug-android-aarch64/SodiumCore-t.build/DerivedSources-normal/aarch64 -Xcc -I/host/spi-builder-workspace/.build/out/Intermediates.noindex/swift-sodium.build/Debug-android-aarch64/SodiumCore-t.build/DerivedSources/aarch64 -Xcc -I/host/spi-builder-workspace/.build/out/Intermediates.noindex/swift-sodium.build/Debug-android-aarch64/SodiumCore-t.build/DerivedSources -Xcc -DSWIFT_PACKAGE -Xcc -DDEBUG\=1 -no-auto-bridging-header-chaining -module-name SodiumCore -package-name spi_builder_workspace -const-gather-protocols-file /host/spi-builder-workspace/.build/out/Intermediates.noindex/swift-sodium.build/Debug-android-aarch64/SodiumCore-t.build/Objects-normal/aarch64/SodiumCore_const_extract_protocols.json -in-process-plugin-server-path /root/.local/share/swiftly/toolchains/6.4.x-snapshot-2026-09-04/usr/lib/swift/host/libSwiftInProcPluginServer.so -plugin-path /root/.local/share/swiftly/toolchains/6.4.x-snapshot-2026-09-04/usr/lib/swift/host/plugins -plugin-path /root/.local/share/swiftly/toolchains/6.4.x-snapshot-2026-09-04/usr/local/lib/swift/host/plugins -emit-module-doc-path /host/spi-builder-workspace/.build/out/Intermediates.noindex/swift-sodium.build/Debug-android-aarch64/SodiumCore-t.build/Objects-normal/aarch64/Modules/SodiumCore.swiftdoc -emit-module-source-info-path /host/spi-builder-workspace/.build/out/Intermediates.noindex/swift-sodium.build/Debug-android-aarch64/SodiumCore-t.build/Objects-normal/aarch64/Modules/SodiumCore.swiftsourceinfo -emit-objc-header-path /host/spi-builder-workspace/.build/out/Intermediates.noindex/swift-sodium.build/Debug-android-aarch64/SodiumCore-t.build/Objects-normal/aarch64/SodiumCore-Swift.h -serialize-diagnostics-path /host/spi-builder-workspace/.build/out/Intermediates.noindex/swift-sodium.build/Debug-android-aarch64/SodiumCore-t.build/Objects-normal/aarch64/SodiumCore-primary-emit-module.dia -emit-dependencies-path /host/spi-builder-workspace/.build/out/Intermediates.noindex/swift-sodium.build/Debug-android-aarch64/SodiumCore-t.build/Objects-normal/aarch64/SodiumCore-primary-emit-module.d -parse-as-library -o /host/spi-builder-workspace/.build/out/Intermediates.noindex/swift-sodium.build/Debug-android-aarch64/SodiumCore-t.build/Objects-normal/aarch64/Modules/SodiumCore.swiftmodule
error: Build failed
BUILD FAILURE 6.4 android