The Swift Package Index logo.Swift Package Index

Build Information

Failed to build SwiftKyber, reference main (9dcd9e), with Swift 6.4 for Android on 24 Sep 2026 22:07:00 UTC.

Build Command

bash -c docker run --pull=always --rm -v "checkouts-54344844-0":/host -w "$PWD" -e JAVA_HOME="/root/.sdkman/candidates/java/current" -e SPI_BUILD="1" -e SPI_PROCESSING="1" registry.gitlab.com/saguaro1/spi-images:android-6.4-latest swift build --swift-sdk aarch64-unknown-linux-android28 2>&1

Build Log

========================================
RunAll
========================================
Builder version: 5.1.0
Interrupt handler set up.
========================================
Checkout
========================================
Clone URL: https://github.com/leif-ibsen/SwiftKyber.git
Reference: main
Initialized empty Git repository in /host/spi-builder-workspace/.git/
hint: Using 'master' as the name for the initial branch. This default branch name
hint: is subject to change. To configure the initial branch name to use in all
hint: of your new repositories, which will suppress this warning, call:
hint:
hint: 	git config --global init.defaultBranch <name>
hint:
hint: Names commonly chosen instead of 'master' are 'main', 'trunk' and
hint: 'development'. The just-created branch can be renamed via this command:
hint:
hint: 	git branch -m <name>
From https://github.com/leif-ibsen/SwiftKyber
 * branch            main       -> FETCH_HEAD
 * [new branch]      main       -> origin/main
HEAD is now at 9dcd9ef Release 3.5.0
Cloned https://github.com/leif-ibsen/SwiftKyber.git
Revision (git rev-parse @):
9dcd9efd90c48f10ad8ec2e6dced43e325625a1a
SUCCESS checkout https://github.com/leif-ibsen/SwiftKyber.git at main
========================================
Build
========================================
Selected platform:         android
Swift version:             6.4
Building package at path:  $PWD
https://github.com/leif-ibsen/SwiftKyber.git
Running build ...
bash -c docker run --pull=always --rm -v "checkouts-54344844-0":/host -w "$PWD" -e JAVA_HOME="/root/.sdkman/candidates/java/current" -e SPI_BUILD="1" -e SPI_PROCESSING="1" registry.gitlab.com/saguaro1/spi-images:android-6.4-latest swift build --swift-sdk aarch64-unknown-linux-android28 2>&1
android-6.4-latest: Pulling from saguaro1/spi-images
Digest: sha256:abadcff584c273feba50641b454858d377ba30b35ea7287a94f45ebd8afd0ea0
Status: Image is up to date for registry.gitlab.com/saguaro1/spi-images:android-6.4-latest
Fetching https://github.com/leif-ibsen/Digest
Fetching https://github.com/leif-ibsen/BigInt
Fetching https://github.com/leif-ibsen/ASN1
[1/2427] Fetching asn1
[1409/5020] Fetching asn1, digest
Fetched https://github.com/leif-ibsen/ASN1 (0.64s)
Fetched https://github.com/leif-ibsen/Digest (0.64s)
[1/7455] Fetching bigint
Fetched https://github.com/leif-ibsen/BigInt (1.98s)
Computing version for https://github.com/leif-ibsen/Digest
Computed https://github.com/leif-ibsen/Digest at 1.13.0 (2.14s)
Computing version for https://github.com/leif-ibsen/ASN1
Computed https://github.com/leif-ibsen/ASN1 at 2.7.0 (1.09s)
Computing version for https://github.com/leif-ibsen/BigInt
Computed https://github.com/leif-ibsen/BigInt at 1.24.0 (0.17s)
Creating working copy for https://github.com/leif-ibsen/BigInt
Working copy of https://github.com/leif-ibsen/BigInt resolved at 1.24.0
Creating working copy for https://github.com/leif-ibsen/ASN1
Working copy of https://github.com/leif-ibsen/ASN1 resolved at 2.7.0
Creating working copy for https://github.com/leif-ibsen/Digest
Working copy of https://github.com/leif-ibsen/Digest resolved at 1.13.0
Building for debugging...
[Constructing description]
[Pre-planning 1 / 185]
[Planning deferred tasks]
[23 / 75] BigInt
[57 / 95] BigInt
[69 / 95] BigInt
[71 / 95] BigInt
[73 / 95] BigInt
[75 / 95] BigInt-product
[77 / 96] ASN1
[79 / 105] ASN1
[82 / 105] ASN1
[83 / 105] ASN1
[89 / 105] ASN1
[90 / 105] ASN1-product
[91 / 105] ASN1-product
[94 / 115] SwiftKyber
error: SwiftCompile normal aarch64 /host/spi-builder-workspace/.build/checkouts/BigInt/Sources/BigInt/BigInt.swift failed with a nonzero exit code. Command line:     cd /host
    builtin-SwiftPerFileCompile BigInt.swift
/host/spi-builder-workspace/.build/checkouts/BigInt/Sources/BigInt/BigInt.swift:1775:15: error: cannot find 'SecRandomCopyBytes' in scope
1773 |
1774 |     static internal func randomBytes(_ bytes: inout Bytes) {
1775 |         guard SecRandomCopyBytes(kSecRandomDefault, bytes.count, &bytes) == errSecSuccess else {
     |               `- error: cannot find 'SecRandomCopyBytes' in scope
1776 |             fatalError("randomBytes failed")
1777 |         }
/host/spi-builder-workspace/.build/checkouts/BigInt/Sources/BigInt/BigInt.swift:1775:34: error: cannot find 'kSecRandomDefault' in scope
1773 |
1774 |     static internal func randomBytes(_ bytes: inout Bytes) {
1775 |         guard SecRandomCopyBytes(kSecRandomDefault, bytes.count, &bytes) == errSecSuccess else {
     |                                  `- error: cannot find 'kSecRandomDefault' in scope
1776 |             fatalError("randomBytes failed")
1777 |         }
/host/spi-builder-workspace/.build/checkouts/BigInt/Sources/BigInt/BigInt.swift:1775:77: error: cannot find 'errSecSuccess' in scope
1773 |
1774 |     static internal func randomBytes(_ bytes: inout Bytes) {
1775 |         guard SecRandomCopyBytes(kSecRandomDefault, bytes.count, &bytes) == errSecSuccess else {
     |                                                                             `- error: cannot find 'errSecSuccess' in scope
1776 |             fatalError("randomBytes failed")
1777 |         }
/host/spi-builder-workspace/.build/checkouts/BigInt/Sources/BigInt/BigInt.swift:1781:15: error: cannot find 'SecRandomCopyBytes' in scope
1779 |
1780 |     static internal func randomLimbs(_ limbs: inout Limbs) {
1781 |         guard SecRandomCopyBytes(kSecRandomDefault, 8 * limbs.count, &limbs) == errSecSuccess else {
     |               `- error: cannot find 'SecRandomCopyBytes' in scope
1782 |             fatalError("randomLimbs failed")
1783 |         }
/host/spi-builder-workspace/.build/checkouts/BigInt/Sources/BigInt/BigInt.swift:1781:34: error: cannot find 'kSecRandomDefault' in scope
1779 |
1780 |     static internal func randomLimbs(_ limbs: inout Limbs) {
1781 |         guard SecRandomCopyBytes(kSecRandomDefault, 8 * limbs.count, &limbs) == errSecSuccess else {
     |                                  `- error: cannot find 'kSecRandomDefault' in scope
1782 |             fatalError("randomLimbs failed")
1783 |         }
/host/spi-builder-workspace/.build/checkouts/BigInt/Sources/BigInt/BigInt.swift:1781:81: error: cannot find 'errSecSuccess' in scope
1779 |
1780 |     static internal func randomLimbs(_ limbs: inout Limbs) {
1781 |         guard SecRandomCopyBytes(kSecRandomDefault, 8 * limbs.count, &limbs) == errSecSuccess else {
     |                                                                                 `- error: cannot find 'errSecSuccess' in scope
1782 |             fatalError("randomLimbs failed")
1783 |         }
Failed frontend command:
/root/.local/share/swiftly/toolchains/6.4.x-snapshot-2026-09-04/usr/bin/swift-frontend -frontend -c /host/spi-builder-workspace/.build/checkouts/BigInt/Sources/BigInt/BailliePSW.swift /host/spi-builder-workspace/.build/checkouts/BigInt/Sources/BigInt/BigFrac.swift -primary-file /host/spi-builder-workspace/.build/checkouts/BigInt/Sources/BigInt/BigInt.swift -primary-file /host/spi-builder-workspace/.build/checkouts/BigInt/Sources/BigInt/BitSieve.swift /host/spi-builder-workspace/.build/checkouts/BigInt/Sources/BigInt/BurnikelZiegler.swift /host/spi-builder-workspace/.build/checkouts/BigInt/Sources/BigInt/CRT.swift /host/spi-builder-workspace/.build/checkouts/BigInt/Sources/BigInt/ExpMod.swift /host/spi-builder-workspace/.build/checkouts/BigInt/Sources/BigInt/Factorial.swift /host/spi-builder-workspace/.build/checkouts/BigInt/Sources/BigInt/GCD.swift /host/spi-builder-workspace/.build/checkouts/BigInt/Sources/BigInt/Karatsuba.swift /host/spi-builder-workspace/.build/checkouts/BigInt/Sources/BigInt/Limbs.swift /host/spi-builder-workspace/.build/checkouts/BigInt/Sources/BigInt/ToomCook.swift -emit-dependencies-path /host/spi-builder-workspace/.build/out/Intermediates.noindex/BigInt.build/Debug-android-aarch64/BigInt-t.build/Objects-normal/aarch64/BigInt.d -emit-const-values-path /host/spi-builder-workspace/.build/out/Intermediates.noindex/BigInt.build/Debug-android-aarch64/BigInt-t.build/Objects-normal/aarch64/BigInt.swiftconstvalues -emit-reference-dependencies-path /host/spi-builder-workspace/.build/out/Intermediates.noindex/BigInt.build/Debug-android-aarch64/BigInt-t.build/Objects-normal/aarch64/BigInt.swiftdeps -serialize-diagnostics-path /host/spi-builder-workspace/.build/out/Intermediates.noindex/BigInt.build/Debug-android-aarch64/BigInt-t.build/Objects-normal/aarch64/BigInt.dia -emit-dependencies-path /host/spi-builder-workspace/.build/out/Intermediates.noindex/BigInt.build/Debug-android-aarch64/BigInt-t.build/Objects-normal/aarch64/BitSieve.d -emit-const-values-path /host/spi-builder-workspace/.build/out/Intermediates.noindex/BigInt.build/Debug-android-aarch64/BigInt-t.build/Objects-normal/aarch64/BitSieve.swiftconstvalues -emit-reference-dependencies-path /host/spi-builder-workspace/.build/out/Intermediates.noindex/BigInt.build/Debug-android-aarch64/BigInt-t.build/Objects-normal/aarch64/BitSieve.swiftdeps -serialize-diagnostics-path /host/spi-builder-workspace/.build/out/Intermediates.noindex/BigInt.build/Debug-android-aarch64/BigInt-t.build/Objects-normal/aarch64/BitSieve.dia -target aarch64-unknown-linux-android28 -Xllvm -aarch64-use-tbi -disable-objc-interop -sdk /android-ndk/android-ndk-r27d/toolchains/llvm/prebuilt/linux-x86_64/sysroot -sysroot /android-ndk/android-ndk-r27d/toolchains/llvm/prebuilt/linux-x86_64/sysroot -I /host/spi-builder-workspace/.build/out/Products/Debug-android-aarch64 -module-cache-path /host/spi-builder-workspace/.build/out/ModuleCache.noindex -color-diagnostics -Xcc -fcolor-diagnostics -enable-testing -g -debug-info-format\=dwarf -dwarf-version\=4 -suppress-warnings -swift-version 5 -Onone -D SWIFT_PACKAGE -D DEBUG -D SWIFT_MODULE_RESOURCE_BUNDLE_UNAVAILABLE -D Xcode -serialize-debugging-options -enable-experimental-feature DebugDescriptionMacro -empty-abi-descriptor -external-plugin-path /root/.local/share/swiftly/toolchains/6.4.x-snapshot-2026-09-04/usr/lib/swift/host/plugins/testing\#/root/.local/share/swiftly/toolchains/6.4.x-snapshot-2026-09-04/usr/bin/swift-plugin-server -validate-clang-modules-once -clang-build-session-file /host/spi-builder-workspace/.build/out/ModuleCache.noindex/Session.modulevalidation -Xcc -working-directory -Xcc /host -resource-dir /root/.swiftpm/swift-sdks/swift-6.4.x-DEVELOPMENT-SNAPSHOT-2026-09-04-a_android.artifactbundle/swift-android/swift-resources/usr/lib/swift-aarch64 -enable-anonymous-context-mangled-names -file-compilation-dir /host -Xcc -resource-dir -Xcc /android-ndk/android-ndk-r27d/toolchains/llvm/prebuilt/linux-x86_64/lib/clang/18 -Xcc -fno-omit-frame-pointer -Xcc -D_LIBCPP_HARDENING_MODE\=_LIBCPP_HARDENING_MODE_DEBUG -Xcc -fmodules-prune-interval\=86400 -Xcc -fmodules-prune-after\=345600 -Xcc -I/host/spi-builder-workspace/.build/out/Products/Debug-android-aarch64/include -Xcc -I/host/spi-builder-workspace/.build/out/Intermediates.noindex/BigInt.build/Debug-android-aarch64/BigInt-t.build/DerivedSources-normal/aarch64 -Xcc -I/host/spi-builder-workspace/.build/out/Intermediates.noindex/BigInt.build/Debug-android-aarch64/BigInt-t.build/DerivedSources/aarch64 -Xcc -I/host/spi-builder-workspace/.build/out/Intermediates.noindex/BigInt.build/Debug-android-aarch64/BigInt-t.build/DerivedSources -Xcc -DSWIFT_PACKAGE -Xcc -DDEBUG\=1 -no-auto-bridging-header-chaining -module-name BigInt -package-name bigint -const-gather-protocols-file /host/spi-builder-workspace/.build/out/Intermediates.noindex/BigInt.build/Debug-android-aarch64/BigInt-t.build/Objects-normal/aarch64/BigInt_const_extract_protocols.json -in-process-plugin-server-path /root/.local/share/swiftly/toolchains/6.4.x-snapshot-2026-09-04/usr/lib/swift/host/libSwiftInProcPluginServer.so -plugin-path /root/.local/share/swiftly/toolchains/6.4.x-snapshot-2026-09-04/usr/lib/swift/host/plugins -plugin-path /root/.local/share/swiftly/toolchains/6.4.x-snapshot-2026-09-04/usr/local/lib/swift/host/plugins -parse-as-library -o /host/spi-builder-workspace/.build/out/Intermediates.noindex/BigInt.build/Debug-android-aarch64/BigInt-t.build/Objects-normal/aarch64/BigInt.o -o /host/spi-builder-workspace/.build/out/Intermediates.noindex/BigInt.build/Debug-android-aarch64/BigInt-t.build/Objects-normal/aarch64/BitSieve.o -index-unit-output-path /BigInt.build/Debug-android-aarch64/BigInt-t.build/Objects-normal/aarch64/BigInt.o -index-unit-output-path /BigInt.build/Debug-android-aarch64/BigInt-t.build/Objects-normal/aarch64/BitSieve.o -index-store-path /host/spi-builder-workspace/.build/out -index-system-modules
error: Build failed
BUILD FAILURE 6.4 android